I20260710 13:19:38.680419 11537 raft_consensus.cc:359] T d8863d7762b047c9ab9a82c16b1bb0a2 P 81b092202e2646e8b486e00b423a43c0 [term 0 FOLLOWER]: Replica starting. Triggering 0 pending ops. Active config: opid_index: -1 OBSOLETE_local: false peers { permanent_uuid: "de9bdfac1b68496e8da22aa21fd44552" member_type: VOTER last_known_addr { host: "127.10.242.1" port: 42669 } } peers { permanent_uuid: "f2b1a467fc3c4917bc1402f80f5da909" member_type: VOTER last_known_addr { host: "127.10.242.2" port: 39545 } } peers { permanent_uuid: "81b092202e2646e8b486e00b423a43c0" member_type: VOTER last_known_addr { host: "127.10.242.3" port: 33243 } }
I20260710 13:19:38.681172 11537 raft_consensus.cc:385] T d8863d7762b047c9ab9a82c16b1bb0a2 P 81b092202e2646e8b486e00b423a43c0 [term 0 FOLLOWER]: Consensus starting up: Expiring failure detector timer to make a prompt election more likely
I20260710 13:19:38.681457 11537 raft_consensus.cc:740] T d8863d7762b047c9ab9a82c16b1bb0a2 P 81b092202e2646e8b486e00b423a43c0 [term 0 FOLLOWER]: Becoming Follower/Learner. State: Replica: 81b092202e2646e8b486e00b423a43c0, State: Initialized, Role: FOLLOWER
I20260710 13:19:38.682206 11537 consensus_queue.cc:260] T d8863d7762b047c9ab9a82c16b1bb0a2 P 81b092202e2646e8b486e00b423a43c0 [NON_LEADER]: Queue going to NON_LEADER mode. State: All replicated index: 0, Majority replicated index: 0, Committed index: 0, Last appended: 0.0, Last appended by leader: 0, Current term: 0, Majority size: -1, State: 0, Mode: NON_LEADER, active raft config: opid_index: -1 OBSOLETE_local: false peers { permanent_uuid: "de9bdfac1b68496e8da22aa21fd44552" member_type: VOTER last_known_addr { host: "127.10.242.1" port: 42669 } } peers { permanent_uuid: "f2b1a467fc3c4917bc1402f80f5da909" member_type: VOTER last_known_addr { host: "127.10.242.2" port: 39545 } } peers { permanent_uuid: "81b092202e2646e8b486e00b423a43c0" member_type: VOTER last_known_addr { host: "127.10.242.3" port: 33243 } }
I20260710 13:19:38.685736 11536 tablet_bootstrap.cc:654] T f5bfb26de0b8447ba2ecbdb95a980d15 P de9bdfac1b68496e8da22aa21fd44552: Neither blocks nor log segments found. Creating new log.
I20260710 13:19:38.687991 11535 tablet_bootstrap.cc:492] T 48552679908c4339ab25d9eb6b0b7ad4 P f2b1a467fc3c4917bc1402f80f5da909: No bootstrap required, opened a new log
I20260710 13:19:38.688555 11535 ts_tablet_manager.cc:1403] T 48552679908c4339ab25d9eb6b0b7ad4 P f2b1a467fc3c4917bc1402f80f5da909: Time spent bootstrapping tablet: real 0.028s	user 0.020s	sys 0.000s
I20260710 13:19:38.692848 11535 raft_consensus.cc:359] T 48552679908c4339ab25d9eb6b0b7ad4 P f2b1a467fc3c4917bc1402f80f5da909 [term 0 FOLLOWER]: Replica starting. Triggering 0 pending ops. Active config: opid_index: -1 OBSOLETE_local: false peers { permanent_uuid: "de9bdfac1b68496e8da22aa21fd44552" member_type: VOTER last_known_addr { host: "127.10.242.1" port: 42669 } } peers { permanent_uuid: "f2b1a467fc3c4917bc1402f80f5da909" member_type: VOTER last_known_addr { host: "127.10.242.2" port: 39545 } } peers { permanent_uuid: "81b092202e2646e8b486e00b423a43c0" member_type: VOTER last_known_addr { host: "127.10.242.3" port: 33243 } }
I20260710 13:19:38.693918 11535 raft_consensus.cc:385] T 48552679908c4339ab25d9eb6b0b7ad4 P f2b1a467fc3c4917bc1402f80f5da909 [term 0 FOLLOWER]: Consensus starting up: Expiring failure detector timer to make a prompt election more likely
I20260710 13:19:38.694393 11535 raft_consensus.cc:740] T 48552679908c4339ab25d9eb6b0b7ad4 P f2b1a467fc3c4917bc1402f80f5da909 [term 0 FOLLOWER]: Becoming Follower/Learner. State: Replica: f2b1a467fc3c4917bc1402f80f5da909, State: Initialized, Role: FOLLOWER
I20260710 13:19:38.695222 11535 consensus_queue.cc:260] T 48552679908c4339ab25d9eb6b0b7ad4 P f2b1a467fc3c4917bc1402f80f5da909 [NON_LEADER]: Queue going to NON_LEADER mode. State: All replicated index: 0, Majority replicated index: 0, Committed index: 0, Last appended: 0.0, Last appended by leader: 0, Current term: 0, Majority size: -1, State: 0, Mode: NON_LEADER, active raft config: opid_index: -1 OBSOLETE_local: false peers { permanent_uuid: "de9bdfac1b68496e8da22aa21fd44552" member_type: VOTER last_known_addr { host: "127.10.242.1" port: 42669 } } peers { permanent_uuid: "f2b1a467fc3c4917bc1402f80f5da909" member_type: VOTER last_known_addr { host: "127.10.242.2" port: 39545 } } peers { permanent_uuid: "81b092202e2646e8b486e00b423a43c0" member_type: VOTER last_known_addr { host: "127.10.242.3" port: 33243 } }
I20260710 13:19:38.697569 11535 ts_tablet_manager.cc:1434] T 48552679908c4339ab25d9eb6b0b7ad4 P f2b1a467fc3c4917bc1402f80f5da909: Time spent starting tablet: real 0.009s	user 0.002s	sys 0.005s
I20260710 13:19:38.698596 11535 tablet_bootstrap.cc:492] T f5bfb26de0b8447ba2ecbdb95a980d15 P f2b1a467fc3c4917bc1402f80f5da909: Bootstrap starting.
I20260710 13:19:38.701108 11536 tablet_bootstrap.cc:492] T f5bfb26de0b8447ba2ecbdb95a980d15 P de9bdfac1b68496e8da22aa21fd44552: No bootstrap required, opened a new log
I20260710 13:19:38.701583 11536 ts_tablet_manager.cc:1403] T f5bfb26de0b8447ba2ecbdb95a980d15 P de9bdfac1b68496e8da22aa21fd44552: Time spent bootstrapping tablet: real 0.025s	user 0.014s	sys 0.004s
I20260710 13:19:38.704768 11536 raft_consensus.cc:359] T f5bfb26de0b8447ba2ecbdb95a980d15 P de9bdfac1b68496e8da22aa21fd44552 [term 0 FOLLOWER]: Replica starting. Triggering 0 pending ops. Active config: opid_index: -1 OBSOLETE_local: false peers { permanent_uuid: "81b092202e2646e8b486e00b423a43c0" member_type: VOTER last_known_addr { host: "127.10.242.3" port: 33243 } } peers { permanent_uuid: "f2b1a467fc3c4917bc1402f80f5da909" member_type: VOTER last_known_addr { host: "127.10.242.2" port: 39545 } } peers { permanent_uuid: "de9bdfac1b68496e8da22aa21fd44552" member_type: VOTER last_known_addr { host: "127.10.242.1" port: 42669 } }
I20260710 13:19:38.705510 11536 raft_consensus.cc:385] T f5bfb26de0b8447ba2ecbdb95a980d15 P de9bdfac1b68496e8da22aa21fd44552 [term 0 FOLLOWER]: Consensus starting up: Expiring failure detector timer to make a prompt election more likely
I20260710 13:19:38.705833 11536 raft_consensus.cc:740] T f5bfb26de0b8447ba2ecbdb95a980d15 P de9bdfac1b68496e8da22aa21fd44552 [term 0 FOLLOWER]: Becoming Follower/Learner. State: Replica: de9bdfac1b68496e8da22aa21fd44552, State: Initialized, Role: FOLLOWER
I20260710 13:19:38.706545 11535 tablet_bootstrap.cc:654] T f5bfb26de0b8447ba2ecbdb95a980d15 P f2b1a467fc3c4917bc1402f80f5da909: Neither blocks nor log segments found. Creating new log.
I20260710 13:19:38.706668 11536 consensus_queue.cc:260] T f5bfb26de0b8447ba2ecbdb95a980d15 P de9bdfac1b68496e8da22aa21fd44552 [NON_LEADER]: Queue going to NON_LEADER mode. State: All replicated index: 0, Majority replicated index: 0, Committed index: 0, Last appended: 0.0, Last appended by leader: 0, Current term: 0, Majority size: -1, State: 0, Mode: NON_LEADER, active raft config: opid_index: -1 OBSOLETE_local: false peers { permanent_uuid: "81b092202e2646e8b486e00b423a43c0" member_type: VOTER last_known_addr { host: "127.10.242.3" port: 33243 } } peers { permanent_uuid: "f2b1a467fc3c4917bc1402f80f5da909" member_type: VOTER last_known_addr { host: "127.10.242.2" port: 39545 } } peers { permanent_uuid: "de9bdfac1b68496e8da22aa21fd44552" member_type: VOTER last_known_addr { host: "127.10.242.1" port: 42669 } }
I20260710 13:19:38.708930 11536 ts_tablet_manager.cc:1434] T f5bfb26de0b8447ba2ecbdb95a980d15 P de9bdfac1b68496e8da22aa21fd44552: Time spent starting tablet: real 0.007s	user 0.004s	sys 0.000s
I20260710 13:19:38.709954 11536 tablet_bootstrap.cc:492] T 5f89d48d638643028cd5b39154bfa2f9 P de9bdfac1b68496e8da22aa21fd44552: Bootstrap starting.
I20260710 13:19:38.714780 11537 ts_tablet_manager.cc:1434] T d8863d7762b047c9ab9a82c16b1bb0a2 P 81b092202e2646e8b486e00b423a43c0: Time spent starting tablet: real 0.038s	user 0.007s	sys 0.000s
I20260710 13:19:38.715488 11517 heartbeater.cc:499] Master 127.10.242.62:43683 was elected leader, sending a full tablet report...
I20260710 13:19:38.716728 11536 tablet_bootstrap.cc:654] T 5f89d48d638643028cd5b39154bfa2f9 P de9bdfac1b68496e8da22aa21fd44552: Neither blocks nor log segments found. Creating new log.
I20260710 13:19:38.721455 11537 tablet_bootstrap.cc:492] T b1f9811c414848728ee016f8e77425b7 P 81b092202e2646e8b486e00b423a43c0: Bootstrap starting.
W20260710 13:19:38.723531 11518 tablet.cc:2406] T d8863d7762b047c9ab9a82c16b1bb0a2 P 81b092202e2646e8b486e00b423a43c0: Can't schedule compaction. Clean time has not been advanced past its initial value.
I20260710 13:19:38.728222 11537 tablet_bootstrap.cc:654] T b1f9811c414848728ee016f8e77425b7 P 81b092202e2646e8b486e00b423a43c0: Neither blocks nor log segments found. Creating new log.
I20260710 13:19:38.732656 11535 tablet_bootstrap.cc:492] T f5bfb26de0b8447ba2ecbdb95a980d15 P f2b1a467fc3c4917bc1402f80f5da909: No bootstrap required, opened a new log
I20260710 13:19:38.733081 11535 ts_tablet_manager.cc:1403] T f5bfb26de0b8447ba2ecbdb95a980d15 P f2b1a467fc3c4917bc1402f80f5da909: Time spent bootstrapping tablet: real 0.035s	user 0.017s	sys 0.000s
I20260710 13:19:38.735423 11536 tablet_bootstrap.cc:492] T 5f89d48d638643028cd5b39154bfa2f9 P de9bdfac1b68496e8da22aa21fd44552: No bootstrap required, opened a new log
I20260710 13:19:38.735956 11536 ts_tablet_manager.cc:1403] T 5f89d48d638643028cd5b39154bfa2f9 P de9bdfac1b68496e8da22aa21fd44552: Time spent bootstrapping tablet: real 0.026s	user 0.017s	sys 0.001s
I20260710 13:19:38.735781 11535 raft_consensus.cc:359] T f5bfb26de0b8447ba2ecbdb95a980d15 P f2b1a467fc3c4917bc1402f80f5da909 [term 0 FOLLOWER]: Replica starting. Triggering 0 pending ops. Active config: opid_index: -1 OBSOLETE_local: false peers { permanent_uuid: "81b092202e2646e8b486e00b423a43c0" member_type: VOTER last_known_addr { host: "127.10.242.3" port: 33243 } } peers { permanent_uuid: "f2b1a467fc3c4917bc1402f80f5da909" member_type: VOTER last_known_addr { host: "127.10.242.2" port: 39545 } } peers { permanent_uuid: "de9bdfac1b68496e8da22aa21fd44552" member_type: VOTER last_known_addr { host: "127.10.242.1" port: 42669 } }
I20260710 13:19:38.736538 11535 raft_consensus.cc:385] T f5bfb26de0b8447ba2ecbdb95a980d15 P f2b1a467fc3c4917bc1402f80f5da909 [term 0 FOLLOWER]: Consensus starting up: Expiring failure detector timer to make a prompt election more likely
I20260710 13:19:38.736877 11535 raft_consensus.cc:740] T f5bfb26de0b8447ba2ecbdb95a980d15 P f2b1a467fc3c4917bc1402f80f5da909 [term 0 FOLLOWER]: Becoming Follower/Learner. State: Replica: f2b1a467fc3c4917bc1402f80f5da909, State: Initialized, Role: FOLLOWER
I20260710 13:19:38.737637 11535 consensus_queue.cc:260] T f5bfb26de0b8447ba2ecbdb95a980d15 P f2b1a467fc3c4917bc1402f80f5da909 [NON_LEADER]: Queue going to NON_LEADER mode. State: All replicated index: 0, Majority replicated index: 0, Committed index: 0, Last appended: 0.0, Last appended by leader: 0, Current term: 0, Majority size: -1, State: 0, Mode: NON_LEADER, active raft config: opid_index: -1 OBSOLETE_local: false peers { permanent_uuid: "81b092202e2646e8b486e00b423a43c0" member_type: VOTER last_known_addr { host: "127.10.242.3" port: 33243 } } peers { permanent_uuid: "f2b1a467fc3c4917bc1402f80f5da909" member_type: VOTER last_known_addr { host: "127.10.242.2" port: 39545 } } peers { permanent_uuid: "de9bdfac1b68496e8da22aa21fd44552" member_type: VOTER last_known_addr { host: "127.10.242.1" port: 42669 } }
I20260710 13:19:38.740260 11535 ts_tablet_manager.cc:1434] T f5bfb26de0b8447ba2ecbdb95a980d15 P f2b1a467fc3c4917bc1402f80f5da909: Time spent starting tablet: real 0.007s	user 0.007s	sys 0.000s
I20260710 13:19:38.741225 11535 tablet_bootstrap.cc:492] T 9629be03f2654fd3a3d7f64e51c7ae53 P f2b1a467fc3c4917bc1402f80f5da909: Bootstrap starting.
I20260710 13:19:38.742349 11536 raft_consensus.cc:359] T 5f89d48d638643028cd5b39154bfa2f9 P de9bdfac1b68496e8da22aa21fd44552 [term 0 FOLLOWER]: Replica starting. Triggering 0 pending ops. Active config: opid_index: -1 OBSOLETE_local: false peers { permanent_uuid: "de9bdfac1b68496e8da22aa21fd44552" member_type: VOTER last_known_addr { host: "127.10.242.1" port: 42669 } } peers { permanent_uuid: "f2b1a467fc3c4917bc1402f80f5da909" member_type: VOTER last_known_addr { host: "127.10.242.2" port: 39545 } } peers { permanent_uuid: "81b092202e2646e8b486e00b423a43c0" member_type: VOTER last_known_addr { host: "127.10.242.3" port: 33243 } }
I20260710 13:19:38.743284 11536 raft_consensus.cc:385] T 5f89d48d638643028cd5b39154bfa2f9 P de9bdfac1b68496e8da22aa21fd44552 [term 0 FOLLOWER]: Consensus starting up: Expiring failure detector timer to make a prompt election more likely
I20260710 13:19:38.743643 11536 raft_consensus.cc:740] T 5f89d48d638643028cd5b39154bfa2f9 P de9bdfac1b68496e8da22aa21fd44552 [term 0 FOLLOWER]: Becoming Follower/Learner. State: Replica: de9bdfac1b68496e8da22aa21fd44552, State: Initialized, Role: FOLLOWER
I20260710 13:19:38.744431 11536 consensus_queue.cc:260] T 5f89d48d638643028cd5b39154bfa2f9 P de9bdfac1b68496e8da22aa21fd44552 [NON_LEADER]: Queue going to NON_LEADER mode. State: All replicated index: 0, Majority replicated index: 0, Committed index: 0, Last appended: 0.0, Last appended by leader: 0, Current term: 0, Majority size: -1, State: 0, Mode: NON_LEADER, active raft config: opid_index: -1 OBSOLETE_local: false peers { permanent_uuid: "de9bdfac1b68496e8da22aa21fd44552" member_type: VOTER last_known_addr { host: "127.10.242.1" port: 42669 } } peers { permanent_uuid: "f2b1a467fc3c4917bc1402f80f5da909" member_type: VOTER last_known_addr { host: "127.10.242.2" port: 39545 } } peers { permanent_uuid: "81b092202e2646e8b486e00b423a43c0" member_type: VOTER last_known_addr { host: "127.10.242.3" port: 33243 } }
I20260710 13:19:38.746951 11536 ts_tablet_manager.cc:1434] T 5f89d48d638643028cd5b39154bfa2f9 P de9bdfac1b68496e8da22aa21fd44552: Time spent starting tablet: real 0.011s	user 0.006s	sys 0.000s
I20260710 13:19:38.748071 11536 tablet_bootstrap.cc:492] T 6678fef622e34e86bb9f8d2f86df5b58 P de9bdfac1b68496e8da22aa21fd44552: Bootstrap starting.
I20260710 13:19:38.750263 11542 raft_consensus.cc:493] T edf3253a45524230abc6560e104ba15c P de9bdfac1b68496e8da22aa21fd44552 [term 0 FOLLOWER]: Starting pre-election (no leader contacted us within the election timeout)
I20260710 13:19:38.750483 11535 tablet_bootstrap.cc:654] T 9629be03f2654fd3a3d7f64e51c7ae53 P f2b1a467fc3c4917bc1402f80f5da909: Neither blocks nor log segments found. Creating new log.
I20260710 13:19:38.750763 11542 raft_consensus.cc:515] T edf3253a45524230abc6560e104ba15c P de9bdfac1b68496e8da22aa21fd44552 [term 0 FOLLOWER]: Starting pre-election with config: opid_index: -1 OBSOLETE_local: false peers { permanent_uuid: "de9bdfac1b68496e8da22aa21fd44552" member_type: VOTER last_known_addr { host: "127.10.242.1" port: 42669 } } peers { permanent_uuid: "f2b1a467fc3c4917bc1402f80f5da909" member_type: VOTER last_known_addr { host: "127.10.242.2" port: 39545 } } peers { permanent_uuid: "81b092202e2646e8b486e00b423a43c0" member_type: VOTER last_known_addr { host: "127.10.242.3" port: 33243 } }
I20260710 13:19:38.753983 11542 leader_election.cc:290] T edf3253a45524230abc6560e104ba15c P de9bdfac1b68496e8da22aa21fd44552 [CANDIDATE]: Term 1 pre-election: Requested pre-vote from peers f2b1a467fc3c4917bc1402f80f5da909 (127.10.242.2:39545), 81b092202e2646e8b486e00b423a43c0 (127.10.242.3:33243)
I20260710 13:19:38.787117 11537 tablet_bootstrap.cc:492] T b1f9811c414848728ee016f8e77425b7 P 81b092202e2646e8b486e00b423a43c0: No bootstrap required, opened a new log
I20260710 13:19:38.787669 11537 ts_tablet_manager.cc:1403] T b1f9811c414848728ee016f8e77425b7 P 81b092202e2646e8b486e00b423a43c0: Time spent bootstrapping tablet: real 0.066s	user 0.010s	sys 0.005s
I20260710 13:19:38.800932 11536 tablet_bootstrap.cc:654] T 6678fef622e34e86bb9f8d2f86df5b58 P de9bdfac1b68496e8da22aa21fd44552: Neither blocks nor log segments found. Creating new log.
I20260710 13:19:38.809190 11537 raft_consensus.cc:359] T b1f9811c414848728ee016f8e77425b7 P 81b092202e2646e8b486e00b423a43c0 [term 0 FOLLOWER]: Replica starting. Triggering 0 pending ops. Active config: opid_index: -1 OBSOLETE_local: false peers { permanent_uuid: "de9bdfac1b68496e8da22aa21fd44552" member_type: VOTER last_known_addr { host: "127.10.242.1" port: 42669 } } peers { permanent_uuid: "f2b1a467fc3c4917bc1402f80f5da909" member_type: VOTER last_known_addr { host: "127.10.242.2" port: 39545 } } peers { permanent_uuid: "81b092202e2646e8b486e00b423a43c0" member_type: VOTER last_known_addr { host: "127.10.242.3" port: 33243 } }
I20260710 13:19:38.810019 11537 raft_consensus.cc:385] T b1f9811c414848728ee016f8e77425b7 P 81b092202e2646e8b486e00b423a43c0 [term 0 FOLLOWER]: Consensus starting up: Expiring failure detector timer to make a prompt election more likely
I20260710 13:19:38.810322 11537 raft_consensus.cc:740] T b1f9811c414848728ee016f8e77425b7 P 81b092202e2646e8b486e00b423a43c0 [term 0 FOLLOWER]: Becoming Follower/Learner. State: Replica: 81b092202e2646e8b486e00b423a43c0, State: Initialized, Role: FOLLOWER
I20260710 13:19:38.811053 11537 consensus_queue.cc:260] T b1f9811c414848728ee016f8e77425b7 P 81b092202e2646e8b486e00b423a43c0 [NON_LEADER]: Queue going to NON_LEADER mode. State: All replicated index: 0, Majority replicated index: 0, Committed index: 0, Last appended: 0.0, Last appended by leader: 0, Current term: 0, Majority size: -1, State: 0, Mode: NON_LEADER, active raft config: opid_index: -1 OBSOLETE_local: false peers { permanent_uuid: "de9bdfac1b68496e8da22aa21fd44552" member_type: VOTER last_known_addr { host: "127.10.242.1" port: 42669 } } peers { permanent_uuid: "f2b1a467fc3c4917bc1402f80f5da909" member_type: VOTER last_known_addr { host: "127.10.242.2" port: 39545 } } peers { permanent_uuid: "81b092202e2646e8b486e00b423a43c0" member_type: VOTER last_known_addr { host: "127.10.242.3" port: 33243 } }
I20260710 13:19:38.814538 11536 tablet_bootstrap.cc:492] T 6678fef622e34e86bb9f8d2f86df5b58 P de9bdfac1b68496e8da22aa21fd44552: No bootstrap required, opened a new log
I20260710 13:19:38.815313 11536 ts_tablet_manager.cc:1403] T 6678fef622e34e86bb9f8d2f86df5b58 P de9bdfac1b68496e8da22aa21fd44552: Time spent bootstrapping tablet: real 0.067s	user 0.017s	sys 0.005s
I20260710 13:19:38.819118 11536 raft_consensus.cc:359] T 6678fef622e34e86bb9f8d2f86df5b58 P de9bdfac1b68496e8da22aa21fd44552 [term 0 FOLLOWER]: Replica starting. Triggering 0 pending ops. Active config: opid_index: -1 OBSOLETE_local: false peers { permanent_uuid: "de9bdfac1b68496e8da22aa21fd44552" member_type: VOTER last_known_addr { host: "127.10.242.1" port: 42669 } } peers { permanent_uuid: "f2b1a467fc3c4917bc1402f80f5da909" member_type: VOTER last_known_addr { host: "127.10.242.2" port: 39545 } } peers { permanent_uuid: "81b092202e2646e8b486e00b423a43c0" member_type: VOTER last_known_addr { host: "127.10.242.3" port: 33243 } }
I20260710 13:19:38.820212 11536 raft_consensus.cc:385] T 6678fef622e34e86bb9f8d2f86df5b58 P de9bdfac1b68496e8da22aa21fd44552 [term 0 FOLLOWER]: Consensus starting up: Expiring failure detector timer to make a prompt election more likely
I20260710 13:19:38.820677 11536 raft_consensus.cc:740] T 6678fef622e34e86bb9f8d2f86df5b58 P de9bdfac1b68496e8da22aa21fd44552 [term 0 FOLLOWER]: Becoming Follower/Learner. State: Replica: de9bdfac1b68496e8da22aa21fd44552, State: Initialized, Role: FOLLOWER
I20260710 13:19:38.821928 11536 consensus_queue.cc:260] T 6678fef622e34e86bb9f8d2f86df5b58 P de9bdfac1b68496e8da22aa21fd44552 [NON_LEADER]: Queue going to NON_LEADER mode. State: All replicated index: 0, Majority replicated index: 0, Committed index: 0, Last appended: 0.0, Last appended by leader: 0, Current term: 0, Majority size: -1, State: 0, Mode: NON_LEADER, active raft config: opid_index: -1 OBSOLETE_local: false peers { permanent_uuid: "de9bdfac1b68496e8da22aa21fd44552" member_type: VOTER last_known_addr { host: "127.10.242.1" port: 42669 } } peers { permanent_uuid: "f2b1a467fc3c4917bc1402f80f5da909" member_type: VOTER last_known_addr { host: "127.10.242.2" port: 39545 } } peers { permanent_uuid: "81b092202e2646e8b486e00b423a43c0" member_type: VOTER last_known_addr { host: "127.10.242.3" port: 33243 } }
I20260710 13:19:38.824136 11536 ts_tablet_manager.cc:1434] T 6678fef622e34e86bb9f8d2f86df5b58 P de9bdfac1b68496e8da22aa21fd44552: Time spent starting tablet: real 0.008s	user 0.007s	sys 0.000s
I20260710 13:19:38.824882 11536 tablet_bootstrap.cc:492] T b1f9811c414848728ee016f8e77425b7 P de9bdfac1b68496e8da22aa21fd44552: Bootstrap starting.
I20260710 13:19:38.832806 11535 tablet_bootstrap.cc:492] T 9629be03f2654fd3a3d7f64e51c7ae53 P f2b1a467fc3c4917bc1402f80f5da909: No bootstrap required, opened a new log
I20260710 13:19:38.833395 11535 ts_tablet_manager.cc:1403] T 9629be03f2654fd3a3d7f64e51c7ae53 P f2b1a467fc3c4917bc1402f80f5da909: Time spent bootstrapping tablet: real 0.092s	user 0.013s	sys 0.065s
I20260710 13:19:38.834182 11536 tablet_bootstrap.cc:654] T b1f9811c414848728ee016f8e77425b7 P de9bdfac1b68496e8da22aa21fd44552: Neither blocks nor log segments found. Creating new log.
I20260710 13:19:38.836150 11492 tablet_service.cc:1917] Received RequestConsensusVote() RPC: tablet_id: "edf3253a45524230abc6560e104ba15c" candidate_uuid: "de9bdfac1b68496e8da22aa21fd44552" candidate_term: 1 candidate_status { last_received { term: 0 index: 0 } } ignore_live_leader: false dest_uuid: "81b092202e2646e8b486e00b423a43c0" is_pre_election: true
I20260710 13:19:38.836732 11535 raft_consensus.cc:359] T 9629be03f2654fd3a3d7f64e51c7ae53 P f2b1a467fc3c4917bc1402f80f5da909 [term 0 FOLLOWER]: Replica starting. Triggering 0 pending ops. Active config: opid_index: -1 OBSOLETE_local: false peers { permanent_uuid: "de9bdfac1b68496e8da22aa21fd44552" member_type: VOTER last_known_addr { host: "127.10.242.1" port: 42669 } } peers { permanent_uuid: "f2b1a467fc3c4917bc1402f80f5da909" member_type: VOTER last_known_addr { host: "127.10.242.2" port: 39545 } } peers { permanent_uuid: "81b092202e2646e8b486e00b423a43c0" member_type: VOTER last_known_addr { host: "127.10.242.3" port: 33243 } }
I20260710 13:19:38.837390 11535 raft_consensus.cc:385] T 9629be03f2654fd3a3d7f64e51c7ae53 P f2b1a467fc3c4917bc1402f80f5da909 [term 0 FOLLOWER]: Consensus starting up: Expiring failure detector timer to make a prompt election more likely
I20260710 13:19:38.837695 11535 raft_consensus.cc:740] T 9629be03f2654fd3a3d7f64e51c7ae53 P f2b1a467fc3c4917bc1402f80f5da909 [term 0 FOLLOWER]: Becoming Follower/Learner. State: Replica: f2b1a467fc3c4917bc1402f80f5da909, State: Initialized, Role: FOLLOWER
W20260710 13:19:38.838490 11308 leader_election.cc:343] T edf3253a45524230abc6560e104ba15c P de9bdfac1b68496e8da22aa21fd44552 [CANDIDATE]: Term 1 pre-election: Tablet error from VoteRequest() call to peer 81b092202e2646e8b486e00b423a43c0 (127.10.242.3:33243): Illegal state: must be running to vote when last-logged opid is not known
I20260710 13:19:38.838456 11535 consensus_queue.cc:260] T 9629be03f2654fd3a3d7f64e51c7ae53 P f2b1a467fc3c4917bc1402f80f5da909 [NON_LEADER]: Queue going to NON_LEADER mode. State: All replicated index: 0, Majority replicated index: 0, Committed index: 0, Last appended: 0.0, Last appended by leader: 0, Current term: 0, Majority size: -1, State: 0, Mode: NON_LEADER, active raft config: opid_index: -1 OBSOLETE_local: false peers { permanent_uuid: "de9bdfac1b68496e8da22aa21fd44552" member_type: VOTER last_known_addr { host: "127.10.242.1" port: 42669 } } peers { permanent_uuid: "f2b1a467fc3c4917bc1402f80f5da909" member_type: VOTER last_known_addr { host: "127.10.242.2" port: 39545 } } peers { permanent_uuid: "81b092202e2646e8b486e00b423a43c0" member_type: VOTER last_known_addr { host: "127.10.242.3" port: 33243 } }
I20260710 13:19:38.839094 11418 tablet_service.cc:1917] Received RequestConsensusVote() RPC: tablet_id: "edf3253a45524230abc6560e104ba15c" candidate_uuid: "de9bdfac1b68496e8da22aa21fd44552" candidate_term: 1 candidate_status { last_received { term: 0 index: 0 } } ignore_live_leader: false dest_uuid: "f2b1a467fc3c4917bc1402f80f5da909" is_pre_election: true
I20260710 13:19:38.839847 11418 raft_consensus.cc:2468] T edf3253a45524230abc6560e104ba15c P f2b1a467fc3c4917bc1402f80f5da909 [term 0 FOLLOWER]: Leader pre-election vote request: Granting yes vote for candidate de9bdfac1b68496e8da22aa21fd44552 in term 0.
I20260710 13:19:38.840804 11537 ts_tablet_manager.cc:1434] T b1f9811c414848728ee016f8e77425b7 P 81b092202e2646e8b486e00b423a43c0: Time spent starting tablet: real 0.053s	user 0.006s	sys 0.002s
I20260710 13:19:38.841810 11537 tablet_bootstrap.cc:492] T 6678fef622e34e86bb9f8d2f86df5b58 P 81b092202e2646e8b486e00b423a43c0: Bootstrap starting.
I20260710 13:19:38.843874 11307 leader_election.cc:304] T edf3253a45524230abc6560e104ba15c P de9bdfac1b68496e8da22aa21fd44552 [CANDIDATE]: Term 1 pre-election: Election decided. Result: candidate won. Election summary: received 3 responses out of 3 voters: 2 yes votes; 1 no votes. yes voters: de9bdfac1b68496e8da22aa21fd44552, f2b1a467fc3c4917bc1402f80f5da909; no voters: 81b092202e2646e8b486e00b423a43c0
I20260710 13:19:38.844720 11542 raft_consensus.cc:2804] T edf3253a45524230abc6560e104ba15c P de9bdfac1b68496e8da22aa21fd44552 [term 0 FOLLOWER]: Leader pre-election won for term 1
I20260710 13:19:38.845072 11542 raft_consensus.cc:493] T edf3253a45524230abc6560e104ba15c P de9bdfac1b68496e8da22aa21fd44552 [term 0 FOLLOWER]: Starting leader election (no leader contacted us within the election timeout)
I20260710 13:19:38.845404 11542 raft_consensus.cc:3060] T edf3253a45524230abc6560e104ba15c P de9bdfac1b68496e8da22aa21fd44552 [term 0 FOLLOWER]: Advancing to term 1
I20260710 13:19:38.852386 11542 raft_consensus.cc:515] T edf3253a45524230abc6560e104ba15c P de9bdfac1b68496e8da22aa21fd44552 [term 1 FOLLOWER]: Starting leader election with config: opid_index: -1 OBSOLETE_local: false peers { permanent_uuid: "de9bdfac1b68496e8da22aa21fd44552" member_type: VOTER last_known_addr { host: "127.10.242.1" port: 42669 } } peers { permanent_uuid: "f2b1a467fc3c4917bc1402f80f5da909" member_type: VOTER last_known_addr { host: "127.10.242.2" port: 39545 } } peers { permanent_uuid: "81b092202e2646e8b486e00b423a43c0" member_type: VOTER last_known_addr { host: "127.10.242.3" port: 33243 } }
I20260710 13:19:38.854557 11542 leader_election.cc:290] T edf3253a45524230abc6560e104ba15c P de9bdfac1b68496e8da22aa21fd44552 [CANDIDATE]: Term 1 election: Requested vote from peers f2b1a467fc3c4917bc1402f80f5da909 (127.10.242.2:39545), 81b092202e2646e8b486e00b423a43c0 (127.10.242.3:33243)
I20260710 13:19:38.855362 11418 tablet_service.cc:1917] Received RequestConsensusVote() RPC: tablet_id: "edf3253a45524230abc6560e104ba15c" candidate_uuid: "de9bdfac1b68496e8da22aa21fd44552" candidate_term: 1 candidate_status { last_received { term: 0 index: 0 } } ignore_live_leader: false dest_uuid: "f2b1a467fc3c4917bc1402f80f5da909"
I20260710 13:19:38.856205 11492 tablet_service.cc:1917] Received RequestConsensusVote() RPC: tablet_id: "edf3253a45524230abc6560e104ba15c" candidate_uuid: "de9bdfac1b68496e8da22aa21fd44552" candidate_term: 1 candidate_status { last_received { term: 0 index: 0 } } ignore_live_leader: false dest_uuid: "81b092202e2646e8b486e00b423a43c0"
I20260710 13:19:38.856420 11418 raft_consensus.cc:3060] T edf3253a45524230abc6560e104ba15c P f2b1a467fc3c4917bc1402f80f5da909 [term 0 FOLLOWER]: Advancing to term 1
I20260710 13:19:38.856839 11535 ts_tablet_manager.cc:1434] T 9629be03f2654fd3a3d7f64e51c7ae53 P f2b1a467fc3c4917bc1402f80f5da909: Time spent starting tablet: real 0.023s	user 0.006s	sys 0.000s
I20260710 13:19:38.857867 11535 tablet_bootstrap.cc:492] T 5f89d48d638643028cd5b39154bfa2f9 P f2b1a467fc3c4917bc1402f80f5da909: Bootstrap starting.
W20260710 13:19:38.858083 11308 leader_election.cc:343] T edf3253a45524230abc6560e104ba15c P de9bdfac1b68496e8da22aa21fd44552 [CANDIDATE]: Term 1 election: Tablet error from VoteRequest() call to peer 81b092202e2646e8b486e00b423a43c0 (127.10.242.3:33243): Illegal state: must be running to vote when last-logged opid is not known
I20260710 13:19:38.864377 11418 raft_consensus.cc:2468] T edf3253a45524230abc6560e104ba15c P f2b1a467fc3c4917bc1402f80f5da909 [term 1 FOLLOWER]: Leader election vote request: Granting yes vote for candidate de9bdfac1b68496e8da22aa21fd44552 in term 1.
I20260710 13:19:38.865922 11307 leader_election.cc:304] T edf3253a45524230abc6560e104ba15c P de9bdfac1b68496e8da22aa21fd44552 [CANDIDATE]: Term 1 election: Election decided. Result: candidate won. Election summary: received 3 responses out of 3 voters: 2 yes votes; 1 no votes. yes voters: de9bdfac1b68496e8da22aa21fd44552, f2b1a467fc3c4917bc1402f80f5da909; no voters: 81b092202e2646e8b486e00b423a43c0
I20260710 13:19:38.866791 11542 raft_consensus.cc:2804] T edf3253a45524230abc6560e104ba15c P de9bdfac1b68496e8da22aa21fd44552 [term 1 FOLLOWER]: Leader election won for term 1
I20260710 13:19:38.870090 11536 tablet_bootstrap.cc:492] T b1f9811c414848728ee016f8e77425b7 P de9bdfac1b68496e8da22aa21fd44552: No bootstrap required, opened a new log
I20260710 13:19:38.864580 11535 tablet_bootstrap.cc:654] T 5f89d48d638643028cd5b39154bfa2f9 P f2b1a467fc3c4917bc1402f80f5da909: Neither blocks nor log segments found. Creating new log.
I20260710 13:19:38.870584 11536 ts_tablet_manager.cc:1403] T b1f9811c414848728ee016f8e77425b7 P de9bdfac1b68496e8da22aa21fd44552: Time spent bootstrapping tablet: real 0.046s	user 0.010s	sys 0.007s
I20260710 13:19:38.870697 11542 raft_consensus.cc:697] T edf3253a45524230abc6560e104ba15c P de9bdfac1b68496e8da22aa21fd44552 [term 1 LEADER]: Becoming Leader. State: Replica: de9bdfac1b68496e8da22aa21fd44552, State: Running, Role: LEADER
I20260710 13:19:38.870584 11537 tablet_bootstrap.cc:654] T 6678fef622e34e86bb9f8d2f86df5b58 P 81b092202e2646e8b486e00b423a43c0: Neither blocks nor log segments found. Creating new log.
I20260710 13:19:38.871976 11542 consensus_queue.cc:237] T edf3253a45524230abc6560e104ba15c P de9bdfac1b68496e8da22aa21fd44552 [LEADER]: Queue going to LEADER mode. State: All replicated index: 0, Majority replicated index: 0, Committed index: 0, Last appended: 0.0, Last appended by leader: 0, Current term: 1, Majority size: 2, State: 0, Mode: LEADER, active raft config: opid_index: -1 OBSOLETE_local: false peers { permanent_uuid: "de9bdfac1b68496e8da22aa21fd44552" member_type: VOTER last_known_addr { host: "127.10.242.1" port: 42669 } } peers { permanent_uuid: "f2b1a467fc3c4917bc1402f80f5da909" member_type: VOTER last_known_addr { host: "127.10.242.2" port: 39545 } } peers { permanent_uuid: "81b092202e2646e8b486e00b423a43c0" member_type: VOTER last_known_addr { host: "127.10.242.3" port: 33243 } }
I20260710 13:19:38.875006 11536 raft_consensus.cc:359] T b1f9811c414848728ee016f8e77425b7 P de9bdfac1b68496e8da22aa21fd44552 [term 0 FOLLOWER]: Replica starting. Triggering 0 pending ops. Active config: opid_index: -1 OBSOLETE_local: false peers { permanent_uuid: "de9bdfac1b68496e8da22aa21fd44552" member_type: VOTER last_known_addr { host: "127.10.242.1" port: 42669 } } peers { permanent_uuid: "f2b1a467fc3c4917bc1402f80f5da909" member_type: VOTER last_known_addr { host: "127.10.242.2" port: 39545 } } peers { permanent_uuid: "81b092202e2646e8b486e00b423a43c0" member_type: VOTER last_known_addr { host: "127.10.242.3" port: 33243 } }
I20260710 13:19:38.879495 11536 raft_consensus.cc:385] T b1f9811c414848728ee016f8e77425b7 P de9bdfac1b68496e8da22aa21fd44552 [term 0 FOLLOWER]: Consensus starting up: Expiring failure detector timer to make a prompt election more likely
I20260710 13:19:38.881206 11536 raft_consensus.cc:740] T b1f9811c414848728ee016f8e77425b7 P de9bdfac1b68496e8da22aa21fd44552 [term 0 FOLLOWER]: Becoming Follower/Learner. State: Replica: de9bdfac1b68496e8da22aa21fd44552, State: Initialized, Role: FOLLOWER
I20260710 13:19:38.882285 11536 consensus_queue.cc:260] T b1f9811c414848728ee016f8e77425b7 P de9bdfac1b68496e8da22aa21fd44552 [NON_LEADER]: Queue going to NON_LEADER mode. State: All replicated index: 0, Majority replicated index: 0, Committed index: 0, Last appended: 0.0, Last appended by leader: 0, Current term: 0, Majority size: -1, State: 0, Mode: NON_LEADER, active raft config: opid_index: -1 OBSOLETE_local: false peers { permanent_uuid: "de9bdfac1b68496e8da22aa21fd44552" member_type: VOTER last_known_addr { host: "127.10.242.1" port: 42669 } } peers { permanent_uuid: "f2b1a467fc3c4917bc1402f80f5da909" member_type: VOTER last_known_addr { host: "127.10.242.2" port: 39545 } } peers { permanent_uuid: "81b092202e2646e8b486e00b423a43c0" member_type: VOTER last_known_addr { host: "127.10.242.3" port: 33243 } }
I20260710 13:19:38.885836 11536 ts_tablet_manager.cc:1434] T b1f9811c414848728ee016f8e77425b7 P de9bdfac1b68496e8da22aa21fd44552: Time spent starting tablet: real 0.015s	user 0.009s	sys 0.000s
I20260710 13:19:38.886487 11556 raft_consensus.cc:493] T 6678fef622e34e86bb9f8d2f86df5b58 P de9bdfac1b68496e8da22aa21fd44552 [term 0 FOLLOWER]: Starting pre-election (no leader contacted us within the election timeout)
I20260710 13:19:38.887077 11556 raft_consensus.cc:515] T 6678fef622e34e86bb9f8d2f86df5b58 P de9bdfac1b68496e8da22aa21fd44552 [term 0 FOLLOWER]: Starting pre-election with config: opid_index: -1 OBSOLETE_local: false peers { permanent_uuid: "de9bdfac1b68496e8da22aa21fd44552" member_type: VOTER last_known_addr { host: "127.10.242.1" port: 42669 } } peers { permanent_uuid: "f2b1a467fc3c4917bc1402f80f5da909" member_type: VOTER last_known_addr { host: "127.10.242.2" port: 39545 } } peers { permanent_uuid: "81b092202e2646e8b486e00b423a43c0" member_type: VOTER last_known_addr { host: "127.10.242.3" port: 33243 } }
I20260710 13:19:38.890071 11556 leader_election.cc:290] T 6678fef622e34e86bb9f8d2f86df5b58 P de9bdfac1b68496e8da22aa21fd44552 [CANDIDATE]: Term 1 pre-election: Requested pre-vote from peers f2b1a467fc3c4917bc1402f80f5da909 (127.10.242.2:39545), 81b092202e2646e8b486e00b423a43c0 (127.10.242.3:33243)
I20260710 13:19:38.891155 11418 tablet_service.cc:1917] Received RequestConsensusVote() RPC: tablet_id: "6678fef622e34e86bb9f8d2f86df5b58" candidate_uuid: "de9bdfac1b68496e8da22aa21fd44552" candidate_term: 1 candidate_status { last_received { term: 0 index: 0 } } ignore_live_leader: false dest_uuid: "f2b1a467fc3c4917bc1402f80f5da909" is_pre_election: true
I20260710 13:19:38.891463 11536 tablet_bootstrap.cc:492] T 48552679908c4339ab25d9eb6b0b7ad4 P de9bdfac1b68496e8da22aa21fd44552: Bootstrap starting.
W20260710 13:19:38.892635 11307 leader_election.cc:343] T 6678fef622e34e86bb9f8d2f86df5b58 P de9bdfac1b68496e8da22aa21fd44552 [CANDIDATE]: Term 1 pre-election: Tablet error from VoteRequest() call to peer f2b1a467fc3c4917bc1402f80f5da909 (127.10.242.2:39545): Illegal state: must be running to vote when last-logged opid is not known
I20260710 13:19:38.893661 11535 tablet_bootstrap.cc:492] T 5f89d48d638643028cd5b39154bfa2f9 P f2b1a467fc3c4917bc1402f80f5da909: No bootstrap required, opened a new log
I20260710 13:19:38.893955 11492 tablet_service.cc:1917] Received RequestConsensusVote() RPC: tablet_id: "6678fef622e34e86bb9f8d2f86df5b58" candidate_uuid: "de9bdfac1b68496e8da22aa21fd44552" candidate_term: 1 candidate_status { last_received { term: 0 index: 0 } } ignore_live_leader: false dest_uuid: "81b092202e2646e8b486e00b423a43c0" is_pre_election: true
I20260710 13:19:38.894181 11535 ts_tablet_manager.cc:1403] T 5f89d48d638643028cd5b39154bfa2f9 P f2b1a467fc3c4917bc1402f80f5da909: Time spent bootstrapping tablet: real 0.037s	user 0.020s	sys 0.002s
W20260710 13:19:38.895495 11308 leader_election.cc:343] T 6678fef622e34e86bb9f8d2f86df5b58 P de9bdfac1b68496e8da22aa21fd44552 [CANDIDATE]: Term 1 pre-election: Tablet error from VoteRequest() call to peer 81b092202e2646e8b486e00b423a43c0 (127.10.242.3:33243): Illegal state: must be running to vote when last-logged opid is not known
I20260710 13:19:38.895913 11308 leader_election.cc:304] T 6678fef622e34e86bb9f8d2f86df5b58 P de9bdfac1b68496e8da22aa21fd44552 [CANDIDATE]: Term 1 pre-election: Election decided. Result: candidate lost. Election summary: received 3 responses out of 3 voters: 1 yes votes; 2 no votes. yes voters: de9bdfac1b68496e8da22aa21fd44552; no voters: 81b092202e2646e8b486e00b423a43c0, f2b1a467fc3c4917bc1402f80f5da909
I20260710 13:19:38.896731 11542 raft_consensus.cc:2749] T 6678fef622e34e86bb9f8d2f86df5b58 P de9bdfac1b68496e8da22aa21fd44552 [term 0 FOLLOWER]: Leader pre-election lost for term 1. Reason: could not achieve majority
I20260710 13:19:38.897107 11535 raft_consensus.cc:359] T 5f89d48d638643028cd5b39154bfa2f9 P f2b1a467fc3c4917bc1402f80f5da909 [term 0 FOLLOWER]: Replica starting. Triggering 0 pending ops. Active config: opid_index: -1 OBSOLETE_local: false peers { permanent_uuid: "de9bdfac1b68496e8da22aa21fd44552" member_type: VOTER last_known_addr { host: "127.10.242.1" port: 42669 } } peers { permanent_uuid: "f2b1a467fc3c4917bc1402f80f5da909" member_type: VOTER last_known_addr { host: "127.10.242.2" port: 39545 } } peers { permanent_uuid: "81b092202e2646e8b486e00b423a43c0" member_type: VOTER last_known_addr { host: "127.10.242.3" port: 33243 } }
I20260710 13:19:38.897838 11535 raft_consensus.cc:385] T 5f89d48d638643028cd5b39154bfa2f9 P f2b1a467fc3c4917bc1402f80f5da909 [term 0 FOLLOWER]: Consensus starting up: Expiring failure detector timer to make a prompt election more likely
I20260710 13:19:38.898116 11535 raft_consensus.cc:740] T 5f89d48d638643028cd5b39154bfa2f9 P f2b1a467fc3c4917bc1402f80f5da909 [term 0 FOLLOWER]: Becoming Follower/Learner. State: Replica: f2b1a467fc3c4917bc1402f80f5da909, State: Initialized, Role: FOLLOWER
I20260710 13:19:38.898836 11535 consensus_queue.cc:260] T 5f89d48d638643028cd5b39154bfa2f9 P f2b1a467fc3c4917bc1402f80f5da909 [NON_LEADER]: Queue going to NON_LEADER mode. State: All replicated index: 0, Majority replicated index: 0, Committed index: 0, Last appended: 0.0, Last appended by leader: 0, Current term: 0, Majority size: -1, State: 0, Mode: NON_LEADER, active raft config: opid_index: -1 OBSOLETE_local: false peers { permanent_uuid: "de9bdfac1b68496e8da22aa21fd44552" member_type: VOTER last_known_addr { host: "127.10.242.1" port: 42669 } } peers { permanent_uuid: "f2b1a467fc3c4917bc1402f80f5da909" member_type: VOTER last_known_addr { host: "127.10.242.2" port: 39545 } } peers { permanent_uuid: "81b092202e2646e8b486e00b423a43c0" member_type: VOTER last_known_addr { host: "127.10.242.3" port: 33243 } }
I20260710 13:19:38.901319 11535 ts_tablet_manager.cc:1434] T 5f89d48d638643028cd5b39154bfa2f9 P f2b1a467fc3c4917bc1402f80f5da909: Time spent starting tablet: real 0.007s	user 0.005s	sys 0.000s
I20260710 13:19:38.901355 11537 tablet_bootstrap.cc:492] T 6678fef622e34e86bb9f8d2f86df5b58 P 81b092202e2646e8b486e00b423a43c0: No bootstrap required, opened a new log
I20260710 13:19:38.902068 11537 ts_tablet_manager.cc:1403] T 6678fef622e34e86bb9f8d2f86df5b58 P 81b092202e2646e8b486e00b423a43c0: Time spent bootstrapping tablet: real 0.060s	user 0.005s	sys 0.009s
I20260710 13:19:38.903249 11536 tablet_bootstrap.cc:654] T 48552679908c4339ab25d9eb6b0b7ad4 P de9bdfac1b68496e8da22aa21fd44552: Neither blocks nor log segments found. Creating new log.
I20260710 13:19:38.904834 11537 raft_consensus.cc:359] T 6678fef622e34e86bb9f8d2f86df5b58 P 81b092202e2646e8b486e00b423a43c0 [term 0 FOLLOWER]: Replica starting. Triggering 0 pending ops. Active config: opid_index: -1 OBSOLETE_local: false peers { permanent_uuid: "de9bdfac1b68496e8da22aa21fd44552" member_type: VOTER last_known_addr { host: "127.10.242.1" port: 42669 } } peers { permanent_uuid: "f2b1a467fc3c4917bc1402f80f5da909" member_type: VOTER last_known_addr { host: "127.10.242.2" port: 39545 } } peers { permanent_uuid: "81b092202e2646e8b486e00b423a43c0" member_type: VOTER last_known_addr { host: "127.10.242.3" port: 33243 } }
I20260710 13:19:38.905534 11537 raft_consensus.cc:385] T 6678fef622e34e86bb9f8d2f86df5b58 P 81b092202e2646e8b486e00b423a43c0 [term 0 FOLLOWER]: Consensus starting up: Expiring failure detector timer to make a prompt election more likely
I20260710 13:19:38.905827 11537 raft_consensus.cc:740] T 6678fef622e34e86bb9f8d2f86df5b58 P 81b092202e2646e8b486e00b423a43c0 [term 0 FOLLOWER]: Becoming Follower/Learner. State: Replica: 81b092202e2646e8b486e00b423a43c0, State: Initialized, Role: FOLLOWER
I20260710 13:19:38.906991 11535 tablet_bootstrap.cc:492] T d8863d7762b047c9ab9a82c16b1bb0a2 P f2b1a467fc3c4917bc1402f80f5da909: Bootstrap starting.
I20260710 13:19:38.910079 11537 consensus_queue.cc:260] T 6678fef622e34e86bb9f8d2f86df5b58 P 81b092202e2646e8b486e00b423a43c0 [NON_LEADER]: Queue going to NON_LEADER mode. State: All replicated index: 0, Majority replicated index: 0, Committed index: 0, Last appended: 0.0, Last appended by leader: 0, Current term: 0, Majority size: -1, State: 0, Mode: NON_LEADER, active raft config: opid_index: -1 OBSOLETE_local: false peers { permanent_uuid: "de9bdfac1b68496e8da22aa21fd44552" member_type: VOTER last_known_addr { host: "127.10.242.1" port: 42669 } } peers { permanent_uuid: "f2b1a467fc3c4917bc1402f80f5da909" member_type: VOTER last_known_addr { host: "127.10.242.2" port: 39545 } } peers { permanent_uuid: "81b092202e2646e8b486e00b423a43c0" member_type: VOTER last_known_addr { host: "127.10.242.3" port: 33243 } }
I20260710 13:19:38.899686 11239 catalog_manager.cc:5697] T edf3253a45524230abc6560e104ba15c P de9bdfac1b68496e8da22aa21fd44552 reported cstate change: term changed from 0 to 1, leader changed from <none> to de9bdfac1b68496e8da22aa21fd44552 (127.10.242.1). New cstate: current_term: 1 leader_uuid: "de9bdfac1b68496e8da22aa21fd44552" committed_config { opid_index: -1 OBSOLETE_local: false peers { permanent_uuid: "de9bdfac1b68496e8da22aa21fd44552" member_type: VOTER last_known_addr { host: "127.10.242.1" port: 42669 } health_report { overall_health: HEALTHY } } peers { permanent_uuid: "f2b1a467fc3c4917bc1402f80f5da909" member_type: VOTER last_known_addr { host: "127.10.242.2" port: 39545 } health_report { overall_health: UNKNOWN } } peers { permanent_uuid: "81b092202e2646e8b486e00b423a43c0" member_type: VOTER last_known_addr { host: "127.10.242.3" port: 33243 } health_report { overall_health: UNKNOWN } } }
I20260710 13:19:38.916208 11542 raft_consensus.cc:493] T f5bfb26de0b8447ba2ecbdb95a980d15 P de9bdfac1b68496e8da22aa21fd44552 [term 0 FOLLOWER]: Starting pre-election (no leader contacted us within the election timeout)
I20260710 13:19:38.916725 11542 raft_consensus.cc:515] T f5bfb26de0b8447ba2ecbdb95a980d15 P de9bdfac1b68496e8da22aa21fd44552 [term 0 FOLLOWER]: Starting pre-election with config: opid_index: -1 OBSOLETE_local: false peers { permanent_uuid: "81b092202e2646e8b486e00b423a43c0" member_type: VOTER last_known_addr { host: "127.10.242.3" port: 33243 } } peers { permanent_uuid: "f2b1a467fc3c4917bc1402f80f5da909" member_type: VOTER last_known_addr { host: "127.10.242.2" port: 39545 } } peers { permanent_uuid: "de9bdfac1b68496e8da22aa21fd44552" member_type: VOTER last_known_addr { host: "127.10.242.1" port: 42669 } }
I20260710 13:19:38.917232 11537 ts_tablet_manager.cc:1434] T 6678fef622e34e86bb9f8d2f86df5b58 P 81b092202e2646e8b486e00b423a43c0: Time spent starting tablet: real 0.015s	user 0.005s	sys 0.001s
I20260710 13:19:38.919057 11540 raft_consensus.cc:493] T f5bfb26de0b8447ba2ecbdb95a980d15 P f2b1a467fc3c4917bc1402f80f5da909 [term 0 FOLLOWER]: Starting pre-election (no leader contacted us within the election timeout)
I20260710 13:19:38.919176 11542 leader_election.cc:290] T f5bfb26de0b8447ba2ecbdb95a980d15 P de9bdfac1b68496e8da22aa21fd44552 [CANDIDATE]: Term 1 pre-election: Requested pre-vote from peers 81b092202e2646e8b486e00b423a43c0 (127.10.242.3:33243), f2b1a467fc3c4917bc1402f80f5da909 (127.10.242.2:39545)
I20260710 13:19:38.920270 11492 tablet_service.cc:1917] Received RequestConsensusVote() RPC: tablet_id: "f5bfb26de0b8447ba2ecbdb95a980d15" candidate_uuid: "de9bdfac1b68496e8da22aa21fd44552" candidate_term: 1 candidate_status { last_received { term: 0 index: 0 } } ignore_live_leader: false dest_uuid: "81b092202e2646e8b486e00b423a43c0" is_pre_election: true
I20260710 13:19:38.921016 11418 tablet_service.cc:1917] Received RequestConsensusVote() RPC: tablet_id: "f5bfb26de0b8447ba2ecbdb95a980d15" candidate_uuid: "de9bdfac1b68496e8da22aa21fd44552" candidate_term: 1 candidate_status { last_received { term: 0 index: 0 } } ignore_live_leader: false dest_uuid: "f2b1a467fc3c4917bc1402f80f5da909" is_pre_election: true
I20260710 13:19:38.922140 11540 raft_consensus.cc:515] T f5bfb26de0b8447ba2ecbdb95a980d15 P f2b1a467fc3c4917bc1402f80f5da909 [term 0 FOLLOWER]: Starting pre-election with config: opid_index: -1 OBSOLETE_local: false peers { permanent_uuid: "81b092202e2646e8b486e00b423a43c0" member_type: VOTER last_known_addr { host: "127.10.242.3" port: 33243 } } peers { permanent_uuid: "f2b1a467fc3c4917bc1402f80f5da909" member_type: VOTER last_known_addr { host: "127.10.242.2" port: 39545 } } peers { permanent_uuid: "de9bdfac1b68496e8da22aa21fd44552" member_type: VOTER last_known_addr { host: "127.10.242.1" port: 42669 } }
W20260710 13:19:38.925021 11308 leader_election.cc:343] T f5bfb26de0b8447ba2ecbdb95a980d15 P de9bdfac1b68496e8da22aa21fd44552 [CANDIDATE]: Term 1 pre-election: Tablet error from VoteRequest() call to peer 81b092202e2646e8b486e00b423a43c0 (127.10.242.3:33243): Illegal state: must be running to vote when last-logged opid is not known
I20260710 13:19:38.926007 11418 raft_consensus.cc:2468] T f5bfb26de0b8447ba2ecbdb95a980d15 P f2b1a467fc3c4917bc1402f80f5da909 [term 0 FOLLOWER]: Leader pre-election vote request: Granting yes vote for candidate de9bdfac1b68496e8da22aa21fd44552 in term 0.
I20260710 13:19:38.927919 11307 leader_election.cc:304] T f5bfb26de0b8447ba2ecbdb95a980d15 P de9bdfac1b68496e8da22aa21fd44552 [CANDIDATE]: Term 1 pre-election: Election decided. Result: candidate won. Election summary: received 3 responses out of 3 voters: 2 yes votes; 1 no votes. yes voters: de9bdfac1b68496e8da22aa21fd44552, f2b1a467fc3c4917bc1402f80f5da909; no voters: 81b092202e2646e8b486e00b423a43c0
I20260710 13:19:38.928887 11542 raft_consensus.cc:2804] T f5bfb26de0b8447ba2ecbdb95a980d15 P de9bdfac1b68496e8da22aa21fd44552 [term 0 FOLLOWER]: Leader pre-election won for term 1
I20260710 13:19:38.929251 11542 raft_consensus.cc:493] T f5bfb26de0b8447ba2ecbdb95a980d15 P de9bdfac1b68496e8da22aa21fd44552 [term 0 FOLLOWER]: Starting leader election (no leader contacted us within the election timeout)
I20260710 13:19:38.930428 11542 raft_consensus.cc:3060] T f5bfb26de0b8447ba2ecbdb95a980d15 P de9bdfac1b68496e8da22aa21fd44552 [term 0 FOLLOWER]: Advancing to term 1
I20260710 13:19:38.928987 11540 leader_election.cc:290] T f5bfb26de0b8447ba2ecbdb95a980d15 P f2b1a467fc3c4917bc1402f80f5da909 [CANDIDATE]: Term 1 pre-election: Requested pre-vote from peers 81b092202e2646e8b486e00b423a43c0 (127.10.242.3:33243), de9bdfac1b68496e8da22aa21fd44552 (127.10.242.1:42669)
I20260710 13:19:38.944440 11537 tablet_bootstrap.cc:492] T 48552679908c4339ab25d9eb6b0b7ad4 P 81b092202e2646e8b486e00b423a43c0: Bootstrap starting.
I20260710 13:19:38.946846 11542 raft_consensus.cc:515] T f5bfb26de0b8447ba2ecbdb95a980d15 P de9bdfac1b68496e8da22aa21fd44552 [term 1 FOLLOWER]: Starting leader election with config: opid_index: -1 OBSOLETE_local: false peers { permanent_uuid: "81b092202e2646e8b486e00b423a43c0" member_type: VOTER last_known_addr { host: "127.10.242.3" port: 33243 } } peers { permanent_uuid: "f2b1a467fc3c4917bc1402f80f5da909" member_type: VOTER last_known_addr { host: "127.10.242.2" port: 39545 } } peers { permanent_uuid: "de9bdfac1b68496e8da22aa21fd44552" member_type: VOTER last_known_addr { host: "127.10.242.1" port: 42669 } }
I20260710 13:19:38.957420 11542 leader_election.cc:290] T f5bfb26de0b8447ba2ecbdb95a980d15 P de9bdfac1b68496e8da22aa21fd44552 [CANDIDATE]: Term 1 election: Requested vote from peers 81b092202e2646e8b486e00b423a43c0 (127.10.242.3:33243), f2b1a467fc3c4917bc1402f80f5da909 (127.10.242.2:39545)
I20260710 13:19:38.958355 11535 tablet_bootstrap.cc:654] T d8863d7762b047c9ab9a82c16b1bb0a2 P f2b1a467fc3c4917bc1402f80f5da909: Neither blocks nor log segments found. Creating new log.
I20260710 13:19:38.958634 11418 tablet_service.cc:1917] Received RequestConsensusVote() RPC: tablet_id: "f5bfb26de0b8447ba2ecbdb95a980d15" candidate_uuid: "de9bdfac1b68496e8da22aa21fd44552" candidate_term: 1 candidate_status { last_received { term: 0 index: 0 } } ignore_live_leader: false dest_uuid: "f2b1a467fc3c4917bc1402f80f5da909"
I20260710 13:19:38.959210 11418 raft_consensus.cc:3060] T f5bfb26de0b8447ba2ecbdb95a980d15 P f2b1a467fc3c4917bc1402f80f5da909 [term 0 FOLLOWER]: Advancing to term 1
I20260710 13:19:38.963547 11545 raft_consensus.cc:493] T b1f9811c414848728ee016f8e77425b7 P 81b092202e2646e8b486e00b423a43c0 [term 0 FOLLOWER]: Starting pre-election (no leader contacted us within the election timeout)
I20260710 13:19:38.964162 11545 raft_consensus.cc:515] T b1f9811c414848728ee016f8e77425b7 P 81b092202e2646e8b486e00b423a43c0 [term 0 FOLLOWER]: Starting pre-election with config: opid_index: -1 OBSOLETE_local: false peers { permanent_uuid: "de9bdfac1b68496e8da22aa21fd44552" member_type: VOTER last_known_addr { host: "127.10.242.1" port: 42669 } } peers { permanent_uuid: "f2b1a467fc3c4917bc1402f80f5da909" member_type: VOTER last_known_addr { host: "127.10.242.2" port: 39545 } } peers { permanent_uuid: "81b092202e2646e8b486e00b423a43c0" member_type: VOTER last_known_addr { host: "127.10.242.3" port: 33243 } }
I20260710 13:19:38.966825 11537 tablet_bootstrap.cc:654] T 48552679908c4339ab25d9eb6b0b7ad4 P 81b092202e2646e8b486e00b423a43c0: Neither blocks nor log segments found. Creating new log.
I20260710 13:19:38.968727 11545 leader_election.cc:290] T b1f9811c414848728ee016f8e77425b7 P 81b092202e2646e8b486e00b423a43c0 [CANDIDATE]: Term 1 pre-election: Requested pre-vote from peers de9bdfac1b68496e8da22aa21fd44552 (127.10.242.1:42669), f2b1a467fc3c4917bc1402f80f5da909 (127.10.242.2:39545)
