I20260710 13:20:00.401623 12359 raft_consensus.cc:2468] T 61769495391441b8a88a901d29928eb1 P 36eb17bdb51944ae899b4a8f8e09ce87 [term 1 FOLLOWER]: Leader election vote request: Granting yes vote for candidate 8bdbe6c17720451cb43898f033af8b44 in term 1.
W20260710 13:20:00.406045 12398 leader_election.cc:343] T abc84b8c8a4747d18412c0d86f743347 P 8bdbe6c17720451cb43898f033af8b44 [CANDIDATE]: Term 1 election: Tablet error from VoteRequest() call to peer 36eb17bdb51944ae899b4a8f8e09ce87 (127.10.229.2:38859): Illegal state: must be running to vote when last-logged opid is not known
I20260710 13:20:00.406847 12398 leader_election.cc:304] T 61769495391441b8a88a901d29928eb1 P 8bdbe6c17720451cb43898f033af8b44 [CANDIDATE]: Term 1 election: Election decided. Result: candidate won. Election summary: received 3 responses out of 3 voters: 2 yes votes; 1 no votes. yes voters: 36eb17bdb51944ae899b4a8f8e09ce87, 8bdbe6c17720451cb43898f033af8b44; no voters: 86275d5f623447fb89d1bb87160b7ca9
I20260710 13:20:00.409266 12477 raft_consensus.cc:359] T 90a0ba4d92e342bc8730e774fdcd002f P 36eb17bdb51944ae899b4a8f8e09ce87 [term 0 FOLLOWER]: Replica starting. Triggering 0 pending ops. Active config: opid_index: -1 OBSOLETE_local: false peers { permanent_uuid: "86275d5f623447fb89d1bb87160b7ca9" member_type: VOTER last_known_addr { host: "127.10.229.1" port: 46823 } } peers { permanent_uuid: "36eb17bdb51944ae899b4a8f8e09ce87" member_type: VOTER last_known_addr { host: "127.10.229.2" port: 38859 } } peers { permanent_uuid: "8bdbe6c17720451cb43898f033af8b44" member_type: VOTER last_known_addr { host: "127.10.229.3" port: 45889 } }
I20260710 13:20:00.410229 12477 raft_consensus.cc:385] T 90a0ba4d92e342bc8730e774fdcd002f P 36eb17bdb51944ae899b4a8f8e09ce87 [term 0 FOLLOWER]: Consensus starting up: Expiring failure detector timer to make a prompt election more likely
I20260710 13:20:00.410535 12477 raft_consensus.cc:740] T 90a0ba4d92e342bc8730e774fdcd002f P 36eb17bdb51944ae899b4a8f8e09ce87 [term 0 FOLLOWER]: Becoming Follower/Learner. State: Replica: 36eb17bdb51944ae899b4a8f8e09ce87, State: Initialized, Role: FOLLOWER
I20260710 13:20:00.414435 12181 catalog_manager.cc:5697] T 3d2a349d7aeb4d0f989236b7615bdfc3 P 8bdbe6c17720451cb43898f033af8b44 reported cstate change: term changed from 0 to 1, leader changed from <none> to 8bdbe6c17720451cb43898f033af8b44 (127.10.229.3). New cstate: current_term: 1 leader_uuid: "8bdbe6c17720451cb43898f033af8b44" committed_config { opid_index: -1 OBSOLETE_local: false peers { permanent_uuid: "86275d5f623447fb89d1bb87160b7ca9" member_type: VOTER last_known_addr { host: "127.10.229.1" port: 46823 } health_report { overall_health: UNKNOWN } } peers { permanent_uuid: "36eb17bdb51944ae899b4a8f8e09ce87" member_type: VOTER last_known_addr { host: "127.10.229.2" port: 38859 } health_report { overall_health: UNKNOWN } } peers { permanent_uuid: "8bdbe6c17720451cb43898f033af8b44" member_type: VOTER last_known_addr { host: "127.10.229.3" port: 45889 } health_report { overall_health: HEALTHY } } }
I20260710 13:20:00.417281 12182 catalog_manager.cc:5697] T fd58c93e09ac4468b32990417ae8aaf3 P 36eb17bdb51944ae899b4a8f8e09ce87 reported cstate change: term changed from 0 to 1, leader changed from <none> to 36eb17bdb51944ae899b4a8f8e09ce87 (127.10.229.2). New cstate: current_term: 1 leader_uuid: "36eb17bdb51944ae899b4a8f8e09ce87" committed_config { opid_index: -1 OBSOLETE_local: false peers { permanent_uuid: "86275d5f623447fb89d1bb87160b7ca9" member_type: VOTER last_known_addr { host: "127.10.229.1" port: 46823 } health_report { overall_health: UNKNOWN } } peers { permanent_uuid: "36eb17bdb51944ae899b4a8f8e09ce87" member_type: VOTER last_known_addr { host: "127.10.229.2" port: 38859 } health_report { overall_health: HEALTHY } } peers { permanent_uuid: "8bdbe6c17720451cb43898f033af8b44" member_type: VOTER last_known_addr { host: "127.10.229.3" port: 45889 } health_report { overall_health: UNKNOWN } } }
I20260710 13:20:00.421226 12285 raft_consensus.cc:2468] T abc84b8c8a4747d18412c0d86f743347 P 86275d5f623447fb89d1bb87160b7ca9 [term 1 FOLLOWER]: Leader election vote request: Granting yes vote for candidate 8bdbe6c17720451cb43898f033af8b44 in term 1.
I20260710 13:20:00.425076 12520 consensus_queue.cc:1048] T 4d31f4b5218941a48b10ea75e44ea614 P 86275d5f623447fb89d1bb87160b7ca9 [LEADER]: Connected to new peer: Peer: permanent_uuid: "8bdbe6c17720451cb43898f033af8b44" member_type: VOTER last_known_addr { host: "127.10.229.3" port: 45889 }, Status: LMP_MISMATCH, Last received: 0.0, Next index: 1, Last known committed idx: 0, Time since last communication: 0.000s
I20260710 13:20:00.425639 12541 raft_consensus.cc:515] T 2bd14c4c066d480a893311566c4dcf8f P 86275d5f623447fb89d1bb87160b7ca9 [term 1 FOLLOWER]: Starting leader election with config: opid_index: -1 OBSOLETE_local: false peers { permanent_uuid: "86275d5f623447fb89d1bb87160b7ca9" member_type: VOTER last_known_addr { host: "127.10.229.1" port: 46823 } } peers { permanent_uuid: "36eb17bdb51944ae899b4a8f8e09ce87" member_type: VOTER last_known_addr { host: "127.10.229.2" port: 38859 } } peers { permanent_uuid: "8bdbe6c17720451cb43898f033af8b44" member_type: VOTER last_known_addr { host: "127.10.229.3" port: 45889 } }
I20260710 13:20:00.438766 12359 raft_consensus.cc:3060] T 4d31f4b5218941a48b10ea75e44ea614 P 36eb17bdb51944ae899b4a8f8e09ce87 [term 0 FOLLOWER]: Advancing to term 1
I20260710 13:20:00.452744 12398 leader_election.cc:304] T cbbfebb554e44c8bb8f63a14843e8627 P 8bdbe6c17720451cb43898f033af8b44 [CANDIDATE]: Term 1 election: Election decided. Result: candidate won. Election summary: received 3 responses out of 3 voters: 2 yes votes; 1 no votes. yes voters: 86275d5f623447fb89d1bb87160b7ca9, 8bdbe6c17720451cb43898f033af8b44; no voters: 36eb17bdb51944ae899b4a8f8e09ce87
I20260710 13:20:00.453521 12541 leader_election.cc:290] T 2bd14c4c066d480a893311566c4dcf8f P 86275d5f623447fb89d1bb87160b7ca9 [CANDIDATE]: Term 1 election: Requested vote from peers 36eb17bdb51944ae899b4a8f8e09ce87 (127.10.229.2:38859), 8bdbe6c17720451cb43898f033af8b44 (127.10.229.3:45889)
I20260710 13:20:00.453681 12550 raft_consensus.cc:2804] T cbbfebb554e44c8bb8f63a14843e8627 P 8bdbe6c17720451cb43898f033af8b44 [term 1 FOLLOWER]: Leader election won for term 1
I20260710 13:20:00.454274 12550 raft_consensus.cc:697] T cbbfebb554e44c8bb8f63a14843e8627 P 8bdbe6c17720451cb43898f033af8b44 [term 1 LEADER]: Becoming Leader. State: Replica: 8bdbe6c17720451cb43898f033af8b44, State: Running, Role: LEADER
I20260710 13:20:00.455143 12550 consensus_queue.cc:237] T cbbfebb554e44c8bb8f63a14843e8627 P 8bdbe6c17720451cb43898f033af8b44 [LEADER]: Queue going to LEADER mode. State: All replicated index: 0, Majority replicated index: 0, Committed index: 0, Last appended: 0.0, Last appended by leader: 0, Current term: 1, Majority size: 2, State: 0, Mode: LEADER, active raft config: opid_index: -1 OBSOLETE_local: false peers { permanent_uuid: "86275d5f623447fb89d1bb87160b7ca9" member_type: VOTER last_known_addr { host: "127.10.229.1" port: 46823 } } peers { permanent_uuid: "36eb17bdb51944ae899b4a8f8e09ce87" member_type: VOTER last_known_addr { host: "127.10.229.2" port: 38859 } } peers { permanent_uuid: "8bdbe6c17720451cb43898f033af8b44" member_type: VOTER last_known_addr { host: "127.10.229.3" port: 45889 } }
I20260710 13:20:00.456213 12357 tablet_service.cc:1917] Received RequestConsensusVote() RPC: tablet_id: "2bd14c4c066d480a893311566c4dcf8f" candidate_uuid: "86275d5f623447fb89d1bb87160b7ca9" candidate_term: 1 candidate_status { last_received { term: 0 index: 0 } } ignore_live_leader: false dest_uuid: "36eb17bdb51944ae899b4a8f8e09ce87"
W20260710 13:20:00.457703 12249 leader_election.cc:343] T 2bd14c4c066d480a893311566c4dcf8f P 86275d5f623447fb89d1bb87160b7ca9 [CANDIDATE]: Term 1 election: Tablet error from VoteRequest() call to peer 36eb17bdb51944ae899b4a8f8e09ce87 (127.10.229.2:38859): Illegal state: must be running to vote when last-logged opid is not known
I20260710 13:20:00.481812 12432 raft_consensus.cc:2468] T fd58c93e09ac4468b32990417ae8aaf3 P 8bdbe6c17720451cb43898f033af8b44 [term 1 FOLLOWER]: Leader election vote request: Granting yes vote for candidate 36eb17bdb51944ae899b4a8f8e09ce87 in term 1.
I20260710 13:20:00.484301 12506 raft_consensus.cc:493] T 4d31f4b5218941a48b10ea75e44ea614 P 36eb17bdb51944ae899b4a8f8e09ce87 [term 1 FOLLOWER]: Starting pre-election (no leader contacted us within the election timeout)
I20260710 13:20:00.486955 12506 raft_consensus.cc:515] T 4d31f4b5218941a48b10ea75e44ea614 P 36eb17bdb51944ae899b4a8f8e09ce87 [term 1 FOLLOWER]: Starting pre-election with config: opid_index: -1 OBSOLETE_local: false peers { permanent_uuid: "86275d5f623447fb89d1bb87160b7ca9" member_type: VOTER last_known_addr { host: "127.10.229.1" port: 46823 } } peers { permanent_uuid: "36eb17bdb51944ae899b4a8f8e09ce87" member_type: VOTER last_known_addr { host: "127.10.229.2" port: 38859 } } peers { permanent_uuid: "8bdbe6c17720451cb43898f033af8b44" member_type: VOTER last_known_addr { host: "127.10.229.3" port: 45889 } }
I20260710 13:20:00.487998 12513 consensus_queue.cc:1048] T e2b821ccb6f14b08b2c1e7001589e0ae P 36eb17bdb51944ae899b4a8f8e09ce87 [LEADER]: Connected to new peer: Peer: permanent_uuid: "86275d5f623447fb89d1bb87160b7ca9" member_type: VOTER last_known_addr { host: "127.10.229.1" port: 46823 }, Status: LMP_MISMATCH, Last received: 0.0, Next index: 1, Last known committed idx: 0, Time since last communication: 0.000s
I20260710 13:20:00.409287 12476 raft_consensus.cc:2804] T 61769495391441b8a88a901d29928eb1 P 8bdbe6c17720451cb43898f033af8b44 [term 1 FOLLOWER]: Leader election won for term 1
I20260710 13:20:00.505026 12476 raft_consensus.cc:697] T 61769495391441b8a88a901d29928eb1 P 8bdbe6c17720451cb43898f033af8b44 [term 1 LEADER]: Becoming Leader. State: Replica: 8bdbe6c17720451cb43898f033af8b44, State: Running, Role: LEADER
I20260710 13:20:00.505988 12476 consensus_queue.cc:237] T 61769495391441b8a88a901d29928eb1 P 8bdbe6c17720451cb43898f033af8b44 [LEADER]: Queue going to LEADER mode. State: All replicated index: 0, Majority replicated index: 0, Committed index: 0, Last appended: 0.0, Last appended by leader: 0, Current term: 1, Majority size: 2, State: 0, Mode: LEADER, active raft config: opid_index: -1 OBSOLETE_local: false peers { permanent_uuid: "86275d5f623447fb89d1bb87160b7ca9" member_type: VOTER last_known_addr { host: "127.10.229.1" port: 46823 } } peers { permanent_uuid: "36eb17bdb51944ae899b4a8f8e09ce87" member_type: VOTER last_known_addr { host: "127.10.229.2" port: 38859 } } peers { permanent_uuid: "8bdbe6c17720451cb43898f033af8b44" member_type: VOTER last_known_addr { host: "127.10.229.3" port: 45889 } }
I20260710 13:20:00.507501 12477 consensus_queue.cc:260] T 90a0ba4d92e342bc8730e774fdcd002f P 36eb17bdb51944ae899b4a8f8e09ce87 [NON_LEADER]: Queue going to NON_LEADER mode. State: All replicated index: 0, Majority replicated index: 0, Committed index: 0, Last appended: 0.0, Last appended by leader: 0, Current term: 0, Majority size: -1, State: 0, Mode: NON_LEADER, active raft config: opid_index: -1 OBSOLETE_local: false peers { permanent_uuid: "86275d5f623447fb89d1bb87160b7ca9" member_type: VOTER last_known_addr { host: "127.10.229.1" port: 46823 } } peers { permanent_uuid: "36eb17bdb51944ae899b4a8f8e09ce87" member_type: VOTER last_known_addr { host: "127.10.229.2" port: 38859 } } peers { permanent_uuid: "8bdbe6c17720451cb43898f033af8b44" member_type: VOTER last_known_addr { host: "127.10.229.3" port: 45889 } }
I20260710 13:20:00.504637 12474 tablet_bootstrap.cc:654] T 3b1ccc6df7924e69a950a53e4dfd23b3 P 8bdbe6c17720451cb43898f033af8b44: Neither blocks nor log segments found. Creating new log.
I20260710 13:20:00.510679 12477 ts_tablet_manager.cc:1434] T 90a0ba4d92e342bc8730e774fdcd002f P 36eb17bdb51944ae899b4a8f8e09ce87: Time spent starting tablet: real 0.147s	user 0.007s	sys 0.000s
I20260710 13:20:00.512553 12485 consensus_queue.cc:1048] T b8b3c94e979348d2b8e7a3fe6122a749 P 86275d5f623447fb89d1bb87160b7ca9 [LEADER]: Connected to new peer: Peer: permanent_uuid: "8bdbe6c17720451cb43898f033af8b44" member_type: VOTER last_known_addr { host: "127.10.229.3" port: 45889 }, Status: LMP_MISMATCH, Last received: 0.0, Next index: 1, Last known committed idx: 0, Time since last communication: 0.000s
I20260710 13:20:00.512928 12541 consensus_queue.cc:1048] T 4d31f4b5218941a48b10ea75e44ea614 P 86275d5f623447fb89d1bb87160b7ca9 [LEADER]: Connected to new peer: Peer: permanent_uuid: "36eb17bdb51944ae899b4a8f8e09ce87" member_type: VOTER last_known_addr { host: "127.10.229.2" port: 38859 }, Status: LMP_MISMATCH, Last received: 0.0, Next index: 1, Last known committed idx: 0, Time since last communication: 0.001s
I20260710 13:20:00.512071 12398 leader_election.cc:304] T abc84b8c8a4747d18412c0d86f743347 P 8bdbe6c17720451cb43898f033af8b44 [CANDIDATE]: Term 1 election: Election decided. Result: candidate won. Election summary: received 3 responses out of 3 voters: 2 yes votes; 1 no votes. yes voters: 86275d5f623447fb89d1bb87160b7ca9, 8bdbe6c17720451cb43898f033af8b44; no voters: 36eb17bdb51944ae899b4a8f8e09ce87
I20260710 13:20:00.515385 12546 raft_consensus.cc:2804] T abc84b8c8a4747d18412c0d86f743347 P 8bdbe6c17720451cb43898f033af8b44 [term 1 FOLLOWER]: Leader election won for term 1
I20260710 13:20:00.515870 12546 raft_consensus.cc:697] T abc84b8c8a4747d18412c0d86f743347 P 8bdbe6c17720451cb43898f033af8b44 [term 1 LEADER]: Becoming Leader. State: Replica: 8bdbe6c17720451cb43898f033af8b44, State: Running, Role: LEADER
I20260710 13:20:00.516721 12546 consensus_queue.cc:237] T abc84b8c8a4747d18412c0d86f743347 P 8bdbe6c17720451cb43898f033af8b44 [LEADER]: Queue going to LEADER mode. State: All replicated index: 0, Majority replicated index: 0, Committed index: 0, Last appended: 0.0, Last appended by leader: 0, Current term: 1, Majority size: 2, State: 0, Mode: LEADER, active raft config: opid_index: -1 OBSOLETE_local: false peers { permanent_uuid: "86275d5f623447fb89d1bb87160b7ca9" member_type: VOTER last_known_addr { host: "127.10.229.1" port: 46823 } } peers { permanent_uuid: "36eb17bdb51944ae899b4a8f8e09ce87" member_type: VOTER last_known_addr { host: "127.10.229.2" port: 38859 } } peers { permanent_uuid: "8bdbe6c17720451cb43898f033af8b44" member_type: VOTER last_known_addr { host: "127.10.229.3" port: 45889 } }
I20260710 13:20:00.524350 12534 raft_consensus.cc:2749] T d48e9da193f84b5aa3f2e162bd42541b P 86275d5f623447fb89d1bb87160b7ca9 [term 1 FOLLOWER]: Leader pre-election lost for term 1. Reason: could not achieve majority
I20260710 13:20:00.532644 12474 tablet_bootstrap.cc:492] T 3b1ccc6df7924e69a950a53e4dfd23b3 P 8bdbe6c17720451cb43898f033af8b44: No bootstrap required, opened a new log
I20260710 13:20:00.534286 12474 ts_tablet_manager.cc:1403] T 3b1ccc6df7924e69a950a53e4dfd23b3 P 8bdbe6c17720451cb43898f033af8b44: Time spent bootstrapping tablet: real 0.172s	user 0.013s	sys 0.001s
I20260710 13:20:00.526206 12513 consensus_queue.cc:1048] T d48e9da193f84b5aa3f2e162bd42541b P 36eb17bdb51944ae899b4a8f8e09ce87 [LEADER]: Connected to new peer: Peer: permanent_uuid: "86275d5f623447fb89d1bb87160b7ca9" member_type: VOTER last_known_addr { host: "127.10.229.1" port: 46823 }, Status: LMP_MISMATCH, Last received: 0.0, Next index: 1, Last known committed idx: 0, Time since last communication: 0.003s
I20260710 13:20:00.544277 12357 raft_consensus.cc:3060] T 90a0ba4d92e342bc8730e774fdcd002f P 36eb17bdb51944ae899b4a8f8e09ce87 [term 0 FOLLOWER]: Advancing to term 1
I20260710 13:20:00.563700 12478 tablet_bootstrap.cc:492] T 964bcf24dc0a4c659d35ffc3a3eec96a P 86275d5f623447fb89d1bb87160b7ca9: No bootstrap required, opened a new log
I20260710 13:20:00.564257 12478 ts_tablet_manager.cc:1403] T 964bcf24dc0a4c659d35ffc3a3eec96a P 86275d5f623447fb89d1bb87160b7ca9: Time spent bootstrapping tablet: real 0.251s	user 0.024s	sys 0.023s
I20260710 13:20:00.580199 12477 tablet_bootstrap.cc:492] T 8057f16794f14a16bd09f86628293505 P 36eb17bdb51944ae899b4a8f8e09ce87: Bootstrap starting.
I20260710 13:20:00.587489 12477 tablet_bootstrap.cc:654] T 8057f16794f14a16bd09f86628293505 P 36eb17bdb51944ae899b4a8f8e09ce87: Neither blocks nor log segments found. Creating new log.
I20260710 13:20:00.593515 12434 tablet_service.cc:1917] Received RequestConsensusVote() RPC: tablet_id: "2bd14c4c066d480a893311566c4dcf8f" candidate_uuid: "86275d5f623447fb89d1bb87160b7ca9" candidate_term: 1 candidate_status { last_received { term: 0 index: 0 } } ignore_live_leader: false dest_uuid: "8bdbe6c17720451cb43898f033af8b44"
I20260710 13:20:00.594178 12434 raft_consensus.cc:3060] T 2bd14c4c066d480a893311566c4dcf8f P 8bdbe6c17720451cb43898f033af8b44 [term 0 FOLLOWER]: Advancing to term 1
I20260710 13:20:00.595280 12506 leader_election.cc:290] T 4d31f4b5218941a48b10ea75e44ea614 P 36eb17bdb51944ae899b4a8f8e09ce87 [CANDIDATE]: Term 2 pre-election: Requested pre-vote from peers 86275d5f623447fb89d1bb87160b7ca9 (127.10.229.1:46823), 8bdbe6c17720451cb43898f033af8b44 (127.10.229.3:45889)
I20260710 13:20:00.607584 12534 consensus_queue.cc:1048] T 90a0ba4d92e342bc8730e774fdcd002f P 86275d5f623447fb89d1bb87160b7ca9 [LEADER]: Connected to new peer: Peer: permanent_uuid: "8bdbe6c17720451cb43898f033af8b44" member_type: VOTER last_known_addr { host: "127.10.229.3" port: 45889 }, Status: LMP_MISMATCH, Last received: 0.0, Next index: 1, Last known committed idx: 0, Time since last communication: 0.000s
I20260710 13:20:00.609316 12474 raft_consensus.cc:359] T 3b1ccc6df7924e69a950a53e4dfd23b3 P 8bdbe6c17720451cb43898f033af8b44 [term 0 FOLLOWER]: Replica starting. Triggering 0 pending ops. Active config: opid_index: -1 OBSOLETE_local: false peers { permanent_uuid: "86275d5f623447fb89d1bb87160b7ca9" member_type: VOTER last_known_addr { host: "127.10.229.1" port: 46823 } } peers { permanent_uuid: "36eb17bdb51944ae899b4a8f8e09ce87" member_type: VOTER last_known_addr { host: "127.10.229.2" port: 38859 } } peers { permanent_uuid: "8bdbe6c17720451cb43898f033af8b44" member_type: VOTER last_known_addr { host: "127.10.229.3" port: 45889 } }
I20260710 13:20:00.610644 12474 raft_consensus.cc:385] T 3b1ccc6df7924e69a950a53e4dfd23b3 P 8bdbe6c17720451cb43898f033af8b44 [term 0 FOLLOWER]: Consensus starting up: Expiring failure detector timer to make a prompt election more likely
I20260710 13:20:00.610948 12474 raft_consensus.cc:740] T 3b1ccc6df7924e69a950a53e4dfd23b3 P 8bdbe6c17720451cb43898f033af8b44 [term 0 FOLLOWER]: Becoming Follower/Learner. State: Replica: 8bdbe6c17720451cb43898f033af8b44, State: Initialized, Role: FOLLOWER
I20260710 13:20:00.609835 12433 tablet_service.cc:1917] Received RequestConsensusVote() RPC: tablet_id: "4d31f4b5218941a48b10ea75e44ea614" candidate_uuid: "36eb17bdb51944ae899b4a8f8e09ce87" candidate_term: 2 candidate_status { last_received { term: 0 index: 0 } } ignore_live_leader: false dest_uuid: "8bdbe6c17720451cb43898f033af8b44" is_pre_election: true
I20260710 13:20:00.612826 12474 consensus_queue.cc:260] T 3b1ccc6df7924e69a950a53e4dfd23b3 P 8bdbe6c17720451cb43898f033af8b44 [NON_LEADER]: Queue going to NON_LEADER mode. State: All replicated index: 0, Majority replicated index: 0, Committed index: 0, Last appended: 0.0, Last appended by leader: 0, Current term: 0, Majority size: -1, State: 0, Mode: NON_LEADER, active raft config: opid_index: -1 OBSOLETE_local: false peers { permanent_uuid: "86275d5f623447fb89d1bb87160b7ca9" member_type: VOTER last_known_addr { host: "127.10.229.1" port: 46823 } } peers { permanent_uuid: "36eb17bdb51944ae899b4a8f8e09ce87" member_type: VOTER last_known_addr { host: "127.10.229.2" port: 38859 } } peers { permanent_uuid: "8bdbe6c17720451cb43898f033af8b44" member_type: VOTER last_known_addr { host: "127.10.229.3" port: 45889 } }
I20260710 13:20:00.615073 12474 ts_tablet_manager.cc:1434] T 3b1ccc6df7924e69a950a53e4dfd23b3 P 8bdbe6c17720451cb43898f033af8b44: Time spent starting tablet: real 0.080s	user 0.005s	sys 0.001s
I20260710 13:20:00.617544 12474 tablet_bootstrap.cc:492] T 3b4d4fad78fb47b2a0b715681b812236 P 8bdbe6c17720451cb43898f033af8b44: Bootstrap starting.
I20260710 13:20:00.621134 12478 raft_consensus.cc:359] T 964bcf24dc0a4c659d35ffc3a3eec96a P 86275d5f623447fb89d1bb87160b7ca9 [term 0 FOLLOWER]: Replica starting. Triggering 0 pending ops. Active config: opid_index: -1 OBSOLETE_local: false peers { permanent_uuid: "86275d5f623447fb89d1bb87160b7ca9" member_type: VOTER last_known_addr { host: "127.10.229.1" port: 46823 } } peers { permanent_uuid: "36eb17bdb51944ae899b4a8f8e09ce87" member_type: VOTER last_known_addr { host: "127.10.229.2" port: 38859 } } peers { permanent_uuid: "8bdbe6c17720451cb43898f033af8b44" member_type: VOTER last_known_addr { host: "127.10.229.3" port: 45889 } }
I20260710 13:20:00.621904 12478 raft_consensus.cc:385] T 964bcf24dc0a4c659d35ffc3a3eec96a P 86275d5f623447fb89d1bb87160b7ca9 [term 0 FOLLOWER]: Consensus starting up: Expiring failure detector timer to make a prompt election more likely
I20260710 13:20:00.622159 12478 raft_consensus.cc:740] T 964bcf24dc0a4c659d35ffc3a3eec96a P 86275d5f623447fb89d1bb87160b7ca9 [term 0 FOLLOWER]: Becoming Follower/Learner. State: Replica: 86275d5f623447fb89d1bb87160b7ca9, State: Initialized, Role: FOLLOWER
I20260710 13:20:00.622654 12434 raft_consensus.cc:2468] T 2bd14c4c066d480a893311566c4dcf8f P 8bdbe6c17720451cb43898f033af8b44 [term 1 FOLLOWER]: Leader election vote request: Granting yes vote for candidate 86275d5f623447fb89d1bb87160b7ca9 in term 1.
I20260710 13:20:00.622783 12478 consensus_queue.cc:260] T 964bcf24dc0a4c659d35ffc3a3eec96a P 86275d5f623447fb89d1bb87160b7ca9 [NON_LEADER]: Queue going to NON_LEADER mode. State: All replicated index: 0, Majority replicated index: 0, Committed index: 0, Last appended: 0.0, Last appended by leader: 0, Current term: 0, Majority size: -1, State: 0, Mode: NON_LEADER, active raft config: opid_index: -1 OBSOLETE_local: false peers { permanent_uuid: "86275d5f623447fb89d1bb87160b7ca9" member_type: VOTER last_known_addr { host: "127.10.229.1" port: 46823 } } peers { permanent_uuid: "36eb17bdb51944ae899b4a8f8e09ce87" member_type: VOTER last_known_addr { host: "127.10.229.2" port: 38859 } } peers { permanent_uuid: "8bdbe6c17720451cb43898f033af8b44" member_type: VOTER last_known_addr { host: "127.10.229.3" port: 45889 } }
I20260710 13:20:00.625053 12478 ts_tablet_manager.cc:1434] T 964bcf24dc0a4c659d35ffc3a3eec96a P 86275d5f623447fb89d1bb87160b7ca9: Time spent starting tablet: real 0.061s	user 0.006s	sys 0.001s
I20260710 13:20:00.627117 12250 leader_election.cc:304] T 2bd14c4c066d480a893311566c4dcf8f P 86275d5f623447fb89d1bb87160b7ca9 [CANDIDATE]: Term 1 election: Election decided. Result: candidate won. Election summary: received 3 responses out of 3 voters: 2 yes votes; 1 no votes. yes voters: 86275d5f623447fb89d1bb87160b7ca9, 8bdbe6c17720451cb43898f033af8b44; no voters: 36eb17bdb51944ae899b4a8f8e09ce87
I20260710 13:20:00.628491 12534 raft_consensus.cc:2804] T 2bd14c4c066d480a893311566c4dcf8f P 86275d5f623447fb89d1bb87160b7ca9 [term 1 FOLLOWER]: Leader election won for term 1
I20260710 13:20:00.630527 12534 raft_consensus.cc:697] T 2bd14c4c066d480a893311566c4dcf8f P 86275d5f623447fb89d1bb87160b7ca9 [term 1 LEADER]: Becoming Leader. State: Replica: 86275d5f623447fb89d1bb87160b7ca9, State: Running, Role: LEADER
I20260710 13:20:00.631289 12534 consensus_queue.cc:237] T 2bd14c4c066d480a893311566c4dcf8f P 86275d5f623447fb89d1bb87160b7ca9 [LEADER]: Queue going to LEADER mode. State: All replicated index: 0, Majority replicated index: 0, Committed index: 0, Last appended: 0.0, Last appended by leader: 0, Current term: 1, Majority size: 2, State: 0, Mode: LEADER, active raft config: opid_index: -1 OBSOLETE_local: false peers { permanent_uuid: "86275d5f623447fb89d1bb87160b7ca9" member_type: VOTER last_known_addr { host: "127.10.229.1" port: 46823 } } peers { permanent_uuid: "36eb17bdb51944ae899b4a8f8e09ce87" member_type: VOTER last_known_addr { host: "127.10.229.2" port: 38859 } } peers { permanent_uuid: "8bdbe6c17720451cb43898f033af8b44" member_type: VOTER last_known_addr { host: "127.10.229.3" port: 45889 } }
I20260710 13:20:00.636937 12478 tablet_bootstrap.cc:492] T 3d2a349d7aeb4d0f989236b7615bdfc3 P 86275d5f623447fb89d1bb87160b7ca9: Bootstrap starting.
I20260710 13:20:00.640069 12432 raft_consensus.cc:3060] T 6588cd96eba349dfaae8e4888b51c6cb P 8bdbe6c17720451cb43898f033af8b44 [term 0 FOLLOWER]: Advancing to term 1
I20260710 13:20:00.642823 12513 raft_consensus.cc:493] T 90a0ba4d92e342bc8730e774fdcd002f P 36eb17bdb51944ae899b4a8f8e09ce87 [term 1 FOLLOWER]: Starting pre-election (no leader contacted us within the election timeout)
I20260710 13:20:00.643990 12513 raft_consensus.cc:515] T 90a0ba4d92e342bc8730e774fdcd002f P 36eb17bdb51944ae899b4a8f8e09ce87 [term 1 FOLLOWER]: Starting pre-election with config: opid_index: -1 OBSOLETE_local: false peers { permanent_uuid: "86275d5f623447fb89d1bb87160b7ca9" member_type: VOTER last_known_addr { host: "127.10.229.1" port: 46823 } } peers { permanent_uuid: "36eb17bdb51944ae899b4a8f8e09ce87" member_type: VOTER last_known_addr { host: "127.10.229.2" port: 38859 } } peers { permanent_uuid: "8bdbe6c17720451cb43898f033af8b44" member_type: VOTER last_known_addr { host: "127.10.229.3" port: 45889 } }
I20260710 13:20:00.653610 12477 tablet_bootstrap.cc:492] T 8057f16794f14a16bd09f86628293505 P 36eb17bdb51944ae899b4a8f8e09ce87: No bootstrap required, opened a new log
I20260710 13:20:00.654207 12477 ts_tablet_manager.cc:1403] T 8057f16794f14a16bd09f86628293505 P 36eb17bdb51944ae899b4a8f8e09ce87: Time spent bootstrapping tablet: real 0.074s	user 0.016s	sys 0.003s
I20260710 13:20:00.657020 12477 raft_consensus.cc:359] T 8057f16794f14a16bd09f86628293505 P 36eb17bdb51944ae899b4a8f8e09ce87 [term 0 FOLLOWER]: Replica starting. Triggering 0 pending ops. Active config: opid_index: -1 OBSOLETE_local: false peers { permanent_uuid: "86275d5f623447fb89d1bb87160b7ca9" member_type: VOTER last_known_addr { host: "127.10.229.1" port: 46823 } } peers { permanent_uuid: "36eb17bdb51944ae899b4a8f8e09ce87" member_type: VOTER last_known_addr { host: "127.10.229.2" port: 38859 } } peers { permanent_uuid: "8bdbe6c17720451cb43898f033af8b44" member_type: VOTER last_known_addr { host: "127.10.229.3" port: 45889 } }
I20260710 13:20:00.657732 12477 raft_consensus.cc:385] T 8057f16794f14a16bd09f86628293505 P 36eb17bdb51944ae899b4a8f8e09ce87 [term 0 FOLLOWER]: Consensus starting up: Expiring failure detector timer to make a prompt election more likely
I20260710 13:20:00.658689 12477 raft_consensus.cc:740] T 8057f16794f14a16bd09f86628293505 P 36eb17bdb51944ae899b4a8f8e09ce87 [term 0 FOLLOWER]: Becoming Follower/Learner. State: Replica: 36eb17bdb51944ae899b4a8f8e09ce87, State: Initialized, Role: FOLLOWER
I20260710 13:20:00.659966 12477 consensus_queue.cc:260] T 8057f16794f14a16bd09f86628293505 P 36eb17bdb51944ae899b4a8f8e09ce87 [NON_LEADER]: Queue going to NON_LEADER mode. State: All replicated index: 0, Majority replicated index: 0, Committed index: 0, Last appended: 0.0, Last appended by leader: 0, Current term: 0, Majority size: -1, State: 0, Mode: NON_LEADER, active raft config: opid_index: -1 OBSOLETE_local: false peers { permanent_uuid: "86275d5f623447fb89d1bb87160b7ca9" member_type: VOTER last_known_addr { host: "127.10.229.1" port: 46823 } } peers { permanent_uuid: "36eb17bdb51944ae899b4a8f8e09ce87" member_type: VOTER last_known_addr { host: "127.10.229.2" port: 38859 } } peers { permanent_uuid: "8bdbe6c17720451cb43898f033af8b44" member_type: VOTER last_known_addr { host: "127.10.229.3" port: 45889 } }
I20260710 13:20:00.661620 12477 ts_tablet_manager.cc:1434] T 8057f16794f14a16bd09f86628293505 P 36eb17bdb51944ae899b4a8f8e09ce87: Time spent starting tablet: real 0.007s	user 0.005s	sys 0.000s
I20260710 13:20:00.662200 12513 leader_election.cc:290] T 90a0ba4d92e342bc8730e774fdcd002f P 36eb17bdb51944ae899b4a8f8e09ce87 [CANDIDATE]: Term 2 pre-election: Requested pre-vote from peers 86275d5f623447fb89d1bb87160b7ca9 (127.10.229.1:46823), 8bdbe6c17720451cb43898f033af8b44 (127.10.229.3:45889)
I20260710 13:20:00.662499 12477 tablet_bootstrap.cc:492] T 2bd14c4c066d480a893311566c4dcf8f P 36eb17bdb51944ae899b4a8f8e09ce87: Bootstrap starting.
I20260710 13:20:00.662047 12572 consensus_queue.cc:1048] T 6588cd96eba349dfaae8e4888b51c6cb P 36eb17bdb51944ae899b4a8f8e09ce87 [LEADER]: Connected to new peer: Peer: permanent_uuid: "8bdbe6c17720451cb43898f033af8b44" member_type: VOTER last_known_addr { host: "127.10.229.3" port: 45889 }, Status: LMP_MISMATCH, Last received: 0.0, Next index: 1, Last known committed idx: 0, Time since last communication: 0.003s
I20260710 13:20:00.666247 12431 tablet_service.cc:1917] Received RequestConsensusVote() RPC: tablet_id: "90a0ba4d92e342bc8730e774fdcd002f" candidate_uuid: "36eb17bdb51944ae899b4a8f8e09ce87" candidate_term: 2 candidate_status { last_received { term: 0 index: 0 } } ignore_live_leader: false dest_uuid: "8bdbe6c17720451cb43898f033af8b44" is_pre_election: true
I20260710 13:20:00.672391 12474 tablet_bootstrap.cc:654] T 3b4d4fad78fb47b2a0b715681b812236 P 8bdbe6c17720451cb43898f033af8b44: Neither blocks nor log segments found. Creating new log.
I20260710 13:20:00.677316 12501 consensus_queue.cc:1048] T 8057f16794f14a16bd09f86628293505 P 8bdbe6c17720451cb43898f033af8b44 [LEADER]: Connected to new peer: Peer: permanent_uuid: "86275d5f623447fb89d1bb87160b7ca9" member_type: VOTER last_known_addr { host: "127.10.229.1" port: 46823 }, Status: LMP_MISMATCH, Last received: 0.0, Next index: 1, Last known committed idx: 0, Time since last communication: 0.000s
W20260710 13:20:00.687247 12398 consensus_peers.cc:597] T 675a8287a13f46a0926c70b3a3431a00 P 8bdbe6c17720451cb43898f033af8b44 -> Peer 36eb17bdb51944ae899b4a8f8e09ce87 (127.10.229.2:38859): Couldn't send request to peer 36eb17bdb51944ae899b4a8f8e09ce87. Error code: TABLET_NOT_RUNNING (12). Status: Illegal state: Tablet not RUNNING: INITIALIZED. This is attempt 1: this message will repeat every 5th retry.
I20260710 13:20:00.694780 12182 catalog_manager.cc:5697] T 61769495391441b8a88a901d29928eb1 P 8bdbe6c17720451cb43898f033af8b44 reported cstate change: term changed from 0 to 1, leader changed from <none> to 8bdbe6c17720451cb43898f033af8b44 (127.10.229.3). New cstate: current_term: 1 leader_uuid: "8bdbe6c17720451cb43898f033af8b44" committed_config { opid_index: -1 OBSOLETE_local: false peers { permanent_uuid: "86275d5f623447fb89d1bb87160b7ca9" member_type: VOTER last_known_addr { host: "127.10.229.1" port: 46823 } health_report { overall_health: UNKNOWN } } peers { permanent_uuid: "36eb17bdb51944ae899b4a8f8e09ce87" member_type: VOTER last_known_addr { host: "127.10.229.2" port: 38859 } health_report { overall_health: UNKNOWN } } peers { permanent_uuid: "8bdbe6c17720451cb43898f033af8b44" member_type: VOTER last_known_addr { host: "127.10.229.3" port: 45889 } health_report { overall_health: HEALTHY } } }
I20260710 13:20:00.697755 12182 catalog_manager.cc:5697] T cbbfebb554e44c8bb8f63a14843e8627 P 8bdbe6c17720451cb43898f033af8b44 reported cstate change: term changed from 0 to 1, leader changed from <none> to 8bdbe6c17720451cb43898f033af8b44 (127.10.229.3). New cstate: current_term: 1 leader_uuid: "8bdbe6c17720451cb43898f033af8b44" committed_config { opid_index: -1 OBSOLETE_local: false peers { permanent_uuid: "86275d5f623447fb89d1bb87160b7ca9" member_type: VOTER last_known_addr { host: "127.10.229.1" port: 46823 } health_report { overall_health: UNKNOWN } } peers { permanent_uuid: "36eb17bdb51944ae899b4a8f8e09ce87" member_type: VOTER last_known_addr { host: "127.10.229.2" port: 38859 } health_report { overall_health: UNKNOWN } } peers { permanent_uuid: "8bdbe6c17720451cb43898f033af8b44" member_type: VOTER last_known_addr { host: "127.10.229.3" port: 45889 } health_report { overall_health: HEALTHY } } }
I20260710 13:20:00.700558 12478 tablet_bootstrap.cc:654] T 3d2a349d7aeb4d0f989236b7615bdfc3 P 86275d5f623447fb89d1bb87160b7ca9: Neither blocks nor log segments found. Creating new log.
I20260710 13:20:00.708849 12485 consensus_queue.cc:1048] T 90a0ba4d92e342bc8730e774fdcd002f P 86275d5f623447fb89d1bb87160b7ca9 [LEADER]: Connected to new peer: Peer: permanent_uuid: "36eb17bdb51944ae899b4a8f8e09ce87" member_type: VOTER last_known_addr { host: "127.10.229.2" port: 38859 }, Status: LMP_MISMATCH, Last received: 0.0, Next index: 1, Last known committed idx: 0, Time since last communication: 0.001s
I20260710 13:20:00.709565 12182 catalog_manager.cc:5697] T abc84b8c8a4747d18412c0d86f743347 P 8bdbe6c17720451cb43898f033af8b44 reported cstate change: term changed from 0 to 1, leader changed from <none> to 8bdbe6c17720451cb43898f033af8b44 (127.10.229.3). New cstate: current_term: 1 leader_uuid: "8bdbe6c17720451cb43898f033af8b44" committed_config { opid_index: -1 OBSOLETE_local: false peers { permanent_uuid: "86275d5f623447fb89d1bb87160b7ca9" member_type: VOTER last_known_addr { host: "127.10.229.1" port: 46823 } health_report { overall_health: UNKNOWN } } peers { permanent_uuid: "36eb17bdb51944ae899b4a8f8e09ce87" member_type: VOTER last_known_addr { host: "127.10.229.2" port: 38859 } health_report { overall_health: UNKNOWN } } peers { permanent_uuid: "8bdbe6c17720451cb43898f033af8b44" member_type: VOTER last_known_addr { host: "127.10.229.3" port: 45889 } health_report { overall_health: HEALTHY } } }
I20260710 13:20:00.710948 12284 tablet_service.cc:1917] Received RequestConsensusVote() RPC: tablet_id: "90a0ba4d92e342bc8730e774fdcd002f" candidate_uuid: "36eb17bdb51944ae899b4a8f8e09ce87" candidate_term: 2 candidate_status { last_received { term: 0 index: 0 } } ignore_live_leader: false dest_uuid: "86275d5f623447fb89d1bb87160b7ca9" is_pre_election: true
I20260710 13:20:00.716811 12283 tablet_service.cc:1917] Received RequestConsensusVote() RPC: tablet_id: "4d31f4b5218941a48b10ea75e44ea614" candidate_uuid: "36eb17bdb51944ae899b4a8f8e09ce87" candidate_term: 2 candidate_status { last_received { term: 0 index: 0 } } ignore_live_leader: false dest_uuid: "86275d5f623447fb89d1bb87160b7ca9" is_pre_election: true
I20260710 13:20:00.727953 12476 consensus_queue.cc:1048] T 63d65cb942d04c9e85e081746b6af85c P 8bdbe6c17720451cb43898f033af8b44 [LEADER]: Connected to new peer: Peer: permanent_uuid: "36eb17bdb51944ae899b4a8f8e09ce87" member_type: VOTER last_known_addr { host: "127.10.229.2" port: 38859 }, Status: LMP_MISMATCH, Last received: 0.0, Next index: 1, Last known committed idx: 0, Time since last communication: 0.000s
I20260710 13:20:00.729058 12324 leader_election.cc:304] T 90a0ba4d92e342bc8730e774fdcd002f P 36eb17bdb51944ae899b4a8f8e09ce87 [CANDIDATE]: Term 2 pre-election: Election decided. Result: candidate lost. Election summary: received 3 responses out of 3 voters: 1 yes votes; 2 no votes. yes voters: 36eb17bdb51944ae899b4a8f8e09ce87; no voters: 86275d5f623447fb89d1bb87160b7ca9, 8bdbe6c17720451cb43898f033af8b44
I20260710 13:20:00.731271 12477 tablet_bootstrap.cc:654] T 2bd14c4c066d480a893311566c4dcf8f P 36eb17bdb51944ae899b4a8f8e09ce87: Neither blocks nor log segments found. Creating new log.
I20260710 13:20:00.731586 12484 raft_consensus.cc:2749] T 90a0ba4d92e342bc8730e774fdcd002f P 36eb17bdb51944ae899b4a8f8e09ce87 [term 1 FOLLOWER]: Leader pre-election lost for term 2. Reason: could not achieve majority
W20260710 13:20:00.737613 12398 consensus_peers.cc:597] T 3d2a349d7aeb4d0f989236b7615bdfc3 P 8bdbe6c17720451cb43898f033af8b44 -> Peer 86275d5f623447fb89d1bb87160b7ca9 (127.10.229.1:46823): Couldn't send request to peer 86275d5f623447fb89d1bb87160b7ca9. Error code: TABLET_NOT_RUNNING (12). Status: Illegal state: Tablet not RUNNING: BOOTSTRAPPING. This is attempt 1: this message will repeat every 5th retry.
I20260710 13:20:00.748468 12474 tablet_bootstrap.cc:492] T 3b4d4fad78fb47b2a0b715681b812236 P 8bdbe6c17720451cb43898f033af8b44: No bootstrap required, opened a new log
I20260710 13:20:00.749022 12474 ts_tablet_manager.cc:1403] T 3b4d4fad78fb47b2a0b715681b812236 P 8bdbe6c17720451cb43898f033af8b44: Time spent bootstrapping tablet: real 0.132s	user 0.013s	sys 0.023s
I20260710 13:20:00.749452 12180 catalog_manager.cc:5697] T 2bd14c4c066d480a893311566c4dcf8f P 86275d5f623447fb89d1bb87160b7ca9 reported cstate change: term changed from 0 to 1, leader changed from <none> to 86275d5f623447fb89d1bb87160b7ca9 (127.10.229.1). New cstate: current_term: 1 leader_uuid: "86275d5f623447fb89d1bb87160b7ca9" committed_config { opid_index: -1 OBSOLETE_local: false peers { permanent_uuid: "86275d5f623447fb89d1bb87160b7ca9" member_type: VOTER last_known_addr { host: "127.10.229.1" port: 46823 } health_report { overall_health: HEALTHY } } peers { permanent_uuid: "36eb17bdb51944ae899b4a8f8e09ce87" member_type: VOTER last_known_addr { host: "127.10.229.2" port: 38859 } health_report { overall_health: UNKNOWN } } peers { permanent_uuid: "8bdbe6c17720451cb43898f033af8b44" member_type: VOTER last_known_addr { host: "127.10.229.3" port: 45889 } health_report { overall_health: UNKNOWN } } }
I20260710 13:20:00.743036 12541 raft_consensus.cc:493] T 964bcf24dc0a4c659d35ffc3a3eec96a P 86275d5f623447fb89d1bb87160b7ca9 [term 0 FOLLOWER]: Starting pre-election (no leader contacted us within the election timeout)
I20260710 13:20:00.754980 12476 consensus_queue.cc:1048] T 3d2a349d7aeb4d0f989236b7615bdfc3 P 8bdbe6c17720451cb43898f033af8b44 [LEADER]: Connected to new peer: Peer: permanent_uuid: "36eb17bdb51944ae899b4a8f8e09ce87" member_type: VOTER last_known_addr { host: "127.10.229.2" port: 38859 }, Status: LMP_MISMATCH, Last received: 0.0, Next index: 1, Last known committed idx: 0, Time since last communication: 0.001s
I20260710 13:20:00.755155 12541 raft_consensus.cc:515] T 964bcf24dc0a4c659d35ffc3a3eec96a P 86275d5f623447fb89d1bb87160b7ca9 [term 0 FOLLOWER]: Starting pre-election with config: opid_index: -1 OBSOLETE_local: false peers { permanent_uuid: "86275d5f623447fb89d1bb87160b7ca9" member_type: VOTER last_known_addr { host: "127.10.229.1" port: 46823 } } peers { permanent_uuid: "36eb17bdb51944ae899b4a8f8e09ce87" member_type: VOTER last_known_addr { host: "127.10.229.2" port: 38859 } } peers { permanent_uuid: "8bdbe6c17720451cb43898f033af8b44" member_type: VOTER last_known_addr { host: "127.10.229.3" port: 45889 } }
I20260710 13:20:00.759404 12476 consensus_queue.cc:1048] T 675a8287a13f46a0926c70b3a3431a00 P 8bdbe6c17720451cb43898f033af8b44 [LEADER]: Connected to new peer: Peer: permanent_uuid: "86275d5f623447fb89d1bb87160b7ca9" member_type: VOTER last_known_addr { host: "127.10.229.1" port: 46823 }, Status: LMP_MISMATCH, Last received: 0.0, Next index: 1, Last known committed idx: 0, Time since last communication: 0.000s
I20260710 13:20:00.762404 12358 raft_consensus.cc:3060] T 8057f16794f14a16bd09f86628293505 P 36eb17bdb51944ae899b4a8f8e09ce87 [term 0 FOLLOWER]: Advancing to term 1
I20260710 13:20:00.744589 12324 leader_election.cc:304] T 4d31f4b5218941a48b10ea75e44ea614 P 36eb17bdb51944ae899b4a8f8e09ce87 [CANDIDATE]: Term 2 pre-election: Election decided. Result: candidate lost. Election summary: received 3 responses out of 3 voters: 1 yes votes; 2 no votes. yes voters: 36eb17bdb51944ae899b4a8f8e09ce87; no voters: 86275d5f623447fb89d1bb87160b7ca9, 8bdbe6c17720451cb43898f033af8b44
W20260710 13:20:00.767918 12398 consensus_peers.cc:597] T 63d65cb942d04c9e85e081746b6af85c P 8bdbe6c17720451cb43898f033af8b44 -> Peer 86275d5f623447fb89d1bb87160b7ca9 (127.10.229.1:46823): Couldn't send request to peer 86275d5f623447fb89d1bb87160b7ca9. Error code: TABLET_NOT_RUNNING (12). Status: Illegal state: Tablet not RUNNING: INITIALIZED. This is attempt 1: this message will repeat every 5th retry.
I20260710 13:20:00.768486 12506 raft_consensus.cc:2749] T 4d31f4b5218941a48b10ea75e44ea614 P 36eb17bdb51944ae899b4a8f8e09ce87 [term 1 FOLLOWER]: Leader pre-election lost for term 2. Reason: could not achieve majority
I20260710 13:20:00.775251 12356 tablet_service.cc:1917] Received RequestConsensusVote() RPC: tablet_id: "964bcf24dc0a4c659d35ffc3a3eec96a" candidate_uuid: "86275d5f623447fb89d1bb87160b7ca9" candidate_term: 1 candidate_status { last_received { term: 0 index: 0 } } ignore_live_leader: false dest_uuid: "36eb17bdb51944ae899b4a8f8e09ce87" is_pre_election: true
I20260710 13:20:00.777618 12511 consensus_queue.cc:1048] T 6588cd96eba349dfaae8e4888b51c6cb P 36eb17bdb51944ae899b4a8f8e09ce87 [LEADER]: Connected to new peer: Peer: permanent_uuid: "86275d5f623447fb89d1bb87160b7ca9" member_type: VOTER last_known_addr { host: "127.10.229.1" port: 46823 }, Status: LMP_MISMATCH, Last received: 0.0, Next index: 1, Last known committed idx: 0, Time since last communication: 0.000s
I20260710 13:20:00.778563 12572 consensus_queue.cc:1048] T fd58c93e09ac4468b32990417ae8aaf3 P 36eb17bdb51944ae899b4a8f8e09ce87 [LEADER]: Connected to new peer: Peer: permanent_uuid: "8bdbe6c17720451cb43898f033af8b44" member_type: VOTER last_known_addr { host: "127.10.229.3" port: 45889 }, Status: LMP_MISMATCH, Last received: 0.0, Next index: 1, Last known committed idx: 0, Time since last communication: 0.000s
W20260710 13:20:00.782212 12249 leader_election.cc:343] T 964bcf24dc0a4c659d35ffc3a3eec96a P 86275d5f623447fb89d1bb87160b7ca9 [CANDIDATE]: Term 1 pre-election: Tablet error from VoteRequest() call to peer 36eb17bdb51944ae899b4a8f8e09ce87 (127.10.229.2:38859): Illegal state: must be running to vote when last-logged opid is not known
I20260710 13:20:00.783349 12474 raft_consensus.cc:359] T 3b4d4fad78fb47b2a0b715681b812236 P 8bdbe6c17720451cb43898f033af8b44 [term 0 FOLLOWER]: Replica starting. Triggering 0 pending ops. Active config: opid_index: -1 OBSOLETE_local: false peers { permanent_uuid: "86275d5f623447fb89d1bb87160b7ca9" member_type: VOTER last_known_addr { host: "127.10.229.1" port: 46823 } } peers { permanent_uuid: "36eb17bdb51944ae899b4a8f8e09ce87" member_type: VOTER last_known_addr { host: "127.10.229.2" port: 38859 } } peers { permanent_uuid: "8bdbe6c17720451cb43898f033af8b44" member_type: VOTER last_known_addr { host: "127.10.229.3" port: 45889 } }
I20260710 13:20:00.784145 12474 raft_consensus.cc:385] T 3b4d4fad78fb47b2a0b715681b812236 P 8bdbe6c17720451cb43898f033af8b44 [term 0 FOLLOWER]: Consensus starting up: Expiring failure detector timer to make a prompt election more likely
I20260710 13:20:00.784390 12474 raft_consensus.cc:740] T 3b4d4fad78fb47b2a0b715681b812236 P 8bdbe6c17720451cb43898f033af8b44 [term 0 FOLLOWER]: Becoming Follower/Learner. State: Replica: 8bdbe6c17720451cb43898f033af8b44, State: Initialized, Role: FOLLOWER
I20260710 13:20:00.787060 12541 leader_election.cc:290] T 964bcf24dc0a4c659d35ffc3a3eec96a P 86275d5f623447fb89d1bb87160b7ca9 [CANDIDATE]: Term 1 pre-election: Requested pre-vote from peers 36eb17bdb51944ae899b4a8f8e09ce87 (127.10.229.2:38859), 8bdbe6c17720451cb43898f033af8b44 (127.10.229.3:45889)
I20260710 13:20:00.787837 12432 tablet_service.cc:1917] Received RequestConsensusVote() RPC: tablet_id: "964bcf24dc0a4c659d35ffc3a3eec96a" candidate_uuid: "86275d5f623447fb89d1bb87160b7ca9" candidate_term: 1 candidate_status { last_received { term: 0 index: 0 } } ignore_live_leader: false dest_uuid: "8bdbe6c17720451cb43898f033af8b44" is_pre_election: true
I20260710 13:20:00.788523 12432 raft_consensus.cc:2468] T 964bcf24dc0a4c659d35ffc3a3eec96a P 8bdbe6c17720451cb43898f033af8b44 [term 0 FOLLOWER]: Leader pre-election vote request: Granting yes vote for candidate 86275d5f623447fb89d1bb87160b7ca9 in term 0.
I20260710 13:20:00.789716 12250 leader_election.cc:304] T 964bcf24dc0a4c659d35ffc3a3eec96a P 86275d5f623447fb89d1bb87160b7ca9 [CANDIDATE]: Term 1 pre-election: Election decided. Result: candidate won. Election summary: received 3 responses out of 3 voters: 2 yes votes; 1 no votes. yes voters: 86275d5f623447fb89d1bb87160b7ca9, 8bdbe6c17720451cb43898f033af8b44; no voters: 36eb17bdb51944ae899b4a8f8e09ce87
I20260710 13:20:00.784993 12474 consensus_queue.cc:260] T 3b4d4fad78fb47b2a0b715681b812236 P 8bdbe6c17720451cb43898f033af8b44 [NON_LEADER]: Queue going to NON_LEADER mode. State: All replicated index: 0, Majority replicated index: 0, Committed index: 0, Last appended: 0.0, Last appended by leader: 0, Current term: 0, Majority size: -1, State: 0, Mode: NON_LEADER, active raft config: opid_index: -1 OBSOLETE_local: false peers { permanent_uuid: "86275d5f623447fb89d1bb87160b7ca9" member_type: VOTER last_known_addr { host: "127.10.229.1" port: 46823 } } peers { permanent_uuid: "36eb17bdb51944ae899b4a8f8e09ce87" member_type: VOTER last_known_addr { host: "127.10.229.2" port: 38859 } } peers { permanent_uuid: "8bdbe6c17720451cb43898f033af8b44" member_type: VOTER last_known_addr { host: "127.10.229.3" port: 45889 } }
I20260710 13:20:00.793038 12474 ts_tablet_manager.cc:1434] T 3b4d4fad78fb47b2a0b715681b812236 P 8bdbe6c17720451cb43898f033af8b44: Time spent starting tablet: real 0.044s	user 0.008s	sys 0.000s
I20260710 13:20:00.794138 12474 tablet_bootstrap.cc:492] T 8caf8520e7214a2b8f86cfb2dd4f6dd4 P 8bdbe6c17720451cb43898f033af8b44: Bootstrap starting.
I20260710 13:20:00.799721 12476 consensus_queue.cc:1048] T 8057f16794f14a16bd09f86628293505 P 8bdbe6c17720451cb43898f033af8b44 [LEADER]: Connected to new peer: Peer: permanent_uuid: "36eb17bdb51944ae899b4a8f8e09ce87" member_type: VOTER last_known_addr { host: "127.10.229.2" port: 38859 }, Status: LMP_MISMATCH, Last received: 0.0, Next index: 1, Last known committed idx: 0, Time since last communication: 0.000s
I20260710 13:20:00.800164 12474 tablet_bootstrap.cc:654] T 8caf8520e7214a2b8f86cfb2dd4f6dd4 P 8bdbe6c17720451cb43898f033af8b44: Neither blocks nor log segments found. Creating new log.
I20260710 13:20:00.801385 12477 tablet_bootstrap.cc:492] T 2bd14c4c066d480a893311566c4dcf8f P 36eb17bdb51944ae899b4a8f8e09ce87: No bootstrap required, opened a new log
I20260710 13:20:00.802366 12477 ts_tablet_manager.cc:1403] T 2bd14c4c066d480a893311566c4dcf8f P 36eb17bdb51944ae899b4a8f8e09ce87: Time spent bootstrapping tablet: real 0.140s	user 0.010s	sys 0.008s
I20260710 13:20:00.805140 12477 raft_consensus.cc:359] T 2bd14c4c066d480a893311566c4dcf8f P 36eb17bdb51944ae899b4a8f8e09ce87 [term 0 FOLLOWER]: Replica starting. Triggering 0 pending ops. Active config: opid_index: -1 OBSOLETE_local: false peers { permanent_uuid: "86275d5f623447fb89d1bb87160b7ca9" member_type: VOTER last_known_addr { host: "127.10.229.1" port: 46823 } } peers { permanent_uuid: "36eb17bdb51944ae899b4a8f8e09ce87" member_type: VOTER last_known_addr { host: "127.10.229.2" port: 38859 } } peers { permanent_uuid: "8bdbe6c17720451cb43898f033af8b44" member_type: VOTER last_known_addr { host: "127.10.229.3" port: 45889 } }
I20260710 13:20:00.814087 12477 raft_consensus.cc:385] T 2bd14c4c066d480a893311566c4dcf8f P 36eb17bdb51944ae899b4a8f8e09ce87 [term 0 FOLLOWER]: Consensus starting up: Expiring failure detector timer to make a prompt election more likely
I20260710 13:20:00.814518 12477 raft_consensus.cc:740] T 2bd14c4c066d480a893311566c4dcf8f P 36eb17bdb51944ae899b4a8f8e09ce87 [term 0 FOLLOWER]: Becoming Follower/Learner. State: Replica: 36eb17bdb51944ae899b4a8f8e09ce87, State: Initialized, Role: FOLLOWER
I20260710 13:20:00.808763 12592 raft_consensus.cc:2804] T 964bcf24dc0a4c659d35ffc3a3eec96a P 86275d5f623447fb89d1bb87160b7ca9 [term 0 FOLLOWER]: Leader pre-election won for term 1
I20260710 13:20:00.815996 12592 raft_consensus.cc:493] T 964bcf24dc0a4c659d35ffc3a3eec96a P 86275d5f623447fb89d1bb87160b7ca9 [term 0 FOLLOWER]: Starting leader election (no leader contacted us within the election timeout)
I20260710 13:20:00.816475 12592 raft_consensus.cc:3060] T 964bcf24dc0a4c659d35ffc3a3eec96a P 86275d5f623447fb89d1bb87160b7ca9 [term 0 FOLLOWER]: Advancing to term 1
I20260710 13:20:00.812125 12478 tablet_bootstrap.cc:492] T 3d2a349d7aeb4d0f989236b7615bdfc3 P 86275d5f623447fb89d1bb87160b7ca9: No bootstrap required, opened a new log
I20260710 13:20:00.822345 12478 ts_tablet_manager.cc:1403] T 3d2a349d7aeb4d0f989236b7615bdfc3 P 86275d5f623447fb89d1bb87160b7ca9: Time spent bootstrapping tablet: real 0.186s	user 0.012s	sys 0.008s
I20260710 13:20:00.823297 12477 consensus_queue.cc:260] T 2bd14c4c066d480a893311566c4dcf8f P 36eb17bdb51944ae899b4a8f8e09ce87 [NON_LEADER]: Queue going to NON_LEADER mode. State: All replicated index: 0, Majority replicated index: 0, Committed index: 0, Last appended: 0.0, Last appended by leader: 0, Current term: 0, Majority size: -1, State: 0, Mode: NON_LEADER, active raft config: opid_index: -1 OBSOLETE_local: false peers { permanent_uuid: "86275d5f623447fb89d1bb87160b7ca9" member_type: VOTER last_known_addr { host: "127.10.229.1" port: 46823 } } peers { permanent_uuid: "36eb17bdb51944ae899b4a8f8e09ce87" member_type: VOTER last_known_addr { host: "127.10.229.2" port: 38859 } } peers { permanent_uuid: "8bdbe6c17720451cb43898f033af8b44" member_type: VOTER last_known_addr { host: "127.10.229.3" port: 45889 } }
I20260710 13:20:00.827620 12478 raft_consensus.cc:359] T 3d2a349d7aeb4d0f989236b7615bdfc3 P 86275d5f623447fb89d1bb87160b7ca9 [term 0 FOLLOWER]: Replica starting. Triggering 0 pending ops. Active config: opid_index: -1 OBSOLETE_local: false peers { permanent_uuid: "86275d5f623447fb89d1bb87160b7ca9" member_type: VOTER last_known_addr { host: "127.10.229.1" port: 46823 } } peers { permanent_uuid: "36eb17bdb51944ae899b4a8f8e09ce87" member_type: VOTER last_known_addr { host: "127.10.229.2" port: 38859 } } peers { permanent_uuid: "8bdbe6c17720451cb43898f033af8b44" member_type: VOTER last_known_addr { host: "127.10.229.3" port: 45889 } }
I20260710 13:20:00.829427 12478 raft_consensus.cc:385] T 3d2a349d7aeb4d0f989236b7615bdfc3 P 86275d5f623447fb89d1bb87160b7ca9 [term 0 FOLLOWER]: Consensus starting up: Expiring failure detector timer to make a prompt election more likely
I20260710 13:20:00.829775 12478 raft_consensus.cc:740] T 3d2a349d7aeb4d0f989236b7615bdfc3 P 86275d5f623447fb89d1bb87160b7ca9 [term 0 FOLLOWER]: Becoming Follower/Learner. State: Replica: 86275d5f623447fb89d1bb87160b7ca9, State: Initialized, Role: FOLLOWER
