I20260710 13:19:57.712489 17676 data_dirs.cc:400] Could only allocate 1 dirs of requested 3 for tablet 84082103cbf84745a9aac01119a52c23. 1 dirs total, 0 dirs full, 0 dirs failed
I20260710 13:19:57.712496 17750 data_dirs.cc:400] Could only allocate 1 dirs of requested 3 for tablet a7b6bef589614718b949246735ec9dfa. 1 dirs total, 0 dirs full, 0 dirs failed
I20260710 13:19:57.713251 17669 tablet_service.cc:1511] Processing CreateTablet for tablet a6c7d70198954049bb46c33129edbb2e (DEFAULT_TABLE table=test-workload [id=8bad54563a1149efa8d843557ea0bca2]), partition=RANGE (key) PARTITION 1700091215 <= VALUES < 1789569700
I20260710 13:19:57.714588 17669 data_dirs.cc:400] Could only allocate 1 dirs of requested 3 for tablet a6c7d70198954049bb46c33129edbb2e. 1 dirs total, 0 dirs full, 0 dirs failed
I20260710 13:19:57.717530 17593 tablet_service.cc:1511] Processing CreateTablet for tablet cb2fdbf0e316419ca231aa701fdbc5a1 (DEFAULT_TABLE table=test-workload [id=8bad54563a1149efa8d843557ea0bca2]), partition=RANGE (key) PARTITION 1879048185 <= VALUES < 1968526670
I20260710 13:19:57.718979 17593 data_dirs.cc:400] Could only allocate 1 dirs of requested 3 for tablet cb2fdbf0e316419ca231aa701fdbc5a1. 1 dirs total, 0 dirs full, 0 dirs failed
I20260710 13:19:57.718928 17600 tablet_service.cc:1511] Processing CreateTablet for tablet 7224a8267a9d43108c9f8e94a7a83895 (DEFAULT_TABLE table=test-workload [id=8bad54563a1149efa8d843557ea0bca2]), partition=RANGE (key) PARTITION 1968526670 <= VALUES < 2058005155
I20260710 13:19:57.719259 17677 tablet_service.cc:1511] Processing CreateTablet for tablet 2076dda73b464b0288e2a947ddd19718 (DEFAULT_TABLE table=test-workload [id=8bad54563a1149efa8d843557ea0bca2]), partition=RANGE (key) PARTITION 1789569700 <= VALUES < 1879048185
I20260710 13:19:57.720562 17677 data_dirs.cc:400] Could only allocate 1 dirs of requested 3 for tablet 2076dda73b464b0288e2a947ddd19718. 1 dirs total, 0 dirs full, 0 dirs failed
I20260710 13:19:57.722543 17596 tablet_service.cc:1511] Processing CreateTablet for tablet 274804011a1c414784b03097fcb84e3b (DEFAULT_TABLE table=test-workload [id=8bad54563a1149efa8d843557ea0bca2]), partition=RANGE (key) PARTITION 2058005155 <= VALUES
I20260710 13:19:57.724350 17744 tablet_service.cc:1511] Processing CreateTablet for tablet 84082103cbf84745a9aac01119a52c23 (DEFAULT_TABLE table=test-workload [id=8bad54563a1149efa8d843557ea0bca2]), partition=RANGE (key) PARTITION 1521134245 <= VALUES < 1610612730
I20260710 13:19:57.724979 17597 tablet_service.cc:1511] Processing CreateTablet for tablet 257bb516c6ca40fc86342389b054a671 (DEFAULT_TABLE table=test-workload [id=8bad54563a1149efa8d843557ea0bca2]), partition=RANGE (key) PARTITION 1342177275 <= VALUES < 1431655760
I20260710 13:19:57.725733 17744 data_dirs.cc:400] Could only allocate 1 dirs of requested 3 for tablet 84082103cbf84745a9aac01119a52c23. 1 dirs total, 0 dirs full, 0 dirs failed
I20260710 13:19:57.726207 17671 tablet_service.cc:1511] Processing CreateTablet for tablet cb2fdbf0e316419ca231aa701fdbc5a1 (DEFAULT_TABLE table=test-workload [id=8bad54563a1149efa8d843557ea0bca2]), partition=RANGE (key) PARTITION 1879048185 <= VALUES < 1968526670
I20260710 13:19:57.727514 17671 data_dirs.cc:400] Could only allocate 1 dirs of requested 3 for tablet cb2fdbf0e316419ca231aa701fdbc5a1. 1 dirs total, 0 dirs full, 0 dirs failed
I20260710 13:19:57.703514 17746 tablet_service.cc:1511] Processing CreateTablet for tablet 8a2ecda1a3024857bd4928250c527cb4 (DEFAULT_TABLE table=test-workload [id=8bad54563a1149efa8d843557ea0bca2]), partition=RANGE (key) PARTITION 1431655760 <= VALUES < 1521134245
I20260710 13:19:57.688232 17743 tablet_service.cc:1511] Processing CreateTablet for tablet 2765b2b3893b468098235eff793df4c1 (DEFAULT_TABLE table=test-workload [id=8bad54563a1149efa8d843557ea0bca2]), partition=RANGE (key) PARTITION 1252698790 <= VALUES < 1342177275
I20260710 13:19:57.733343 17673 tablet_service.cc:1511] Processing CreateTablet for tablet 7224a8267a9d43108c9f8e94a7a83895 (DEFAULT_TABLE table=test-workload [id=8bad54563a1149efa8d843557ea0bca2]), partition=RANGE (key) PARTITION 1968526670 <= VALUES < 2058005155
I20260710 13:19:57.734560 17673 data_dirs.cc:400] Could only allocate 1 dirs of requested 3 for tablet 7224a8267a9d43108c9f8e94a7a83895. 1 dirs total, 0 dirs full, 0 dirs failed
I20260710 13:19:57.735347 17745 data_dirs.cc:400] Could only allocate 1 dirs of requested 3 for tablet 257bb516c6ca40fc86342389b054a671. 1 dirs total, 0 dirs full, 0 dirs failed
I20260710 13:19:57.735920 17746 data_dirs.cc:400] Could only allocate 1 dirs of requested 3 for tablet 8a2ecda1a3024857bd4928250c527cb4. 1 dirs total, 0 dirs full, 0 dirs failed
I20260710 13:19:57.736430 17747 tablet_service.cc:1511] Processing CreateTablet for tablet 2076dda73b464b0288e2a947ddd19718 (DEFAULT_TABLE table=test-workload [id=8bad54563a1149efa8d843557ea0bca2]), partition=RANGE (key) PARTITION 1789569700 <= VALUES < 1879048185
I20260710 13:19:57.738256 17599 tablet_service.cc:1511] Processing CreateTablet for tablet 84082103cbf84745a9aac01119a52c23 (DEFAULT_TABLE table=test-workload [id=8bad54563a1149efa8d843557ea0bca2]), partition=RANGE (key) PARTITION 1521134245 <= VALUES < 1610612730
I20260710 13:19:57.729317 17801 raft_consensus.cc:385] T 470c0847f6c0443b82ecfe1f8fc3bd08 P 4e4643fcfa534845ad05a09f14d03e42 [term 0 FOLLOWER]: Consensus starting up: Expiring failure detector timer to make a prompt election more likely
I20260710 13:19:57.740171 17801 raft_consensus.cc:740] T 470c0847f6c0443b82ecfe1f8fc3bd08 P 4e4643fcfa534845ad05a09f14d03e42 [term 0 FOLLOWER]: Becoming Follower/Learner. State: Replica: 4e4643fcfa534845ad05a09f14d03e42, State: Initialized, Role: FOLLOWER
I20260710 13:19:57.741091 17801 consensus_queue.cc:260] T 470c0847f6c0443b82ecfe1f8fc3bd08 P 4e4643fcfa534845ad05a09f14d03e42 [NON_LEADER]: Queue going to NON_LEADER mode. State: All replicated index: 0, Majority replicated index: 0, Committed index: 0, Last appended: 0.0, Last appended by leader: 0, Current term: 0, Majority size: -1, State: 0, Mode: NON_LEADER, active raft config: opid_index: -1 OBSOLETE_local: false peers { permanent_uuid: "4e4643fcfa534845ad05a09f14d03e42" member_type: VOTER last_known_addr { host: "127.16.27.3" port: 36227 } } peers { permanent_uuid: "d2f135a2d4304a1691546234facff7b5" member_type: VOTER last_known_addr { host: "127.16.27.2" port: 38355 } } peers { permanent_uuid: "3348f73556514c48af395bbdf95f4bb4" member_type: VOTER last_known_addr { host: "127.16.27.1" port: 39339 } }
I20260710 13:19:57.749308 17600 data_dirs.cc:400] Could only allocate 1 dirs of requested 3 for tablet 7224a8267a9d43108c9f8e94a7a83895. 1 dirs total, 0 dirs full, 0 dirs failed
I20260710 13:19:57.751782 17747 data_dirs.cc:400] Could only allocate 1 dirs of requested 3 for tablet 2076dda73b464b0288e2a947ddd19718. 1 dirs total, 0 dirs full, 0 dirs failed
I20260710 13:19:57.761499 17594 data_dirs.cc:400] Could only allocate 1 dirs of requested 3 for tablet 2076dda73b464b0288e2a947ddd19718. 1 dirs total, 0 dirs full, 0 dirs failed
I20260710 13:19:57.772261 17751 data_dirs.cc:400] Could only allocate 1 dirs of requested 3 for tablet af2006cf42934068aff2fd61655cd153. 1 dirs total, 0 dirs full, 0 dirs failed
I20260710 13:19:57.780611 17712 heartbeater.cc:499] Master 127.16.27.62:45059 was elected leader, sending a full tablet report...
I20260710 13:19:57.793076 17674 tablet_service.cc:1511] Processing CreateTablet for tablet 274804011a1c414784b03097fcb84e3b (DEFAULT_TABLE table=test-workload [id=8bad54563a1149efa8d843557ea0bca2]), partition=RANGE (key) PARTITION 2058005155 <= VALUES
I20260710 13:19:57.796327 17743 data_dirs.cc:400] Could only allocate 1 dirs of requested 3 for tablet 2765b2b3893b468098235eff793df4c1. 1 dirs total, 0 dirs full, 0 dirs failed
I20260710 13:19:57.797286 17786 heartbeater.cc:499] Master 127.16.27.62:45059 was elected leader, sending a full tablet report...
I20260710 13:19:57.798038 17803 tablet_bootstrap.cc:492] T 745dd1cedbd94dc3a3e91cc5e4a96d37 P 3348f73556514c48af395bbdf95f4bb4: No bootstrap required, opened a new log
I20260710 13:19:57.798417 17802 ts_tablet_manager.cc:1434] T 6bf99453b4574785a6e2775dcc8666c9 P d2f135a2d4304a1691546234facff7b5: Time spent starting tablet: real 0.105s	user 0.011s	sys 0.005s
I20260710 13:19:57.798502 17803 ts_tablet_manager.cc:1403] T 745dd1cedbd94dc3a3e91cc5e4a96d37 P 3348f73556514c48af395bbdf95f4bb4: Time spent bootstrapping tablet: real 0.244s	user 0.014s	sys 0.005s
I20260710 13:19:57.799495 17802 tablet_bootstrap.cc:492] T 7609e4278c9a454591d4c4ecba4c93f7 P d2f135a2d4304a1691546234facff7b5: Bootstrap starting.
I20260710 13:19:57.797392 17674 data_dirs.cc:400] Could only allocate 1 dirs of requested 3 for tablet 274804011a1c414784b03097fcb84e3b. 1 dirs total, 0 dirs full, 0 dirs failed
I20260710 13:19:57.801430 17803 raft_consensus.cc:359] T 745dd1cedbd94dc3a3e91cc5e4a96d37 P 3348f73556514c48af395bbdf95f4bb4 [term 0 FOLLOWER]: Replica starting. Triggering 0 pending ops. Active config: opid_index: -1 OBSOLETE_local: false peers { permanent_uuid: "3348f73556514c48af395bbdf95f4bb4" member_type: VOTER last_known_addr { host: "127.16.27.1" port: 39339 } } peers { permanent_uuid: "d2f135a2d4304a1691546234facff7b5" member_type: VOTER last_known_addr { host: "127.16.27.2" port: 38355 } } peers { permanent_uuid: "4e4643fcfa534845ad05a09f14d03e42" member_type: VOTER last_known_addr { host: "127.16.27.3" port: 36227 } }
I20260710 13:19:57.802273 17803 raft_consensus.cc:385] T 745dd1cedbd94dc3a3e91cc5e4a96d37 P 3348f73556514c48af395bbdf95f4bb4 [term 0 FOLLOWER]: Consensus starting up: Expiring failure detector timer to make a prompt election more likely
I20260710 13:19:57.802572 17803 raft_consensus.cc:740] T 745dd1cedbd94dc3a3e91cc5e4a96d37 P 3348f73556514c48af395bbdf95f4bb4 [term 0 FOLLOWER]: Becoming Follower/Learner. State: Replica: 3348f73556514c48af395bbdf95f4bb4, State: Initialized, Role: FOLLOWER
I20260710 13:19:57.802407 17749 tablet_service.cc:1511] Processing CreateTablet for tablet cb2fdbf0e316419ca231aa701fdbc5a1 (DEFAULT_TABLE table=test-workload [id=8bad54563a1149efa8d843557ea0bca2]), partition=RANGE (key) PARTITION 1879048185 <= VALUES < 1968526670
I20260710 13:19:57.803658 17749 data_dirs.cc:400] Could only allocate 1 dirs of requested 3 for tablet cb2fdbf0e316419ca231aa701fdbc5a1. 1 dirs total, 0 dirs full, 0 dirs failed
I20260710 13:19:57.803411 17803 consensus_queue.cc:260] T 745dd1cedbd94dc3a3e91cc5e4a96d37 P 3348f73556514c48af395bbdf95f4bb4 [NON_LEADER]: Queue going to NON_LEADER mode. State: All replicated index: 0, Majority replicated index: 0, Committed index: 0, Last appended: 0.0, Last appended by leader: 0, Current term: 0, Majority size: -1, State: 0, Mode: NON_LEADER, active raft config: opid_index: -1 OBSOLETE_local: false peers { permanent_uuid: "3348f73556514c48af395bbdf95f4bb4" member_type: VOTER last_known_addr { host: "127.16.27.1" port: 39339 } } peers { permanent_uuid: "d2f135a2d4304a1691546234facff7b5" member_type: VOTER last_known_addr { host: "127.16.27.2" port: 38355 } } peers { permanent_uuid: "4e4643fcfa534845ad05a09f14d03e42" member_type: VOTER last_known_addr { host: "127.16.27.3" port: 36227 } }
I20260710 13:19:57.810915 17808 raft_consensus.cc:493] T 470c0847f6c0443b82ecfe1f8fc3bd08 P 4e4643fcfa534845ad05a09f14d03e42 [term 0 FOLLOWER]: Starting pre-election (no leader contacted us within the election timeout)
I20260710 13:19:57.811458 17808 raft_consensus.cc:515] T 470c0847f6c0443b82ecfe1f8fc3bd08 P 4e4643fcfa534845ad05a09f14d03e42 [term 0 FOLLOWER]: Starting pre-election with config: opid_index: -1 OBSOLETE_local: false peers { permanent_uuid: "4e4643fcfa534845ad05a09f14d03e42" member_type: VOTER last_known_addr { host: "127.16.27.3" port: 36227 } } peers { permanent_uuid: "d2f135a2d4304a1691546234facff7b5" member_type: VOTER last_known_addr { host: "127.16.27.2" port: 38355 } } peers { permanent_uuid: "3348f73556514c48af395bbdf95f4bb4" member_type: VOTER last_known_addr { host: "127.16.27.1" port: 39339 } }
I20260710 13:19:57.816159 17599 data_dirs.cc:400] Could only allocate 1 dirs of requested 3 for tablet 84082103cbf84745a9aac01119a52c23. 1 dirs total, 0 dirs full, 0 dirs failed
I20260710 13:19:57.816948 17801 ts_tablet_manager.cc:1434] T 470c0847f6c0443b82ecfe1f8fc3bd08 P 4e4643fcfa534845ad05a09f14d03e42: Time spent starting tablet: real 0.164s	user 0.008s	sys 0.008s
I20260710 13:19:57.817879 17801 tablet_bootstrap.cc:492] T 6bf99453b4574785a6e2775dcc8666c9 P 4e4643fcfa534845ad05a09f14d03e42: Bootstrap starting.
I20260710 13:19:57.820348 17597 data_dirs.cc:400] Could only allocate 1 dirs of requested 3 for tablet 257bb516c6ca40fc86342389b054a671. 1 dirs total, 0 dirs full, 0 dirs failed
I20260710 13:19:57.826220 17748 tablet_service.cc:1511] Processing CreateTablet for tablet 7224a8267a9d43108c9f8e94a7a83895 (DEFAULT_TABLE table=test-workload [id=8bad54563a1149efa8d843557ea0bca2]), partition=RANGE (key) PARTITION 1968526670 <= VALUES < 2058005155
I20260710 13:19:57.827538 17748 data_dirs.cc:400] Could only allocate 1 dirs of requested 3 for tablet 7224a8267a9d43108c9f8e94a7a83895. 1 dirs total, 0 dirs full, 0 dirs failed
I20260710 13:19:57.827713 17808 leader_election.cc:290] T 470c0847f6c0443b82ecfe1f8fc3bd08 P 4e4643fcfa534845ad05a09f14d03e42 [CANDIDATE]: Term 1 pre-election: Requested pre-vote from peers d2f135a2d4304a1691546234facff7b5 (127.16.27.2:38355), 3348f73556514c48af395bbdf95f4bb4 (127.16.27.1:39339)
I20260710 13:19:57.834821 17802 tablet_bootstrap.cc:654] T 7609e4278c9a454591d4c4ecba4c93f7 P d2f135a2d4304a1691546234facff7b5: Neither blocks nor log segments found. Creating new log.
I20260710 13:19:57.836792 17596 data_dirs.cc:400] Could only allocate 1 dirs of requested 3 for tablet 274804011a1c414784b03097fcb84e3b. 1 dirs total, 0 dirs full, 0 dirs failed
I20260710 13:19:57.842667 17742 tablet_service.cc:1511] Processing CreateTablet for tablet 274804011a1c414784b03097fcb84e3b (DEFAULT_TABLE table=test-workload [id=8bad54563a1149efa8d843557ea0bca2]), partition=RANGE (key) PARTITION 2058005155 <= VALUES
I20260710 13:19:57.844143 17742 data_dirs.cc:400] Could only allocate 1 dirs of requested 3 for tablet 274804011a1c414784b03097fcb84e3b. 1 dirs total, 0 dirs full, 0 dirs failed
W20260710 13:19:57.859830 17558 auto_rebalancer.cc:288] Could not retrieve cluster info: Service unavailable: Tablet not running
I20260710 13:19:57.885494 17803 ts_tablet_manager.cc:1434] T 745dd1cedbd94dc3a3e91cc5e4a96d37 P 3348f73556514c48af395bbdf95f4bb4: Time spent starting tablet: real 0.087s	user 0.015s	sys 0.018s
I20260710 13:19:57.886313 17637 heartbeater.cc:499] Master 127.16.27.62:45059 was elected leader, sending a full tablet report...
I20260710 13:19:57.902547 17803 tablet_bootstrap.cc:492] T e9b68eb2b72448739d0080805b7ff91d P 3348f73556514c48af395bbdf95f4bb4: Bootstrap starting.
I20260710 13:19:57.916714 17803 tablet_bootstrap.cc:654] T e9b68eb2b72448739d0080805b7ff91d P 3348f73556514c48af395bbdf95f4bb4: Neither blocks nor log segments found. Creating new log.
I20260710 13:19:57.972349 17801 tablet_bootstrap.cc:654] T 6bf99453b4574785a6e2775dcc8666c9 P 4e4643fcfa534845ad05a09f14d03e42: Neither blocks nor log segments found. Creating new log.
I20260710 13:19:57.982051 17803 tablet_bootstrap.cc:492] T e9b68eb2b72448739d0080805b7ff91d P 3348f73556514c48af395bbdf95f4bb4: No bootstrap required, opened a new log
I20260710 13:19:57.982534 17803 ts_tablet_manager.cc:1403] T e9b68eb2b72448739d0080805b7ff91d P 3348f73556514c48af395bbdf95f4bb4: Time spent bootstrapping tablet: real 0.080s	user 0.031s	sys 0.031s
I20260710 13:19:57.984752 17687 tablet_service.cc:1917] Received RequestConsensusVote() RPC: tablet_id: "470c0847f6c0443b82ecfe1f8fc3bd08" candidate_uuid: "4e4643fcfa534845ad05a09f14d03e42" candidate_term: 1 candidate_status { last_received { term: 0 index: 0 } } ignore_live_leader: false dest_uuid: "d2f135a2d4304a1691546234facff7b5" is_pre_election: true
I20260710 13:19:57.985486 17803 raft_consensus.cc:359] T e9b68eb2b72448739d0080805b7ff91d P 3348f73556514c48af395bbdf95f4bb4 [term 0 FOLLOWER]: Replica starting. Triggering 0 pending ops. Active config: opid_index: -1 OBSOLETE_local: false peers { permanent_uuid: "3348f73556514c48af395bbdf95f4bb4" member_type: VOTER last_known_addr { host: "127.16.27.1" port: 39339 } } peers { permanent_uuid: "d2f135a2d4304a1691546234facff7b5" member_type: VOTER last_known_addr { host: "127.16.27.2" port: 38355 } } peers { permanent_uuid: "4e4643fcfa534845ad05a09f14d03e42" member_type: VOTER last_known_addr { host: "127.16.27.3" port: 36227 } }
I20260710 13:19:57.986186 17803 raft_consensus.cc:385] T e9b68eb2b72448739d0080805b7ff91d P 3348f73556514c48af395bbdf95f4bb4 [term 0 FOLLOWER]: Consensus starting up: Expiring failure detector timer to make a prompt election more likely
I20260710 13:19:57.986021 17612 tablet_service.cc:1917] Received RequestConsensusVote() RPC: tablet_id: "470c0847f6c0443b82ecfe1f8fc3bd08" candidate_uuid: "4e4643fcfa534845ad05a09f14d03e42" candidate_term: 1 candidate_status { last_received { term: 0 index: 0 } } ignore_live_leader: false dest_uuid: "3348f73556514c48af395bbdf95f4bb4" is_pre_election: true
I20260710 13:19:57.986536 17803 raft_consensus.cc:740] T e9b68eb2b72448739d0080805b7ff91d P 3348f73556514c48af395bbdf95f4bb4 [term 0 FOLLOWER]: Becoming Follower/Learner. State: Replica: 3348f73556514c48af395bbdf95f4bb4, State: Initialized, Role: FOLLOWER
I20260710 13:19:57.987249 17803 consensus_queue.cc:260] T e9b68eb2b72448739d0080805b7ff91d P 3348f73556514c48af395bbdf95f4bb4 [NON_LEADER]: Queue going to NON_LEADER mode. State: All replicated index: 0, Majority replicated index: 0, Committed index: 0, Last appended: 0.0, Last appended by leader: 0, Current term: 0, Majority size: -1, State: 0, Mode: NON_LEADER, active raft config: opid_index: -1 OBSOLETE_local: false peers { permanent_uuid: "3348f73556514c48af395bbdf95f4bb4" member_type: VOTER last_known_addr { host: "127.16.27.1" port: 39339 } } peers { permanent_uuid: "d2f135a2d4304a1691546234facff7b5" member_type: VOTER last_known_addr { host: "127.16.27.2" port: 38355 } } peers { permanent_uuid: "4e4643fcfa534845ad05a09f14d03e42" member_type: VOTER last_known_addr { host: "127.16.27.3" port: 36227 } }
W20260710 13:19:57.987680 17726 leader_election.cc:343] T 470c0847f6c0443b82ecfe1f8fc3bd08 P 4e4643fcfa534845ad05a09f14d03e42 [CANDIDATE]: Term 1 pre-election: Tablet error from VoteRequest() call to peer 3348f73556514c48af395bbdf95f4bb4 (127.16.27.1:39339): Illegal state: must be running to vote when last-logged opid is not known
W20260710 13:19:57.988365 17725 leader_election.cc:343] T 470c0847f6c0443b82ecfe1f8fc3bd08 P 4e4643fcfa534845ad05a09f14d03e42 [CANDIDATE]: Term 1 pre-election: Tablet error from VoteRequest() call to peer d2f135a2d4304a1691546234facff7b5 (127.16.27.2:38355): Illegal state: must be running to vote when last-logged opid is not known
I20260710 13:19:57.988791 17725 leader_election.cc:304] T 470c0847f6c0443b82ecfe1f8fc3bd08 P 4e4643fcfa534845ad05a09f14d03e42 [CANDIDATE]: Term 1 pre-election: Election decided. Result: candidate lost. Election summary: received 3 responses out of 3 voters: 1 yes votes; 2 no votes. yes voters: 4e4643fcfa534845ad05a09f14d03e42; no voters: 3348f73556514c48af395bbdf95f4bb4, d2f135a2d4304a1691546234facff7b5
I20260710 13:19:57.989624 17803 ts_tablet_manager.cc:1434] T e9b68eb2b72448739d0080805b7ff91d P 3348f73556514c48af395bbdf95f4bb4: Time spent starting tablet: real 0.007s	user 0.006s	sys 0.000s
I20260710 13:19:57.989655 17809 raft_consensus.cc:2749] T 470c0847f6c0443b82ecfe1f8fc3bd08 P 4e4643fcfa534845ad05a09f14d03e42 [term 0 FOLLOWER]: Leader pre-election lost for term 1. Reason: could not achieve majority
I20260710 13:19:57.990859 17803 tablet_bootstrap.cc:492] T 7609e4278c9a454591d4c4ecba4c93f7 P 3348f73556514c48af395bbdf95f4bb4: Bootstrap starting.
I20260710 13:19:57.992563 17802 tablet_bootstrap.cc:492] T 7609e4278c9a454591d4c4ecba4c93f7 P d2f135a2d4304a1691546234facff7b5: No bootstrap required, opened a new log
I20260710 13:19:57.993024 17802 ts_tablet_manager.cc:1403] T 7609e4278c9a454591d4c4ecba4c93f7 P d2f135a2d4304a1691546234facff7b5: Time spent bootstrapping tablet: real 0.194s	user 0.012s	sys 0.002s
I20260710 13:19:57.995808 17802 raft_consensus.cc:359] T 7609e4278c9a454591d4c4ecba4c93f7 P d2f135a2d4304a1691546234facff7b5 [term 0 FOLLOWER]: Replica starting. Triggering 0 pending ops. Active config: opid_index: -1 OBSOLETE_local: false peers { permanent_uuid: "3348f73556514c48af395bbdf95f4bb4" member_type: VOTER last_known_addr { host: "127.16.27.1" port: 39339 } } peers { permanent_uuid: "d2f135a2d4304a1691546234facff7b5" member_type: VOTER last_known_addr { host: "127.16.27.2" port: 38355 } } peers { permanent_uuid: "4e4643fcfa534845ad05a09f14d03e42" member_type: VOTER last_known_addr { host: "127.16.27.3" port: 36227 } }
I20260710 13:19:57.996454 17802 raft_consensus.cc:385] T 7609e4278c9a454591d4c4ecba4c93f7 P d2f135a2d4304a1691546234facff7b5 [term 0 FOLLOWER]: Consensus starting up: Expiring failure detector timer to make a prompt election more likely
I20260710 13:19:57.996747 17802 raft_consensus.cc:740] T 7609e4278c9a454591d4c4ecba4c93f7 P d2f135a2d4304a1691546234facff7b5 [term 0 FOLLOWER]: Becoming Follower/Learner. State: Replica: d2f135a2d4304a1691546234facff7b5, State: Initialized, Role: FOLLOWER
I20260710 13:19:57.997479 17803 tablet_bootstrap.cc:654] T 7609e4278c9a454591d4c4ecba4c93f7 P 3348f73556514c48af395bbdf95f4bb4: Neither blocks nor log segments found. Creating new log.
I20260710 13:19:57.997756 17802 consensus_queue.cc:260] T 7609e4278c9a454591d4c4ecba4c93f7 P d2f135a2d4304a1691546234facff7b5 [NON_LEADER]: Queue going to NON_LEADER mode. State: All replicated index: 0, Majority replicated index: 0, Committed index: 0, Last appended: 0.0, Last appended by leader: 0, Current term: 0, Majority size: -1, State: 0, Mode: NON_LEADER, active raft config: opid_index: -1 OBSOLETE_local: false peers { permanent_uuid: "3348f73556514c48af395bbdf95f4bb4" member_type: VOTER last_known_addr { host: "127.16.27.1" port: 39339 } } peers { permanent_uuid: "d2f135a2d4304a1691546234facff7b5" member_type: VOTER last_known_addr { host: "127.16.27.2" port: 38355 } } peers { permanent_uuid: "4e4643fcfa534845ad05a09f14d03e42" member_type: VOTER last_known_addr { host: "127.16.27.3" port: 36227 } }
I20260710 13:19:58.005028 17807 raft_consensus.cc:493] T 6bf99453b4574785a6e2775dcc8666c9 P d2f135a2d4304a1691546234facff7b5 [term 0 FOLLOWER]: Starting pre-election (no leader contacted us within the election timeout)
I20260710 13:19:58.005476 17807 raft_consensus.cc:515] T 6bf99453b4574785a6e2775dcc8666c9 P d2f135a2d4304a1691546234facff7b5 [term 0 FOLLOWER]: Starting pre-election with config: opid_index: -1 OBSOLETE_local: false peers { permanent_uuid: "3348f73556514c48af395bbdf95f4bb4" member_type: VOTER last_known_addr { host: "127.16.27.1" port: 39339 } } peers { permanent_uuid: "d2f135a2d4304a1691546234facff7b5" member_type: VOTER last_known_addr { host: "127.16.27.2" port: 38355 } } peers { permanent_uuid: "4e4643fcfa534845ad05a09f14d03e42" member_type: VOTER last_known_addr { host: "127.16.27.3" port: 36227 } }
I20260710 13:19:58.005666 17801 tablet_bootstrap.cc:492] T 6bf99453b4574785a6e2775dcc8666c9 P 4e4643fcfa534845ad05a09f14d03e42: No bootstrap required, opened a new log
I20260710 13:19:58.006254 17801 ts_tablet_manager.cc:1403] T 6bf99453b4574785a6e2775dcc8666c9 P 4e4643fcfa534845ad05a09f14d03e42: Time spent bootstrapping tablet: real 0.189s	user 0.011s	sys 0.003s
I20260710 13:19:58.007556 17807 leader_election.cc:290] T 6bf99453b4574785a6e2775dcc8666c9 P d2f135a2d4304a1691546234facff7b5 [CANDIDATE]: Term 1 pre-election: Requested pre-vote from peers 3348f73556514c48af395bbdf95f4bb4 (127.16.27.1:39339), 4e4643fcfa534845ad05a09f14d03e42 (127.16.27.3:36227)
I20260710 13:19:58.008985 17801 raft_consensus.cc:359] T 6bf99453b4574785a6e2775dcc8666c9 P 4e4643fcfa534845ad05a09f14d03e42 [term 0 FOLLOWER]: Replica starting. Triggering 0 pending ops. Active config: opid_index: -1 OBSOLETE_local: false peers { permanent_uuid: "3348f73556514c48af395bbdf95f4bb4" member_type: VOTER last_known_addr { host: "127.16.27.1" port: 39339 } } peers { permanent_uuid: "d2f135a2d4304a1691546234facff7b5" member_type: VOTER last_known_addr { host: "127.16.27.2" port: 38355 } } peers { permanent_uuid: "4e4643fcfa534845ad05a09f14d03e42" member_type: VOTER last_known_addr { host: "127.16.27.3" port: 36227 } }
I20260710 13:19:58.009831 17801 raft_consensus.cc:385] T 6bf99453b4574785a6e2775dcc8666c9 P 4e4643fcfa534845ad05a09f14d03e42 [term 0 FOLLOWER]: Consensus starting up: Expiring failure detector timer to make a prompt election more likely
I20260710 13:19:58.009956 17802 ts_tablet_manager.cc:1434] T 7609e4278c9a454591d4c4ecba4c93f7 P d2f135a2d4304a1691546234facff7b5: Time spent starting tablet: real 0.017s	user 0.008s	sys 0.000s
I20260710 13:19:58.010258 17801 raft_consensus.cc:740] T 6bf99453b4574785a6e2775dcc8666c9 P 4e4643fcfa534845ad05a09f14d03e42 [term 0 FOLLOWER]: Becoming Follower/Learner. State: Replica: 4e4643fcfa534845ad05a09f14d03e42, State: Initialized, Role: FOLLOWER
I20260710 13:19:58.011221 17801 consensus_queue.cc:260] T 6bf99453b4574785a6e2775dcc8666c9 P 4e4643fcfa534845ad05a09f14d03e42 [NON_LEADER]: Queue going to NON_LEADER mode. State: All replicated index: 0, Majority replicated index: 0, Committed index: 0, Last appended: 0.0, Last appended by leader: 0, Current term: 0, Majority size: -1, State: 0, Mode: NON_LEADER, active raft config: opid_index: -1 OBSOLETE_local: false peers { permanent_uuid: "3348f73556514c48af395bbdf95f4bb4" member_type: VOTER last_known_addr { host: "127.16.27.1" port: 39339 } } peers { permanent_uuid: "d2f135a2d4304a1691546234facff7b5" member_type: VOTER last_known_addr { host: "127.16.27.2" port: 38355 } } peers { permanent_uuid: "4e4643fcfa534845ad05a09f14d03e42" member_type: VOTER last_known_addr { host: "127.16.27.3" port: 36227 } }
I20260710 13:19:58.014204 17801 ts_tablet_manager.cc:1434] T 6bf99453b4574785a6e2775dcc8666c9 P 4e4643fcfa534845ad05a09f14d03e42: Time spent starting tablet: real 0.008s	user 0.003s	sys 0.003s
I20260710 13:19:58.015414 17801 tablet_bootstrap.cc:492] T 0b8966299a6348dbbc7824a5ea8e89ad P 4e4643fcfa534845ad05a09f14d03e42: Bootstrap starting.
I20260710 13:19:58.011238 17802 tablet_bootstrap.cc:492] T e9b68eb2b72448739d0080805b7ff91d P d2f135a2d4304a1691546234facff7b5: Bootstrap starting.
I20260710 13:19:58.005677 17803 tablet_bootstrap.cc:492] T 7609e4278c9a454591d4c4ecba4c93f7 P 3348f73556514c48af395bbdf95f4bb4: No bootstrap required, opened a new log
I20260710 13:19:58.020391 17803 ts_tablet_manager.cc:1403] T 7609e4278c9a454591d4c4ecba4c93f7 P 3348f73556514c48af395bbdf95f4bb4: Time spent bootstrapping tablet: real 0.030s	user 0.010s	sys 0.005s
I20260710 13:19:58.022161 17801 tablet_bootstrap.cc:654] T 0b8966299a6348dbbc7824a5ea8e89ad P 4e4643fcfa534845ad05a09f14d03e42: Neither blocks nor log segments found. Creating new log.
I20260710 13:19:58.023329 17803 raft_consensus.cc:359] T 7609e4278c9a454591d4c4ecba4c93f7 P 3348f73556514c48af395bbdf95f4bb4 [term 0 FOLLOWER]: Replica starting. Triggering 0 pending ops. Active config: opid_index: -1 OBSOLETE_local: false peers { permanent_uuid: "3348f73556514c48af395bbdf95f4bb4" member_type: VOTER last_known_addr { host: "127.16.27.1" port: 39339 } } peers { permanent_uuid: "d2f135a2d4304a1691546234facff7b5" member_type: VOTER last_known_addr { host: "127.16.27.2" port: 38355 } } peers { permanent_uuid: "4e4643fcfa534845ad05a09f14d03e42" member_type: VOTER last_known_addr { host: "127.16.27.3" port: 36227 } }
I20260710 13:19:58.029407 17803 raft_consensus.cc:385] T 7609e4278c9a454591d4c4ecba4c93f7 P 3348f73556514c48af395bbdf95f4bb4 [term 0 FOLLOWER]: Consensus starting up: Expiring failure detector timer to make a prompt election more likely
I20260710 13:19:58.029821 17803 raft_consensus.cc:740] T 7609e4278c9a454591d4c4ecba4c93f7 P 3348f73556514c48af395bbdf95f4bb4 [term 0 FOLLOWER]: Becoming Follower/Learner. State: Replica: 3348f73556514c48af395bbdf95f4bb4, State: Initialized, Role: FOLLOWER
I20260710 13:19:58.030584 17803 consensus_queue.cc:260] T 7609e4278c9a454591d4c4ecba4c93f7 P 3348f73556514c48af395bbdf95f4bb4 [NON_LEADER]: Queue going to NON_LEADER mode. State: All replicated index: 0, Majority replicated index: 0, Committed index: 0, Last appended: 0.0, Last appended by leader: 0, Current term: 0, Majority size: -1, State: 0, Mode: NON_LEADER, active raft config: opid_index: -1 OBSOLETE_local: false peers { permanent_uuid: "3348f73556514c48af395bbdf95f4bb4" member_type: VOTER last_known_addr { host: "127.16.27.1" port: 39339 } } peers { permanent_uuid: "d2f135a2d4304a1691546234facff7b5" member_type: VOTER last_known_addr { host: "127.16.27.2" port: 38355 } } peers { permanent_uuid: "4e4643fcfa534845ad05a09f14d03e42" member_type: VOTER last_known_addr { host: "127.16.27.3" port: 36227 } }
I20260710 13:19:58.029038 17802 tablet_bootstrap.cc:654] T e9b68eb2b72448739d0080805b7ff91d P d2f135a2d4304a1691546234facff7b5: Neither blocks nor log segments found. Creating new log.
I20260710 13:19:58.035629 17761 tablet_service.cc:1917] Received RequestConsensusVote() RPC: tablet_id: "6bf99453b4574785a6e2775dcc8666c9" candidate_uuid: "d2f135a2d4304a1691546234facff7b5" candidate_term: 1 candidate_status { last_received { term: 0 index: 0 } } ignore_live_leader: false dest_uuid: "4e4643fcfa534845ad05a09f14d03e42" is_pre_election: true
I20260710 13:19:58.036633 17761 raft_consensus.cc:2468] T 6bf99453b4574785a6e2775dcc8666c9 P 4e4643fcfa534845ad05a09f14d03e42 [term 0 FOLLOWER]: Leader pre-election vote request: Granting yes vote for candidate d2f135a2d4304a1691546234facff7b5 in term 0.
I20260710 13:19:58.037354 17612 tablet_service.cc:1917] Received RequestConsensusVote() RPC: tablet_id: "6bf99453b4574785a6e2775dcc8666c9" candidate_uuid: "d2f135a2d4304a1691546234facff7b5" candidate_term: 1 candidate_status { last_received { term: 0 index: 0 } } ignore_live_leader: false dest_uuid: "3348f73556514c48af395bbdf95f4bb4" is_pre_election: true
I20260710 13:19:58.037886 17651 leader_election.cc:304] T 6bf99453b4574785a6e2775dcc8666c9 P d2f135a2d4304a1691546234facff7b5 [CANDIDATE]: Term 1 pre-election: Election decided. Result: candidate won. Election summary: received 2 responses out of 3 voters: 2 yes votes; 0 no votes. yes voters: 4e4643fcfa534845ad05a09f14d03e42, d2f135a2d4304a1691546234facff7b5; no voters: 
I20260710 13:19:58.038981 17803 ts_tablet_manager.cc:1434] T 7609e4278c9a454591d4c4ecba4c93f7 P 3348f73556514c48af395bbdf95f4bb4: Time spent starting tablet: real 0.018s	user 0.008s	sys 0.000s
W20260710 13:19:58.039139 17652 leader_election.cc:343] T 6bf99453b4574785a6e2775dcc8666c9 P d2f135a2d4304a1691546234facff7b5 [CANDIDATE]: Term 1 pre-election: Tablet error from VoteRequest() call to peer 3348f73556514c48af395bbdf95f4bb4 (127.16.27.1:39339): Illegal state: must be running to vote when last-logged opid is not known
I20260710 13:19:58.039134 17807 raft_consensus.cc:2804] T 6bf99453b4574785a6e2775dcc8666c9 P d2f135a2d4304a1691546234facff7b5 [term 0 FOLLOWER]: Leader pre-election won for term 1
I20260710 13:19:58.039947 17803 tablet_bootstrap.cc:492] T 6bf99453b4574785a6e2775dcc8666c9 P 3348f73556514c48af395bbdf95f4bb4: Bootstrap starting.
I20260710 13:19:58.040247 17807 raft_consensus.cc:493] T 6bf99453b4574785a6e2775dcc8666c9 P d2f135a2d4304a1691546234facff7b5 [term 0 FOLLOWER]: Starting leader election (no leader contacted us within the election timeout)
I20260710 13:19:58.040611 17807 raft_consensus.cc:3060] T 6bf99453b4574785a6e2775dcc8666c9 P d2f135a2d4304a1691546234facff7b5 [term 0 FOLLOWER]: Advancing to term 1
I20260710 13:19:58.045198 17803 tablet_bootstrap.cc:654] T 6bf99453b4574785a6e2775dcc8666c9 P 3348f73556514c48af395bbdf95f4bb4: Neither blocks nor log segments found. Creating new log.
I20260710 13:19:58.046916 17807 raft_consensus.cc:515] T 6bf99453b4574785a6e2775dcc8666c9 P d2f135a2d4304a1691546234facff7b5 [term 1 FOLLOWER]: Starting leader election with config: opid_index: -1 OBSOLETE_local: false peers { permanent_uuid: "3348f73556514c48af395bbdf95f4bb4" member_type: VOTER last_known_addr { host: "127.16.27.1" port: 39339 } } peers { permanent_uuid: "d2f135a2d4304a1691546234facff7b5" member_type: VOTER last_known_addr { host: "127.16.27.2" port: 38355 } } peers { permanent_uuid: "4e4643fcfa534845ad05a09f14d03e42" member_type: VOTER last_known_addr { host: "127.16.27.3" port: 36227 } }
I20260710 13:19:58.049491 17612 tablet_service.cc:1917] Received RequestConsensusVote() RPC: tablet_id: "6bf99453b4574785a6e2775dcc8666c9" candidate_uuid: "d2f135a2d4304a1691546234facff7b5" candidate_term: 1 candidate_status { last_received { term: 0 index: 0 } } ignore_live_leader: false dest_uuid: "3348f73556514c48af395bbdf95f4bb4"
I20260710 13:19:58.049719 17801 tablet_bootstrap.cc:492] T 0b8966299a6348dbbc7824a5ea8e89ad P 4e4643fcfa534845ad05a09f14d03e42: No bootstrap required, opened a new log
I20260710 13:19:58.050220 17801 ts_tablet_manager.cc:1403] T 0b8966299a6348dbbc7824a5ea8e89ad P 4e4643fcfa534845ad05a09f14d03e42: Time spent bootstrapping tablet: real 0.035s	user 0.012s	sys 0.005s
W20260710 13:19:58.051036 17652 leader_election.cc:343] T 6bf99453b4574785a6e2775dcc8666c9 P d2f135a2d4304a1691546234facff7b5 [CANDIDATE]: Term 1 election: Tablet error from VoteRequest() call to peer 3348f73556514c48af395bbdf95f4bb4 (127.16.27.1:39339): Illegal state: must be running to vote when last-logged opid is not known
I20260710 13:19:58.051994 17807 leader_election.cc:290] T 6bf99453b4574785a6e2775dcc8666c9 P d2f135a2d4304a1691546234facff7b5 [CANDIDATE]: Term 1 election: Requested vote from peers 3348f73556514c48af395bbdf95f4bb4 (127.16.27.1:39339), 4e4643fcfa534845ad05a09f14d03e42 (127.16.27.3:36227)
I20260710 13:19:58.053319 17761 tablet_service.cc:1917] Received RequestConsensusVote() RPC: tablet_id: "6bf99453b4574785a6e2775dcc8666c9" candidate_uuid: "d2f135a2d4304a1691546234facff7b5" candidate_term: 1 candidate_status { last_received { term: 0 index: 0 } } ignore_live_leader: false dest_uuid: "4e4643fcfa534845ad05a09f14d03e42"
I20260710 13:19:58.053208 17801 raft_consensus.cc:359] T 0b8966299a6348dbbc7824a5ea8e89ad P 4e4643fcfa534845ad05a09f14d03e42 [term 0 FOLLOWER]: Replica starting. Triggering 0 pending ops. Active config: opid_index: -1 OBSOLETE_local: false peers { permanent_uuid: "3348f73556514c48af395bbdf95f4bb4" member_type: VOTER last_known_addr { host: "127.16.27.1" port: 39339 } } peers { permanent_uuid: "d2f135a2d4304a1691546234facff7b5" member_type: VOTER last_known_addr { host: "127.16.27.2" port: 38355 } } peers { permanent_uuid: "4e4643fcfa534845ad05a09f14d03e42" member_type: VOTER last_known_addr { host: "127.16.27.3" port: 36227 } }
I20260710 13:19:58.053921 17761 raft_consensus.cc:3060] T 6bf99453b4574785a6e2775dcc8666c9 P 4e4643fcfa534845ad05a09f14d03e42 [term 0 FOLLOWER]: Advancing to term 1
I20260710 13:19:58.054106 17801 raft_consensus.cc:385] T 0b8966299a6348dbbc7824a5ea8e89ad P 4e4643fcfa534845ad05a09f14d03e42 [term 0 FOLLOWER]: Consensus starting up: Expiring failure detector timer to make a prompt election more likely
I20260710 13:19:58.054517 17801 raft_consensus.cc:740] T 0b8966299a6348dbbc7824a5ea8e89ad P 4e4643fcfa534845ad05a09f14d03e42 [term 0 FOLLOWER]: Becoming Follower/Learner. State: Replica: 4e4643fcfa534845ad05a09f14d03e42, State: Initialized, Role: FOLLOWER
I20260710 13:19:58.055287 17801 consensus_queue.cc:260] T 0b8966299a6348dbbc7824a5ea8e89ad P 4e4643fcfa534845ad05a09f14d03e42 [NON_LEADER]: Queue going to NON_LEADER mode. State: All replicated index: 0, Majority replicated index: 0, Committed index: 0, Last appended: 0.0, Last appended by leader: 0, Current term: 0, Majority size: -1, State: 0, Mode: NON_LEADER, active raft config: opid_index: -1 OBSOLETE_local: false peers { permanent_uuid: "3348f73556514c48af395bbdf95f4bb4" member_type: VOTER last_known_addr { host: "127.16.27.1" port: 39339 } } peers { permanent_uuid: "d2f135a2d4304a1691546234facff7b5" member_type: VOTER last_known_addr { host: "127.16.27.2" port: 38355 } } peers { permanent_uuid: "4e4643fcfa534845ad05a09f14d03e42" member_type: VOTER last_known_addr { host: "127.16.27.3" port: 36227 } }
I20260710 13:19:58.057564 17801 ts_tablet_manager.cc:1434] T 0b8966299a6348dbbc7824a5ea8e89ad P 4e4643fcfa534845ad05a09f14d03e42: Time spent starting tablet: real 0.007s	user 0.006s	sys 0.000s
I20260710 13:19:58.060601 17801 tablet_bootstrap.cc:492] T 55f6e62c4cc64f81aaa847719cf19780 P 4e4643fcfa534845ad05a09f14d03e42: Bootstrap starting.
I20260710 13:19:58.061192 17761 raft_consensus.cc:2468] T 6bf99453b4574785a6e2775dcc8666c9 P 4e4643fcfa534845ad05a09f14d03e42 [term 1 FOLLOWER]: Leader election vote request: Granting yes vote for candidate d2f135a2d4304a1691546234facff7b5 in term 1.
I20260710 13:19:58.061658 17802 tablet_bootstrap.cc:492] T e9b68eb2b72448739d0080805b7ff91d P d2f135a2d4304a1691546234facff7b5: No bootstrap required, opened a new log
I20260710 13:19:58.062978 17802 ts_tablet_manager.cc:1403] T e9b68eb2b72448739d0080805b7ff91d P d2f135a2d4304a1691546234facff7b5: Time spent bootstrapping tablet: real 0.052s	user 0.016s	sys 0.003s
I20260710 13:19:58.063446 17651 leader_election.cc:304] T 6bf99453b4574785a6e2775dcc8666c9 P d2f135a2d4304a1691546234facff7b5 [CANDIDATE]: Term 1 election: Election decided. Result: candidate won. Election summary: received 3 responses out of 3 voters: 2 yes votes; 1 no votes. yes voters: 4e4643fcfa534845ad05a09f14d03e42, d2f135a2d4304a1691546234facff7b5; no voters: 3348f73556514c48af395bbdf95f4bb4
I20260710 13:19:58.064673 17807 raft_consensus.cc:2804] T 6bf99453b4574785a6e2775dcc8666c9 P d2f135a2d4304a1691546234facff7b5 [term 1 FOLLOWER]: Leader election won for term 1
I20260710 13:19:58.065853 17802 raft_consensus.cc:359] T e9b68eb2b72448739d0080805b7ff91d P d2f135a2d4304a1691546234facff7b5 [term 0 FOLLOWER]: Replica starting. Triggering 0 pending ops. Active config: opid_index: -1 OBSOLETE_local: false peers { permanent_uuid: "3348f73556514c48af395bbdf95f4bb4" member_type: VOTER last_known_addr { host: "127.16.27.1" port: 39339 } } peers { permanent_uuid: "d2f135a2d4304a1691546234facff7b5" member_type: VOTER last_known_addr { host: "127.16.27.2" port: 38355 } } peers { permanent_uuid: "4e4643fcfa534845ad05a09f14d03e42" member_type: VOTER last_known_addr { host: "127.16.27.3" port: 36227 } }
I20260710 13:19:58.066579 17802 raft_consensus.cc:385] T e9b68eb2b72448739d0080805b7ff91d P d2f135a2d4304a1691546234facff7b5 [term 0 FOLLOWER]: Consensus starting up: Expiring failure detector timer to make a prompt election more likely
I20260710 13:19:58.066875 17802 raft_consensus.cc:740] T e9b68eb2b72448739d0080805b7ff91d P d2f135a2d4304a1691546234facff7b5 [term 0 FOLLOWER]: Becoming Follower/Learner. State: Replica: d2f135a2d4304a1691546234facff7b5, State: Initialized, Role: FOLLOWER
I20260710 13:19:58.067580 17802 consensus_queue.cc:260] T e9b68eb2b72448739d0080805b7ff91d P d2f135a2d4304a1691546234facff7b5 [NON_LEADER]: Queue going to NON_LEADER mode. State: All replicated index: 0, Majority replicated index: 0, Committed index: 0, Last appended: 0.0, Last appended by leader: 0, Current term: 0, Majority size: -1, State: 0, Mode: NON_LEADER, active raft config: opid_index: -1 OBSOLETE_local: false peers { permanent_uuid: "3348f73556514c48af395bbdf95f4bb4" member_type: VOTER last_known_addr { host: "127.16.27.1" port: 39339 } } peers { permanent_uuid: "d2f135a2d4304a1691546234facff7b5" member_type: VOTER last_known_addr { host: "127.16.27.2" port: 38355 } } peers { permanent_uuid: "4e4643fcfa534845ad05a09f14d03e42" member_type: VOTER last_known_addr { host: "127.16.27.3" port: 36227 } }
I20260710 13:19:58.062340 17803 tablet_bootstrap.cc:492] T 6bf99453b4574785a6e2775dcc8666c9 P 3348f73556514c48af395bbdf95f4bb4: No bootstrap required, opened a new log
I20260710 13:19:58.069217 17803 ts_tablet_manager.cc:1403] T 6bf99453b4574785a6e2775dcc8666c9 P 3348f73556514c48af395bbdf95f4bb4: Time spent bootstrapping tablet: real 0.029s	user 0.013s	sys 0.007s
I20260710 13:19:58.070605 17801 tablet_bootstrap.cc:654] T 55f6e62c4cc64f81aaa847719cf19780 P 4e4643fcfa534845ad05a09f14d03e42: Neither blocks nor log segments found. Creating new log.
I20260710 13:19:58.071280 17803 raft_consensus.cc:359] T 6bf99453b4574785a6e2775dcc8666c9 P 3348f73556514c48af395bbdf95f4bb4 [term 0 FOLLOWER]: Replica starting. Triggering 0 pending ops. Active config: opid_index: -1 OBSOLETE_local: false peers { permanent_uuid: "3348f73556514c48af395bbdf95f4bb4" member_type: VOTER last_known_addr { host: "127.16.27.1" port: 39339 } } peers { permanent_uuid: "d2f135a2d4304a1691546234facff7b5" member_type: VOTER last_known_addr { host: "127.16.27.2" port: 38355 } } peers { permanent_uuid: "4e4643fcfa534845ad05a09f14d03e42" member_type: VOTER last_known_addr { host: "127.16.27.3" port: 36227 } }
I20260710 13:19:58.071830 17803 raft_consensus.cc:385] T 6bf99453b4574785a6e2775dcc8666c9 P 3348f73556514c48af395bbdf95f4bb4 [term 0 FOLLOWER]: Consensus starting up: Expiring failure detector timer to make a prompt election more likely
I20260710 13:19:58.072245 17803 raft_consensus.cc:740] T 6bf99453b4574785a6e2775dcc8666c9 P 3348f73556514c48af395bbdf95f4bb4 [term 0 FOLLOWER]: Becoming Follower/Learner. State: Replica: 3348f73556514c48af395bbdf95f4bb4, State: Initialized, Role: FOLLOWER
I20260710 13:19:58.072500 17807 raft_consensus.cc:697] T 6bf99453b4574785a6e2775dcc8666c9 P d2f135a2d4304a1691546234facff7b5 [term 1 LEADER]: Becoming Leader. State: Replica: d2f135a2d4304a1691546234facff7b5, State: Running, Role: LEADER
I20260710 13:19:58.073179 17803 consensus_queue.cc:260] T 6bf99453b4574785a6e2775dcc8666c9 P 3348f73556514c48af395bbdf95f4bb4 [NON_LEADER]: Queue going to NON_LEADER mode. State: All replicated index: 0, Majority replicated index: 0, Committed index: 0, Last appended: 0.0, Last appended by leader: 0, Current term: 0, Majority size: -1, State: 0, Mode: NON_LEADER, active raft config: opid_index: -1 OBSOLETE_local: false peers { permanent_uuid: "3348f73556514c48af395bbdf95f4bb4" member_type: VOTER last_known_addr { host: "127.16.27.1" port: 39339 } } peers { permanent_uuid: "d2f135a2d4304a1691546234facff7b5" member_type: VOTER last_known_addr { host: "127.16.27.2" port: 38355 } } peers { permanent_uuid: "4e4643fcfa534845ad05a09f14d03e42" member_type: VOTER last_known_addr { host: "127.16.27.3" port: 36227 } }
I20260710 13:19:58.073388 17807 consensus_queue.cc:237] T 6bf99453b4574785a6e2775dcc8666c9 P d2f135a2d4304a1691546234facff7b5 [LEADER]: Queue going to LEADER mode. State: All replicated index: 0, Majority replicated index: 0, Committed index: 0, Last appended: 0.0, Last appended by leader: 0, Current term: 1, Majority size: 2, State: 0, Mode: LEADER, active raft config: opid_index: -1 OBSOLETE_local: false peers { permanent_uuid: "3348f73556514c48af395bbdf95f4bb4" member_type: VOTER last_known_addr { host: "127.16.27.1" port: 39339 } } peers { permanent_uuid: "d2f135a2d4304a1691546234facff7b5" member_type: VOTER last_known_addr { host: "127.16.27.2" port: 38355 } } peers { permanent_uuid: "4e4643fcfa534845ad05a09f14d03e42" member_type: VOTER last_known_addr { host: "127.16.27.3" port: 36227 } }
I20260710 13:19:58.074378 17810 raft_consensus.cc:493] T 6bf99453b4574785a6e2775dcc8666c9 P 3348f73556514c48af395bbdf95f4bb4 [term 0 FOLLOWER]: Starting pre-election (no leader contacted us within the election timeout)
I20260710 13:19:58.074815 17810 raft_consensus.cc:515] T 6bf99453b4574785a6e2775dcc8666c9 P 3348f73556514c48af395bbdf95f4bb4 [term 0 FOLLOWER]: Starting pre-election with config: opid_index: -1 OBSOLETE_local: false peers { permanent_uuid: "3348f73556514c48af395bbdf95f4bb4" member_type: VOTER last_known_addr { host: "127.16.27.1" port: 39339 } } peers { permanent_uuid: "d2f135a2d4304a1691546234facff7b5" member_type: VOTER last_known_addr { host: "127.16.27.2" port: 38355 } } peers { permanent_uuid: "4e4643fcfa534845ad05a09f14d03e42" member_type: VOTER last_known_addr { host: "127.16.27.3" port: 36227 } }
I20260710 13:19:58.078212 17802 ts_tablet_manager.cc:1434] T e9b68eb2b72448739d0080805b7ff91d P d2f135a2d4304a1691546234facff7b5: Time spent starting tablet: real 0.015s	user 0.005s	sys 0.005s
I20260710 13:19:58.079043 17810 leader_election.cc:290] T 6bf99453b4574785a6e2775dcc8666c9 P 3348f73556514c48af395bbdf95f4bb4 [CANDIDATE]: Term 1 pre-election: Requested pre-vote from peers d2f135a2d4304a1691546234facff7b5 (127.16.27.2:38355), 4e4643fcfa534845ad05a09f14d03e42 (127.16.27.3:36227)
I20260710 13:19:58.088495 17802 tablet_bootstrap.cc:492] T 55f6e62c4cc64f81aaa847719cf19780 P d2f135a2d4304a1691546234facff7b5: Bootstrap starting.
I20260710 13:19:58.091816 17809 raft_consensus.cc:493] T 0b8966299a6348dbbc7824a5ea8e89ad P 4e4643fcfa534845ad05a09f14d03e42 [term 0 FOLLOWER]: Starting pre-election (no leader contacted us within the election timeout)
I20260710 13:19:58.092473 17809 raft_consensus.cc:515] T 0b8966299a6348dbbc7824a5ea8e89ad P 4e4643fcfa534845ad05a09f14d03e42 [term 0 FOLLOWER]: Starting pre-election with config: opid_index: -1 OBSOLETE_local: false peers { permanent_uuid: "3348f73556514c48af395bbdf95f4bb4" member_type: VOTER last_known_addr { host: "127.16.27.1" port: 39339 } } peers { permanent_uuid: "d2f135a2d4304a1691546234facff7b5" member_type: VOTER last_known_addr { host: "127.16.27.2" port: 38355 } } peers { permanent_uuid: "4e4643fcfa534845ad05a09f14d03e42" member_type: VOTER last_known_addr { host: "127.16.27.3" port: 36227 } }
I20260710 13:19:58.096415 17612 tablet_service.cc:1917] Received RequestConsensusVote() RPC: tablet_id: "0b8966299a6348dbbc7824a5ea8e89ad" candidate_uuid: "4e4643fcfa534845ad05a09f14d03e42" candidate_term: 1 candidate_status { last_received { term: 0 index: 0 } } ignore_live_leader: false dest_uuid: "3348f73556514c48af395bbdf95f4bb4" is_pre_election: true
W20260710 13:19:58.098206 17726 leader_election.cc:343] T 0b8966299a6348dbbc7824a5ea8e89ad P 4e4643fcfa534845ad05a09f14d03e42 [CANDIDATE]: Term 1 pre-election: Tablet error from VoteRequest() call to peer 3348f73556514c48af395bbdf95f4bb4 (127.16.27.1:39339): Illegal state: must be running to vote when last-logged opid is not known
I20260710 13:19:58.100214 17809 leader_election.cc:290] T 0b8966299a6348dbbc7824a5ea8e89ad P 4e4643fcfa534845ad05a09f14d03e42 [CANDIDATE]: Term 1 pre-election: Requested pre-vote from peers 3348f73556514c48af395bbdf95f4bb4 (127.16.27.1:39339), d2f135a2d4304a1691546234facff7b5 (127.16.27.2:38355)
I20260710 13:19:58.100989 17687 tablet_service.cc:1917] Received RequestConsensusVote() RPC: tablet_id: "0b8966299a6348dbbc7824a5ea8e89ad" candidate_uuid: "4e4643fcfa534845ad05a09f14d03e42" candidate_term: 1 candidate_status { last_received { term: 0 index: 0 } } ignore_live_leader: false dest_uuid: "d2f135a2d4304a1691546234facff7b5" is_pre_election: true
W20260710 13:19:58.103016 17725 leader_election.cc:343] T 0b8966299a6348dbbc7824a5ea8e89ad P 4e4643fcfa534845ad05a09f14d03e42 [CANDIDATE]: Term 1 pre-election: Tablet error from VoteRequest() call to peer d2f135a2d4304a1691546234facff7b5 (127.16.27.2:38355): Illegal state: must be running to vote when last-logged opid is not known
I20260710 13:19:58.103623 17725 leader_election.cc:304] T 0b8966299a6348dbbc7824a5ea8e89ad P 4e4643fcfa534845ad05a09f14d03e42 [CANDIDATE]: Term 1 pre-election: Election decided. Result: candidate lost. Election summary: received 3 responses out of 3 voters: 1 yes votes; 2 no votes. yes voters: 4e4643fcfa534845ad05a09f14d03e42; no voters: 3348f73556514c48af395bbdf95f4bb4, d2f135a2d4304a1691546234facff7b5
I20260710 13:19:58.105300 17809 raft_consensus.cc:2749] T 0b8966299a6348dbbc7824a5ea8e89ad P 4e4643fcfa534845ad05a09f14d03e42 [term 0 FOLLOWER]: Leader pre-election lost for term 1. Reason: could not achieve majority
I20260710 13:19:58.107550 17802 tablet_bootstrap.cc:654] T 55f6e62c4cc64f81aaa847719cf19780 P d2f135a2d4304a1691546234facff7b5: Neither blocks nor log segments found. Creating new log.
I20260710 13:19:58.118361 17508 catalog_manager.cc:5697] T 6bf99453b4574785a6e2775dcc8666c9 P d2f135a2d4304a1691546234facff7b5 reported cstate change: term changed from 0 to 1, leader changed from <none> to d2f135a2d4304a1691546234facff7b5 (127.16.27.2). New cstate: current_term: 1 leader_uuid: "d2f135a2d4304a1691546234facff7b5" committed_config { opid_index: -1 OBSOLETE_local: false peers { permanent_uuid: "3348f73556514c48af395bbdf95f4bb4" member_type: VOTER last_known_addr { host: "127.16.27.1" port: 39339 } health_report { overall_health: UNKNOWN } } peers { permanent_uuid: "d2f135a2d4304a1691546234facff7b5" member_type: VOTER last_known_addr { host: "127.16.27.2" port: 38355 } health_report { overall_health: HEALTHY } } peers { permanent_uuid: "4e4643fcfa534845ad05a09f14d03e42" member_type: VOTER last_known_addr { host: "127.16.27.3" port: 36227 } health_report { overall_health: UNKNOWN } } }
I20260710 13:19:58.130733 17801 tablet_bootstrap.cc:492] T 55f6e62c4cc64f81aaa847719cf19780 P 4e4643fcfa534845ad05a09f14d03e42: No bootstrap required, opened a new log
I20260710 13:19:58.131026 17803 ts_tablet_manager.cc:1434] T 6bf99453b4574785a6e2775dcc8666c9 P 3348f73556514c48af395bbdf95f4bb4: Time spent starting tablet: real 0.061s	user 0.024s	sys 0.032s
I20260710 13:19:58.131229 17801 ts_tablet_manager.cc:1403] T 55f6e62c4cc64f81aaa847719cf19780 P 4e4643fcfa534845ad05a09f14d03e42: Time spent bootstrapping tablet: real 0.071s	user 0.025s	sys 0.035s
I20260710 13:19:58.132185 17803 tablet_bootstrap.cc:492] T 55f6e62c4cc64f81aaa847719cf19780 P 3348f73556514c48af395bbdf95f4bb4: Bootstrap starting.
