I20260710 13:19:43.507731  6314 catalog_manager.cc:5697] T cf0883635b594ec3991dc57353649605 P d503a29d2ac641be9ed778c39d15af54 reported cstate change: term changed from 1 to 2, leader changed from c3e05b7a2e2145ceb4a23a64cee0abf2 (127.5.170.1) to d503a29d2ac641be9ed778c39d15af54 (127.5.170.2). New cstate: current_term: 2 leader_uuid: "d503a29d2ac641be9ed778c39d15af54" committed_config { opid_index: -1 OBSOLETE_local: false peers { permanent_uuid: "c3e05b7a2e2145ceb4a23a64cee0abf2" member_type: VOTER last_known_addr { host: "127.5.170.1" port: 33325 } health_report { overall_health: UNKNOWN } } peers { permanent_uuid: "d503a29d2ac641be9ed778c39d15af54" member_type: VOTER last_known_addr { host: "127.5.170.2" port: 40099 } health_report { overall_health: HEALTHY } } peers { permanent_uuid: "8fdb4fe0de794e1e8754157957e0bebd" member_type: VOTER last_known_addr { host: "127.5.170.3" port: 40541 } health_report { overall_health: UNKNOWN } } }
I20260710 13:19:43.517148  6649 consensus_queue.cc:237] T ad089337e6c341e399e20b471fc3d423 P c3e05b7a2e2145ceb4a23a64cee0abf2 [LEADER]: Queue going to LEADER mode. State: All replicated index: 0, Majority replicated index: 1, Committed index: 1, Last appended: 1.1, Last appended by leader: 1, Current term: 2, Majority size: 2, State: 0, Mode: LEADER, active raft config: opid_index: -1 OBSOLETE_local: false peers { permanent_uuid: "c3e05b7a2e2145ceb4a23a64cee0abf2" member_type: VOTER last_known_addr { host: "127.5.170.1" port: 33325 } } peers { permanent_uuid: "d503a29d2ac641be9ed778c39d15af54" member_type: VOTER last_known_addr { host: "127.5.170.2" port: 40099 } } peers { permanent_uuid: "8fdb4fe0de794e1e8754157957e0bebd" member_type: VOTER last_known_addr { host: "127.5.170.3" port: 40541 } }
I20260710 13:19:43.520468  6418 raft_consensus.cc:2468] T 47e7c052405e4d019c4c7bed51c11d95 P c3e05b7a2e2145ceb4a23a64cee0abf2 [term 2 FOLLOWER]: Leader election vote request: Granting yes vote for candidate d503a29d2ac641be9ed778c39d15af54 in term 2.
I20260710 13:19:43.522930  6624 consensus_queue.cc:1048] T 5d5795df0f54455899b6a9d8e123c77a P d503a29d2ac641be9ed778c39d15af54 [LEADER]: Connected to new peer: Peer: permanent_uuid: "c3e05b7a2e2145ceb4a23a64cee0abf2" member_type: VOTER last_known_addr { host: "127.5.170.1" port: 33325 }, Status: LMP_MISMATCH, Last received: 0.0, Next index: 1, Last known committed idx: 0, Time since last communication: 0.000s
I20260710 13:19:43.527346  6315 catalog_manager.cc:5697] T ad089337e6c341e399e20b471fc3d423 P c3e05b7a2e2145ceb4a23a64cee0abf2 reported cstate change: term changed from 1 to 2, leader changed from d503a29d2ac641be9ed778c39d15af54 (127.5.170.2) to c3e05b7a2e2145ceb4a23a64cee0abf2 (127.5.170.1). New cstate: current_term: 2 leader_uuid: "c3e05b7a2e2145ceb4a23a64cee0abf2" committed_config { opid_index: -1 OBSOLETE_local: false peers { permanent_uuid: "c3e05b7a2e2145ceb4a23a64cee0abf2" member_type: VOTER last_known_addr { host: "127.5.170.1" port: 33325 } health_report { overall_health: HEALTHY } } peers { permanent_uuid: "d503a29d2ac641be9ed778c39d15af54" member_type: VOTER last_known_addr { host: "127.5.170.2" port: 40099 } health_report { overall_health: UNKNOWN } } peers { permanent_uuid: "8fdb4fe0de794e1e8754157957e0bebd" member_type: VOTER last_known_addr { host: "127.5.170.3" port: 40541 } health_report { overall_health: UNKNOWN } } }
I20260710 13:19:43.536296  6638 consensus_queue.cc:1048] T 5d5795df0f54455899b6a9d8e123c77a P d503a29d2ac641be9ed778c39d15af54 [LEADER]: Connected to new peer: Peer: permanent_uuid: "8fdb4fe0de794e1e8754157957e0bebd" member_type: VOTER last_known_addr { host: "127.5.170.3" port: 40541 }, Status: LMP_MISMATCH, Last received: 0.0, Next index: 1, Last known committed idx: 0, Time since last communication: 0.000s
I20260710 13:19:43.540516  6314 catalog_manager.cc:5697] T 47e7c052405e4d019c4c7bed51c11d95 P d503a29d2ac641be9ed778c39d15af54 reported cstate change: term changed from 1 to 2, leader changed from c3e05b7a2e2145ceb4a23a64cee0abf2 (127.5.170.1) to d503a29d2ac641be9ed778c39d15af54 (127.5.170.2). New cstate: current_term: 2 leader_uuid: "d503a29d2ac641be9ed778c39d15af54" committed_config { opid_index: -1 OBSOLETE_local: false peers { permanent_uuid: "c3e05b7a2e2145ceb4a23a64cee0abf2" member_type: VOTER last_known_addr { host: "127.5.170.1" port: 33325 } health_report { overall_health: UNKNOWN } } peers { permanent_uuid: "d503a29d2ac641be9ed778c39d15af54" member_type: VOTER last_known_addr { host: "127.5.170.2" port: 40099 } health_report { overall_health: HEALTHY } } peers { permanent_uuid: "8fdb4fe0de794e1e8754157957e0bebd" member_type: VOTER last_known_addr { host: "127.5.170.3" port: 40541 } health_report { overall_health: UNKNOWN } } }
I20260710 13:19:43.632165  6649 consensus_queue.cc:1048] T db514f827678428986b48fdb505602ae P c3e05b7a2e2145ceb4a23a64cee0abf2 [LEADER]: Connected to new peer: Peer: permanent_uuid: "8fdb4fe0de794e1e8754157957e0bebd" member_type: VOTER last_known_addr { host: "127.5.170.3" port: 40541 }, Status: LMP_MISMATCH, Last received: 0.0, Next index: 1, Last known committed idx: 0, Time since last communication: 0.000s
I20260710 13:19:43.639400  6646 raft_consensus.cc:993] T db514f827678428986b48fdb505602ae P c3e05b7a2e2145ceb4a23a64cee0abf2: : Instructing follower 8fdb4fe0de794e1e8754157957e0bebd to start an election
I20260710 13:19:43.640012  6646 raft_consensus.cc:1081] T db514f827678428986b48fdb505602ae P c3e05b7a2e2145ceb4a23a64cee0abf2 [term 1 LEADER]: Signalling peer 8fdb4fe0de794e1e8754157957e0bebd to start an election
I20260710 13:19:43.643901  6565 tablet_service.cc:2044] Received Run Leader Election RPC: tablet_id: "db514f827678428986b48fdb505602ae"
dest_uuid: "8fdb4fe0de794e1e8754157957e0bebd"
 from {username='slave'} at 127.0.0.1:35402
I20260710 13:19:43.644498  6565 raft_consensus.cc:493] T db514f827678428986b48fdb505602ae P 8fdb4fe0de794e1e8754157957e0bebd [term 1 FOLLOWER]: Starting forced leader election (received explicit request)
I20260710 13:19:43.644930  6565 raft_consensus.cc:3060] T db514f827678428986b48fdb505602ae P 8fdb4fe0de794e1e8754157957e0bebd [term 1 FOLLOWER]: Advancing to term 2
I20260710 13:19:43.645452  6617 consensus_queue.cc:1048] T db514f827678428986b48fdb505602ae P c3e05b7a2e2145ceb4a23a64cee0abf2 [LEADER]: Connected to new peer: Peer: permanent_uuid: "d503a29d2ac641be9ed778c39d15af54" member_type: VOTER last_known_addr { host: "127.5.170.2" port: 40099 }, Status: LMP_MISMATCH, Last received: 0.0, Next index: 1, Last known committed idx: 0, Time since last communication: 0.000s
I20260710 13:19:43.653271  6565 raft_consensus.cc:515] T db514f827678428986b48fdb505602ae P 8fdb4fe0de794e1e8754157957e0bebd [term 2 FOLLOWER]: Starting forced leader election with config: opid_index: -1 OBSOLETE_local: false peers { permanent_uuid: "c3e05b7a2e2145ceb4a23a64cee0abf2" member_type: VOTER last_known_addr { host: "127.5.170.1" port: 33325 } } peers { permanent_uuid: "d503a29d2ac641be9ed778c39d15af54" member_type: VOTER last_known_addr { host: "127.5.170.2" port: 40099 } } peers { permanent_uuid: "8fdb4fe0de794e1e8754157957e0bebd" member_type: VOTER last_known_addr { host: "127.5.170.3" port: 40541 } }
I20260710 13:19:43.656111  6418 tablet_service.cc:1917] Received RequestConsensusVote() RPC: tablet_id: "db514f827678428986b48fdb505602ae" candidate_uuid: "8fdb4fe0de794e1e8754157957e0bebd" candidate_term: 2 candidate_status { last_received { term: 1 index: 1 } } ignore_live_leader: true dest_uuid: "c3e05b7a2e2145ceb4a23a64cee0abf2"
I20260710 13:19:43.656751  6418 raft_consensus.cc:3055] T db514f827678428986b48fdb505602ae P c3e05b7a2e2145ceb4a23a64cee0abf2 [term 1 LEADER]: Stepping down as leader of term 1
I20260710 13:19:43.657231  6418 raft_consensus.cc:740] T db514f827678428986b48fdb505602ae P c3e05b7a2e2145ceb4a23a64cee0abf2 [term 1 LEADER]: Becoming Follower/Learner. State: Replica: c3e05b7a2e2145ceb4a23a64cee0abf2, State: Running, Role: LEADER
I20260710 13:19:43.658108  6418 consensus_queue.cc:260] T db514f827678428986b48fdb505602ae P c3e05b7a2e2145ceb4a23a64cee0abf2 [NON_LEADER]: Queue going to NON_LEADER mode. State: All replicated index: 0, Majority replicated index: 1, Committed index: 1, Last appended: 1.1, Last appended by leader: 1, Current term: 1, Majority size: -1, State: 0, Mode: NON_LEADER, active raft config: opid_index: -1 OBSOLETE_local: false peers { permanent_uuid: "c3e05b7a2e2145ceb4a23a64cee0abf2" member_type: VOTER last_known_addr { host: "127.5.170.1" port: 33325 } } peers { permanent_uuid: "d503a29d2ac641be9ed778c39d15af54" member_type: VOTER last_known_addr { host: "127.5.170.2" port: 40099 } } peers { permanent_uuid: "8fdb4fe0de794e1e8754157957e0bebd" member_type: VOTER last_known_addr { host: "127.5.170.3" port: 40541 } }
I20260710 13:19:43.659212  6418 raft_consensus.cc:3060] T db514f827678428986b48fdb505602ae P c3e05b7a2e2145ceb4a23a64cee0abf2 [term 1 FOLLOWER]: Advancing to term 2
I20260710 13:19:43.662021  6565 leader_election.cc:290] T db514f827678428986b48fdb505602ae P 8fdb4fe0de794e1e8754157957e0bebd [CANDIDATE]: Term 2 election: Requested vote from peers c3e05b7a2e2145ceb4a23a64cee0abf2 (127.5.170.1:33325), d503a29d2ac641be9ed778c39d15af54 (127.5.170.2:40099)
I20260710 13:19:43.663065  6492 tablet_service.cc:1917] Received RequestConsensusVote() RPC: tablet_id: "db514f827678428986b48fdb505602ae" candidate_uuid: "8fdb4fe0de794e1e8754157957e0bebd" candidate_term: 2 candidate_status { last_received { term: 1 index: 1 } } ignore_live_leader: true dest_uuid: "d503a29d2ac641be9ed778c39d15af54"
I20260710 13:19:43.663618  6492 raft_consensus.cc:3060] T db514f827678428986b48fdb505602ae P d503a29d2ac641be9ed778c39d15af54 [term 1 FOLLOWER]: Advancing to term 2
I20260710 13:19:43.668308  6418 raft_consensus.cc:2468] T db514f827678428986b48fdb505602ae P c3e05b7a2e2145ceb4a23a64cee0abf2 [term 2 FOLLOWER]: Leader election vote request: Granting yes vote for candidate 8fdb4fe0de794e1e8754157957e0bebd in term 2.
I20260710 13:19:43.669450  6531 leader_election.cc:304] T db514f827678428986b48fdb505602ae P 8fdb4fe0de794e1e8754157957e0bebd [CANDIDATE]: Term 2 election: Election decided. Result: candidate won. Election summary: received 2 responses out of 3 voters: 2 yes votes; 0 no votes. yes voters: 8fdb4fe0de794e1e8754157957e0bebd, c3e05b7a2e2145ceb4a23a64cee0abf2; no voters: 
I20260710 13:19:43.670231  6623 raft_consensus.cc:2804] T db514f827678428986b48fdb505602ae P 8fdb4fe0de794e1e8754157957e0bebd [term 2 FOLLOWER]: Leader election won for term 2
I20260710 13:19:43.670348  6492 raft_consensus.cc:2468] T db514f827678428986b48fdb505602ae P d503a29d2ac641be9ed778c39d15af54 [term 2 FOLLOWER]: Leader election vote request: Granting yes vote for candidate 8fdb4fe0de794e1e8754157957e0bebd in term 2.
I20260710 13:19:43.670738  6623 raft_consensus.cc:697] T db514f827678428986b48fdb505602ae P 8fdb4fe0de794e1e8754157957e0bebd [term 2 LEADER]: Becoming Leader. State: Replica: 8fdb4fe0de794e1e8754157957e0bebd, State: Running, Role: LEADER
I20260710 13:19:43.671491  6623 consensus_queue.cc:237] T db514f827678428986b48fdb505602ae P 8fdb4fe0de794e1e8754157957e0bebd [LEADER]: Queue going to LEADER mode. State: All replicated index: 0, Majority replicated index: 1, Committed index: 1, Last appended: 1.1, Last appended by leader: 1, Current term: 2, Majority size: 2, State: 0, Mode: LEADER, active raft config: opid_index: -1 OBSOLETE_local: false peers { permanent_uuid: "c3e05b7a2e2145ceb4a23a64cee0abf2" member_type: VOTER last_known_addr { host: "127.5.170.1" port: 33325 } } peers { permanent_uuid: "d503a29d2ac641be9ed778c39d15af54" member_type: VOTER last_known_addr { host: "127.5.170.2" port: 40099 } } peers { permanent_uuid: "8fdb4fe0de794e1e8754157957e0bebd" member_type: VOTER last_known_addr { host: "127.5.170.3" port: 40541 } }
I20260710 13:19:43.677507  6315 catalog_manager.cc:5697] T db514f827678428986b48fdb505602ae P 8fdb4fe0de794e1e8754157957e0bebd reported cstate change: term changed from 1 to 2, leader changed from c3e05b7a2e2145ceb4a23a64cee0abf2 (127.5.170.1) to 8fdb4fe0de794e1e8754157957e0bebd (127.5.170.3). New cstate: current_term: 2 leader_uuid: "8fdb4fe0de794e1e8754157957e0bebd" committed_config { opid_index: -1 OBSOLETE_local: false peers { permanent_uuid: "c3e05b7a2e2145ceb4a23a64cee0abf2" member_type: VOTER last_known_addr { host: "127.5.170.1" port: 33325 } health_report { overall_health: UNKNOWN } } peers { permanent_uuid: "d503a29d2ac641be9ed778c39d15af54" member_type: VOTER last_known_addr { host: "127.5.170.2" port: 40099 } health_report { overall_health: UNKNOWN } } peers { permanent_uuid: "8fdb4fe0de794e1e8754157957e0bebd" member_type: VOTER last_known_addr { host: "127.5.170.3" port: 40541 } health_report { overall_health: HEALTHY } } }
I20260710 13:19:43.854549  6492 raft_consensus.cc:1275] T d9fd211304dc4cfe886ca4e890ad7f12 P d503a29d2ac641be9ed778c39d15af54 [term 2 FOLLOWER]: Refusing update from remote peer c3e05b7a2e2145ceb4a23a64cee0abf2: Log matching property violated. Preceding OpId in replica: term: 1 index: 1. Preceding OpId from leader: term: 2 index: 2. (index mismatch)
I20260710 13:19:43.855679  6617 consensus_queue.cc:1048] T d9fd211304dc4cfe886ca4e890ad7f12 P c3e05b7a2e2145ceb4a23a64cee0abf2 [LEADER]: Connected to new peer: Peer: permanent_uuid: "d503a29d2ac641be9ed778c39d15af54" member_type: VOTER last_known_addr { host: "127.5.170.2" port: 40099 }, Status: LMP_MISMATCH, Last received: 0.0, Next index: 2, Last known committed idx: 1, Time since last communication: 0.000s
I20260710 13:19:43.864213  6565 raft_consensus.cc:1275] T d9fd211304dc4cfe886ca4e890ad7f12 P 8fdb4fe0de794e1e8754157957e0bebd [term 2 FOLLOWER]: Refusing update from remote peer c3e05b7a2e2145ceb4a23a64cee0abf2: Log matching property violated. Preceding OpId in replica: term: 1 index: 1. Preceding OpId from leader: term: 2 index: 2. (index mismatch)
I20260710 13:19:43.866888  6617 consensus_queue.cc:1048] T d9fd211304dc4cfe886ca4e890ad7f12 P c3e05b7a2e2145ceb4a23a64cee0abf2 [LEADER]: Connected to new peer: Peer: permanent_uuid: "8fdb4fe0de794e1e8754157957e0bebd" member_type: VOTER last_known_addr { host: "127.5.170.3" port: 40541 }, Status: LMP_MISMATCH, Last received: 0.0, Next index: 2, Last known committed idx: 1, Time since last communication: 0.000s
I20260710 13:19:43.882962  6418 raft_consensus.cc:1275] T cf0883635b594ec3991dc57353649605 P c3e05b7a2e2145ceb4a23a64cee0abf2 [term 2 FOLLOWER]: Refusing update from remote peer d503a29d2ac641be9ed778c39d15af54: Log matching property violated. Preceding OpId in replica: term: 1 index: 1. Preceding OpId from leader: term: 2 index: 2. (index mismatch)
I20260710 13:19:43.884253  6624 consensus_queue.cc:1048] T cf0883635b594ec3991dc57353649605 P d503a29d2ac641be9ed778c39d15af54 [LEADER]: Connected to new peer: Peer: permanent_uuid: "c3e05b7a2e2145ceb4a23a64cee0abf2" member_type: VOTER last_known_addr { host: "127.5.170.1" port: 33325 }, Status: LMP_MISMATCH, Last received: 0.0, Next index: 2, Last known committed idx: 1, Time since last communication: 0.000s
I20260710 13:19:43.891836  6565 raft_consensus.cc:1275] T cf0883635b594ec3991dc57353649605 P 8fdb4fe0de794e1e8754157957e0bebd [term 2 FOLLOWER]: Refusing update from remote peer d503a29d2ac641be9ed778c39d15af54: Log matching property violated. Preceding OpId in replica: term: 1 index: 1. Preceding OpId from leader: term: 2 index: 2. (index mismatch)
I20260710 13:19:43.894280  6624 consensus_queue.cc:1048] T cf0883635b594ec3991dc57353649605 P d503a29d2ac641be9ed778c39d15af54 [LEADER]: Connected to new peer: Peer: permanent_uuid: "8fdb4fe0de794e1e8754157957e0bebd" member_type: VOTER last_known_addr { host: "127.5.170.3" port: 40541 }, Status: LMP_MISMATCH, Last received: 0.0, Next index: 2, Last known committed idx: 1, Time since last communication: 0.000s
I20260710 13:19:43.904857  6565 raft_consensus.cc:1275] T ad089337e6c341e399e20b471fc3d423 P 8fdb4fe0de794e1e8754157957e0bebd [term 2 FOLLOWER]: Refusing update from remote peer c3e05b7a2e2145ceb4a23a64cee0abf2: Log matching property violated. Preceding OpId in replica: term: 1 index: 1. Preceding OpId from leader: term: 2 index: 2. (index mismatch)
I20260710 13:19:43.906116  6617 consensus_queue.cc:1048] T ad089337e6c341e399e20b471fc3d423 P c3e05b7a2e2145ceb4a23a64cee0abf2 [LEADER]: Connected to new peer: Peer: permanent_uuid: "8fdb4fe0de794e1e8754157957e0bebd" member_type: VOTER last_known_addr { host: "127.5.170.3" port: 40541 }, Status: LMP_MISMATCH, Last received: 0.0, Next index: 2, Last known committed idx: 1, Time since last communication: 0.000s
I20260710 13:19:43.914387  6492 raft_consensus.cc:1275] T ad089337e6c341e399e20b471fc3d423 P d503a29d2ac641be9ed778c39d15af54 [term 2 FOLLOWER]: Refusing update from remote peer c3e05b7a2e2145ceb4a23a64cee0abf2: Log matching property violated. Preceding OpId in replica: term: 1 index: 1. Preceding OpId from leader: term: 2 index: 2. (index mismatch)
I20260710 13:19:43.915580  6617 consensus_queue.cc:1048] T ad089337e6c341e399e20b471fc3d423 P c3e05b7a2e2145ceb4a23a64cee0abf2 [LEADER]: Connected to new peer: Peer: permanent_uuid: "d503a29d2ac641be9ed778c39d15af54" member_type: VOTER last_known_addr { host: "127.5.170.2" port: 40099 }, Status: LMP_MISMATCH, Last received: 0.0, Next index: 2, Last known committed idx: 1, Time since last communication: 0.000s
I20260710 13:19:43.955124  6418 raft_consensus.cc:1275] T 47e7c052405e4d019c4c7bed51c11d95 P c3e05b7a2e2145ceb4a23a64cee0abf2 [term 2 FOLLOWER]: Refusing update from remote peer d503a29d2ac641be9ed778c39d15af54: Log matching property violated. Preceding OpId in replica: term: 1 index: 1. Preceding OpId from leader: term: 2 index: 2. (index mismatch)
I20260710 13:19:43.956697  6624 consensus_queue.cc:1048] T 47e7c052405e4d019c4c7bed51c11d95 P d503a29d2ac641be9ed778c39d15af54 [LEADER]: Connected to new peer: Peer: permanent_uuid: "c3e05b7a2e2145ceb4a23a64cee0abf2" member_type: VOTER last_known_addr { host: "127.5.170.1" port: 33325 }, Status: LMP_MISMATCH, Last received: 0.0, Next index: 2, Last known committed idx: 1, Time since last communication: 0.000s
I20260710 13:19:43.965694  6565 raft_consensus.cc:1275] T 47e7c052405e4d019c4c7bed51c11d95 P 8fdb4fe0de794e1e8754157957e0bebd [term 2 FOLLOWER]: Refusing update from remote peer d503a29d2ac641be9ed778c39d15af54: Log matching property violated. Preceding OpId in replica: term: 1 index: 1. Preceding OpId from leader: term: 2 index: 2. (index mismatch)
I20260710 13:19:43.967439  6638 consensus_queue.cc:1048] T 47e7c052405e4d019c4c7bed51c11d95 P d503a29d2ac641be9ed778c39d15af54 [LEADER]: Connected to new peer: Peer: permanent_uuid: "8fdb4fe0de794e1e8754157957e0bebd" member_type: VOTER last_known_addr { host: "127.5.170.3" port: 40541 }, Status: LMP_MISMATCH, Last received: 0.0, Next index: 2, Last known committed idx: 1, Time since last communication: 0.000s
I20260710 13:19:44.073874  6492 raft_consensus.cc:1275] T db514f827678428986b48fdb505602ae P d503a29d2ac641be9ed778c39d15af54 [term 2 FOLLOWER]: Refusing update from remote peer 8fdb4fe0de794e1e8754157957e0bebd: Log matching property violated. Preceding OpId in replica: term: 1 index: 1. Preceding OpId from leader: term: 2 index: 2. (index mismatch)
I20260710 13:19:44.075240  6623 consensus_queue.cc:1048] T db514f827678428986b48fdb505602ae P 8fdb4fe0de794e1e8754157957e0bebd [LEADER]: Connected to new peer: Peer: permanent_uuid: "d503a29d2ac641be9ed778c39d15af54" member_type: VOTER last_known_addr { host: "127.5.170.2" port: 40099 }, Status: LMP_MISMATCH, Last received: 0.0, Next index: 2, Last known committed idx: 1, Time since last communication: 0.000s
I20260710 13:19:44.082831  6418 raft_consensus.cc:1275] T db514f827678428986b48fdb505602ae P c3e05b7a2e2145ceb4a23a64cee0abf2 [term 2 FOLLOWER]: Refusing update from remote peer 8fdb4fe0de794e1e8754157957e0bebd: Log matching property violated. Preceding OpId in replica: term: 1 index: 1. Preceding OpId from leader: term: 2 index: 2. (index mismatch)
I20260710 13:19:44.084293  6700 consensus_queue.cc:1048] T db514f827678428986b48fdb505602ae P 8fdb4fe0de794e1e8754157957e0bebd [LEADER]: Connected to new peer: Peer: permanent_uuid: "c3e05b7a2e2145ceb4a23a64cee0abf2" member_type: VOTER last_known_addr { host: "127.5.170.1" port: 33325 }, Status: LMP_MISMATCH, Last received: 0.0, Next index: 2, Last known committed idx: 1, Time since last communication: 0.000s
I20260710 13:19:46.320768  5800 auto_leader_rebalancer-test.cc:348] The leader distribution is 
I20260710 13:19:46.321480  5800 auto_leader_rebalancer.cc:141] leader rebalance for table test-workload
I20260710 13:19:46.336227  6418 tablet_service.cc:2072] Received LeaderStepDown RPC: tablet_id: "289e44112ef74f478966261c6723a929"
dest_uuid: "c3e05b7a2e2145ceb4a23a64cee0abf2"
mode: GRACEFUL
new_leader_uuid: "8fdb4fe0de794e1e8754157957e0bebd"
 from {username='slave'} at 127.0.0.1:36954
I20260710 13:19:46.336894  6418 raft_consensus.cc:606] T 289e44112ef74f478966261c6723a929 P c3e05b7a2e2145ceb4a23a64cee0abf2 [term 1 LEADER]: Received request to transfer leadership to TS 8fdb4fe0de794e1e8754157957e0bebd
I20260710 13:19:46.339184  6418 tablet_service.cc:2072] Received LeaderStepDown RPC: tablet_id: "ad089337e6c341e399e20b471fc3d423"
dest_uuid: "c3e05b7a2e2145ceb4a23a64cee0abf2"
mode: GRACEFUL
new_leader_uuid: "8fdb4fe0de794e1e8754157957e0bebd"
 from {username='slave'} at 127.0.0.1:36954
I20260710 13:19:46.339682  6418 raft_consensus.cc:606] T ad089337e6c341e399e20b471fc3d423 P c3e05b7a2e2145ceb4a23a64cee0abf2 [term 2 LEADER]: Received request to transfer leadership to TS 8fdb4fe0de794e1e8754157957e0bebd
I20260710 13:19:46.340684  5800 auto_leader_rebalancer.cc:479] table: test-workload, leader rebalance finish, leader transfer count: 2
I20260710 13:19:46.341125  5800 auto_leader_rebalancer.cc:554] All tables' leader rebalancing finished this round
I20260710 13:19:46.444494  6707 raft_consensus.cc:993] T 289e44112ef74f478966261c6723a929 P c3e05b7a2e2145ceb4a23a64cee0abf2: : Instructing follower 8fdb4fe0de794e1e8754157957e0bebd to start an election
I20260710 13:19:46.444983  6649 raft_consensus.cc:1081] T 289e44112ef74f478966261c6723a929 P c3e05b7a2e2145ceb4a23a64cee0abf2 [term 1 LEADER]: Signalling peer 8fdb4fe0de794e1e8754157957e0bebd to start an election
I20260710 13:19:46.446363  6565 tablet_service.cc:2044] Received Run Leader Election RPC: tablet_id: "289e44112ef74f478966261c6723a929"
dest_uuid: "8fdb4fe0de794e1e8754157957e0bebd"
 from {username='slave'} at 127.0.0.1:35402
I20260710 13:19:46.446897  6565 raft_consensus.cc:493] T 289e44112ef74f478966261c6723a929 P 8fdb4fe0de794e1e8754157957e0bebd [term 1 FOLLOWER]: Starting forced leader election (received explicit request)
I20260710 13:19:46.447199  6565 raft_consensus.cc:3060] T 289e44112ef74f478966261c6723a929 P 8fdb4fe0de794e1e8754157957e0bebd [term 1 FOLLOWER]: Advancing to term 2
I20260710 13:19:46.451570  6565 raft_consensus.cc:515] T 289e44112ef74f478966261c6723a929 P 8fdb4fe0de794e1e8754157957e0bebd [term 2 FOLLOWER]: Starting forced leader election with config: opid_index: -1 OBSOLETE_local: false peers { permanent_uuid: "c3e05b7a2e2145ceb4a23a64cee0abf2" member_type: VOTER last_known_addr { host: "127.5.170.1" port: 33325 } } peers { permanent_uuid: "d503a29d2ac641be9ed778c39d15af54" member_type: VOTER last_known_addr { host: "127.5.170.2" port: 40099 } } peers { permanent_uuid: "8fdb4fe0de794e1e8754157957e0bebd" member_type: VOTER last_known_addr { host: "127.5.170.3" port: 40541 } }
I20260710 13:19:46.453346  6565 leader_election.cc:290] T 289e44112ef74f478966261c6723a929 P 8fdb4fe0de794e1e8754157957e0bebd [CANDIDATE]: Term 2 election: Requested vote from peers c3e05b7a2e2145ceb4a23a64cee0abf2 (127.5.170.1:33325), d503a29d2ac641be9ed778c39d15af54 (127.5.170.2:40099)
I20260710 13:19:46.454051  6418 tablet_service.cc:1917] Received RequestConsensusVote() RPC: tablet_id: "289e44112ef74f478966261c6723a929" candidate_uuid: "8fdb4fe0de794e1e8754157957e0bebd" candidate_term: 2 candidate_status { last_received { term: 1 index: 1 } } ignore_live_leader: true dest_uuid: "c3e05b7a2e2145ceb4a23a64cee0abf2"
I20260710 13:19:46.454361  6492 tablet_service.cc:1917] Received RequestConsensusVote() RPC: tablet_id: "289e44112ef74f478966261c6723a929" candidate_uuid: "8fdb4fe0de794e1e8754157957e0bebd" candidate_term: 2 candidate_status { last_received { term: 1 index: 1 } } ignore_live_leader: true dest_uuid: "d503a29d2ac641be9ed778c39d15af54"
I20260710 13:19:46.454660  6418 raft_consensus.cc:3055] T 289e44112ef74f478966261c6723a929 P c3e05b7a2e2145ceb4a23a64cee0abf2 [term 1 LEADER]: Stepping down as leader of term 1
I20260710 13:19:46.454891  6492 raft_consensus.cc:3060] T 289e44112ef74f478966261c6723a929 P d503a29d2ac641be9ed778c39d15af54 [term 1 FOLLOWER]: Advancing to term 2
I20260710 13:19:46.455005  6418 raft_consensus.cc:740] T 289e44112ef74f478966261c6723a929 P c3e05b7a2e2145ceb4a23a64cee0abf2 [term 1 LEADER]: Becoming Follower/Learner. State: Replica: c3e05b7a2e2145ceb4a23a64cee0abf2, State: Running, Role: LEADER
I20260710 13:19:46.455786  6418 consensus_queue.cc:260] T 289e44112ef74f478966261c6723a929 P c3e05b7a2e2145ceb4a23a64cee0abf2 [NON_LEADER]: Queue going to NON_LEADER mode. State: All replicated index: 0, Majority replicated index: 1, Committed index: 1, Last appended: 1.1, Last appended by leader: 1, Current term: 1, Majority size: -1, State: 0, Mode: NON_LEADER, active raft config: opid_index: -1 OBSOLETE_local: false peers { permanent_uuid: "c3e05b7a2e2145ceb4a23a64cee0abf2" member_type: VOTER last_known_addr { host: "127.5.170.1" port: 33325 } } peers { permanent_uuid: "d503a29d2ac641be9ed778c39d15af54" member_type: VOTER last_known_addr { host: "127.5.170.2" port: 40099 } } peers { permanent_uuid: "8fdb4fe0de794e1e8754157957e0bebd" member_type: VOTER last_known_addr { host: "127.5.170.3" port: 40541 } }
I20260710 13:19:46.457029  6418 raft_consensus.cc:3060] T 289e44112ef74f478966261c6723a929 P c3e05b7a2e2145ceb4a23a64cee0abf2 [term 1 FOLLOWER]: Advancing to term 2
I20260710 13:19:46.461717  6492 raft_consensus.cc:2468] T 289e44112ef74f478966261c6723a929 P d503a29d2ac641be9ed778c39d15af54 [term 2 FOLLOWER]: Leader election vote request: Granting yes vote for candidate 8fdb4fe0de794e1e8754157957e0bebd in term 2.
I20260710 13:19:46.463617  6418 raft_consensus.cc:2468] T 289e44112ef74f478966261c6723a929 P c3e05b7a2e2145ceb4a23a64cee0abf2 [term 2 FOLLOWER]: Leader election vote request: Granting yes vote for candidate 8fdb4fe0de794e1e8754157957e0bebd in term 2.
I20260710 13:19:46.463781  6531 leader_election.cc:304] T 289e44112ef74f478966261c6723a929 P 8fdb4fe0de794e1e8754157957e0bebd [CANDIDATE]: Term 2 election: Election decided. Result: candidate won. Election summary: received 2 responses out of 3 voters: 2 yes votes; 0 no votes. yes voters: 8fdb4fe0de794e1e8754157957e0bebd, d503a29d2ac641be9ed778c39d15af54; no voters: 
I20260710 13:19:46.464591  6702 raft_consensus.cc:2804] T 289e44112ef74f478966261c6723a929 P 8fdb4fe0de794e1e8754157957e0bebd [term 2 FOLLOWER]: Leader election won for term 2
I20260710 13:19:46.465889  6702 raft_consensus.cc:697] T 289e44112ef74f478966261c6723a929 P 8fdb4fe0de794e1e8754157957e0bebd [term 2 LEADER]: Becoming Leader. State: Replica: 8fdb4fe0de794e1e8754157957e0bebd, State: Running, Role: LEADER
I20260710 13:19:46.466676  6702 consensus_queue.cc:237] T 289e44112ef74f478966261c6723a929 P 8fdb4fe0de794e1e8754157957e0bebd [LEADER]: Queue going to LEADER mode. State: All replicated index: 0, Majority replicated index: 1, Committed index: 1, Last appended: 1.1, Last appended by leader: 1, Current term: 2, Majority size: 2, State: 0, Mode: LEADER, active raft config: opid_index: -1 OBSOLETE_local: false peers { permanent_uuid: "c3e05b7a2e2145ceb4a23a64cee0abf2" member_type: VOTER last_known_addr { host: "127.5.170.1" port: 33325 } } peers { permanent_uuid: "d503a29d2ac641be9ed778c39d15af54" member_type: VOTER last_known_addr { host: "127.5.170.2" port: 40099 } } peers { permanent_uuid: "8fdb4fe0de794e1e8754157957e0bebd" member_type: VOTER last_known_addr { host: "127.5.170.3" port: 40541 } }
I20260710 13:19:46.473278  6315 catalog_manager.cc:5697] T 289e44112ef74f478966261c6723a929 P 8fdb4fe0de794e1e8754157957e0bebd reported cstate change: term changed from 1 to 2, leader changed from c3e05b7a2e2145ceb4a23a64cee0abf2 (127.5.170.1) to 8fdb4fe0de794e1e8754157957e0bebd (127.5.170.3). New cstate: current_term: 2 leader_uuid: "8fdb4fe0de794e1e8754157957e0bebd" committed_config { opid_index: -1 OBSOLETE_local: false peers { permanent_uuid: "c3e05b7a2e2145ceb4a23a64cee0abf2" member_type: VOTER last_known_addr { host: "127.5.170.1" port: 33325 } health_report { overall_health: UNKNOWN } } peers { permanent_uuid: "d503a29d2ac641be9ed778c39d15af54" member_type: VOTER last_known_addr { host: "127.5.170.2" port: 40099 } health_report { overall_health: UNKNOWN } } peers { permanent_uuid: "8fdb4fe0de794e1e8754157957e0bebd" member_type: VOTER last_known_addr { host: "127.5.170.3" port: 40541 } health_report { overall_health: HEALTHY } } }
I20260710 13:19:46.506461  6707 raft_consensus.cc:993] T ad089337e6c341e399e20b471fc3d423 P c3e05b7a2e2145ceb4a23a64cee0abf2: : Instructing follower 8fdb4fe0de794e1e8754157957e0bebd to start an election
I20260710 13:19:46.506863  6649 raft_consensus.cc:1081] T ad089337e6c341e399e20b471fc3d423 P c3e05b7a2e2145ceb4a23a64cee0abf2 [term 2 LEADER]: Signalling peer 8fdb4fe0de794e1e8754157957e0bebd to start an election
I20260710 13:19:46.508194  6565 tablet_service.cc:2044] Received Run Leader Election RPC: tablet_id: "ad089337e6c341e399e20b471fc3d423"
dest_uuid: "8fdb4fe0de794e1e8754157957e0bebd"
 from {username='slave'} at 127.0.0.1:35402
I20260710 13:19:46.508745  6565 raft_consensus.cc:493] T ad089337e6c341e399e20b471fc3d423 P 8fdb4fe0de794e1e8754157957e0bebd [term 2 FOLLOWER]: Starting forced leader election (received explicit request)
I20260710 13:19:46.509052  6565 raft_consensus.cc:3060] T ad089337e6c341e399e20b471fc3d423 P 8fdb4fe0de794e1e8754157957e0bebd [term 2 FOLLOWER]: Advancing to term 3
I20260710 13:19:46.513454  6565 raft_consensus.cc:515] T ad089337e6c341e399e20b471fc3d423 P 8fdb4fe0de794e1e8754157957e0bebd [term 3 FOLLOWER]: Starting forced leader election with config: opid_index: -1 OBSOLETE_local: false peers { permanent_uuid: "c3e05b7a2e2145ceb4a23a64cee0abf2" member_type: VOTER last_known_addr { host: "127.5.170.1" port: 33325 } } peers { permanent_uuid: "d503a29d2ac641be9ed778c39d15af54" member_type: VOTER last_known_addr { host: "127.5.170.2" port: 40099 } } peers { permanent_uuid: "8fdb4fe0de794e1e8754157957e0bebd" member_type: VOTER last_known_addr { host: "127.5.170.3" port: 40541 } }
I20260710 13:19:46.515098  6565 leader_election.cc:290] T ad089337e6c341e399e20b471fc3d423 P 8fdb4fe0de794e1e8754157957e0bebd [CANDIDATE]: Term 3 election: Requested vote from peers c3e05b7a2e2145ceb4a23a64cee0abf2 (127.5.170.1:33325), d503a29d2ac641be9ed778c39d15af54 (127.5.170.2:40099)
I20260710 13:19:46.515812  6418 tablet_service.cc:1917] Received RequestConsensusVote() RPC: tablet_id: "ad089337e6c341e399e20b471fc3d423" candidate_uuid: "8fdb4fe0de794e1e8754157957e0bebd" candidate_term: 3 candidate_status { last_received { term: 2 index: 2 } } ignore_live_leader: true dest_uuid: "c3e05b7a2e2145ceb4a23a64cee0abf2"
I20260710 13:19:46.516218  6494 tablet_service.cc:1917] Received RequestConsensusVote() RPC: tablet_id: "ad089337e6c341e399e20b471fc3d423" candidate_uuid: "8fdb4fe0de794e1e8754157957e0bebd" candidate_term: 3 candidate_status { last_received { term: 2 index: 2 } } ignore_live_leader: true dest_uuid: "d503a29d2ac641be9ed778c39d15af54"
I20260710 13:19:46.516350  6418 raft_consensus.cc:3055] T ad089337e6c341e399e20b471fc3d423 P c3e05b7a2e2145ceb4a23a64cee0abf2 [term 2 LEADER]: Stepping down as leader of term 2
I20260710 13:19:46.516726  6494 raft_consensus.cc:3060] T ad089337e6c341e399e20b471fc3d423 P d503a29d2ac641be9ed778c39d15af54 [term 2 FOLLOWER]: Advancing to term 3
I20260710 13:19:46.516706  6418 raft_consensus.cc:740] T ad089337e6c341e399e20b471fc3d423 P c3e05b7a2e2145ceb4a23a64cee0abf2 [term 2 LEADER]: Becoming Follower/Learner. State: Replica: c3e05b7a2e2145ceb4a23a64cee0abf2, State: Running, Role: LEADER
I20260710 13:19:46.517560  6418 consensus_queue.cc:260] T ad089337e6c341e399e20b471fc3d423 P c3e05b7a2e2145ceb4a23a64cee0abf2 [NON_LEADER]: Queue going to NON_LEADER mode. State: All replicated index: 0, Majority replicated index: 2, Committed index: 2, Last appended: 2.2, Last appended by leader: 2, Current term: 2, Majority size: -1, State: 0, Mode: NON_LEADER, active raft config: opid_index: -1 OBSOLETE_local: false peers { permanent_uuid: "c3e05b7a2e2145ceb4a23a64cee0abf2" member_type: VOTER last_known_addr { host: "127.5.170.1" port: 33325 } } peers { permanent_uuid: "d503a29d2ac641be9ed778c39d15af54" member_type: VOTER last_known_addr { host: "127.5.170.2" port: 40099 } } peers { permanent_uuid: "8fdb4fe0de794e1e8754157957e0bebd" member_type: VOTER last_known_addr { host: "127.5.170.3" port: 40541 } }
I20260710 13:19:46.518417  6418 raft_consensus.cc:3060] T ad089337e6c341e399e20b471fc3d423 P c3e05b7a2e2145ceb4a23a64cee0abf2 [term 2 FOLLOWER]: Advancing to term 3
I20260710 13:19:46.521317  6494 raft_consensus.cc:2468] T ad089337e6c341e399e20b471fc3d423 P d503a29d2ac641be9ed778c39d15af54 [term 3 FOLLOWER]: Leader election vote request: Granting yes vote for candidate 8fdb4fe0de794e1e8754157957e0bebd in term 3.
I20260710 13:19:46.522241  6531 leader_election.cc:304] T ad089337e6c341e399e20b471fc3d423 P 8fdb4fe0de794e1e8754157957e0bebd [CANDIDATE]: Term 3 election: Election decided. Result: candidate won. Election summary: received 2 responses out of 3 voters: 2 yes votes; 0 no votes. yes voters: 8fdb4fe0de794e1e8754157957e0bebd, d503a29d2ac641be9ed778c39d15af54; no voters: 
I20260710 13:19:46.522840  6418 raft_consensus.cc:2468] T ad089337e6c341e399e20b471fc3d423 P c3e05b7a2e2145ceb4a23a64cee0abf2 [term 3 FOLLOWER]: Leader election vote request: Granting yes vote for candidate 8fdb4fe0de794e1e8754157957e0bebd in term 3.
I20260710 13:19:46.522997  6702 raft_consensus.cc:2804] T ad089337e6c341e399e20b471fc3d423 P 8fdb4fe0de794e1e8754157957e0bebd [term 3 FOLLOWER]: Leader election won for term 3
I20260710 13:19:46.523473  6702 raft_consensus.cc:697] T ad089337e6c341e399e20b471fc3d423 P 8fdb4fe0de794e1e8754157957e0bebd [term 3 LEADER]: Becoming Leader. State: Replica: 8fdb4fe0de794e1e8754157957e0bebd, State: Running, Role: LEADER
I20260710 13:19:46.524185  6702 consensus_queue.cc:237] T ad089337e6c341e399e20b471fc3d423 P 8fdb4fe0de794e1e8754157957e0bebd [LEADER]: Queue going to LEADER mode. State: All replicated index: 0, Majority replicated index: 2, Committed index: 2, Last appended: 2.2, Last appended by leader: 2, Current term: 3, Majority size: 2, State: 0, Mode: LEADER, active raft config: opid_index: -1 OBSOLETE_local: false peers { permanent_uuid: "c3e05b7a2e2145ceb4a23a64cee0abf2" member_type: VOTER last_known_addr { host: "127.5.170.1" port: 33325 } } peers { permanent_uuid: "d503a29d2ac641be9ed778c39d15af54" member_type: VOTER last_known_addr { host: "127.5.170.2" port: 40099 } } peers { permanent_uuid: "8fdb4fe0de794e1e8754157957e0bebd" member_type: VOTER last_known_addr { host: "127.5.170.3" port: 40541 } }
I20260710 13:19:46.530742  6314 catalog_manager.cc:5697] T ad089337e6c341e399e20b471fc3d423 P 8fdb4fe0de794e1e8754157957e0bebd reported cstate change: term changed from 2 to 3, leader changed from c3e05b7a2e2145ceb4a23a64cee0abf2 (127.5.170.1) to 8fdb4fe0de794e1e8754157957e0bebd (127.5.170.3). New cstate: current_term: 3 leader_uuid: "8fdb4fe0de794e1e8754157957e0bebd" committed_config { opid_index: -1 OBSOLETE_local: false peers { permanent_uuid: "c3e05b7a2e2145ceb4a23a64cee0abf2" member_type: VOTER last_known_addr { host: "127.5.170.1" port: 33325 } health_report { overall_health: UNKNOWN } } peers { permanent_uuid: "d503a29d2ac641be9ed778c39d15af54" member_type: VOTER last_known_addr { host: "127.5.170.2" port: 40099 } health_report { overall_health: UNKNOWN } } peers { permanent_uuid: "8fdb4fe0de794e1e8754157957e0bebd" member_type: VOTER last_known_addr { host: "127.5.170.3" port: 40541 } health_report { overall_health: HEALTHY } } }
I20260710 13:19:46.891263  6418 raft_consensus.cc:1275] T 289e44112ef74f478966261c6723a929 P c3e05b7a2e2145ceb4a23a64cee0abf2 [term 2 FOLLOWER]: Refusing update from remote peer 8fdb4fe0de794e1e8754157957e0bebd: Log matching property violated. Preceding OpId in replica: term: 1 index: 1. Preceding OpId from leader: term: 2 index: 2. (index mismatch)
I20260710 13:19:46.892406  6702 consensus_queue.cc:1048] T 289e44112ef74f478966261c6723a929 P 8fdb4fe0de794e1e8754157957e0bebd [LEADER]: Connected to new peer: Peer: permanent_uuid: "c3e05b7a2e2145ceb4a23a64cee0abf2" member_type: VOTER last_known_addr { host: "127.5.170.1" port: 33325 }, Status: LMP_MISMATCH, Last received: 0.0, Next index: 2, Last known committed idx: 1, Time since last communication: 0.000s
I20260710 13:19:46.903780  6494 raft_consensus.cc:1275] T 289e44112ef74f478966261c6723a929 P d503a29d2ac641be9ed778c39d15af54 [term 2 FOLLOWER]: Refusing update from remote peer 8fdb4fe0de794e1e8754157957e0bebd: Log matching property violated. Preceding OpId in replica: term: 1 index: 1. Preceding OpId from leader: term: 2 index: 2. (index mismatch)
I20260710 13:19:46.904991  6702 consensus_queue.cc:1048] T 289e44112ef74f478966261c6723a929 P 8fdb4fe0de794e1e8754157957e0bebd [LEADER]: Connected to new peer: Peer: permanent_uuid: "d503a29d2ac641be9ed778c39d15af54" member_type: VOTER last_known_addr { host: "127.5.170.2" port: 40099 }, Status: LMP_MISMATCH, Last received: 0.0, Next index: 2, Last known committed idx: 1, Time since last communication: 0.000s
I20260710 13:19:46.954118  6494 raft_consensus.cc:1275] T ad089337e6c341e399e20b471fc3d423 P d503a29d2ac641be9ed778c39d15af54 [term 3 FOLLOWER]: Refusing update from remote peer 8fdb4fe0de794e1e8754157957e0bebd: Log matching property violated. Preceding OpId in replica: term: 2 index: 2. Preceding OpId from leader: term: 3 index: 3. (index mismatch)
I20260710 13:19:46.955240  6702 consensus_queue.cc:1048] T ad089337e6c341e399e20b471fc3d423 P 8fdb4fe0de794e1e8754157957e0bebd [LEADER]: Connected to new peer: Peer: permanent_uuid: "d503a29d2ac641be9ed778c39d15af54" member_type: VOTER last_known_addr { host: "127.5.170.2" port: 40099 }, Status: LMP_MISMATCH, Last received: 0.0, Next index: 3, Last known committed idx: 2, Time since last communication: 0.000s
I20260710 13:19:46.963212  6418 raft_consensus.cc:1275] T ad089337e6c341e399e20b471fc3d423 P c3e05b7a2e2145ceb4a23a64cee0abf2 [term 3 FOLLOWER]: Refusing update from remote peer 8fdb4fe0de794e1e8754157957e0bebd: Log matching property violated. Preceding OpId in replica: term: 2 index: 2. Preceding OpId from leader: term: 3 index: 3. (index mismatch)
I20260710 13:19:46.965533  6702 consensus_queue.cc:1048] T ad089337e6c341e399e20b471fc3d423 P 8fdb4fe0de794e1e8754157957e0bebd [LEADER]: Connected to new peer: Peer: permanent_uuid: "c3e05b7a2e2145ceb4a23a64cee0abf2" member_type: VOTER last_known_addr { host: "127.5.170.1" port: 33325 }, Status: LMP_MISMATCH, Last received: 0.0, Next index: 3, Last known committed idx: 2, Time since last communication: 0.000s
I20260710 13:19:47.341943  5800 auto_leader_rebalancer.cc:141] leader rebalance for table test-workload
I20260710 13:19:47.367604  6565 tablet_service.cc:2072] Received LeaderStepDown RPC: tablet_id: "289e44112ef74f478966261c6723a929"
dest_uuid: "8fdb4fe0de794e1e8754157957e0bebd"
mode: GRACEFUL
new_leader_uuid: "c3e05b7a2e2145ceb4a23a64cee0abf2"
 from {username='slave'} at 127.0.0.1:35428
I20260710 13:19:47.368108  6565 raft_consensus.cc:606] T 289e44112ef74f478966261c6723a929 P 8fdb4fe0de794e1e8754157957e0bebd [term 2 LEADER]: Received request to transfer leadership to TS c3e05b7a2e2145ceb4a23a64cee0abf2
I20260710 13:19:47.378868  6565 tablet_service.cc:2072] Received LeaderStepDown RPC: tablet_id: "ad089337e6c341e399e20b471fc3d423"
dest_uuid: "8fdb4fe0de794e1e8754157957e0bebd"
mode: GRACEFUL
new_leader_uuid: "c3e05b7a2e2145ceb4a23a64cee0abf2"
 from {username='slave'} at 127.0.0.1:35428
I20260710 13:19:47.379387  6565 raft_consensus.cc:606] T ad089337e6c341e399e20b471fc3d423 P 8fdb4fe0de794e1e8754157957e0bebd [term 3 LEADER]: Received request to transfer leadership to TS c3e05b7a2e2145ceb4a23a64cee0abf2
I20260710 13:19:47.384402  6494 tablet_service.cc:2072] Received LeaderStepDown RPC: tablet_id: "cf0883635b594ec3991dc57353649605"
dest_uuid: "d503a29d2ac641be9ed778c39d15af54"
mode: GRACEFUL
new_leader_uuid: "c3e05b7a2e2145ceb4a23a64cee0abf2"
 from {username='slave'} at 127.0.0.1:56636
I20260710 13:19:47.384968  6494 raft_consensus.cc:606] T cf0883635b594ec3991dc57353649605 P d503a29d2ac641be9ed778c39d15af54 [term 2 LEADER]: Received request to transfer leadership to TS c3e05b7a2e2145ceb4a23a64cee0abf2
I20260710 13:19:47.389961  6494 tablet_service.cc:2072] Received LeaderStepDown RPC: tablet_id: "5df0823769424753b674039dc34e6124"
dest_uuid: "d503a29d2ac641be9ed778c39d15af54"
mode: GRACEFUL
new_leader_uuid: "c3e05b7a2e2145ceb4a23a64cee0abf2"
 from {username='slave'} at 127.0.0.1:56636
I20260710 13:19:47.390470  6494 raft_consensus.cc:606] T 5df0823769424753b674039dc34e6124 P d503a29d2ac641be9ed778c39d15af54 [term 1 LEADER]: Received request to transfer leadership to TS c3e05b7a2e2145ceb4a23a64cee0abf2
I20260710 13:19:47.395371  6494 tablet_service.cc:2072] Received LeaderStepDown RPC: tablet_id: "5d5795df0f54455899b6a9d8e123c77a"
dest_uuid: "d503a29d2ac641be9ed778c39d15af54"
mode: GRACEFUL
new_leader_uuid: "c3e05b7a2e2145ceb4a23a64cee0abf2"
 from {username='slave'} at 127.0.0.1:56636
I20260710 13:19:47.396008  6494 raft_consensus.cc:606] T 5d5795df0f54455899b6a9d8e123c77a P d503a29d2ac641be9ed778c39d15af54 [term 1 LEADER]: Received request to transfer leadership to TS c3e05b7a2e2145ceb4a23a64cee0abf2
I20260710 13:19:47.414677  6709 raft_consensus.cc:993] T ad089337e6c341e399e20b471fc3d423 P 8fdb4fe0de794e1e8754157957e0bebd: : Instructing follower c3e05b7a2e2145ceb4a23a64cee0abf2 to start an election
I20260710 13:19:47.415151  6708 raft_consensus.cc:1081] T ad089337e6c341e399e20b471fc3d423 P 8fdb4fe0de794e1e8754157957e0bebd [term 3 LEADER]: Signalling peer c3e05b7a2e2145ceb4a23a64cee0abf2 to start an election
I20260710 13:19:47.416836  6418 tablet_service.cc:2044] Received Run Leader Election RPC: tablet_id: "ad089337e6c341e399e20b471fc3d423"
dest_uuid: "c3e05b7a2e2145ceb4a23a64cee0abf2"
 from {username='slave'} at 127.0.0.1:36922
I20260710 13:19:47.417308  6418 raft_consensus.cc:493] T ad089337e6c341e399e20b471fc3d423 P c3e05b7a2e2145ceb4a23a64cee0abf2 [term 3 FOLLOWER]: Starting forced leader election (received explicit request)
I20260710 13:19:47.417661  6418 raft_consensus.cc:3060] T ad089337e6c341e399e20b471fc3d423 P c3e05b7a2e2145ceb4a23a64cee0abf2 [term 3 FOLLOWER]: Advancing to term 4
I20260710 13:19:47.421555  6418 raft_consensus.cc:515] T ad089337e6c341e399e20b471fc3d423 P c3e05b7a2e2145ceb4a23a64cee0abf2 [term 4 FOLLOWER]: Starting forced leader election with config: opid_index: -1 OBSOLETE_local: false peers { permanent_uuid: "c3e05b7a2e2145ceb4a23a64cee0abf2" member_type: VOTER last_known_addr { host: "127.5.170.1" port: 33325 } } peers { permanent_uuid: "d503a29d2ac641be9ed778c39d15af54" member_type: VOTER last_known_addr { host: "127.5.170.2" port: 40099 } } peers { permanent_uuid: "8fdb4fe0de794e1e8754157957e0bebd" member_type: VOTER last_known_addr { host: "127.5.170.3" port: 40541 } }
I20260710 13:19:47.423004  6418 leader_election.cc:290] T ad089337e6c341e399e20b471fc3d423 P c3e05b7a2e2145ceb4a23a64cee0abf2 [CANDIDATE]: Term 4 election: Requested vote from peers d503a29d2ac641be9ed778c39d15af54 (127.5.170.2:40099), 8fdb4fe0de794e1e8754157957e0bebd (127.5.170.3:40541)
I20260710 13:19:47.423940  6494 tablet_service.cc:1917] Received RequestConsensusVote() RPC: tablet_id: "ad089337e6c341e399e20b471fc3d423" candidate_uuid: "c3e05b7a2e2145ceb4a23a64cee0abf2" candidate_term: 4 candidate_status { last_received { term: 3 index: 3 } } ignore_live_leader: true dest_uuid: "d503a29d2ac641be9ed778c39d15af54"
I20260710 13:19:47.424546  6494 raft_consensus.cc:3060] T ad089337e6c341e399e20b471fc3d423 P d503a29d2ac641be9ed778c39d15af54 [term 3 FOLLOWER]: Advancing to term 4
I20260710 13:19:47.425877  6565 tablet_service.cc:1917] Received RequestConsensusVote() RPC: tablet_id: "ad089337e6c341e399e20b471fc3d423" candidate_uuid: "c3e05b7a2e2145ceb4a23a64cee0abf2" candidate_term: 4 candidate_status { last_received { term: 3 index: 3 } } ignore_live_leader: true dest_uuid: "8fdb4fe0de794e1e8754157957e0bebd"
I20260710 13:19:47.426718  6565 raft_consensus.cc:3055] T ad089337e6c341e399e20b471fc3d423 P 8fdb4fe0de794e1e8754157957e0bebd [term 3 LEADER]: Stepping down as leader of term 3
I20260710 13:19:47.427078  6565 raft_consensus.cc:740] T ad089337e6c341e399e20b471fc3d423 P 8fdb4fe0de794e1e8754157957e0bebd [term 3 LEADER]: Becoming Follower/Learner. State: Replica: 8fdb4fe0de794e1e8754157957e0bebd, State: Running, Role: LEADER
I20260710 13:19:47.427942  6565 consensus_queue.cc:260] T ad089337e6c341e399e20b471fc3d423 P 8fdb4fe0de794e1e8754157957e0bebd [NON_LEADER]: Queue going to NON_LEADER mode. State: All replicated index: 0, Majority replicated index: 3, Committed index: 3, Last appended: 3.3, Last appended by leader: 3, Current term: 3, Majority size: -1, State: 0, Mode: NON_LEADER, active raft config: opid_index: -1 OBSOLETE_local: false peers { permanent_uuid: "c3e05b7a2e2145ceb4a23a64cee0abf2" member_type: VOTER last_known_addr { host: "127.5.170.1" port: 33325 } } peers { permanent_uuid: "d503a29d2ac641be9ed778c39d15af54" member_type: VOTER last_known_addr { host: "127.5.170.2" port: 40099 } } peers { permanent_uuid: "8fdb4fe0de794e1e8754157957e0bebd" member_type: VOTER last_known_addr { host: "127.5.170.3" port: 40541 } }
I20260710 13:19:47.428485  6709 raft_consensus.cc:993] T 289e44112ef74f478966261c6723a929 P 8fdb4fe0de794e1e8754157957e0bebd: : Instructing follower c3e05b7a2e2145ceb4a23a64cee0abf2 to start an election
I20260710 13:19:47.428985  6708 raft_consensus.cc:1081] T 289e44112ef74f478966261c6723a929 P 8fdb4fe0de794e1e8754157957e0bebd [term 2 LEADER]: Signalling peer c3e05b7a2e2145ceb4a23a64cee0abf2 to start an election
I20260710 13:19:47.429086  6565 raft_consensus.cc:3060] T ad089337e6c341e399e20b471fc3d423 P 8fdb4fe0de794e1e8754157957e0bebd [term 3 FOLLOWER]: Advancing to term 4
I20260710 13:19:47.430600  6418 tablet_service.cc:2044] Received Run Leader Election RPC: tablet_id: "289e44112ef74f478966261c6723a929"
dest_uuid: "c3e05b7a2e2145ceb4a23a64cee0abf2"
 from {username='slave'} at 127.0.0.1:36922
I20260710 13:19:47.430868  6494 raft_consensus.cc:2468] T ad089337e6c341e399e20b471fc3d423 P d503a29d2ac641be9ed778c39d15af54 [term 4 FOLLOWER]: Leader election vote request: Granting yes vote for candidate c3e05b7a2e2145ceb4a23a64cee0abf2 in term 4.
I20260710 13:19:47.431100  6418 raft_consensus.cc:493] T 289e44112ef74f478966261c6723a929 P c3e05b7a2e2145ceb4a23a64cee0abf2 [term 2 FOLLOWER]: Starting forced leader election (received explicit request)
I20260710 13:19:47.431520  6492 raft_consensus.cc:1240] T ad089337e6c341e399e20b471fc3d423 P d503a29d2ac641be9ed778c39d15af54 [term 4 FOLLOWER]: Rejecting Update request from peer 8fdb4fe0de794e1e8754157957e0bebd for earlier term 3. Current term is 4. Ops: []
I20260710 13:19:47.431520  6418 raft_consensus.cc:3060] T 289e44112ef74f478966261c6723a929 P c3e05b7a2e2145ceb4a23a64cee0abf2 [term 2 FOLLOWER]: Advancing to term 3
I20260710 13:19:47.433331  6382 leader_election.cc:304] T ad089337e6c341e399e20b471fc3d423 P c3e05b7a2e2145ceb4a23a64cee0abf2 [CANDIDATE]: Term 4 election: Election decided. Result: candidate won. Election summary: received 2 responses out of 3 voters: 2 yes votes; 0 no votes. yes voters: c3e05b7a2e2145ceb4a23a64cee0abf2, d503a29d2ac641be9ed778c39d15af54; no voters: 
I20260710 13:19:47.434211  6649 raft_consensus.cc:2804] T ad089337e6c341e399e20b471fc3d423 P c3e05b7a2e2145ceb4a23a64cee0abf2 [term 4 FOLLOWER]: Leader election won for term 4
I20260710 13:19:47.439886  6649 raft_consensus.cc:697] T ad089337e6c341e399e20b471fc3d423 P c3e05b7a2e2145ceb4a23a64cee0abf2 [term 4 LEADER]: Becoming Leader. State: Replica: c3e05b7a2e2145ceb4a23a64cee0abf2, State: Running, Role: LEADER
I20260710 13:19:47.441412  6565 raft_consensus.cc:2468] T ad089337e6c341e399e20b471fc3d423 P 8fdb4fe0de794e1e8754157957e0bebd [term 4 FOLLOWER]: Leader election vote request: Granting yes vote for candidate c3e05b7a2e2145ceb4a23a64cee0abf2 in term 4.
I20260710 13:19:47.441303  6649 consensus_queue.cc:237] T ad089337e6c341e399e20b471fc3d423 P c3e05b7a2e2145ceb4a23a64cee0abf2 [LEADER]: Queue going to LEADER mode. State: All replicated index: 0, Majority replicated index: 3, Committed index: 3, Last appended: 3.3, Last appended by leader: 3, Current term: 4, Majority size: 2, State: 0, Mode: LEADER, active raft config: opid_index: -1 OBSOLETE_local: false peers { permanent_uuid: "c3e05b7a2e2145ceb4a23a64cee0abf2" member_type: VOTER last_known_addr { host: "127.5.170.1" port: 33325 } } peers { permanent_uuid: "d503a29d2ac641be9ed778c39d15af54" member_type: VOTER last_known_addr { host: "127.5.170.2" port: 40099 } } peers { permanent_uuid: "8fdb4fe0de794e1e8754157957e0bebd" member_type: VOTER last_known_addr { host: "127.5.170.3" port: 40541 } }
