I20260710 13:19:52.042886 12280 raft_consensus.cc:3060] T 54ea8813c09e419dac1f40143b0e2939 P f92386c7d53d4b7799727e99a7bc193f [term 0 FOLLOWER]: Advancing to term 1
I20260710 13:19:52.043744 12428 tablet_service.cc:1917] Received RequestConsensusVote() RPC: tablet_id: "54ea8813c09e419dac1f40143b0e2939" candidate_uuid: "3821755bed7343bc9714f00100913352" candidate_term: 1 candidate_status { last_received { term: 0 index: 0 } } ignore_live_leader: false dest_uuid: "2713226fb2d04480a3392fc05c15c42a"
I20260710 13:19:52.044447 12428 raft_consensus.cc:3060] T 54ea8813c09e419dac1f40143b0e2939 P 2713226fb2d04480a3392fc05c15c42a [term 0 FOLLOWER]: Advancing to term 1
I20260710 13:19:52.036749 12279 tablet_service.cc:1917] Received RequestConsensusVote() RPC: tablet_id: "3630ff41ca3c43a48496c08e2a584bbc" candidate_uuid: "3821755bed7343bc9714f00100913352" candidate_term: 1 candidate_status { last_received { term: 0 index: 0 } } ignore_live_leader: false dest_uuid: "f92386c7d53d4b7799727e99a7bc193f" is_pre_election: true
I20260710 13:19:52.061480 12278 raft_consensus.cc:3060] T 83241cda72e6438798d0eed5e59d237e P f92386c7d53d4b7799727e99a7bc193f [term 0 FOLLOWER]: Advancing to term 1
I20260710 13:19:52.062474 12471 tablet_bootstrap.cc:492] T 9bb5c22059f7466e97f1f612547b89f4 P f92386c7d53d4b7799727e99a7bc193f: No bootstrap required, opened a new log
I20260710 13:19:52.062912 12471 ts_tablet_manager.cc:1403] T 9bb5c22059f7466e97f1f612547b89f4 P f92386c7d53d4b7799727e99a7bc193f: Time spent bootstrapping tablet: real 0.207s	user 0.028s	sys 0.007s
I20260710 13:19:52.055796 12431 tablet_service.cc:1917] Received RequestConsensusVote() RPC: tablet_id: "3630ff41ca3c43a48496c08e2a584bbc" candidate_uuid: "3821755bed7343bc9714f00100913352" candidate_term: 1 candidate_status { last_received { term: 0 index: 0 } } ignore_live_leader: false dest_uuid: "2713226fb2d04480a3392fc05c15c42a" is_pre_election: true
I20260710 13:19:52.077813 12280 raft_consensus.cc:2468] T 54ea8813c09e419dac1f40143b0e2939 P f92386c7d53d4b7799727e99a7bc193f [term 1 FOLLOWER]: Leader election vote request: Granting yes vote for candidate 3821755bed7343bc9714f00100913352 in term 1.
I20260710 13:19:52.078676 12355 tablet_service.cc:1917] Received RequestConsensusVote() RPC: tablet_id: "e274a51e0e19418ca39c3984f26494ee" candidate_uuid: "f92386c7d53d4b7799727e99a7bc193f" candidate_term: 1 candidate_status { last_received { term: 0 index: 0 } } ignore_live_leader: false dest_uuid: "3821755bed7343bc9714f00100913352" is_pre_election: true
I20260710 13:19:52.111045 12357 tablet_service.cc:1917] Received RequestConsensusVote() RPC: tablet_id: "83241cda72e6438798d0eed5e59d237e" candidate_uuid: "f92386c7d53d4b7799727e99a7bc193f" candidate_term: 1 candidate_status { last_received { term: 0 index: 0 } } ignore_live_leader: false dest_uuid: "3821755bed7343bc9714f00100913352" is_pre_election: true
I20260710 13:19:52.112138 12471 raft_consensus.cc:359] T 9bb5c22059f7466e97f1f612547b89f4 P f92386c7d53d4b7799727e99a7bc193f [term 0 FOLLOWER]: Replica starting. Triggering 0 pending ops. Active config: opid_index: -1 OBSOLETE_local: false peers { permanent_uuid: "f92386c7d53d4b7799727e99a7bc193f" member_type: VOTER last_known_addr { host: "127.10.233.65" port: 36889 } } peers { permanent_uuid: "3821755bed7343bc9714f00100913352" member_type: VOTER last_known_addr { host: "127.10.233.66" port: 43799 } } peers { permanent_uuid: "2713226fb2d04480a3392fc05c15c42a" member_type: VOTER last_known_addr { host: "127.10.233.67" port: 33809 } }
W20260710 13:19:52.112494 12247 leader_election.cc:343] T e274a51e0e19418ca39c3984f26494ee P f92386c7d53d4b7799727e99a7bc193f [CANDIDATE]: Term 1 pre-election: Tablet error from VoteRequest() call to peer 3821755bed7343bc9714f00100913352 (127.10.233.66:43799): Illegal state: must be running to vote when last-logged opid is not known
I20260710 13:19:52.112859 12471 raft_consensus.cc:385] T 9bb5c22059f7466e97f1f612547b89f4 P f92386c7d53d4b7799727e99a7bc193f [term 0 FOLLOWER]: Consensus starting up: Expiring failure detector timer to make a prompt election more likely
I20260710 13:19:52.113142 12471 raft_consensus.cc:740] T 9bb5c22059f7466e97f1f612547b89f4 P f92386c7d53d4b7799727e99a7bc193f [term 0 FOLLOWER]: Becoming Follower/Learner. State: Replica: f92386c7d53d4b7799727e99a7bc193f, State: Initialized, Role: FOLLOWER
I20260710 13:19:52.112171 12509 consensus_queue.cc:1048] T f4bcded2cab04ea8a1311113f8f0b660 P f92386c7d53d4b7799727e99a7bc193f [LEADER]: Connected to new peer: Peer: permanent_uuid: "2713226fb2d04480a3392fc05c15c42a" member_type: VOTER last_known_addr { host: "127.10.233.67" port: 33809 }, Status: LMP_MISMATCH, Last received: 0.0, Next index: 1, Last known committed idx: 0, Time since last communication: 0.001s
I20260710 13:19:52.118780 12471 consensus_queue.cc:260] T 9bb5c22059f7466e97f1f612547b89f4 P f92386c7d53d4b7799727e99a7bc193f [NON_LEADER]: Queue going to NON_LEADER mode. State: All replicated index: 0, Majority replicated index: 0, Committed index: 0, Last appended: 0.0, Last appended by leader: 0, Current term: 0, Majority size: -1, State: 0, Mode: NON_LEADER, active raft config: opid_index: -1 OBSOLETE_local: false peers { permanent_uuid: "f92386c7d53d4b7799727e99a7bc193f" member_type: VOTER last_known_addr { host: "127.10.233.65" port: 36889 } } peers { permanent_uuid: "3821755bed7343bc9714f00100913352" member_type: VOTER last_known_addr { host: "127.10.233.66" port: 43799 } } peers { permanent_uuid: "2713226fb2d04480a3392fc05c15c42a" member_type: VOTER last_known_addr { host: "127.10.233.67" port: 33809 } }
I20260710 13:19:52.125389 12569 consensus_queue.cc:1048] T 83241cda72e6438798d0eed5e59d237e P 3821755bed7343bc9714f00100913352 [LEADER]: Connected to new peer: Peer: permanent_uuid: "2713226fb2d04480a3392fc05c15c42a" member_type: VOTER last_known_addr { host: "127.10.233.67" port: 33809 }, Status: LMP_MISMATCH, Last received: 0.0, Next index: 1, Last known committed idx: 0, Time since last communication: 0.007s
W20260710 13:19:52.112725 12322 leader_election.cc:343] T 3630ff41ca3c43a48496c08e2a584bbc P 3821755bed7343bc9714f00100913352 [CANDIDATE]: Term 1 pre-election: Tablet error from VoteRequest() call to peer 2713226fb2d04480a3392fc05c15c42a (127.10.233.67:33809): Illegal state: must be running to vote when last-logged opid is not known
I20260710 13:19:52.139585 12471 ts_tablet_manager.cc:1434] T 9bb5c22059f7466e97f1f612547b89f4 P f92386c7d53d4b7799727e99a7bc193f: Time spent starting tablet: real 0.076s	user 0.004s	sys 0.005s
I20260710 13:19:52.140141 12508 raft_consensus.cc:493] T 6d6b44ea26c04100a42d7f538ec33b54 P f92386c7d53d4b7799727e99a7bc193f [term 0 FOLLOWER]: Starting pre-election (no leader contacted us within the election timeout)
I20260710 13:19:52.140714 12508 raft_consensus.cc:515] T 6d6b44ea26c04100a42d7f538ec33b54 P f92386c7d53d4b7799727e99a7bc193f [term 0 FOLLOWER]: Starting pre-election with config: opid_index: -1 OBSOLETE_local: false peers { permanent_uuid: "f92386c7d53d4b7799727e99a7bc193f" member_type: VOTER last_known_addr { host: "127.10.233.65" port: 36889 } } peers { permanent_uuid: "3821755bed7343bc9714f00100913352" member_type: VOTER last_known_addr { host: "127.10.233.66" port: 43799 } } peers { permanent_uuid: "2713226fb2d04480a3392fc05c15c42a" member_type: VOTER last_known_addr { host: "127.10.233.67" port: 33809 } }
I20260710 13:19:52.142634 12508 leader_election.cc:290] T 6d6b44ea26c04100a42d7f538ec33b54 P f92386c7d53d4b7799727e99a7bc193f [CANDIDATE]: Term 1 pre-election: Requested pre-vote from peers 3821755bed7343bc9714f00100913352 (127.10.233.66:43799), 2713226fb2d04480a3392fc05c15c42a (127.10.233.67:33809)
I20260710 13:19:52.143349 12470 tablet_bootstrap.cc:492] T 36322f8a4d344582a29d40dc674dfd0d P 3821755bed7343bc9714f00100913352: No bootstrap required, opened a new log
I20260710 13:19:52.143805 12470 ts_tablet_manager.cc:1403] T 36322f8a4d344582a29d40dc674dfd0d P 3821755bed7343bc9714f00100913352: Time spent bootstrapping tablet: real 0.278s	user 0.024s	sys 0.005s
I20260710 13:19:52.124650 12355 tablet_service.cc:1917] Received RequestConsensusVote() RPC: tablet_id: "e3453f6d0027487f9a68f7723f32a12b" candidate_uuid: "f92386c7d53d4b7799727e99a7bc193f" candidate_term: 1 candidate_status { last_received { term: 0 index: 0 } } ignore_live_leader: false dest_uuid: "3821755bed7343bc9714f00100913352" is_pre_election: true
I20260710 13:19:52.145942 12427 tablet_service.cc:1917] Received RequestConsensusVote() RPC: tablet_id: "6d6b44ea26c04100a42d7f538ec33b54" candidate_uuid: "f92386c7d53d4b7799727e99a7bc193f" candidate_term: 1 candidate_status { last_received { term: 0 index: 0 } } ignore_live_leader: false dest_uuid: "2713226fb2d04480a3392fc05c15c42a" is_pre_election: true
I20260710 13:19:52.134205 12521 raft_consensus.cc:493] T 6d6b44ea26c04100a42d7f538ec33b54 P 3821755bed7343bc9714f00100913352 [term 0 FOLLOWER]: Starting pre-election (no leader contacted us within the election timeout)
W20260710 13:19:52.149744 12322 leader_election.cc:343] T 3630ff41ca3c43a48496c08e2a584bbc P 3821755bed7343bc9714f00100913352 [CANDIDATE]: Term 1 pre-election: Tablet error from VoteRequest() call to peer f92386c7d53d4b7799727e99a7bc193f (127.10.233.65:36889): Illegal state: must be running to vote when last-logged opid is not known
I20260710 13:19:52.150146 12322 leader_election.cc:304] T 3630ff41ca3c43a48496c08e2a584bbc P 3821755bed7343bc9714f00100913352 [CANDIDATE]: Term 1 pre-election: Election decided. Result: candidate lost. Election summary: received 3 responses out of 3 voters: 1 yes votes; 2 no votes. yes voters: 3821755bed7343bc9714f00100913352; no voters: 2713226fb2d04480a3392fc05c15c42a, f92386c7d53d4b7799727e99a7bc193f
I20260710 13:19:52.118984 12354 tablet_service.cc:1917] Received RequestConsensusVote() RPC: tablet_id: "143118b8a39443b68bfbc25963246af4" candidate_uuid: "f92386c7d53d4b7799727e99a7bc193f" candidate_term: 1 candidate_status { last_received { term: 0 index: 0 } } ignore_live_leader: false dest_uuid: "3821755bed7343bc9714f00100913352"
I20260710 13:19:52.140220 12353 tablet_service.cc:1917] Received RequestConsensusVote() RPC: tablet_id: "e274a51e0e19418ca39c3984f26494ee" candidate_uuid: "f92386c7d53d4b7799727e99a7bc193f" candidate_term: 1 candidate_status { last_received { term: 0 index: 0 } } ignore_live_leader: false dest_uuid: "3821755bed7343bc9714f00100913352"
I20260710 13:19:52.161754 12521 raft_consensus.cc:515] T 6d6b44ea26c04100a42d7f538ec33b54 P 3821755bed7343bc9714f00100913352 [term 0 FOLLOWER]: Starting pre-election with config: opid_index: -1 OBSOLETE_local: false peers { permanent_uuid: "f92386c7d53d4b7799727e99a7bc193f" member_type: VOTER last_known_addr { host: "127.10.233.65" port: 36889 } } peers { permanent_uuid: "3821755bed7343bc9714f00100913352" member_type: VOTER last_known_addr { host: "127.10.233.66" port: 43799 } } peers { permanent_uuid: "2713226fb2d04480a3392fc05c15c42a" member_type: VOTER last_known_addr { host: "127.10.233.67" port: 33809 } }
I20260710 13:19:52.178211 12521 leader_election.cc:290] T 6d6b44ea26c04100a42d7f538ec33b54 P 3821755bed7343bc9714f00100913352 [CANDIDATE]: Term 1 pre-election: Requested pre-vote from peers f92386c7d53d4b7799727e99a7bc193f (127.10.233.65:36889), 2713226fb2d04480a3392fc05c15c42a (127.10.233.67:33809)
W20260710 13:19:52.178645 12247 leader_election.cc:343] T 6d6b44ea26c04100a42d7f538ec33b54 P f92386c7d53d4b7799727e99a7bc193f [CANDIDATE]: Term 1 pre-election: Tablet error from VoteRequest() call to peer 2713226fb2d04480a3392fc05c15c42a (127.10.233.67:33809): Illegal state: must be running to vote when last-logged opid is not known
I20260710 13:19:52.161511 12477 raft_consensus.cc:2749] T 3630ff41ca3c43a48496c08e2a584bbc P 3821755bed7343bc9714f00100913352 [term 0 FOLLOWER]: Leader pre-election lost for term 1. Reason: could not achieve majority
I20260710 13:19:52.182214 12428 raft_consensus.cc:2468] T 54ea8813c09e419dac1f40143b0e2939 P 2713226fb2d04480a3392fc05c15c42a [term 1 FOLLOWER]: Leader election vote request: Granting yes vote for candidate 3821755bed7343bc9714f00100913352 in term 1.
I20260710 13:19:52.146318 12176 catalog_manager.cc:5697] T 9bb5c22059f7466e97f1f612547b89f4 P 2713226fb2d04480a3392fc05c15c42a reported cstate change: term changed from 0 to 1, leader changed from <none> to 2713226fb2d04480a3392fc05c15c42a (127.10.233.67). New cstate: current_term: 1 leader_uuid: "2713226fb2d04480a3392fc05c15c42a" committed_config { opid_index: -1 OBSOLETE_local: false peers { permanent_uuid: "f92386c7d53d4b7799727e99a7bc193f" member_type: VOTER last_known_addr { host: "127.10.233.65" port: 36889 } health_report { overall_health: UNKNOWN } } peers { permanent_uuid: "3821755bed7343bc9714f00100913352" member_type: VOTER last_known_addr { host: "127.10.233.66" port: 43799 } health_report { overall_health: UNKNOWN } } peers { permanent_uuid: "2713226fb2d04480a3392fc05c15c42a" member_type: VOTER last_known_addr { host: "127.10.233.67" port: 33809 } health_report { overall_health: HEALTHY } } }
I20260710 13:19:52.184659 12518 raft_consensus.cc:493] T 0c9994b111954beca122e126205e2912 P 2713226fb2d04480a3392fc05c15c42a [term 0 FOLLOWER]: Starting pre-election (no leader contacted us within the election timeout)
I20260710 13:19:52.185242 12518 raft_consensus.cc:515] T 0c9994b111954beca122e126205e2912 P 2713226fb2d04480a3392fc05c15c42a [term 0 FOLLOWER]: Starting pre-election with config: opid_index: -1 OBSOLETE_local: false peers { permanent_uuid: "f92386c7d53d4b7799727e99a7bc193f" member_type: VOTER last_known_addr { host: "127.10.233.65" port: 36889 } } peers { permanent_uuid: "3821755bed7343bc9714f00100913352" member_type: VOTER last_known_addr { host: "127.10.233.66" port: 43799 } } peers { permanent_uuid: "2713226fb2d04480a3392fc05c15c42a" member_type: VOTER last_known_addr { host: "127.10.233.67" port: 33809 } }
I20260710 13:19:52.187053 12354 raft_consensus.cc:3060] T 143118b8a39443b68bfbc25963246af4 P 3821755bed7343bc9714f00100913352 [term 0 FOLLOWER]: Advancing to term 1
I20260710 13:19:52.149540 12355 raft_consensus.cc:2468] T e3453f6d0027487f9a68f7723f32a12b P 3821755bed7343bc9714f00100913352 [term 0 FOLLOWER]: Leader pre-election vote request: Granting yes vote for candidate f92386c7d53d4b7799727e99a7bc193f in term 0.
I20260710 13:19:52.149289 12569 consensus_queue.cc:1048] T f0c1de6e101a4b03a07885fccdbd62cd P 3821755bed7343bc9714f00100913352 [LEADER]: Connected to new peer: Peer: permanent_uuid: "f92386c7d53d4b7799727e99a7bc193f" member_type: VOTER last_known_addr { host: "127.10.233.65" port: 36889 }, Status: LMP_MISMATCH, Last received: 0.0, Next index: 1, Last known committed idx: 0, Time since last communication: 0.042s
I20260710 13:19:52.192401 12518 leader_election.cc:290] T 0c9994b111954beca122e126205e2912 P 2713226fb2d04480a3392fc05c15c42a [CANDIDATE]: Term 1 pre-election: Requested pre-vote from peers f92386c7d53d4b7799727e99a7bc193f (127.10.233.65:36889), 3821755bed7343bc9714f00100913352 (127.10.233.66:43799)
I20260710 13:19:52.194990 12470 raft_consensus.cc:359] T 36322f8a4d344582a29d40dc674dfd0d P 3821755bed7343bc9714f00100913352 [term 0 FOLLOWER]: Replica starting. Triggering 0 pending ops. Active config: opid_index: -1 OBSOLETE_local: false peers { permanent_uuid: "f92386c7d53d4b7799727e99a7bc193f" member_type: VOTER last_known_addr { host: "127.10.233.65" port: 36889 } } peers { permanent_uuid: "3821755bed7343bc9714f00100913352" member_type: VOTER last_known_addr { host: "127.10.233.66" port: 43799 } } peers { permanent_uuid: "2713226fb2d04480a3392fc05c15c42a" member_type: VOTER last_known_addr { host: "127.10.233.67" port: 33809 } }
I20260710 13:19:52.195670 12470 raft_consensus.cc:385] T 36322f8a4d344582a29d40dc674dfd0d P 3821755bed7343bc9714f00100913352 [term 0 FOLLOWER]: Consensus starting up: Expiring failure detector timer to make a prompt election more likely
I20260710 13:19:52.195943 12470 raft_consensus.cc:740] T 36322f8a4d344582a29d40dc674dfd0d P 3821755bed7343bc9714f00100913352 [term 0 FOLLOWER]: Becoming Follower/Learner. State: Replica: 3821755bed7343bc9714f00100913352, State: Initialized, Role: FOLLOWER
I20260710 13:19:52.196607 12355 tablet_service.cc:1917] Received RequestConsensusVote() RPC: tablet_id: "0c9994b111954beca122e126205e2912" candidate_uuid: "2713226fb2d04480a3392fc05c15c42a" candidate_term: 1 candidate_status { last_received { term: 0 index: 0 } } ignore_live_leader: false dest_uuid: "3821755bed7343bc9714f00100913352" is_pre_election: true
I20260710 13:19:52.197193 12355 raft_consensus.cc:2468] T 0c9994b111954beca122e126205e2912 P 3821755bed7343bc9714f00100913352 [term 0 FOLLOWER]: Leader pre-election vote request: Granting yes vote for candidate 2713226fb2d04480a3392fc05c15c42a in term 0.
I20260710 13:19:52.198382 12396 leader_election.cc:304] T 0c9994b111954beca122e126205e2912 P 2713226fb2d04480a3392fc05c15c42a [CANDIDATE]: Term 1 pre-election: Election decided. Result: candidate won. Election summary: received 2 responses out of 3 voters: 2 yes votes; 0 no votes. yes voters: 2713226fb2d04480a3392fc05c15c42a, 3821755bed7343bc9714f00100913352; no voters: 
I20260710 13:19:52.199517 12518 raft_consensus.cc:2804] T 0c9994b111954beca122e126205e2912 P 2713226fb2d04480a3392fc05c15c42a [term 0 FOLLOWER]: Leader pre-election won for term 1
I20260710 13:19:52.171489 12322 leader_election.cc:304] T 54ea8813c09e419dac1f40143b0e2939 P 3821755bed7343bc9714f00100913352 [CANDIDATE]: Term 1 election: Election decided. Result: candidate won. Election summary: received 2 responses out of 3 voters: 2 yes votes; 0 no votes. yes voters: 3821755bed7343bc9714f00100913352, f92386c7d53d4b7799727e99a7bc193f; no voters: 
I20260710 13:19:52.199992 12518 raft_consensus.cc:493] T 0c9994b111954beca122e126205e2912 P 2713226fb2d04480a3392fc05c15c42a [term 0 FOLLOWER]: Starting leader election (no leader contacted us within the election timeout)
I20260710 13:19:52.200131 12430 raft_consensus.cc:2468] T e274a51e0e19418ca39c3984f26494ee P 2713226fb2d04480a3392fc05c15c42a [term 1 FOLLOWER]: Leader election vote request: Granting yes vote for candidate f92386c7d53d4b7799727e99a7bc193f in term 1.
I20260710 13:19:52.200379 12518 raft_consensus.cc:3060] T 0c9994b111954beca122e126205e2912 P 2713226fb2d04480a3392fc05c15c42a [term 0 FOLLOWER]: Advancing to term 1
I20260710 13:19:52.201529 12247 leader_election.cc:304] T e274a51e0e19418ca39c3984f26494ee P f92386c7d53d4b7799727e99a7bc193f [CANDIDATE]: Term 1 election: Election decided. Result: candidate won. Election summary: received 2 responses out of 3 voters: 2 yes votes; 0 no votes. yes voters: 2713226fb2d04480a3392fc05c15c42a, f92386c7d53d4b7799727e99a7bc193f; no voters: 
I20260710 13:19:52.201812 12569 raft_consensus.cc:2804] T 54ea8813c09e419dac1f40143b0e2939 P 3821755bed7343bc9714f00100913352 [term 1 FOLLOWER]: Leader election won for term 1
I20260710 13:19:52.202450 12508 raft_consensus.cc:2804] T e274a51e0e19418ca39c3984f26494ee P f92386c7d53d4b7799727e99a7bc193f [term 1 FOLLOWER]: Leader election won for term 1
I20260710 13:19:52.202898 12508 raft_consensus.cc:697] T e274a51e0e19418ca39c3984f26494ee P f92386c7d53d4b7799727e99a7bc193f [term 1 LEADER]: Becoming Leader. State: Replica: f92386c7d53d4b7799727e99a7bc193f, State: Running, Role: LEADER
W20260710 13:19:52.200294 12322 outbound_call.cc:321] RPC callback for RPC call kudu.consensus.ConsensusService.RequestConsensusVote -> {remote=127.10.233.65:36889, user_credentials={real_user=slave}} blocked reactor thread for 49028.8us
I20260710 13:19:52.203684 12508 consensus_queue.cc:237] T e274a51e0e19418ca39c3984f26494ee P f92386c7d53d4b7799727e99a7bc193f [LEADER]: Queue going to LEADER mode. State: All replicated index: 0, Majority replicated index: 0, Committed index: 0, Last appended: 0.0, Last appended by leader: 0, Current term: 1, Majority size: 2, State: 0, Mode: LEADER, active raft config: opid_index: -1 OBSOLETE_local: false peers { permanent_uuid: "f92386c7d53d4b7799727e99a7bc193f" member_type: VOTER last_known_addr { host: "127.10.233.65" port: 36889 } } peers { permanent_uuid: "3821755bed7343bc9714f00100913352" member_type: VOTER last_known_addr { host: "127.10.233.66" port: 43799 } } peers { permanent_uuid: "2713226fb2d04480a3392fc05c15c42a" member_type: VOTER last_known_addr { host: "127.10.233.67" port: 33809 } }
I20260710 13:19:52.205085 12477 raft_consensus.cc:493] T b589b13bb212420085d4158912830244 P 3821755bed7343bc9714f00100913352 [term 0 FOLLOWER]: Starting pre-election (no leader contacted us within the election timeout)
I20260710 13:19:52.205053 12247 leader_election.cc:304] T 83241cda72e6438798d0eed5e59d237e P f92386c7d53d4b7799727e99a7bc193f [CANDIDATE]: Term 1 pre-election: Election decided. Result: candidate lost. Election summary: received 3 responses out of 3 voters: 1 yes votes; 2 no votes. yes voters: f92386c7d53d4b7799727e99a7bc193f; no voters: 2713226fb2d04480a3392fc05c15c42a, 3821755bed7343bc9714f00100913352
I20260710 13:19:52.205626 12477 raft_consensus.cc:515] T b589b13bb212420085d4158912830244 P 3821755bed7343bc9714f00100913352 [term 0 FOLLOWER]: Starting pre-election with config: opid_index: -1 OBSOLETE_local: false peers { permanent_uuid: "f92386c7d53d4b7799727e99a7bc193f" member_type: VOTER last_known_addr { host: "127.10.233.65" port: 36889 } } peers { permanent_uuid: "3821755bed7343bc9714f00100913352" member_type: VOTER last_known_addr { host: "127.10.233.66" port: 43799 } } peers { permanent_uuid: "2713226fb2d04480a3392fc05c15c42a" member_type: VOTER last_known_addr { host: "127.10.233.67" port: 33809 } }
I20260710 13:19:52.207015 12509 raft_consensus.cc:2749] T 83241cda72e6438798d0eed5e59d237e P f92386c7d53d4b7799727e99a7bc193f [term 1 FOLLOWER]: Leader pre-election lost for term 1. Reason: could not achieve majority
I20260710 13:19:52.207691 12477 leader_election.cc:290] T b589b13bb212420085d4158912830244 P 3821755bed7343bc9714f00100913352 [CANDIDATE]: Term 1 pre-election: Requested pre-vote from peers f92386c7d53d4b7799727e99a7bc193f (127.10.233.65:36889), 2713226fb2d04480a3392fc05c15c42a (127.10.233.67:33809)
W20260710 13:19:52.207717 12247 leader_election.cc:343] T e274a51e0e19418ca39c3984f26494ee P f92386c7d53d4b7799727e99a7bc193f [CANDIDATE]: Term 1 election: Tablet error from VoteRequest() call to peer 3821755bed7343bc9714f00100913352 (127.10.233.66:43799): Illegal state: must be running to vote when last-logged opid is not known
I20260710 13:19:52.209041 12247 leader_election.cc:304] T e3453f6d0027487f9a68f7723f32a12b P f92386c7d53d4b7799727e99a7bc193f [CANDIDATE]: Term 1 pre-election: Election decided. Result: candidate won. Election summary: received 3 responses out of 3 voters: 2 yes votes; 1 no votes. yes voters: 3821755bed7343bc9714f00100913352, f92386c7d53d4b7799727e99a7bc193f; no voters: 2713226fb2d04480a3392fc05c15c42a
I20260710 13:19:52.219797 12471 tablet_bootstrap.cc:492] T b589b13bb212420085d4158912830244 P f92386c7d53d4b7799727e99a7bc193f: Bootstrap starting.
I20260710 13:19:52.225255 12472 tablet_bootstrap.cc:492] T 6d6b44ea26c04100a42d7f538ec33b54 P 2713226fb2d04480a3392fc05c15c42a: No bootstrap required, opened a new log
I20260710 13:19:52.225771 12472 ts_tablet_manager.cc:1403] T 6d6b44ea26c04100a42d7f538ec33b54 P 2713226fb2d04480a3392fc05c15c42a: Time spent bootstrapping tablet: real 0.263s	user 0.017s	sys 0.019s
I20260710 13:19:52.224675 12470 consensus_queue.cc:260] T 36322f8a4d344582a29d40dc674dfd0d P 3821755bed7343bc9714f00100913352 [NON_LEADER]: Queue going to NON_LEADER mode. State: All replicated index: 0, Majority replicated index: 0, Committed index: 0, Last appended: 0.0, Last appended by leader: 0, Current term: 0, Majority size: -1, State: 0, Mode: NON_LEADER, active raft config: opid_index: -1 OBSOLETE_local: false peers { permanent_uuid: "f92386c7d53d4b7799727e99a7bc193f" member_type: VOTER last_known_addr { host: "127.10.233.65" port: 36889 } } peers { permanent_uuid: "3821755bed7343bc9714f00100913352" member_type: VOTER last_known_addr { host: "127.10.233.66" port: 43799 } } peers { permanent_uuid: "2713226fb2d04480a3392fc05c15c42a" member_type: VOTER last_known_addr { host: "127.10.233.67" port: 33809 } }
I20260710 13:19:52.209574 12569 raft_consensus.cc:697] T 54ea8813c09e419dac1f40143b0e2939 P 3821755bed7343bc9714f00100913352 [term 1 LEADER]: Becoming Leader. State: Replica: 3821755bed7343bc9714f00100913352, State: Running, Role: LEADER
I20260710 13:19:52.230412 12476 raft_consensus.cc:493] T 9bb5c22059f7466e97f1f612547b89f4 P f92386c7d53d4b7799727e99a7bc193f [term 0 FOLLOWER]: Starting pre-election (no leader contacted us within the election timeout)
I20260710 13:19:52.253065 12476 raft_consensus.cc:515] T 9bb5c22059f7466e97f1f612547b89f4 P f92386c7d53d4b7799727e99a7bc193f [term 0 FOLLOWER]: Starting pre-election with config: opid_index: -1 OBSOLETE_local: false peers { permanent_uuid: "f92386c7d53d4b7799727e99a7bc193f" member_type: VOTER last_known_addr { host: "127.10.233.65" port: 36889 } } peers { permanent_uuid: "3821755bed7343bc9714f00100913352" member_type: VOTER last_known_addr { host: "127.10.233.66" port: 43799 } } peers { permanent_uuid: "2713226fb2d04480a3392fc05c15c42a" member_type: VOTER last_known_addr { host: "127.10.233.67" port: 33809 } }
I20260710 13:19:52.221822 12282 tablet_service.cc:1917] Received RequestConsensusVote() RPC: tablet_id: "6d6b44ea26c04100a42d7f538ec33b54" candidate_uuid: "3821755bed7343bc9714f00100913352" candidate_term: 1 candidate_status { last_received { term: 0 index: 0 } } ignore_live_leader: false dest_uuid: "f92386c7d53d4b7799727e99a7bc193f" is_pre_election: true
I20260710 13:19:52.221084 12280 tablet_service.cc:1917] Received RequestConsensusVote() RPC: tablet_id: "0c9994b111954beca122e126205e2912" candidate_uuid: "2713226fb2d04480a3392fc05c15c42a" candidate_term: 1 candidate_status { last_received { term: 0 index: 0 } } ignore_live_leader: false dest_uuid: "f92386c7d53d4b7799727e99a7bc193f" is_pre_election: true
I20260710 13:19:52.282861 12282 raft_consensus.cc:2468] T 6d6b44ea26c04100a42d7f538ec33b54 P f92386c7d53d4b7799727e99a7bc193f [term 0 FOLLOWER]: Leader pre-election vote request: Granting yes vote for candidate 3821755bed7343bc9714f00100913352 in term 0.
I20260710 13:19:52.230532 12509 raft_consensus.cc:2804] T e3453f6d0027487f9a68f7723f32a12b P f92386c7d53d4b7799727e99a7bc193f [term 0 FOLLOWER]: Leader pre-election won for term 1
I20260710 13:19:52.283618 12509 raft_consensus.cc:493] T e3453f6d0027487f9a68f7723f32a12b P f92386c7d53d4b7799727e99a7bc193f [term 0 FOLLOWER]: Starting leader election (no leader contacted us within the election timeout)
I20260710 13:19:52.284082 12509 raft_consensus.cc:3060] T e3453f6d0027487f9a68f7723f32a12b P f92386c7d53d4b7799727e99a7bc193f [term 0 FOLLOWER]: Advancing to term 1
I20260710 13:19:52.284789 12569 consensus_queue.cc:237] T 54ea8813c09e419dac1f40143b0e2939 P 3821755bed7343bc9714f00100913352 [LEADER]: Queue going to LEADER mode. State: All replicated index: 0, Majority replicated index: 0, Committed index: 0, Last appended: 0.0, Last appended by leader: 0, Current term: 1, Majority size: 2, State: 0, Mode: LEADER, active raft config: opid_index: -1 OBSOLETE_local: false peers { permanent_uuid: "f92386c7d53d4b7799727e99a7bc193f" member_type: VOTER last_known_addr { host: "127.10.233.65" port: 36889 } } peers { permanent_uuid: "3821755bed7343bc9714f00100913352" member_type: VOTER last_known_addr { host: "127.10.233.66" port: 43799 } } peers { permanent_uuid: "2713226fb2d04480a3392fc05c15c42a" member_type: VOTER last_known_addr { host: "127.10.233.67" port: 33809 } }
I20260710 13:19:52.288021 12521 raft_consensus.cc:493] T ea80356bb97d4804a8380678aa463f64 P 3821755bed7343bc9714f00100913352 [term 0 FOLLOWER]: Starting pre-election (no leader contacted us within the election timeout)
I20260710 13:19:52.296277 12521 raft_consensus.cc:515] T ea80356bb97d4804a8380678aa463f64 P 3821755bed7343bc9714f00100913352 [term 0 FOLLOWER]: Starting pre-election with config: opid_index: -1 OBSOLETE_local: false peers { permanent_uuid: "f92386c7d53d4b7799727e99a7bc193f" member_type: VOTER last_known_addr { host: "127.10.233.65" port: 36889 } } peers { permanent_uuid: "3821755bed7343bc9714f00100913352" member_type: VOTER last_known_addr { host: "127.10.233.66" port: 43799 } } peers { permanent_uuid: "2713226fb2d04480a3392fc05c15c42a" member_type: VOTER last_known_addr { host: "127.10.233.67" port: 33809 } }
I20260710 13:19:52.232606 12355 tablet_service.cc:1917] Received RequestConsensusVote() RPC: tablet_id: "6d6b44ea26c04100a42d7f538ec33b54" candidate_uuid: "f92386c7d53d4b7799727e99a7bc193f" candidate_term: 1 candidate_status { last_received { term: 0 index: 0 } } ignore_live_leader: false dest_uuid: "3821755bed7343bc9714f00100913352" is_pre_election: true
I20260710 13:19:52.298753 12355 raft_consensus.cc:2468] T 6d6b44ea26c04100a42d7f538ec33b54 P 3821755bed7343bc9714f00100913352 [term 0 FOLLOWER]: Leader pre-election vote request: Granting yes vote for candidate f92386c7d53d4b7799727e99a7bc193f in term 0.
I20260710 13:19:52.300982 12509 raft_consensus.cc:515] T e3453f6d0027487f9a68f7723f32a12b P f92386c7d53d4b7799727e99a7bc193f [term 1 FOLLOWER]: Starting leader election with config: opid_index: -1 OBSOLETE_local: false peers { permanent_uuid: "f92386c7d53d4b7799727e99a7bc193f" member_type: VOTER last_known_addr { host: "127.10.233.65" port: 36889 } } peers { permanent_uuid: "3821755bed7343bc9714f00100913352" member_type: VOTER last_known_addr { host: "127.10.233.66" port: 43799 } } peers { permanent_uuid: "2713226fb2d04480a3392fc05c15c42a" member_type: VOTER last_known_addr { host: "127.10.233.67" port: 33809 } }
I20260710 13:19:52.308766 12178 catalog_manager.cc:5697] T deb75f0f1e4d41cbae02007ca7525746 P 3821755bed7343bc9714f00100913352 reported cstate change: term changed from 0 to 1, leader changed from <none> to 3821755bed7343bc9714f00100913352 (127.10.233.66). New cstate: current_term: 1 leader_uuid: "3821755bed7343bc9714f00100913352" committed_config { opid_index: -1 OBSOLETE_local: false peers { permanent_uuid: "f92386c7d53d4b7799727e99a7bc193f" member_type: VOTER last_known_addr { host: "127.10.233.65" port: 36889 } health_report { overall_health: UNKNOWN } } peers { permanent_uuid: "3821755bed7343bc9714f00100913352" member_type: VOTER last_known_addr { host: "127.10.233.66" port: 43799 } health_report { overall_health: HEALTHY } } peers { permanent_uuid: "2713226fb2d04480a3392fc05c15c42a" member_type: VOTER last_known_addr { host: "127.10.233.67" port: 33809 } health_report { overall_health: UNKNOWN } } }
I20260710 13:19:52.311681 12428 tablet_service.cc:1917] Received RequestConsensusVote() RPC: tablet_id: "6d6b44ea26c04100a42d7f538ec33b54" candidate_uuid: "3821755bed7343bc9714f00100913352" candidate_term: 1 candidate_status { last_received { term: 0 index: 0 } } ignore_live_leader: false dest_uuid: "2713226fb2d04480a3392fc05c15c42a" is_pre_election: true
I20260710 13:19:52.313860 12518 raft_consensus.cc:515] T 0c9994b111954beca122e126205e2912 P 2713226fb2d04480a3392fc05c15c42a [term 1 FOLLOWER]: Starting leader election with config: opid_index: -1 OBSOLETE_local: false peers { permanent_uuid: "f92386c7d53d4b7799727e99a7bc193f" member_type: VOTER last_known_addr { host: "127.10.233.65" port: 36889 } } peers { permanent_uuid: "3821755bed7343bc9714f00100913352" member_type: VOTER last_known_addr { host: "127.10.233.66" port: 43799 } } peers { permanent_uuid: "2713226fb2d04480a3392fc05c15c42a" member_type: VOTER last_known_addr { host: "127.10.233.67" port: 33809 } }
W20260710 13:19:52.355257 12461 outbound_call.cc:321] RPC callback for RPC call kudu.master.MasterService.IsCreateTableDone -> {remote=127.10.233.126:37105, user_credentials={real_user=slave}} blocked reactor thread for 69076.9us
W20260710 13:19:52.357151 12572 log.cc:927] Time spent T f557df2699144226acbc6e4a991c9664 P f92386c7d53d4b7799727e99a7bc193f: Append to log took a long time: real 0.054s	user 0.003s	sys 0.006s
I20260710 13:19:52.358573 12472 raft_consensus.cc:359] T 6d6b44ea26c04100a42d7f538ec33b54 P 2713226fb2d04480a3392fc05c15c42a [term 0 FOLLOWER]: Replica starting. Triggering 0 pending ops. Active config: opid_index: -1 OBSOLETE_local: false peers { permanent_uuid: "f92386c7d53d4b7799727e99a7bc193f" member_type: VOTER last_known_addr { host: "127.10.233.65" port: 36889 } } peers { permanent_uuid: "3821755bed7343bc9714f00100913352" member_type: VOTER last_known_addr { host: "127.10.233.66" port: 43799 } } peers { permanent_uuid: "2713226fb2d04480a3392fc05c15c42a" member_type: VOTER last_known_addr { host: "127.10.233.67" port: 33809 } }
I20260710 13:19:52.359062 12472 raft_consensus.cc:385] T 6d6b44ea26c04100a42d7f538ec33b54 P 2713226fb2d04480a3392fc05c15c42a [term 0 FOLLOWER]: Consensus starting up: Expiring failure detector timer to make a prompt election more likely
I20260710 13:19:52.359226 12472 raft_consensus.cc:740] T 6d6b44ea26c04100a42d7f538ec33b54 P 2713226fb2d04480a3392fc05c15c42a [term 0 FOLLOWER]: Becoming Follower/Learner. State: Replica: 2713226fb2d04480a3392fc05c15c42a, State: Initialized, Role: FOLLOWER
I20260710 13:19:52.360284 12470 ts_tablet_manager.cc:1434] T 36322f8a4d344582a29d40dc674dfd0d P 3821755bed7343bc9714f00100913352: Time spent starting tablet: real 0.216s	user 0.013s	sys 0.015s
I20260710 13:19:52.361035 12470 tablet_bootstrap.cc:492] T e274a51e0e19418ca39c3984f26494ee P 3821755bed7343bc9714f00100913352: Bootstrap starting.
I20260710 13:19:52.354255 12477 raft_consensus.cc:493] T 36322f8a4d344582a29d40dc674dfd0d P 3821755bed7343bc9714f00100913352 [term 0 FOLLOWER]: Starting pre-election (no leader contacted us within the election timeout)
W20260710 13:19:52.353610 12322 outbound_call.cc:321] RPC callback for RPC call kudu.consensus.ConsensusService.RequestConsensusVote -> {remote=127.10.233.67:33809, user_credentials={real_user=slave}} blocked reactor thread for 100423us
I20260710 13:19:52.362823 12356 raft_consensus.cc:3060] T f4bcded2cab04ea8a1311113f8f0b660 P 3821755bed7343bc9714f00100913352 [term 0 FOLLOWER]: Advancing to term 1
I20260710 13:19:52.363114 12477 raft_consensus.cc:515] T 36322f8a4d344582a29d40dc674dfd0d P 3821755bed7343bc9714f00100913352 [term 0 FOLLOWER]: Starting pre-election with config: opid_index: -1 OBSOLETE_local: false peers { permanent_uuid: "f92386c7d53d4b7799727e99a7bc193f" member_type: VOTER last_known_addr { host: "127.10.233.65" port: 36889 } } peers { permanent_uuid: "3821755bed7343bc9714f00100913352" member_type: VOTER last_known_addr { host: "127.10.233.66" port: 43799 } } peers { permanent_uuid: "2713226fb2d04480a3392fc05c15c42a" member_type: VOTER last_known_addr { host: "127.10.233.67" port: 33809 } }
I20260710 13:19:52.367238 12510 consensus_queue.cc:1048] T 439fd4859cd245179852ee968af86991 P 3821755bed7343bc9714f00100913352 [LEADER]: Connected to new peer: Peer: permanent_uuid: "f92386c7d53d4b7799727e99a7bc193f" member_type: VOTER last_known_addr { host: "127.10.233.65" port: 36889 }, Status: LMP_MISMATCH, Last received: 0.0, Next index: 1, Last known committed idx: 0, Time since last communication: 0.000s
I20260710 13:19:52.370509 12477 leader_election.cc:290] T 36322f8a4d344582a29d40dc674dfd0d P 3821755bed7343bc9714f00100913352 [CANDIDATE]: Term 1 pre-election: Requested pre-vote from peers f92386c7d53d4b7799727e99a7bc193f (127.10.233.65:36889), 2713226fb2d04480a3392fc05c15c42a (127.10.233.67:33809)
W20260710 13:19:52.363958 12396 leader_election.cc:343] T 0c9994b111954beca122e126205e2912 P 2713226fb2d04480a3392fc05c15c42a [CANDIDATE]: Term 1 pre-election: Tablet error from VoteRequest() call to peer f92386c7d53d4b7799727e99a7bc193f (127.10.233.65:36889): Illegal state: must be running to vote when last-logged opid is not known
I20260710 13:19:52.366101 12428 tablet_service.cc:1917] Received RequestConsensusVote() RPC: tablet_id: "b589b13bb212420085d4158912830244" candidate_uuid: "3821755bed7343bc9714f00100913352" candidate_term: 1 candidate_status { last_received { term: 0 index: 0 } } ignore_live_leader: false dest_uuid: "2713226fb2d04480a3392fc05c15c42a" is_pre_election: true
I20260710 13:19:52.366444 12562 consensus_queue.cc:1048] T 83241cda72e6438798d0eed5e59d237e P 3821755bed7343bc9714f00100913352 [LEADER]: Connected to new peer: Peer: permanent_uuid: "f92386c7d53d4b7799727e99a7bc193f" member_type: VOTER last_known_addr { host: "127.10.233.65" port: 36889 }, Status: LMP_MISMATCH, Last received: 0.0, Next index: 1, Last known committed idx: 0, Time since last communication: 0.007s
I20260710 13:19:52.376176 12518 leader_election.cc:290] T 0c9994b111954beca122e126205e2912 P 2713226fb2d04480a3392fc05c15c42a [CANDIDATE]: Term 1 election: Requested vote from peers f92386c7d53d4b7799727e99a7bc193f (127.10.233.65:36889), 3821755bed7343bc9714f00100913352 (127.10.233.66:43799)
I20260710 13:19:52.377710 12521 leader_election.cc:290] T ea80356bb97d4804a8380678aa463f64 P 3821755bed7343bc9714f00100913352 [CANDIDATE]: Term 1 pre-election: Requested pre-vote from peers f92386c7d53d4b7799727e99a7bc193f (127.10.233.65:36889), 2713226fb2d04480a3392fc05c15c42a (127.10.233.67:33809)
I20260710 13:19:52.373589 12472 consensus_queue.cc:260] T 6d6b44ea26c04100a42d7f538ec33b54 P 2713226fb2d04480a3392fc05c15c42a [NON_LEADER]: Queue going to NON_LEADER mode. State: All replicated index: 0, Majority replicated index: 0, Committed index: 0, Last appended: 0.0, Last appended by leader: 0, Current term: 0, Majority size: -1, State: 0, Mode: NON_LEADER, active raft config: opid_index: -1 OBSOLETE_local: false peers { permanent_uuid: "f92386c7d53d4b7799727e99a7bc193f" member_type: VOTER last_known_addr { host: "127.10.233.65" port: 36889 } } peers { permanent_uuid: "3821755bed7343bc9714f00100913352" member_type: VOTER last_known_addr { host: "127.10.233.66" port: 43799 } } peers { permanent_uuid: "2713226fb2d04480a3392fc05c15c42a" member_type: VOTER last_known_addr { host: "127.10.233.67" port: 33809 } }
I20260710 13:19:52.383035 12354 raft_consensus.cc:2468] T 143118b8a39443b68bfbc25963246af4 P 3821755bed7343bc9714f00100913352 [term 1 FOLLOWER]: Leader election vote request: Granting yes vote for candidate f92386c7d53d4b7799727e99a7bc193f in term 1.
I20260710 13:19:52.366714 12322 leader_election.cc:304] T 6d6b44ea26c04100a42d7f538ec33b54 P 3821755bed7343bc9714f00100913352 [CANDIDATE]: Term 1 pre-election: Election decided. Result: candidate won. Election summary: received 2 responses out of 3 voters: 2 yes votes; 0 no votes. yes voters: 3821755bed7343bc9714f00100913352, f92386c7d53d4b7799727e99a7bc193f; no voters: 
I20260710 13:19:52.384207 12279 tablet_service.cc:1917] Received RequestConsensusVote() RPC: tablet_id: "0c9994b111954beca122e126205e2912" candidate_uuid: "2713226fb2d04480a3392fc05c15c42a" candidate_term: 1 candidate_status { last_received { term: 0 index: 0 } } ignore_live_leader: false dest_uuid: "f92386c7d53d4b7799727e99a7bc193f"
I20260710 13:19:52.386986 12282 tablet_service.cc:1917] Received RequestConsensusVote() RPC: tablet_id: "ea80356bb97d4804a8380678aa463f64" candidate_uuid: "3821755bed7343bc9714f00100913352" candidate_term: 1 candidate_status { last_received { term: 0 index: 0 } } ignore_live_leader: false dest_uuid: "f92386c7d53d4b7799727e99a7bc193f" is_pre_election: true
I20260710 13:19:52.385993 12280 tablet_service.cc:1917] Received RequestConsensusVote() RPC: tablet_id: "b589b13bb212420085d4158912830244" candidate_uuid: "3821755bed7343bc9714f00100913352" candidate_term: 1 candidate_status { last_received { term: 0 index: 0 } } ignore_live_leader: false dest_uuid: "f92386c7d53d4b7799727e99a7bc193f" is_pre_election: true
W20260710 13:19:52.389310 12396 leader_election.cc:343] T 0c9994b111954beca122e126205e2912 P 2713226fb2d04480a3392fc05c15c42a [CANDIDATE]: Term 1 election: Tablet error from VoteRequest() call to peer f92386c7d53d4b7799727e99a7bc193f (127.10.233.65:36889): Illegal state: must be running to vote when last-logged opid is not known
I20260710 13:19:52.389865 12562 raft_consensus.cc:2804] T 6d6b44ea26c04100a42d7f538ec33b54 P 3821755bed7343bc9714f00100913352 [term 0 FOLLOWER]: Leader pre-election won for term 1
I20260710 13:19:52.391654 12562 raft_consensus.cc:493] T 6d6b44ea26c04100a42d7f538ec33b54 P 3821755bed7343bc9714f00100913352 [term 0 FOLLOWER]: Starting leader election (no leader contacted us within the election timeout)
W20260710 13:19:52.391709 12247 outbound_call.cc:321] RPC callback for RPC call kudu.consensus.ConsensusService.RequestConsensusVote -> {remote=127.10.233.66:43799, user_credentials={real_user=slave}} blocked reactor thread for 182725us
I20260710 13:19:52.392087 12562 raft_consensus.cc:3060] T 6d6b44ea26c04100a42d7f538ec33b54 P 3821755bed7343bc9714f00100913352 [term 0 FOLLOWER]: Advancing to term 1
W20260710 13:19:52.390525 12322 leader_election.cc:343] T 6d6b44ea26c04100a42d7f538ec33b54 P 3821755bed7343bc9714f00100913352 [CANDIDATE]: Term 1 pre-election: Tablet error from VoteRequest() call to peer 2713226fb2d04480a3392fc05c15c42a (127.10.233.67:33809): Illegal state: must be running to vote when last-logged opid is not known
I20260710 13:19:52.366466 12476 leader_election.cc:290] T 9bb5c22059f7466e97f1f612547b89f4 P f92386c7d53d4b7799727e99a7bc193f [CANDIDATE]: Term 1 pre-election: Requested pre-vote from peers 3821755bed7343bc9714f00100913352 (127.10.233.66:43799), 2713226fb2d04480a3392fc05c15c42a (127.10.233.67:33809)
I20260710 13:19:52.387020 12471 tablet_bootstrap.cc:654] T b589b13bb212420085d4158912830244 P f92386c7d53d4b7799727e99a7bc193f: Neither blocks nor log segments found. Creating new log.
I20260710 13:19:52.394450 12428 tablet_service.cc:1917] Received RequestConsensusVote() RPC: tablet_id: "9bb5c22059f7466e97f1f612547b89f4" candidate_uuid: "f92386c7d53d4b7799727e99a7bc193f" candidate_term: 1 candidate_status { last_received { term: 0 index: 0 } } ignore_live_leader: false dest_uuid: "2713226fb2d04480a3392fc05c15c42a" is_pre_election: true
I20260710 13:19:52.395701 12472 ts_tablet_manager.cc:1434] T 6d6b44ea26c04100a42d7f538ec33b54 P 2713226fb2d04480a3392fc05c15c42a: Time spent starting tablet: real 0.170s	user 0.009s	sys 0.000s
I20260710 13:19:52.394165 12509 leader_election.cc:290] T e3453f6d0027487f9a68f7723f32a12b P f92386c7d53d4b7799727e99a7bc193f [CANDIDATE]: Term 1 election: Requested vote from peers 3821755bed7343bc9714f00100913352 (127.10.233.66:43799), 2713226fb2d04480a3392fc05c15c42a (127.10.233.67:33809)
I20260710 13:19:52.412725 12521 consensus_queue.cc:1048] T 439fd4859cd245179852ee968af86991 P 3821755bed7343bc9714f00100913352 [LEADER]: Connected to new peer: Peer: permanent_uuid: "2713226fb2d04480a3392fc05c15c42a" member_type: VOTER last_known_addr { host: "127.10.233.67" port: 33809 }, Status: LMP_MISMATCH, Last received: 0.0, Next index: 1, Last known committed idx: 0, Time since last communication: 0.000s
W20260710 13:19:52.413019 12322 leader_election.cc:343] T b589b13bb212420085d4158912830244 P 3821755bed7343bc9714f00100913352 [CANDIDATE]: Term 1 pre-election: Tablet error from VoteRequest() call to peer 2713226fb2d04480a3392fc05c15c42a (127.10.233.67:33809): Illegal state: must be running to vote when last-logged opid is not known
I20260710 13:19:52.403072 12562 raft_consensus.cc:515] T 6d6b44ea26c04100a42d7f538ec33b54 P 3821755bed7343bc9714f00100913352 [term 1 FOLLOWER]: Starting leader election with config: opid_index: -1 OBSOLETE_local: false peers { permanent_uuid: "f92386c7d53d4b7799727e99a7bc193f" member_type: VOTER last_known_addr { host: "127.10.233.65" port: 36889 } } peers { permanent_uuid: "3821755bed7343bc9714f00100913352" member_type: VOTER last_known_addr { host: "127.10.233.66" port: 43799 } } peers { permanent_uuid: "2713226fb2d04480a3392fc05c15c42a" member_type: VOTER last_known_addr { host: "127.10.233.67" port: 33809 } }
I20260710 13:19:52.397691 12354 tablet_service.cc:1917] Received RequestConsensusVote() RPC: tablet_id: "0c9994b111954beca122e126205e2912" candidate_uuid: "2713226fb2d04480a3392fc05c15c42a" candidate_term: 1 candidate_status { last_received { term: 0 index: 0 } } ignore_live_leader: false dest_uuid: "3821755bed7343bc9714f00100913352"
I20260710 13:19:52.428817 12472 tablet_bootstrap.cc:492] T e3453f6d0027487f9a68f7723f32a12b P 2713226fb2d04480a3392fc05c15c42a: Bootstrap starting.
I20260710 13:19:52.431278 12470 tablet_bootstrap.cc:654] T e274a51e0e19418ca39c3984f26494ee P 3821755bed7343bc9714f00100913352: Neither blocks nor log segments found. Creating new log.
I20260710 13:19:52.431596 12562 leader_election.cc:290] T 6d6b44ea26c04100a42d7f538ec33b54 P 3821755bed7343bc9714f00100913352 [CANDIDATE]: Term 1 election: Requested vote from peers f92386c7d53d4b7799727e99a7bc193f (127.10.233.65:36889), 2713226fb2d04480a3392fc05c15c42a (127.10.233.67:33809)
I20260710 13:19:52.433068 12428 tablet_service.cc:1917] Received RequestConsensusVote() RPC: tablet_id: "e3453f6d0027487f9a68f7723f32a12b" candidate_uuid: "f92386c7d53d4b7799727e99a7bc193f" candidate_term: 1 candidate_status { last_received { term: 0 index: 0 } } ignore_live_leader: false dest_uuid: "2713226fb2d04480a3392fc05c15c42a"
I20260710 13:19:52.433507 12429 tablet_service.cc:1917] Received RequestConsensusVote() RPC: tablet_id: "36322f8a4d344582a29d40dc674dfd0d" candidate_uuid: "3821755bed7343bc9714f00100913352" candidate_term: 1 candidate_status { last_received { term: 0 index: 0 } } ignore_live_leader: false dest_uuid: "2713226fb2d04480a3392fc05c15c42a" is_pre_election: true
I20260710 13:19:52.435523 12355 tablet_service.cc:1917] Received RequestConsensusVote() RPC: tablet_id: "e3453f6d0027487f9a68f7723f32a12b" candidate_uuid: "f92386c7d53d4b7799727e99a7bc193f" candidate_term: 1 candidate_status { last_received { term: 0 index: 0 } } ignore_live_leader: false dest_uuid: "3821755bed7343bc9714f00100913352"
I20260710 13:19:52.435570 12247 leader_election.cc:304] T 6d6b44ea26c04100a42d7f538ec33b54 P f92386c7d53d4b7799727e99a7bc193f [CANDIDATE]: Term 1 pre-election: Election decided. Result: candidate won. Election summary: received 3 responses out of 3 voters: 2 yes votes; 1 no votes. yes voters: 3821755bed7343bc9714f00100913352, f92386c7d53d4b7799727e99a7bc193f; no voters: 2713226fb2d04480a3392fc05c15c42a
I20260710 13:19:52.436167 12355 raft_consensus.cc:3060] T e3453f6d0027487f9a68f7723f32a12b P 3821755bed7343bc9714f00100913352 [term 0 FOLLOWER]: Advancing to term 1
W20260710 13:19:52.437345 12247 leader_election.cc:343] T e3453f6d0027487f9a68f7723f32a12b P f92386c7d53d4b7799727e99a7bc193f [CANDIDATE]: Term 1 election: Tablet error from VoteRequest() call to peer 2713226fb2d04480a3392fc05c15c42a (127.10.233.67:33809): Illegal state: must be running to vote when last-logged opid is not known
I20260710 13:19:52.432266 12354 raft_consensus.cc:3060] T 0c9994b111954beca122e126205e2912 P 3821755bed7343bc9714f00100913352 [term 0 FOLLOWER]: Advancing to term 1
I20260710 13:19:52.437346 12429 tablet_service.cc:1917] Received RequestConsensusVote() RPC: tablet_id: "ea80356bb97d4804a8380678aa463f64" candidate_uuid: "3821755bed7343bc9714f00100913352" candidate_term: 1 candidate_status { last_received { term: 0 index: 0 } } ignore_live_leader: false dest_uuid: "2713226fb2d04480a3392fc05c15c42a" is_pre_election: true
I20260710 13:19:52.445246 12568 raft_consensus.cc:2804] T 6d6b44ea26c04100a42d7f538ec33b54 P f92386c7d53d4b7799727e99a7bc193f [term 0 FOLLOWER]: Leader pre-election won for term 1
I20260710 13:19:52.445616 12568 raft_consensus.cc:493] T 6d6b44ea26c04100a42d7f538ec33b54 P f92386c7d53d4b7799727e99a7bc193f [term 0 FOLLOWER]: Starting leader election (no leader contacted us within the election timeout)
I20260710 13:19:52.445960 12568 raft_consensus.cc:3060] T 6d6b44ea26c04100a42d7f538ec33b54 P f92386c7d53d4b7799727e99a7bc193f [term 0 FOLLOWER]: Advancing to term 1
I20260710 13:19:52.448153 12353 tablet_service.cc:1917] Received RequestConsensusVote() RPC: tablet_id: "9bb5c22059f7466e97f1f612547b89f4" candidate_uuid: "f92386c7d53d4b7799727e99a7bc193f" candidate_term: 1 candidate_status { last_received { term: 0 index: 0 } } ignore_live_leader: false dest_uuid: "3821755bed7343bc9714f00100913352" is_pre_election: true
I20260710 13:19:52.451114 12353 raft_consensus.cc:2393] T 9bb5c22059f7466e97f1f612547b89f4 P 3821755bed7343bc9714f00100913352 [term 1 FOLLOWER]: Leader pre-election vote request: Denying vote to candidate f92386c7d53d4b7799727e99a7bc193f in current term 1: Already voted for candidate 2713226fb2d04480a3392fc05c15c42a in this term.
I20260710 13:19:52.450425 12476 consensus_queue.cc:1048] T f4bcded2cab04ea8a1311113f8f0b660 P f92386c7d53d4b7799727e99a7bc193f [LEADER]: Connected to new peer: Peer: permanent_uuid: "3821755bed7343bc9714f00100913352" member_type: VOTER last_known_addr { host: "127.10.233.66" port: 43799 }, Status: LMP_MISMATCH, Last received: 0.0, Next index: 1, Last known committed idx: 0, Time since last communication: 0.007s
W20260710 13:19:52.467377 12396 consensus_peers.cc:597] T 4f37e4a2272a45549ebc6d0f27eb1349 P 2713226fb2d04480a3392fc05c15c42a -> Peer f92386c7d53d4b7799727e99a7bc193f (127.10.233.65:36889): Couldn't send request to peer f92386c7d53d4b7799727e99a7bc193f. Error code: TABLET_NOT_RUNNING (12). Status: Illegal state: Tablet not RUNNING: INITIALIZED. This is attempt 1: this message will repeat every 5th retry.
I20260710 13:19:52.467811 12508 consensus_queue.cc:1048] T 143118b8a39443b68bfbc25963246af4 P f92386c7d53d4b7799727e99a7bc193f [LEADER]: Connected to new peer: Peer: permanent_uuid: "2713226fb2d04480a3392fc05c15c42a" member_type: VOTER last_known_addr { host: "127.10.233.67" port: 33809 }, Status: LMP_MISMATCH, Last received: 0.0, Next index: 1, Last known committed idx: 0, Time since last communication: 0.000s
