I20260710 13:19:51.102056  7241 tablet_bootstrap.cc:492] T 2752992123144ba1a2d12a0671906fa0 P 72f8debacdda4407b436337a255f84a7: Bootstrap starting.
I20260710 13:19:51.099608  7122 raft_consensus.cc:3060] T e87f676477f046ccabe6afdfbef52ea1 P 72f8debacdda4407b436337a255f84a7 [term 0 FOLLOWER]: Advancing to term 1
I20260710 13:19:51.108613  7239 tablet_bootstrap.cc:654] T 5ff6535719234f77ae39fd07ee948953 P 3130058f2dac40b2aed2a743c9421999: Neither blocks nor log segments found. Creating new log.
I20260710 13:19:51.108978  7241 tablet_bootstrap.cc:654] T 2752992123144ba1a2d12a0671906fa0 P 72f8debacdda4407b436337a255f84a7: Neither blocks nor log segments found. Creating new log.
I20260710 13:19:51.101070  7014 leader_election.cc:304] T daf82cc2c7874a57af9a9987da5888e7 P 3130058f2dac40b2aed2a743c9421999 [CANDIDATE]: Term 1 pre-election: Election decided. Result: candidate lost. Election summary: received 3 responses out of 3 voters: 1 yes votes; 2 no votes. yes voters: 3130058f2dac40b2aed2a743c9421999; no voters: 72f8debacdda4407b436337a255f84a7, aebe16e3f8ea42b482f1f4f11547fe7d
I20260710 13:19:51.113381  7278 raft_consensus.cc:2749] T daf82cc2c7874a57af9a9987da5888e7 P 3130058f2dac40b2aed2a743c9421999 [term 0 FOLLOWER]: Leader pre-election lost for term 1. Reason: could not achieve majority
I20260710 13:19:51.115161  7199 tablet_service.cc:1917] Received RequestConsensusVote() RPC: tablet_id: "0784f0feaf2847c39b103b165bdd5f81" candidate_uuid: "3130058f2dac40b2aed2a743c9421999" candidate_term: 1 candidate_status { last_received { term: 0 index: 0 } } ignore_live_leader: false dest_uuid: "aebe16e3f8ea42b482f1f4f11547fe7d"
I20260710 13:19:51.115507  7122 raft_consensus.cc:2468] T e87f676477f046ccabe6afdfbef52ea1 P 72f8debacdda4407b436337a255f84a7 [term 1 FOLLOWER]: Leader election vote request: Granting yes vote for candidate 3130058f2dac40b2aed2a743c9421999 in term 1.
I20260710 13:19:51.115454  7197 tablet_service.cc:1917] Received RequestConsensusVote() RPC: tablet_id: "e87f676477f046ccabe6afdfbef52ea1" candidate_uuid: "3130058f2dac40b2aed2a743c9421999" candidate_term: 1 candidate_status { last_received { term: 0 index: 0 } } ignore_live_leader: false dest_uuid: "aebe16e3f8ea42b482f1f4f11547fe7d"
I20260710 13:19:51.116371  7197 raft_consensus.cc:3060] T e87f676477f046ccabe6afdfbef52ea1 P aebe16e3f8ea42b482f1f4f11547fe7d [term 0 FOLLOWER]: Advancing to term 1
I20260710 13:19:51.116689  7262 raft_consensus.cc:515] T c7740ff300e641a196ca70c1a60e83b9 P 3130058f2dac40b2aed2a743c9421999 [term 1 FOLLOWER]: Starting leader election with config: opid_index: -1 OBSOLETE_local: false peers { permanent_uuid: "3130058f2dac40b2aed2a743c9421999" member_type: VOTER last_known_addr { host: "127.5.198.65" port: 38717 } } peers { permanent_uuid: "72f8debacdda4407b436337a255f84a7" member_type: VOTER last_known_addr { host: "127.5.198.66" port: 42811 } } peers { permanent_uuid: "aebe16e3f8ea42b482f1f4f11547fe7d" member_type: VOTER last_known_addr { host: "127.5.198.67" port: 34597 } }
I20260710 13:19:51.118660  7262 leader_election.cc:290] T c7740ff300e641a196ca70c1a60e83b9 P 3130058f2dac40b2aed2a743c9421999 [CANDIDATE]: Term 1 election: Requested vote from peers 72f8debacdda4407b436337a255f84a7 (127.5.198.66:42811), aebe16e3f8ea42b482f1f4f11547fe7d (127.5.198.67:34597)
I20260710 13:19:51.119467  7124 tablet_service.cc:1917] Received RequestConsensusVote() RPC: tablet_id: "c7740ff300e641a196ca70c1a60e83b9" candidate_uuid: "3130058f2dac40b2aed2a743c9421999" candidate_term: 1 candidate_status { last_received { term: 0 index: 0 } } ignore_live_leader: false dest_uuid: "72f8debacdda4407b436337a255f84a7"
W20260710 13:19:51.120999  7015 leader_election.cc:343] T c7740ff300e641a196ca70c1a60e83b9 P 3130058f2dac40b2aed2a743c9421999 [CANDIDATE]: Term 1 election: Tablet error from VoteRequest() call to peer 72f8debacdda4407b436337a255f84a7 (127.5.198.66:42811): Illegal state: must be running to vote when last-logged opid is not known
I20260710 13:19:51.121443  7240 tablet_bootstrap.cc:492] T 89bca605c8e542efbd52810eb42e56bb P aebe16e3f8ea42b482f1f4f11547fe7d: Bootstrap starting.
I20260710 13:19:51.128417  7240 tablet_bootstrap.cc:654] T 89bca605c8e542efbd52810eb42e56bb P aebe16e3f8ea42b482f1f4f11547fe7d: Neither blocks nor log segments found. Creating new log.
I20260710 13:19:51.130600  7199 tablet_service.cc:1917] Received RequestConsensusVote() RPC: tablet_id: "c7740ff300e641a196ca70c1a60e83b9" candidate_uuid: "3130058f2dac40b2aed2a743c9421999" candidate_term: 1 candidate_status { last_received { term: 0 index: 0 } } ignore_live_leader: false dest_uuid: "aebe16e3f8ea42b482f1f4f11547fe7d"
I20260710 13:19:51.131276  7199 raft_consensus.cc:3060] T c7740ff300e641a196ca70c1a60e83b9 P aebe16e3f8ea42b482f1f4f11547fe7d [term 0 FOLLOWER]: Advancing to term 1
I20260710 13:19:51.131390  7197 raft_consensus.cc:2468] T e87f676477f046ccabe6afdfbef52ea1 P aebe16e3f8ea42b482f1f4f11547fe7d [term 1 FOLLOWER]: Leader election vote request: Granting yes vote for candidate 3130058f2dac40b2aed2a743c9421999 in term 1.
W20260710 13:19:51.132884  7014 leader_election.cc:343] T 0784f0feaf2847c39b103b165bdd5f81 P 3130058f2dac40b2aed2a743c9421999 [CANDIDATE]: Term 1 election: Tablet error from VoteRequest() call to peer aebe16e3f8ea42b482f1f4f11547fe7d (127.5.198.67:34597): Illegal state: must be running to vote when last-logged opid is not known
I20260710 13:19:51.133775  7241 tablet_bootstrap.cc:492] T 2752992123144ba1a2d12a0671906fa0 P 72f8debacdda4407b436337a255f84a7: No bootstrap required, opened a new log
I20260710 13:19:51.133814  7014 leader_election.cc:304] T e87f676477f046ccabe6afdfbef52ea1 P 3130058f2dac40b2aed2a743c9421999 [CANDIDATE]: Term 1 election: Election decided. Result: candidate won. Election summary: received 2 responses out of 3 voters: 2 yes votes; 0 no votes. yes voters: 3130058f2dac40b2aed2a743c9421999, aebe16e3f8ea42b482f1f4f11547fe7d; no voters: 
I20260710 13:19:51.134534  7241 ts_tablet_manager.cc:1403] T 2752992123144ba1a2d12a0671906fa0 P 72f8debacdda4407b436337a255f84a7: Time spent bootstrapping tablet: real 0.033s	user 0.014s	sys 0.013s
I20260710 13:19:51.134817  7262 raft_consensus.cc:2804] T e87f676477f046ccabe6afdfbef52ea1 P 3130058f2dac40b2aed2a743c9421999 [term 1 FOLLOWER]: Leader election won for term 1
I20260710 13:19:51.135286  7262 raft_consensus.cc:697] T e87f676477f046ccabe6afdfbef52ea1 P 3130058f2dac40b2aed2a743c9421999 [term 1 LEADER]: Becoming Leader. State: Replica: 3130058f2dac40b2aed2a743c9421999, State: Running, Role: LEADER
I20260710 13:19:51.136132  7262 consensus_queue.cc:237] T e87f676477f046ccabe6afdfbef52ea1 P 3130058f2dac40b2aed2a743c9421999 [LEADER]: Queue going to LEADER mode. State: All replicated index: 0, Majority replicated index: 0, Committed index: 0, Last appended: 0.0, Last appended by leader: 0, Current term: 1, Majority size: 2, State: 0, Mode: LEADER, active raft config: opid_index: -1 OBSOLETE_local: false peers { permanent_uuid: "3130058f2dac40b2aed2a743c9421999" member_type: VOTER last_known_addr { host: "127.5.198.65" port: 38717 } } peers { permanent_uuid: "72f8debacdda4407b436337a255f84a7" member_type: VOTER last_known_addr { host: "127.5.198.66" port: 42811 } } peers { permanent_uuid: "aebe16e3f8ea42b482f1f4f11547fe7d" member_type: VOTER last_known_addr { host: "127.5.198.67" port: 34597 } }
I20260710 13:19:51.137790  7241 raft_consensus.cc:359] T 2752992123144ba1a2d12a0671906fa0 P 72f8debacdda4407b436337a255f84a7 [term 0 FOLLOWER]: Replica starting. Triggering 0 pending ops. Active config: opid_index: -1 OBSOLETE_local: false peers { permanent_uuid: "3130058f2dac40b2aed2a743c9421999" member_type: VOTER last_known_addr { host: "127.5.198.65" port: 38717 } } peers { permanent_uuid: "72f8debacdda4407b436337a255f84a7" member_type: VOTER last_known_addr { host: "127.5.198.66" port: 42811 } } peers { permanent_uuid: "aebe16e3f8ea42b482f1f4f11547fe7d" member_type: VOTER last_known_addr { host: "127.5.198.67" port: 34597 } }
I20260710 13:19:51.138532  7241 raft_consensus.cc:385] T 2752992123144ba1a2d12a0671906fa0 P 72f8debacdda4407b436337a255f84a7 [term 0 FOLLOWER]: Consensus starting up: Expiring failure detector timer to make a prompt election more likely
I20260710 13:19:51.138859  7241 raft_consensus.cc:740] T 2752992123144ba1a2d12a0671906fa0 P 72f8debacdda4407b436337a255f84a7 [term 0 FOLLOWER]: Becoming Follower/Learner. State: Replica: 72f8debacdda4407b436337a255f84a7, State: Initialized, Role: FOLLOWER
I20260710 13:19:51.139803  7241 consensus_queue.cc:260] T 2752992123144ba1a2d12a0671906fa0 P 72f8debacdda4407b436337a255f84a7 [NON_LEADER]: Queue going to NON_LEADER mode. State: All replicated index: 0, Majority replicated index: 0, Committed index: 0, Last appended: 0.0, Last appended by leader: 0, Current term: 0, Majority size: -1, State: 0, Mode: NON_LEADER, active raft config: opid_index: -1 OBSOLETE_local: false peers { permanent_uuid: "3130058f2dac40b2aed2a743c9421999" member_type: VOTER last_known_addr { host: "127.5.198.65" port: 38717 } } peers { permanent_uuid: "72f8debacdda4407b436337a255f84a7" member_type: VOTER last_known_addr { host: "127.5.198.66" port: 42811 } } peers { permanent_uuid: "aebe16e3f8ea42b482f1f4f11547fe7d" member_type: VOTER last_known_addr { host: "127.5.198.67" port: 34597 } }
I20260710 13:19:51.142657  7241 ts_tablet_manager.cc:1434] T 2752992123144ba1a2d12a0671906fa0 P 72f8debacdda4407b436337a255f84a7: Time spent starting tablet: real 0.008s	user 0.005s	sys 0.000s
I20260710 13:19:51.143870  7241 tablet_bootstrap.cc:492] T 94e27be73b524592bfc8e57a26504ff1 P 72f8debacdda4407b436337a255f84a7: Bootstrap starting.
I20260710 13:19:51.145094  6947 catalog_manager.cc:5697] T a9cf2fa01ba84cc5815758cf3f69f0fc P 3130058f2dac40b2aed2a743c9421999 reported cstate change: term changed from 0 to 1, leader changed from <none> to 3130058f2dac40b2aed2a743c9421999 (127.5.198.65). New cstate: current_term: 1 leader_uuid: "3130058f2dac40b2aed2a743c9421999" committed_config { opid_index: -1 OBSOLETE_local: false peers { permanent_uuid: "3130058f2dac40b2aed2a743c9421999" member_type: VOTER last_known_addr { host: "127.5.198.65" port: 38717 } health_report { overall_health: HEALTHY } } peers { permanent_uuid: "72f8debacdda4407b436337a255f84a7" member_type: VOTER last_known_addr { host: "127.5.198.66" port: 42811 } health_report { overall_health: UNKNOWN } } peers { permanent_uuid: "aebe16e3f8ea42b482f1f4f11547fe7d" member_type: VOTER last_known_addr { host: "127.5.198.67" port: 34597 } health_report { overall_health: UNKNOWN } } }
I20260710 13:19:51.149353  6947 catalog_manager.cc:5697] T 0784f0feaf2847c39b103b165bdd5f81 P 3130058f2dac40b2aed2a743c9421999 reported cstate change: term changed from 0 to 1, leader changed from <none> to 3130058f2dac40b2aed2a743c9421999 (127.5.198.65). New cstate: current_term: 1 leader_uuid: "3130058f2dac40b2aed2a743c9421999" committed_config { opid_index: -1 OBSOLETE_local: false peers { permanent_uuid: "3130058f2dac40b2aed2a743c9421999" member_type: VOTER last_known_addr { host: "127.5.198.65" port: 38717 } health_report { overall_health: HEALTHY } } peers { permanent_uuid: "72f8debacdda4407b436337a255f84a7" member_type: VOTER last_known_addr { host: "127.5.198.66" port: 42811 } health_report { overall_health: UNKNOWN } } peers { permanent_uuid: "aebe16e3f8ea42b482f1f4f11547fe7d" member_type: VOTER last_known_addr { host: "127.5.198.67" port: 34597 } health_report { overall_health: UNKNOWN } } }
I20260710 13:19:51.151737  7199 raft_consensus.cc:2468] T c7740ff300e641a196ca70c1a60e83b9 P aebe16e3f8ea42b482f1f4f11547fe7d [term 1 FOLLOWER]: Leader election vote request: Granting yes vote for candidate 3130058f2dac40b2aed2a743c9421999 in term 1.
I20260710 13:19:51.153733  7014 leader_election.cc:304] T c7740ff300e641a196ca70c1a60e83b9 P 3130058f2dac40b2aed2a743c9421999 [CANDIDATE]: Term 1 election: Election decided. Result: candidate won. Election summary: received 3 responses out of 3 voters: 2 yes votes; 1 no votes. yes voters: 3130058f2dac40b2aed2a743c9421999, aebe16e3f8ea42b482f1f4f11547fe7d; no voters: 72f8debacdda4407b436337a255f84a7
I20260710 13:19:51.154420  7239 tablet_bootstrap.cc:492] T 5ff6535719234f77ae39fd07ee948953 P 3130058f2dac40b2aed2a743c9421999: No bootstrap required, opened a new log
I20260710 13:19:51.154844  7239 ts_tablet_manager.cc:1403] T 5ff6535719234f77ae39fd07ee948953 P 3130058f2dac40b2aed2a743c9421999: Time spent bootstrapping tablet: real 0.055s	user 0.011s	sys 0.001s
I20260710 13:19:51.154922  7262 raft_consensus.cc:2804] T c7740ff300e641a196ca70c1a60e83b9 P 3130058f2dac40b2aed2a743c9421999 [term 1 FOLLOWER]: Leader election won for term 1
I20260710 13:19:51.155704  7262 raft_consensus.cc:697] T c7740ff300e641a196ca70c1a60e83b9 P 3130058f2dac40b2aed2a743c9421999 [term 1 LEADER]: Becoming Leader. State: Replica: 3130058f2dac40b2aed2a743c9421999, State: Running, Role: LEADER
I20260710 13:19:51.156579  7262 consensus_queue.cc:237] T c7740ff300e641a196ca70c1a60e83b9 P 3130058f2dac40b2aed2a743c9421999 [LEADER]: Queue going to LEADER mode. State: All replicated index: 0, Majority replicated index: 0, Committed index: 0, Last appended: 0.0, Last appended by leader: 0, Current term: 1, Majority size: 2, State: 0, Mode: LEADER, active raft config: opid_index: -1 OBSOLETE_local: false peers { permanent_uuid: "3130058f2dac40b2aed2a743c9421999" member_type: VOTER last_known_addr { host: "127.5.198.65" port: 38717 } } peers { permanent_uuid: "72f8debacdda4407b436337a255f84a7" member_type: VOTER last_known_addr { host: "127.5.198.66" port: 42811 } } peers { permanent_uuid: "aebe16e3f8ea42b482f1f4f11547fe7d" member_type: VOTER last_known_addr { host: "127.5.198.67" port: 34597 } }
I20260710 13:19:51.157536  7239 raft_consensus.cc:359] T 5ff6535719234f77ae39fd07ee948953 P 3130058f2dac40b2aed2a743c9421999 [term 0 FOLLOWER]: Replica starting. Triggering 0 pending ops. Active config: opid_index: -1 OBSOLETE_local: false peers { permanent_uuid: "3130058f2dac40b2aed2a743c9421999" member_type: VOTER last_known_addr { host: "127.5.198.65" port: 38717 } } peers { permanent_uuid: "72f8debacdda4407b436337a255f84a7" member_type: VOTER last_known_addr { host: "127.5.198.66" port: 42811 } } peers { permanent_uuid: "aebe16e3f8ea42b482f1f4f11547fe7d" member_type: VOTER last_known_addr { host: "127.5.198.67" port: 34597 } }
I20260710 13:19:51.158186  7239 raft_consensus.cc:385] T 5ff6535719234f77ae39fd07ee948953 P 3130058f2dac40b2aed2a743c9421999 [term 0 FOLLOWER]: Consensus starting up: Expiring failure detector timer to make a prompt election more likely
I20260710 13:19:51.158459  7239 raft_consensus.cc:740] T 5ff6535719234f77ae39fd07ee948953 P 3130058f2dac40b2aed2a743c9421999 [term 0 FOLLOWER]: Becoming Follower/Learner. State: Replica: 3130058f2dac40b2aed2a743c9421999, State: Initialized, Role: FOLLOWER
I20260710 13:19:51.159240  7239 consensus_queue.cc:260] T 5ff6535719234f77ae39fd07ee948953 P 3130058f2dac40b2aed2a743c9421999 [NON_LEADER]: Queue going to NON_LEADER mode. State: All replicated index: 0, Majority replicated index: 0, Committed index: 0, Last appended: 0.0, Last appended by leader: 0, Current term: 0, Majority size: -1, State: 0, Mode: NON_LEADER, active raft config: opid_index: -1 OBSOLETE_local: false peers { permanent_uuid: "3130058f2dac40b2aed2a743c9421999" member_type: VOTER last_known_addr { host: "127.5.198.65" port: 38717 } } peers { permanent_uuid: "72f8debacdda4407b436337a255f84a7" member_type: VOTER last_known_addr { host: "127.5.198.66" port: 42811 } } peers { permanent_uuid: "aebe16e3f8ea42b482f1f4f11547fe7d" member_type: VOTER last_known_addr { host: "127.5.198.67" port: 34597 } }
I20260710 13:19:51.161495  7239 ts_tablet_manager.cc:1434] T 5ff6535719234f77ae39fd07ee948953 P 3130058f2dac40b2aed2a743c9421999: Time spent starting tablet: real 0.006s	user 0.005s	sys 0.001s
I20260710 13:19:51.162357  7239 tablet_bootstrap.cc:492] T 19c5128b4a554bd38fd77a1d05ac23fb P 3130058f2dac40b2aed2a743c9421999: Bootstrap starting.
I20260710 13:19:51.166769  7240 tablet_bootstrap.cc:492] T 89bca605c8e542efbd52810eb42e56bb P aebe16e3f8ea42b482f1f4f11547fe7d: No bootstrap required, opened a new log
I20260710 13:19:51.167249  7240 ts_tablet_manager.cc:1403] T 89bca605c8e542efbd52810eb42e56bb P aebe16e3f8ea42b482f1f4f11547fe7d: Time spent bootstrapping tablet: real 0.046s	user 0.020s	sys 0.020s
I20260710 13:19:51.167647  7241 tablet_bootstrap.cc:654] T 94e27be73b524592bfc8e57a26504ff1 P 72f8debacdda4407b436337a255f84a7: Neither blocks nor log segments found. Creating new log.
I20260710 13:19:51.170447  7240 raft_consensus.cc:359] T 89bca605c8e542efbd52810eb42e56bb P aebe16e3f8ea42b482f1f4f11547fe7d [term 0 FOLLOWER]: Replica starting. Triggering 0 pending ops. Active config: opid_index: -1 OBSOLETE_local: false peers { permanent_uuid: "3130058f2dac40b2aed2a743c9421999" member_type: VOTER last_known_addr { host: "127.5.198.65" port: 38717 } } peers { permanent_uuid: "72f8debacdda4407b436337a255f84a7" member_type: VOTER last_known_addr { host: "127.5.198.66" port: 42811 } } peers { permanent_uuid: "aebe16e3f8ea42b482f1f4f11547fe7d" member_type: VOTER last_known_addr { host: "127.5.198.67" port: 34597 } }
I20260710 13:19:51.171365  7240 raft_consensus.cc:385] T 89bca605c8e542efbd52810eb42e56bb P aebe16e3f8ea42b482f1f4f11547fe7d [term 0 FOLLOWER]: Consensus starting up: Expiring failure detector timer to make a prompt election more likely
I20260710 13:19:51.171641  7240 raft_consensus.cc:740] T 89bca605c8e542efbd52810eb42e56bb P aebe16e3f8ea42b482f1f4f11547fe7d [term 0 FOLLOWER]: Becoming Follower/Learner. State: Replica: aebe16e3f8ea42b482f1f4f11547fe7d, State: Initialized, Role: FOLLOWER
I20260710 13:19:51.172226  7239 tablet_bootstrap.cc:654] T 19c5128b4a554bd38fd77a1d05ac23fb P 3130058f2dac40b2aed2a743c9421999: Neither blocks nor log segments found. Creating new log.
I20260710 13:19:51.173838  7241 tablet_bootstrap.cc:492] T 94e27be73b524592bfc8e57a26504ff1 P 72f8debacdda4407b436337a255f84a7: No bootstrap required, opened a new log
I20260710 13:19:51.174503  7241 ts_tablet_manager.cc:1403] T 94e27be73b524592bfc8e57a26504ff1 P 72f8debacdda4407b436337a255f84a7: Time spent bootstrapping tablet: real 0.031s	user 0.011s	sys 0.003s
I20260710 13:19:51.175853  7240 consensus_queue.cc:260] T 89bca605c8e542efbd52810eb42e56bb P aebe16e3f8ea42b482f1f4f11547fe7d [NON_LEADER]: Queue going to NON_LEADER mode. State: All replicated index: 0, Majority replicated index: 0, Committed index: 0, Last appended: 0.0, Last appended by leader: 0, Current term: 0, Majority size: -1, State: 0, Mode: NON_LEADER, active raft config: opid_index: -1 OBSOLETE_local: false peers { permanent_uuid: "3130058f2dac40b2aed2a743c9421999" member_type: VOTER last_known_addr { host: "127.5.198.65" port: 38717 } } peers { permanent_uuid: "72f8debacdda4407b436337a255f84a7" member_type: VOTER last_known_addr { host: "127.5.198.66" port: 42811 } } peers { permanent_uuid: "aebe16e3f8ea42b482f1f4f11547fe7d" member_type: VOTER last_known_addr { host: "127.5.198.67" port: 34597 } }
I20260710 13:19:51.180212  7240 ts_tablet_manager.cc:1434] T 89bca605c8e542efbd52810eb42e56bb P aebe16e3f8ea42b482f1f4f11547fe7d: Time spent starting tablet: real 0.013s	user 0.005s	sys 0.004s
I20260710 13:19:51.181165  7239 tablet_bootstrap.cc:492] T 19c5128b4a554bd38fd77a1d05ac23fb P 3130058f2dac40b2aed2a743c9421999: No bootstrap required, opened a new log
I20260710 13:19:51.181227  7240 tablet_bootstrap.cc:492] T 10bd9659c5d345de80b456d9f4fd193b P aebe16e3f8ea42b482f1f4f11547fe7d: Bootstrap starting.
I20260710 13:19:51.181833  7239 ts_tablet_manager.cc:1403] T 19c5128b4a554bd38fd77a1d05ac23fb P 3130058f2dac40b2aed2a743c9421999: Time spent bootstrapping tablet: real 0.020s	user 0.007s	sys 0.003s
I20260710 13:19:51.178062  7241 raft_consensus.cc:359] T 94e27be73b524592bfc8e57a26504ff1 P 72f8debacdda4407b436337a255f84a7 [term 0 FOLLOWER]: Replica starting. Triggering 0 pending ops. Active config: opid_index: -1 OBSOLETE_local: false peers { permanent_uuid: "3130058f2dac40b2aed2a743c9421999" member_type: VOTER last_known_addr { host: "127.5.198.65" port: 38717 } } peers { permanent_uuid: "72f8debacdda4407b436337a255f84a7" member_type: VOTER last_known_addr { host: "127.5.198.66" port: 42811 } } peers { permanent_uuid: "aebe16e3f8ea42b482f1f4f11547fe7d" member_type: VOTER last_known_addr { host: "127.5.198.67" port: 34597 } }
I20260710 13:19:51.183269  7241 raft_consensus.cc:385] T 94e27be73b524592bfc8e57a26504ff1 P 72f8debacdda4407b436337a255f84a7 [term 0 FOLLOWER]: Consensus starting up: Expiring failure detector timer to make a prompt election more likely
I20260710 13:19:51.183630  7241 raft_consensus.cc:740] T 94e27be73b524592bfc8e57a26504ff1 P 72f8debacdda4407b436337a255f84a7 [term 0 FOLLOWER]: Becoming Follower/Learner. State: Replica: 72f8debacdda4407b436337a255f84a7, State: Initialized, Role: FOLLOWER
I20260710 13:19:51.184523  7241 consensus_queue.cc:260] T 94e27be73b524592bfc8e57a26504ff1 P 72f8debacdda4407b436337a255f84a7 [NON_LEADER]: Queue going to NON_LEADER mode. State: All replicated index: 0, Majority replicated index: 0, Committed index: 0, Last appended: 0.0, Last appended by leader: 0, Current term: 0, Majority size: -1, State: 0, Mode: NON_LEADER, active raft config: opid_index: -1 OBSOLETE_local: false peers { permanent_uuid: "3130058f2dac40b2aed2a743c9421999" member_type: VOTER last_known_addr { host: "127.5.198.65" port: 38717 } } peers { permanent_uuid: "72f8debacdda4407b436337a255f84a7" member_type: VOTER last_known_addr { host: "127.5.198.66" port: 42811 } } peers { permanent_uuid: "aebe16e3f8ea42b482f1f4f11547fe7d" member_type: VOTER last_known_addr { host: "127.5.198.67" port: 34597 } }
I20260710 13:19:51.185611  7239 raft_consensus.cc:359] T 19c5128b4a554bd38fd77a1d05ac23fb P 3130058f2dac40b2aed2a743c9421999 [term 0 FOLLOWER]: Replica starting. Triggering 0 pending ops. Active config: opid_index: -1 OBSOLETE_local: false peers { permanent_uuid: "3130058f2dac40b2aed2a743c9421999" member_type: VOTER last_known_addr { host: "127.5.198.65" port: 38717 } } peers { permanent_uuid: "72f8debacdda4407b436337a255f84a7" member_type: VOTER last_known_addr { host: "127.5.198.66" port: 42811 } } peers { permanent_uuid: "aebe16e3f8ea42b482f1f4f11547fe7d" member_type: VOTER last_known_addr { host: "127.5.198.67" port: 34597 } }
I20260710 13:19:51.186477  7239 raft_consensus.cc:385] T 19c5128b4a554bd38fd77a1d05ac23fb P 3130058f2dac40b2aed2a743c9421999 [term 0 FOLLOWER]: Consensus starting up: Expiring failure detector timer to make a prompt election more likely
I20260710 13:19:51.186801  7239 raft_consensus.cc:740] T 19c5128b4a554bd38fd77a1d05ac23fb P 3130058f2dac40b2aed2a743c9421999 [term 0 FOLLOWER]: Becoming Follower/Learner. State: Replica: 3130058f2dac40b2aed2a743c9421999, State: Initialized, Role: FOLLOWER
I20260710 13:19:51.188143  7240 tablet_bootstrap.cc:654] T 10bd9659c5d345de80b456d9f4fd193b P aebe16e3f8ea42b482f1f4f11547fe7d: Neither blocks nor log segments found. Creating new log.
I20260710 13:19:51.187616  7239 consensus_queue.cc:260] T 19c5128b4a554bd38fd77a1d05ac23fb P 3130058f2dac40b2aed2a743c9421999 [NON_LEADER]: Queue going to NON_LEADER mode. State: All replicated index: 0, Majority replicated index: 0, Committed index: 0, Last appended: 0.0, Last appended by leader: 0, Current term: 0, Majority size: -1, State: 0, Mode: NON_LEADER, active raft config: opid_index: -1 OBSOLETE_local: false peers { permanent_uuid: "3130058f2dac40b2aed2a743c9421999" member_type: VOTER last_known_addr { host: "127.5.198.65" port: 38717 } } peers { permanent_uuid: "72f8debacdda4407b436337a255f84a7" member_type: VOTER last_known_addr { host: "127.5.198.66" port: 42811 } } peers { permanent_uuid: "aebe16e3f8ea42b482f1f4f11547fe7d" member_type: VOTER last_known_addr { host: "127.5.198.67" port: 34597 } }
I20260710 13:19:51.189353  7262 raft_consensus.cc:493] T 5ff6535719234f77ae39fd07ee948953 P 3130058f2dac40b2aed2a743c9421999 [term 0 FOLLOWER]: Starting pre-election (no leader contacted us within the election timeout)
I20260710 13:19:51.190071  7239 ts_tablet_manager.cc:1434] T 19c5128b4a554bd38fd77a1d05ac23fb P 3130058f2dac40b2aed2a743c9421999: Time spent starting tablet: real 0.008s	user 0.007s	sys 0.001s
I20260710 13:19:51.189782  7262 raft_consensus.cc:515] T 5ff6535719234f77ae39fd07ee948953 P 3130058f2dac40b2aed2a743c9421999 [term 0 FOLLOWER]: Starting pre-election with config: opid_index: -1 OBSOLETE_local: false peers { permanent_uuid: "3130058f2dac40b2aed2a743c9421999" member_type: VOTER last_known_addr { host: "127.5.198.65" port: 38717 } } peers { permanent_uuid: "72f8debacdda4407b436337a255f84a7" member_type: VOTER last_known_addr { host: "127.5.198.66" port: 42811 } } peers { permanent_uuid: "aebe16e3f8ea42b482f1f4f11547fe7d" member_type: VOTER last_known_addr { host: "127.5.198.67" port: 34597 } }
I20260710 13:19:51.190932  7239 tablet_bootstrap.cc:492] T 2752992123144ba1a2d12a0671906fa0 P 3130058f2dac40b2aed2a743c9421999: Bootstrap starting.
I20260710 13:19:51.191803  7262 leader_election.cc:290] T 5ff6535719234f77ae39fd07ee948953 P 3130058f2dac40b2aed2a743c9421999 [CANDIDATE]: Term 1 pre-election: Requested pre-vote from peers 72f8debacdda4407b436337a255f84a7 (127.5.198.66:42811), aebe16e3f8ea42b482f1f4f11547fe7d (127.5.198.67:34597)
I20260710 13:19:51.193405  7199 tablet_service.cc:1917] Received RequestConsensusVote() RPC: tablet_id: "5ff6535719234f77ae39fd07ee948953" candidate_uuid: "3130058f2dac40b2aed2a743c9421999" candidate_term: 1 candidate_status { last_received { term: 0 index: 0 } } ignore_live_leader: false dest_uuid: "aebe16e3f8ea42b482f1f4f11547fe7d" is_pre_election: true
I20260710 13:19:51.195616  7122 tablet_service.cc:1917] Received RequestConsensusVote() RPC: tablet_id: "5ff6535719234f77ae39fd07ee948953" candidate_uuid: "3130058f2dac40b2aed2a743c9421999" candidate_term: 1 candidate_status { last_received { term: 0 index: 0 } } ignore_live_leader: false dest_uuid: "72f8debacdda4407b436337a255f84a7" is_pre_election: true
I20260710 13:19:51.196007  7241 ts_tablet_manager.cc:1434] T 94e27be73b524592bfc8e57a26504ff1 P 72f8debacdda4407b436337a255f84a7: Time spent starting tablet: real 0.021s	user 0.003s	sys 0.003s
I20260710 13:19:51.196343  7122 raft_consensus.cc:2468] T 5ff6535719234f77ae39fd07ee948953 P 72f8debacdda4407b436337a255f84a7 [term 0 FOLLOWER]: Leader pre-election vote request: Granting yes vote for candidate 3130058f2dac40b2aed2a743c9421999 in term 0.
W20260710 13:19:51.197753  7014 leader_election.cc:343] T 5ff6535719234f77ae39fd07ee948953 P 3130058f2dac40b2aed2a743c9421999 [CANDIDATE]: Term 1 pre-election: Tablet error from VoteRequest() call to peer aebe16e3f8ea42b482f1f4f11547fe7d (127.5.198.67:34597): Illegal state: must be running to vote when last-logged opid is not known
I20260710 13:19:51.198854  7015 leader_election.cc:304] T 5ff6535719234f77ae39fd07ee948953 P 3130058f2dac40b2aed2a743c9421999 [CANDIDATE]: Term 1 pre-election: Election decided. Result: candidate won. Election summary: received 3 responses out of 3 voters: 2 yes votes; 1 no votes. yes voters: 3130058f2dac40b2aed2a743c9421999, 72f8debacdda4407b436337a255f84a7; no voters: aebe16e3f8ea42b482f1f4f11547fe7d
I20260710 13:19:51.199947  7262 raft_consensus.cc:2804] T 5ff6535719234f77ae39fd07ee948953 P 3130058f2dac40b2aed2a743c9421999 [term 0 FOLLOWER]: Leader pre-election won for term 1
I20260710 13:19:51.200313  7262 raft_consensus.cc:493] T 5ff6535719234f77ae39fd07ee948953 P 3130058f2dac40b2aed2a743c9421999 [term 0 FOLLOWER]: Starting leader election (no leader contacted us within the election timeout)
I20260710 13:19:51.200531  7239 tablet_bootstrap.cc:654] T 2752992123144ba1a2d12a0671906fa0 P 3130058f2dac40b2aed2a743c9421999: Neither blocks nor log segments found. Creating new log.
I20260710 13:19:51.200698  7262 raft_consensus.cc:3060] T 5ff6535719234f77ae39fd07ee948953 P 3130058f2dac40b2aed2a743c9421999 [term 0 FOLLOWER]: Advancing to term 1
I20260710 13:19:51.201366  7241 tablet_bootstrap.cc:492] T 22a5b24d557d4998a9da680f30ada2ad P 72f8debacdda4407b436337a255f84a7: Bootstrap starting.
I20260710 13:19:51.202356  7240 tablet_bootstrap.cc:492] T 10bd9659c5d345de80b456d9f4fd193b P aebe16e3f8ea42b482f1f4f11547fe7d: No bootstrap required, opened a new log
I20260710 13:19:51.202879  7240 ts_tablet_manager.cc:1403] T 10bd9659c5d345de80b456d9f4fd193b P aebe16e3f8ea42b482f1f4f11547fe7d: Time spent bootstrapping tablet: real 0.022s	user 0.009s	sys 0.007s
I20260710 13:19:51.205817  7240 raft_consensus.cc:359] T 10bd9659c5d345de80b456d9f4fd193b P aebe16e3f8ea42b482f1f4f11547fe7d [term 0 FOLLOWER]: Replica starting. Triggering 0 pending ops. Active config: opid_index: -1 OBSOLETE_local: false peers { permanent_uuid: "3130058f2dac40b2aed2a743c9421999" member_type: VOTER last_known_addr { host: "127.5.198.65" port: 38717 } } peers { permanent_uuid: "72f8debacdda4407b436337a255f84a7" member_type: VOTER last_known_addr { host: "127.5.198.66" port: 42811 } } peers { permanent_uuid: "aebe16e3f8ea42b482f1f4f11547fe7d" member_type: VOTER last_known_addr { host: "127.5.198.67" port: 34597 } }
I20260710 13:19:51.206755  7279 raft_consensus.cc:493] T 19c5128b4a554bd38fd77a1d05ac23fb P aebe16e3f8ea42b482f1f4f11547fe7d [term 0 FOLLOWER]: Starting pre-election (no leader contacted us within the election timeout)
I20260710 13:19:51.207214  7279 raft_consensus.cc:515] T 19c5128b4a554bd38fd77a1d05ac23fb P aebe16e3f8ea42b482f1f4f11547fe7d [term 0 FOLLOWER]: Starting pre-election with config: opid_index: -1 OBSOLETE_local: false peers { permanent_uuid: "3130058f2dac40b2aed2a743c9421999" member_type: VOTER last_known_addr { host: "127.5.198.65" port: 38717 } } peers { permanent_uuid: "72f8debacdda4407b436337a255f84a7" member_type: VOTER last_known_addr { host: "127.5.198.66" port: 42811 } } peers { permanent_uuid: "aebe16e3f8ea42b482f1f4f11547fe7d" member_type: VOTER last_known_addr { host: "127.5.198.67" port: 34597 } }
I20260710 13:19:51.209561  7279 leader_election.cc:290] T 19c5128b4a554bd38fd77a1d05ac23fb P aebe16e3f8ea42b482f1f4f11547fe7d [CANDIDATE]: Term 1 pre-election: Requested pre-vote from peers 3130058f2dac40b2aed2a743c9421999 (127.5.198.65:38717), 72f8debacdda4407b436337a255f84a7 (127.5.198.66:42811)
I20260710 13:19:51.210162  7262 raft_consensus.cc:515] T 5ff6535719234f77ae39fd07ee948953 P 3130058f2dac40b2aed2a743c9421999 [term 1 FOLLOWER]: Starting leader election with config: opid_index: -1 OBSOLETE_local: false peers { permanent_uuid: "3130058f2dac40b2aed2a743c9421999" member_type: VOTER last_known_addr { host: "127.5.198.65" port: 38717 } } peers { permanent_uuid: "72f8debacdda4407b436337a255f84a7" member_type: VOTER last_known_addr { host: "127.5.198.66" port: 42811 } } peers { permanent_uuid: "aebe16e3f8ea42b482f1f4f11547fe7d" member_type: VOTER last_known_addr { host: "127.5.198.67" port: 34597 } }
I20260710 13:19:51.212088  7122 tablet_service.cc:1917] Received RequestConsensusVote() RPC: tablet_id: "19c5128b4a554bd38fd77a1d05ac23fb" candidate_uuid: "aebe16e3f8ea42b482f1f4f11547fe7d" candidate_term: 1 candidate_status { last_received { term: 0 index: 0 } } ignore_live_leader: false dest_uuid: "72f8debacdda4407b436337a255f84a7" is_pre_election: true
I20260710 13:19:51.212476  7050 tablet_service.cc:1917] Received RequestConsensusVote() RPC: tablet_id: "19c5128b4a554bd38fd77a1d05ac23fb" candidate_uuid: "aebe16e3f8ea42b482f1f4f11547fe7d" candidate_term: 1 candidate_status { last_received { term: 0 index: 0 } } ignore_live_leader: false dest_uuid: "3130058f2dac40b2aed2a743c9421999" is_pre_election: true
I20260710 13:19:51.213117  7050 raft_consensus.cc:2468] T 19c5128b4a554bd38fd77a1d05ac23fb P 3130058f2dac40b2aed2a743c9421999 [term 0 FOLLOWER]: Leader pre-election vote request: Granting yes vote for candidate aebe16e3f8ea42b482f1f4f11547fe7d in term 0.
I20260710 13:19:51.213625  7241 tablet_bootstrap.cc:654] T 22a5b24d557d4998a9da680f30ada2ad P 72f8debacdda4407b436337a255f84a7: Neither blocks nor log segments found. Creating new log.
W20260710 13:19:51.214015  7164 leader_election.cc:343] T 19c5128b4a554bd38fd77a1d05ac23fb P aebe16e3f8ea42b482f1f4f11547fe7d [CANDIDATE]: Term 1 pre-election: Tablet error from VoteRequest() call to peer 72f8debacdda4407b436337a255f84a7 (127.5.198.66:42811): Illegal state: must be running to vote when last-logged opid is not known
I20260710 13:19:51.214843  7163 leader_election.cc:304] T 19c5128b4a554bd38fd77a1d05ac23fb P aebe16e3f8ea42b482f1f4f11547fe7d [CANDIDATE]: Term 1 pre-election: Election decided. Result: candidate won. Election summary: received 3 responses out of 3 voters: 2 yes votes; 1 no votes. yes voters: 3130058f2dac40b2aed2a743c9421999, aebe16e3f8ea42b482f1f4f11547fe7d; no voters: 72f8debacdda4407b436337a255f84a7
I20260710 13:19:51.214599  7279 raft_consensus.cc:493] T 89bca605c8e542efbd52810eb42e56bb P aebe16e3f8ea42b482f1f4f11547fe7d [term 0 FOLLOWER]: Starting pre-election (no leader contacted us within the election timeout)
I20260710 13:19:51.216431  7246 raft_consensus.cc:2804] T 19c5128b4a554bd38fd77a1d05ac23fb P aebe16e3f8ea42b482f1f4f11547fe7d [term 0 FOLLOWER]: Leader pre-election won for term 1
I20260710 13:19:51.216312  7279 raft_consensus.cc:515] T 89bca605c8e542efbd52810eb42e56bb P aebe16e3f8ea42b482f1f4f11547fe7d [term 0 FOLLOWER]: Starting pre-election with config: opid_index: -1 OBSOLETE_local: false peers { permanent_uuid: "3130058f2dac40b2aed2a743c9421999" member_type: VOTER last_known_addr { host: "127.5.198.65" port: 38717 } } peers { permanent_uuid: "72f8debacdda4407b436337a255f84a7" member_type: VOTER last_known_addr { host: "127.5.198.66" port: 42811 } } peers { permanent_uuid: "aebe16e3f8ea42b482f1f4f11547fe7d" member_type: VOTER last_known_addr { host: "127.5.198.67" port: 34597 } }
I20260710 13:19:51.217005  7246 raft_consensus.cc:493] T 19c5128b4a554bd38fd77a1d05ac23fb P aebe16e3f8ea42b482f1f4f11547fe7d [term 0 FOLLOWER]: Starting leader election (no leader contacted us within the election timeout)
I20260710 13:19:51.217504  7246 raft_consensus.cc:3060] T 19c5128b4a554bd38fd77a1d05ac23fb P aebe16e3f8ea42b482f1f4f11547fe7d [term 0 FOLLOWER]: Advancing to term 1
I20260710 13:19:51.220062  7050 tablet_service.cc:1917] Received RequestConsensusVote() RPC: tablet_id: "89bca605c8e542efbd52810eb42e56bb" candidate_uuid: "aebe16e3f8ea42b482f1f4f11547fe7d" candidate_term: 1 candidate_status { last_received { term: 0 index: 0 } } ignore_live_leader: false dest_uuid: "3130058f2dac40b2aed2a743c9421999" is_pre_election: true
I20260710 13:19:51.220904  7050 raft_consensus.cc:2468] T 89bca605c8e542efbd52810eb42e56bb P 3130058f2dac40b2aed2a743c9421999 [term 0 FOLLOWER]: Leader pre-election vote request: Granting yes vote for candidate aebe16e3f8ea42b482f1f4f11547fe7d in term 0.
I20260710 13:19:51.222541  7163 leader_election.cc:304] T 89bca605c8e542efbd52810eb42e56bb P aebe16e3f8ea42b482f1f4f11547fe7d [CANDIDATE]: Term 1 pre-election: Election decided. Result: candidate won. Election summary: received 2 responses out of 3 voters: 2 yes votes; 0 no votes. yes voters: 3130058f2dac40b2aed2a743c9421999, aebe16e3f8ea42b482f1f4f11547fe7d; no voters: 
I20260710 13:19:51.225907  7122 tablet_service.cc:1917] Received RequestConsensusVote() RPC: tablet_id: "89bca605c8e542efbd52810eb42e56bb" candidate_uuid: "aebe16e3f8ea42b482f1f4f11547fe7d" candidate_term: 1 candidate_status { last_received { term: 0 index: 0 } } ignore_live_leader: false dest_uuid: "72f8debacdda4407b436337a255f84a7" is_pre_election: true
W20260710 13:19:51.227528  7164 leader_election.cc:343] T 89bca605c8e542efbd52810eb42e56bb P aebe16e3f8ea42b482f1f4f11547fe7d [CANDIDATE]: Term 1 pre-election: Tablet error from VoteRequest() call to peer 72f8debacdda4407b436337a255f84a7 (127.5.198.66:42811): Illegal state: must be running to vote when last-logged opid is not known
I20260710 13:19:51.228246  7279 leader_election.cc:290] T 89bca605c8e542efbd52810eb42e56bb P aebe16e3f8ea42b482f1f4f11547fe7d [CANDIDATE]: Term 1 pre-election: Requested pre-vote from peers 3130058f2dac40b2aed2a743c9421999 (127.5.198.65:38717), 72f8debacdda4407b436337a255f84a7 (127.5.198.66:42811)
I20260710 13:19:51.228952  7279 raft_consensus.cc:2804] T 89bca605c8e542efbd52810eb42e56bb P aebe16e3f8ea42b482f1f4f11547fe7d [term 0 FOLLOWER]: Leader pre-election won for term 1
I20260710 13:19:51.229363  7279 raft_consensus.cc:493] T 89bca605c8e542efbd52810eb42e56bb P aebe16e3f8ea42b482f1f4f11547fe7d [term 0 FOLLOWER]: Starting leader election (no leader contacted us within the election timeout)
I20260710 13:19:51.229791  7279 raft_consensus.cc:3060] T 89bca605c8e542efbd52810eb42e56bb P aebe16e3f8ea42b482f1f4f11547fe7d [term 0 FOLLOWER]: Advancing to term 1
I20260710 13:19:51.231005  7122 tablet_service.cc:1917] Received RequestConsensusVote() RPC: tablet_id: "5ff6535719234f77ae39fd07ee948953" candidate_uuid: "3130058f2dac40b2aed2a743c9421999" candidate_term: 1 candidate_status { last_received { term: 0 index: 0 } } ignore_live_leader: false dest_uuid: "72f8debacdda4407b436337a255f84a7"
I20260710 13:19:51.231762  7122 raft_consensus.cc:3060] T 5ff6535719234f77ae39fd07ee948953 P 72f8debacdda4407b436337a255f84a7 [term 0 FOLLOWER]: Advancing to term 1
I20260710 13:19:51.242527  7296 raft_consensus.cc:493] T a9cf2fa01ba84cc5815758cf3f69f0fc P aebe16e3f8ea42b482f1f4f11547fe7d [term 0 FOLLOWER]: Starting pre-election (no leader contacted us within the election timeout)
I20260710 13:19:51.243274  7296 raft_consensus.cc:515] T a9cf2fa01ba84cc5815758cf3f69f0fc P aebe16e3f8ea42b482f1f4f11547fe7d [term 0 FOLLOWER]: Starting pre-election with config: opid_index: -1 OBSOLETE_local: false peers { permanent_uuid: "3130058f2dac40b2aed2a743c9421999" member_type: VOTER last_known_addr { host: "127.5.198.65" port: 38717 } } peers { permanent_uuid: "72f8debacdda4407b436337a255f84a7" member_type: VOTER last_known_addr { host: "127.5.198.66" port: 42811 } } peers { permanent_uuid: "aebe16e3f8ea42b482f1f4f11547fe7d" member_type: VOTER last_known_addr { host: "127.5.198.67" port: 34597 } }
I20260710 13:19:51.206532  7240 raft_consensus.cc:385] T 10bd9659c5d345de80b456d9f4fd193b P aebe16e3f8ea42b482f1f4f11547fe7d [term 0 FOLLOWER]: Consensus starting up: Expiring failure detector timer to make a prompt election more likely
I20260710 13:19:51.245671  7240 raft_consensus.cc:740] T 10bd9659c5d345de80b456d9f4fd193b P aebe16e3f8ea42b482f1f4f11547fe7d [term 0 FOLLOWER]: Becoming Follower/Learner. State: Replica: aebe16e3f8ea42b482f1f4f11547fe7d, State: Initialized, Role: FOLLOWER
I20260710 13:19:51.246523  7240 consensus_queue.cc:260] T 10bd9659c5d345de80b456d9f4fd193b P aebe16e3f8ea42b482f1f4f11547fe7d [NON_LEADER]: Queue going to NON_LEADER mode. State: All replicated index: 0, Majority replicated index: 0, Committed index: 0, Last appended: 0.0, Last appended by leader: 0, Current term: 0, Majority size: -1, State: 0, Mode: NON_LEADER, active raft config: opid_index: -1 OBSOLETE_local: false peers { permanent_uuid: "3130058f2dac40b2aed2a743c9421999" member_type: VOTER last_known_addr { host: "127.5.198.65" port: 38717 } } peers { permanent_uuid: "72f8debacdda4407b436337a255f84a7" member_type: VOTER last_known_addr { host: "127.5.198.66" port: 42811 } } peers { permanent_uuid: "aebe16e3f8ea42b482f1f4f11547fe7d" member_type: VOTER last_known_addr { host: "127.5.198.67" port: 34597 } }
I20260710 13:19:51.247638  7124 tablet_service.cc:1917] Received RequestConsensusVote() RPC: tablet_id: "a9cf2fa01ba84cc5815758cf3f69f0fc" candidate_uuid: "aebe16e3f8ea42b482f1f4f11547fe7d" candidate_term: 1 candidate_status { last_received { term: 0 index: 0 } } ignore_live_leader: false dest_uuid: "72f8debacdda4407b436337a255f84a7" is_pre_election: true
I20260710 13:19:51.248401  7124 raft_consensus.cc:2393] T a9cf2fa01ba84cc5815758cf3f69f0fc P 72f8debacdda4407b436337a255f84a7 [term 1 FOLLOWER]: Leader pre-election vote request: Denying vote to candidate aebe16e3f8ea42b482f1f4f11547fe7d in current term 1: Already voted for candidate 3130058f2dac40b2aed2a743c9421999 in this term.
I20260710 13:19:51.249517  7275 raft_consensus.cc:493] T 94e27be73b524592bfc8e57a26504ff1 P 72f8debacdda4407b436337a255f84a7 [term 0 FOLLOWER]: Starting pre-election (no leader contacted us within the election timeout)
I20260710 13:19:51.250049  7275 raft_consensus.cc:515] T 94e27be73b524592bfc8e57a26504ff1 P 72f8debacdda4407b436337a255f84a7 [term 0 FOLLOWER]: Starting pre-election with config: opid_index: -1 OBSOLETE_local: false peers { permanent_uuid: "3130058f2dac40b2aed2a743c9421999" member_type: VOTER last_known_addr { host: "127.5.198.65" port: 38717 } } peers { permanent_uuid: "72f8debacdda4407b436337a255f84a7" member_type: VOTER last_known_addr { host: "127.5.198.66" port: 42811 } } peers { permanent_uuid: "aebe16e3f8ea42b482f1f4f11547fe7d" member_type: VOTER last_known_addr { host: "127.5.198.67" port: 34597 } }
I20260710 13:19:51.252159  7050 tablet_service.cc:1917] Received RequestConsensusVote() RPC: tablet_id: "a9cf2fa01ba84cc5815758cf3f69f0fc" candidate_uuid: "aebe16e3f8ea42b482f1f4f11547fe7d" candidate_term: 1 candidate_status { last_received { term: 0 index: 0 } } ignore_live_leader: false dest_uuid: "3130058f2dac40b2aed2a743c9421999" is_pre_election: true
I20260710 13:19:51.252203  7275 leader_election.cc:290] T 94e27be73b524592bfc8e57a26504ff1 P 72f8debacdda4407b436337a255f84a7 [CANDIDATE]: Term 1 pre-election: Requested pre-vote from peers 3130058f2dac40b2aed2a743c9421999 (127.5.198.65:38717), aebe16e3f8ea42b482f1f4f11547fe7d (127.5.198.67:34597)
I20260710 13:19:51.254554  7197 tablet_service.cc:1917] Received RequestConsensusVote() RPC: tablet_id: "94e27be73b524592bfc8e57a26504ff1" candidate_uuid: "72f8debacdda4407b436337a255f84a7" candidate_term: 1 candidate_status { last_received { term: 0 index: 0 } } ignore_live_leader: false dest_uuid: "aebe16e3f8ea42b482f1f4f11547fe7d" is_pre_election: true
I20260710 13:19:51.254691  7199 tablet_service.cc:1917] Received RequestConsensusVote() RPC: tablet_id: "5ff6535719234f77ae39fd07ee948953" candidate_uuid: "3130058f2dac40b2aed2a743c9421999" candidate_term: 1 candidate_status { last_received { term: 0 index: 0 } } ignore_live_leader: false dest_uuid: "aebe16e3f8ea42b482f1f4f11547fe7d"
I20260710 13:19:51.254549  7050 tablet_service.cc:1917] Received RequestConsensusVote() RPC: tablet_id: "94e27be73b524592bfc8e57a26504ff1" candidate_uuid: "72f8debacdda4407b436337a255f84a7" candidate_term: 1 candidate_status { last_received { term: 0 index: 0 } } ignore_live_leader: false dest_uuid: "3130058f2dac40b2aed2a743c9421999" is_pre_election: true
W20260710 13:19:51.255860  7089 leader_election.cc:343] T 94e27be73b524592bfc8e57a26504ff1 P 72f8debacdda4407b436337a255f84a7 [CANDIDATE]: Term 1 pre-election: Tablet error from VoteRequest() call to peer aebe16e3f8ea42b482f1f4f11547fe7d (127.5.198.67:34597): Illegal state: must be running to vote when last-logged opid is not known
I20260710 13:19:51.254964  7296 leader_election.cc:290] T a9cf2fa01ba84cc5815758cf3f69f0fc P aebe16e3f8ea42b482f1f4f11547fe7d [CANDIDATE]: Term 1 pre-election: Requested pre-vote from peers 3130058f2dac40b2aed2a743c9421999 (127.5.198.65:38717), 72f8debacdda4407b436337a255f84a7 (127.5.198.66:42811)
W20260710 13:19:51.256582  7014 leader_election.cc:343] T 5ff6535719234f77ae39fd07ee948953 P 3130058f2dac40b2aed2a743c9421999 [CANDIDATE]: Term 1 election: Tablet error from VoteRequest() call to peer aebe16e3f8ea42b482f1f4f11547fe7d (127.5.198.67:34597): Illegal state: must be running to vote when last-logged opid is not known
W20260710 13:19:51.256820  7089 leader_election.cc:343] T 94e27be73b524592bfc8e57a26504ff1 P 72f8debacdda4407b436337a255f84a7 [CANDIDATE]: Term 1 pre-election: Tablet error from VoteRequest() call to peer 3130058f2dac40b2aed2a743c9421999 (127.5.198.65:38717): Illegal state: must be running to vote when last-logged opid is not known
I20260710 13:19:51.249110  6948 catalog_manager.cc:5697] T e87f676477f046ccabe6afdfbef52ea1 P 3130058f2dac40b2aed2a743c9421999 reported cstate change: term changed from 0 to 1, leader changed from <none> to 3130058f2dac40b2aed2a743c9421999 (127.5.198.65). New cstate: current_term: 1 leader_uuid: "3130058f2dac40b2aed2a743c9421999" committed_config { opid_index: -1 OBSOLETE_local: false peers { permanent_uuid: "3130058f2dac40b2aed2a743c9421999" member_type: VOTER last_known_addr { host: "127.5.198.65" port: 38717 } health_report { overall_health: HEALTHY } } peers { permanent_uuid: "72f8debacdda4407b436337a255f84a7" member_type: VOTER last_known_addr { host: "127.5.198.66" port: 42811 } health_report { overall_health: UNKNOWN } } peers { permanent_uuid: "aebe16e3f8ea42b482f1f4f11547fe7d" member_type: VOTER last_known_addr { host: "127.5.198.67" port: 34597 } health_report { overall_health: UNKNOWN } } }
I20260710 13:19:51.257344  7089 leader_election.cc:304] T 94e27be73b524592bfc8e57a26504ff1 P 72f8debacdda4407b436337a255f84a7 [CANDIDATE]: Term 1 pre-election: Election decided. Result: candidate lost. Election summary: received 3 responses out of 3 voters: 1 yes votes; 2 no votes. yes voters: 72f8debacdda4407b436337a255f84a7; no voters: 3130058f2dac40b2aed2a743c9421999, aebe16e3f8ea42b482f1f4f11547fe7d
I20260710 13:19:51.258822  7275 raft_consensus.cc:2749] T 94e27be73b524592bfc8e57a26504ff1 P 72f8debacdda4407b436337a255f84a7 [term 0 FOLLOWER]: Leader pre-election lost for term 1. Reason: could not achieve majority
I20260710 13:19:51.260677  7262 leader_election.cc:290] T 5ff6535719234f77ae39fd07ee948953 P 3130058f2dac40b2aed2a743c9421999 [CANDIDATE]: Term 1 election: Requested vote from peers 72f8debacdda4407b436337a255f84a7 (127.5.198.66:42811), aebe16e3f8ea42b482f1f4f11547fe7d (127.5.198.67:34597)
I20260710 13:19:51.261981  7163 leader_election.cc:304] T a9cf2fa01ba84cc5815758cf3f69f0fc P aebe16e3f8ea42b482f1f4f11547fe7d [CANDIDATE]: Term 1 pre-election: Election decided. Result: candidate lost. Election summary: received 3 responses out of 3 voters: 1 yes votes; 2 no votes. yes voters: aebe16e3f8ea42b482f1f4f11547fe7d; no voters: 3130058f2dac40b2aed2a743c9421999, 72f8debacdda4407b436337a255f84a7
I20260710 13:19:51.263006  7296 raft_consensus.cc:3060] T a9cf2fa01ba84cc5815758cf3f69f0fc P aebe16e3f8ea42b482f1f4f11547fe7d [term 0 FOLLOWER]: Advancing to term 1
I20260710 13:19:51.263514  7240 ts_tablet_manager.cc:1434] T 10bd9659c5d345de80b456d9f4fd193b P aebe16e3f8ea42b482f1f4f11547fe7d: Time spent starting tablet: real 0.060s	user 0.008s	sys 0.001s
I20260710 13:19:51.265596  7122 raft_consensus.cc:2468] T 5ff6535719234f77ae39fd07ee948953 P 72f8debacdda4407b436337a255f84a7 [term 1 FOLLOWER]: Leader election vote request: Granting yes vote for candidate 3130058f2dac40b2aed2a743c9421999 in term 1.
I20260710 13:19:51.267122  7279 raft_consensus.cc:515] T 89bca605c8e542efbd52810eb42e56bb P aebe16e3f8ea42b482f1f4f11547fe7d [term 1 FOLLOWER]: Starting leader election with config: opid_index: -1 OBSOLETE_local: false peers { permanent_uuid: "3130058f2dac40b2aed2a743c9421999" member_type: VOTER last_known_addr { host: "127.5.198.65" port: 38717 } } peers { permanent_uuid: "72f8debacdda4407b436337a255f84a7" member_type: VOTER last_known_addr { host: "127.5.198.66" port: 42811 } } peers { permanent_uuid: "aebe16e3f8ea42b482f1f4f11547fe7d" member_type: VOTER last_known_addr { host: "127.5.198.67" port: 34597 } }
I20260710 13:19:51.267158  7015 leader_election.cc:304] T 5ff6535719234f77ae39fd07ee948953 P 3130058f2dac40b2aed2a743c9421999 [CANDIDATE]: Term 1 election: Election decided. Result: candidate won. Election summary: received 3 responses out of 3 voters: 2 yes votes; 1 no votes. yes voters: 3130058f2dac40b2aed2a743c9421999, 72f8debacdda4407b436337a255f84a7; no voters: aebe16e3f8ea42b482f1f4f11547fe7d
I20260710 13:19:51.227960  7246 raft_consensus.cc:515] T 19c5128b4a554bd38fd77a1d05ac23fb P aebe16e3f8ea42b482f1f4f11547fe7d [term 1 FOLLOWER]: Starting leader election with config: opid_index: -1 OBSOLETE_local: false peers { permanent_uuid: "3130058f2dac40b2aed2a743c9421999" member_type: VOTER last_known_addr { host: "127.5.198.65" port: 38717 } } peers { permanent_uuid: "72f8debacdda4407b436337a255f84a7" member_type: VOTER last_known_addr { host: "127.5.198.66" port: 42811 } } peers { permanent_uuid: "aebe16e3f8ea42b482f1f4f11547fe7d" member_type: VOTER last_known_addr { host: "127.5.198.67" port: 34597 } }
I20260710 13:19:51.268508  7240 tablet_bootstrap.cc:492] T a7ac900d413b4387b0698e3f550b872e P aebe16e3f8ea42b482f1f4f11547fe7d: Bootstrap starting.
I20260710 13:19:51.270696  7296 raft_consensus.cc:2749] T a9cf2fa01ba84cc5815758cf3f69f0fc P aebe16e3f8ea42b482f1f4f11547fe7d [term 1 FOLLOWER]: Leader pre-election lost for term 1. Reason: could not achieve majority
I20260710 13:19:51.273190  7246 leader_election.cc:290] T 19c5128b4a554bd38fd77a1d05ac23fb P aebe16e3f8ea42b482f1f4f11547fe7d [CANDIDATE]: Term 1 election: Requested vote from peers 3130058f2dac40b2aed2a743c9421999 (127.5.198.65:38717), 72f8debacdda4407b436337a255f84a7 (127.5.198.66:42811)
I20260710 13:19:51.274341  7239 tablet_bootstrap.cc:492] T 2752992123144ba1a2d12a0671906fa0 P 3130058f2dac40b2aed2a743c9421999: No bootstrap required, opened a new log
I20260710 13:19:51.274313  7122 tablet_service.cc:1917] Received RequestConsensusVote() RPC: tablet_id: "19c5128b4a554bd38fd77a1d05ac23fb" candidate_uuid: "aebe16e3f8ea42b482f1f4f11547fe7d" candidate_term: 1 candidate_status { last_received { term: 0 index: 0 } } ignore_live_leader: false dest_uuid: "72f8debacdda4407b436337a255f84a7"
I20260710 13:19:51.274904  7239 ts_tablet_manager.cc:1403] T 2752992123144ba1a2d12a0671906fa0 P 3130058f2dac40b2aed2a743c9421999: Time spent bootstrapping tablet: real 0.084s	user 0.043s	sys 0.035s
