I20260710 13:14:47.797209  2051 tablet_copy_client.cc:806] T 0bec99d85cbf4d59940493d1c9e30876 P 59893b6231194cc8bd1998645e94ab9a: tablet copy: Starting download of 0 data blocks...
I20260710 13:14:47.798272  2051 tablet_copy_client.cc:670] T 0bec99d85cbf4d59940493d1c9e30876 P 59893b6231194cc8bd1998645e94ab9a: tablet copy: Starting download of 1 WAL segments...
I20260710 13:14:47.801723  1660 tablet_copy_source_session.cc:215] T b7a357be54cd485ba702c02f742df5e9 P 01474488ddf547e08c1422021fe1cad1: Tablet Copy: opened 0 blocks and 1 log segments
I20260710 13:14:47.802980  2051 tablet_copy_client.cc:538] T 0bec99d85cbf4d59940493d1c9e30876 P 59893b6231194cc8bd1998645e94ab9a: tablet copy: Tablet Copy complete. Replacing tablet superblock.
I20260710 13:14:47.813398  2057 data_dirs.cc:400] Could only allocate 1 dirs of requested 3 for tablet b7a357be54cd485ba702c02f742df5e9. 1 dirs total, 0 dirs full, 0 dirs failed
I20260710 13:14:47.815863  2051 tablet_bootstrap.cc:492] T 0bec99d85cbf4d59940493d1c9e30876 P 59893b6231194cc8bd1998645e94ab9a: Bootstrap starting.
I20260710 13:14:47.830116  2061 ts_tablet_manager.cc:933] T 72a36967d6a84dfe9d7f16f067cd0e94 P 59893b6231194cc8bd1998645e94ab9a: Initiating tablet copy from peer e0b1cc3aad56407b8ea52191ee1b71a9 (127.0.107.193:33859)
I20260710 13:14:47.834029  2057 tablet_copy_client.cc:806] T b7a357be54cd485ba702c02f742df5e9 P 59893b6231194cc8bd1998645e94ab9a: tablet copy: Starting download of 0 data blocks...
I20260710 13:14:47.834896  2057 tablet_copy_client.cc:670] T b7a357be54cd485ba702c02f742df5e9 P 59893b6231194cc8bd1998645e94ab9a: tablet copy: Starting download of 1 WAL segments...
I20260710 13:14:47.839852  2051 tablet_bootstrap.cc:492] T 0bec99d85cbf4d59940493d1c9e30876 P 59893b6231194cc8bd1998645e94ab9a: Bootstrap replayed 1/1 log segments. Stats: ops{read=2 overwritten=0 applied=2 ignored=0} inserts{seen=0 ignored=0} mutations{seen=0 ignored=0} orphaned_commits=0. Pending: 0 replicates
I20260710 13:14:47.840849  2051 tablet_bootstrap.cc:492] T 0bec99d85cbf4d59940493d1c9e30876 P 59893b6231194cc8bd1998645e94ab9a: Bootstrap complete.
I20260710 13:14:47.841477  2061 tablet_copy_client.cc:323] T 72a36967d6a84dfe9d7f16f067cd0e94 P 59893b6231194cc8bd1998645e94ab9a: tablet copy: Beginning tablet copy session from remote peer at address 127.0.107.193:33859
I20260710 13:14:47.841588  2057 tablet_copy_client.cc:538] T b7a357be54cd485ba702c02f742df5e9 P 59893b6231194cc8bd1998645e94ab9a: tablet copy: Tablet Copy complete. Replacing tablet superblock.
I20260710 13:14:47.841495  2051 ts_tablet_manager.cc:1403] T 0bec99d85cbf4d59940493d1c9e30876 P 59893b6231194cc8bd1998645e94ab9a: Time spent bootstrapping tablet: real 0.026s	user 0.020s	sys 0.003s
I20260710 13:14:47.843209  1585 tablet_copy_service.cc:140] P e0b1cc3aad56407b8ea52191ee1b71a9: Received BeginTabletCopySession request for tablet 72a36967d6a84dfe9d7f16f067cd0e94 from peer 59893b6231194cc8bd1998645e94ab9a ({username='slave'} at 127.0.0.1:43572)
I20260710 13:14:47.843741  1585 tablet_copy_service.cc:161] P e0b1cc3aad56407b8ea52191ee1b71a9: Beginning new tablet copy session on tablet 72a36967d6a84dfe9d7f16f067cd0e94 from peer 59893b6231194cc8bd1998645e94ab9a at {username='slave'} at 127.0.0.1:43572: session id = 59893b6231194cc8bd1998645e94ab9a-72a36967d6a84dfe9d7f16f067cd0e94
I20260710 13:14:47.845242  2051 raft_consensus.cc:359] T 0bec99d85cbf4d59940493d1c9e30876 P 59893b6231194cc8bd1998645e94ab9a [term 1 LEARNER]: Replica starting. Triggering 0 pending ops. Active config: opid_index: 2 OBSOLETE_local: false peers { permanent_uuid: "e0b1cc3aad56407b8ea52191ee1b71a9" member_type: VOTER last_known_addr { host: "127.0.107.193" port: 33859 } } peers { permanent_uuid: "01474488ddf547e08c1422021fe1cad1" member_type: VOTER last_known_addr { host: "127.0.107.194" port: 39945 } attrs { replace: true } } peers { permanent_uuid: "b2ce060901be4b7c984555847e19f4ce" member_type: VOTER last_known_addr { host: "127.0.107.195" port: 44979 } } peers { permanent_uuid: "59893b6231194cc8bd1998645e94ab9a" member_type: NON_VOTER last_known_addr { host: "127.0.107.196" port: 39455 } attrs { promote: true } }
I20260710 13:14:47.846112  2051 raft_consensus.cc:740] T 0bec99d85cbf4d59940493d1c9e30876 P 59893b6231194cc8bd1998645e94ab9a [term 1 LEARNER]: Becoming Follower/Learner. State: Replica: 59893b6231194cc8bd1998645e94ab9a, State: Initialized, Role: LEARNER
I20260710 13:14:47.846729  2051 consensus_queue.cc:260] T 0bec99d85cbf4d59940493d1c9e30876 P 59893b6231194cc8bd1998645e94ab9a [NON_LEADER]: Queue going to NON_LEADER mode. State: All replicated index: 0, Majority replicated index: 0, Committed index: 2, Last appended: 1.2, Last appended by leader: 2, Current term: 0, Majority size: -1, State: 0, Mode: NON_LEADER, active raft config: opid_index: 2 OBSOLETE_local: false peers { permanent_uuid: "e0b1cc3aad56407b8ea52191ee1b71a9" member_type: VOTER last_known_addr { host: "127.0.107.193" port: 33859 } } peers { permanent_uuid: "01474488ddf547e08c1422021fe1cad1" member_type: VOTER last_known_addr { host: "127.0.107.194" port: 39945 } attrs { replace: true } } peers { permanent_uuid: "b2ce060901be4b7c984555847e19f4ce" member_type: VOTER last_known_addr { host: "127.0.107.195" port: 44979 } } peers { permanent_uuid: "59893b6231194cc8bd1998645e94ab9a" member_type: NON_VOTER last_known_addr { host: "127.0.107.196" port: 39455 } attrs { promote: true } }
I20260710 13:14:47.850751  1585 tablet_copy_source_session.cc:215] T 72a36967d6a84dfe9d7f16f067cd0e94 P e0b1cc3aad56407b8ea52191ee1b71a9: Tablet Copy: opened 0 blocks and 1 log segments
I20260710 13:14:47.851372  2057 tablet_bootstrap.cc:492] T b7a357be54cd485ba702c02f742df5e9 P 59893b6231194cc8bd1998645e94ab9a: Bootstrap starting.
I20260710 13:14:47.854262  2061 data_dirs.cc:400] Could only allocate 1 dirs of requested 3 for tablet 72a36967d6a84dfe9d7f16f067cd0e94. 1 dirs total, 0 dirs full, 0 dirs failed
I20260710 13:14:47.860634  2051 ts_tablet_manager.cc:1434] T 0bec99d85cbf4d59940493d1c9e30876 P 59893b6231194cc8bd1998645e94ab9a: Time spent starting tablet: real 0.018s	user 0.013s	sys 0.000s
I20260710 13:14:47.869060  1585 tablet_copy_service.cc:342] P e0b1cc3aad56407b8ea52191ee1b71a9: Request end of tablet copy session 59893b6231194cc8bd1998645e94ab9a-0bec99d85cbf4d59940493d1c9e30876 received from {username='slave'} at 127.0.0.1:43572
I20260710 13:14:47.869581  1585 tablet_copy_service.cc:434] P e0b1cc3aad56407b8ea52191ee1b71a9: ending tablet copy session 59893b6231194cc8bd1998645e94ab9a-0bec99d85cbf4d59940493d1c9e30876 on tablet 0bec99d85cbf4d59940493d1c9e30876 with peer 59893b6231194cc8bd1998645e94ab9a
I20260710 13:14:47.878870  2061 tablet_copy_client.cc:806] T 72a36967d6a84dfe9d7f16f067cd0e94 P 59893b6231194cc8bd1998645e94ab9a: tablet copy: Starting download of 0 data blocks...
I20260710 13:14:47.879536  2061 tablet_copy_client.cc:670] T 72a36967d6a84dfe9d7f16f067cd0e94 P 59893b6231194cc8bd1998645e94ab9a: tablet copy: Starting download of 1 WAL segments...
I20260710 13:14:47.892916  2061 tablet_copy_client.cc:538] T 72a36967d6a84dfe9d7f16f067cd0e94 P 59893b6231194cc8bd1998645e94ab9a: tablet copy: Tablet Copy complete. Replacing tablet superblock.
I20260710 13:14:47.901823  2057 tablet_bootstrap.cc:492] T b7a357be54cd485ba702c02f742df5e9 P 59893b6231194cc8bd1998645e94ab9a: Bootstrap replayed 1/1 log segments. Stats: ops{read=2 overwritten=0 applied=2 ignored=0} inserts{seen=0 ignored=0} mutations{seen=0 ignored=0} orphaned_commits=0. Pending: 0 replicates
I20260710 13:14:47.901830  2061 tablet_bootstrap.cc:492] T 72a36967d6a84dfe9d7f16f067cd0e94 P 59893b6231194cc8bd1998645e94ab9a: Bootstrap starting.
I20260710 13:14:47.902635  2057 tablet_bootstrap.cc:492] T b7a357be54cd485ba702c02f742df5e9 P 59893b6231194cc8bd1998645e94ab9a: Bootstrap complete.
I20260710 13:14:47.903164  2057 ts_tablet_manager.cc:1403] T b7a357be54cd485ba702c02f742df5e9 P 59893b6231194cc8bd1998645e94ab9a: Time spent bootstrapping tablet: real 0.052s	user 0.021s	sys 0.000s
I20260710 13:14:47.906543  2057 raft_consensus.cc:359] T b7a357be54cd485ba702c02f742df5e9 P 59893b6231194cc8bd1998645e94ab9a [term 1 LEARNER]: Replica starting. Triggering 0 pending ops. Active config: opid_index: 2 OBSOLETE_local: false peers { permanent_uuid: "e0b1cc3aad56407b8ea52191ee1b71a9" member_type: VOTER last_known_addr { host: "127.0.107.193" port: 33859 } attrs { replace: true } } peers { permanent_uuid: "01474488ddf547e08c1422021fe1cad1" member_type: VOTER last_known_addr { host: "127.0.107.194" port: 39945 } } peers { permanent_uuid: "b2ce060901be4b7c984555847e19f4ce" member_type: VOTER last_known_addr { host: "127.0.107.195" port: 44979 } } peers { permanent_uuid: "59893b6231194cc8bd1998645e94ab9a" member_type: NON_VOTER last_known_addr { host: "127.0.107.196" port: 39455 } attrs { promote: true } }
I20260710 13:14:47.907578  2057 raft_consensus.cc:740] T b7a357be54cd485ba702c02f742df5e9 P 59893b6231194cc8bd1998645e94ab9a [term 1 LEARNER]: Becoming Follower/Learner. State: Replica: 59893b6231194cc8bd1998645e94ab9a, State: Initialized, Role: LEARNER
I20260710 13:14:47.908218  2057 consensus_queue.cc:260] T b7a357be54cd485ba702c02f742df5e9 P 59893b6231194cc8bd1998645e94ab9a [NON_LEADER]: Queue going to NON_LEADER mode. State: All replicated index: 0, Majority replicated index: 0, Committed index: 2, Last appended: 1.2, Last appended by leader: 2, Current term: 0, Majority size: -1, State: 0, Mode: NON_LEADER, active raft config: opid_index: 2 OBSOLETE_local: false peers { permanent_uuid: "e0b1cc3aad56407b8ea52191ee1b71a9" member_type: VOTER last_known_addr { host: "127.0.107.193" port: 33859 } attrs { replace: true } } peers { permanent_uuid: "01474488ddf547e08c1422021fe1cad1" member_type: VOTER last_known_addr { host: "127.0.107.194" port: 39945 } } peers { permanent_uuid: "b2ce060901be4b7c984555847e19f4ce" member_type: VOTER last_known_addr { host: "127.0.107.195" port: 44979 } } peers { permanent_uuid: "59893b6231194cc8bd1998645e94ab9a" member_type: NON_VOTER last_known_addr { host: "127.0.107.196" port: 39455 } attrs { promote: true } }
I20260710 13:14:47.916308  2057 ts_tablet_manager.cc:1434] T b7a357be54cd485ba702c02f742df5e9 P 59893b6231194cc8bd1998645e94ab9a: Time spent starting tablet: real 0.013s	user 0.005s	sys 0.000s
I20260710 13:14:47.917857  1660 tablet_copy_service.cc:342] P 01474488ddf547e08c1422021fe1cad1: Request end of tablet copy session 59893b6231194cc8bd1998645e94ab9a-b7a357be54cd485ba702c02f742df5e9 received from {username='slave'} at 127.0.0.1:58184
I20260710 13:14:47.918241  1660 tablet_copy_service.cc:434] P 01474488ddf547e08c1422021fe1cad1: ending tablet copy session 59893b6231194cc8bd1998645e94ab9a-b7a357be54cd485ba702c02f742df5e9 on tablet b7a357be54cd485ba702c02f742df5e9 with peer 59893b6231194cc8bd1998645e94ab9a
I20260710 13:14:47.924916  2061 tablet_bootstrap.cc:492] T 72a36967d6a84dfe9d7f16f067cd0e94 P 59893b6231194cc8bd1998645e94ab9a: Bootstrap replayed 1/1 log segments. Stats: ops{read=2 overwritten=0 applied=2 ignored=0} inserts{seen=0 ignored=0} mutations{seen=0 ignored=0} orphaned_commits=0. Pending: 0 replicates
I20260710 13:14:47.925726  2061 tablet_bootstrap.cc:492] T 72a36967d6a84dfe9d7f16f067cd0e94 P 59893b6231194cc8bd1998645e94ab9a: Bootstrap complete.
I20260710 13:14:47.926327  2061 ts_tablet_manager.cc:1403] T 72a36967d6a84dfe9d7f16f067cd0e94 P 59893b6231194cc8bd1998645e94ab9a: Time spent bootstrapping tablet: real 0.025s	user 0.007s	sys 0.014s
I20260710 13:14:47.929414  2061 raft_consensus.cc:359] T 72a36967d6a84dfe9d7f16f067cd0e94 P 59893b6231194cc8bd1998645e94ab9a [term 1 LEARNER]: Replica starting. Triggering 0 pending ops. Active config: opid_index: 2 OBSOLETE_local: false peers { permanent_uuid: "b2ce060901be4b7c984555847e19f4ce" member_type: VOTER last_known_addr { host: "127.0.107.195" port: 44979 } attrs { replace: true } } peers { permanent_uuid: "e0b1cc3aad56407b8ea52191ee1b71a9" member_type: VOTER last_known_addr { host: "127.0.107.193" port: 33859 } } peers { permanent_uuid: "01474488ddf547e08c1422021fe1cad1" member_type: VOTER last_known_addr { host: "127.0.107.194" port: 39945 } } peers { permanent_uuid: "59893b6231194cc8bd1998645e94ab9a" member_type: NON_VOTER last_known_addr { host: "127.0.107.196" port: 39455 } attrs { promote: true } }
I20260710 13:14:47.930178  2061 raft_consensus.cc:740] T 72a36967d6a84dfe9d7f16f067cd0e94 P 59893b6231194cc8bd1998645e94ab9a [term 1 LEARNER]: Becoming Follower/Learner. State: Replica: 59893b6231194cc8bd1998645e94ab9a, State: Initialized, Role: LEARNER
I20260710 13:14:47.930773  2061 consensus_queue.cc:260] T 72a36967d6a84dfe9d7f16f067cd0e94 P 59893b6231194cc8bd1998645e94ab9a [NON_LEADER]: Queue going to NON_LEADER mode. State: All replicated index: 0, Majority replicated index: 0, Committed index: 2, Last appended: 1.2, Last appended by leader: 2, Current term: 0, Majority size: -1, State: 0, Mode: NON_LEADER, active raft config: opid_index: 2 OBSOLETE_local: false peers { permanent_uuid: "b2ce060901be4b7c984555847e19f4ce" member_type: VOTER last_known_addr { host: "127.0.107.195" port: 44979 } attrs { replace: true } } peers { permanent_uuid: "e0b1cc3aad56407b8ea52191ee1b71a9" member_type: VOTER last_known_addr { host: "127.0.107.193" port: 33859 } } peers { permanent_uuid: "01474488ddf547e08c1422021fe1cad1" member_type: VOTER last_known_addr { host: "127.0.107.194" port: 39945 } } peers { permanent_uuid: "59893b6231194cc8bd1998645e94ab9a" member_type: NON_VOTER last_known_addr { host: "127.0.107.196" port: 39455 } attrs { promote: true } }
I20260710 13:14:47.932852  2061 ts_tablet_manager.cc:1434] T 72a36967d6a84dfe9d7f16f067cd0e94 P 59893b6231194cc8bd1998645e94ab9a: Time spent starting tablet: real 0.006s	user 0.006s	sys 0.002s
I20260710 13:14:47.934391  1585 tablet_copy_service.cc:342] P e0b1cc3aad56407b8ea52191ee1b71a9: Request end of tablet copy session 59893b6231194cc8bd1998645e94ab9a-72a36967d6a84dfe9d7f16f067cd0e94 received from {username='slave'} at 127.0.0.1:43572
I20260710 13:14:47.934770  1585 tablet_copy_service.cc:434] P e0b1cc3aad56407b8ea52191ee1b71a9: ending tablet copy session 59893b6231194cc8bd1998645e94ab9a-72a36967d6a84dfe9d7f16f067cd0e94 on tablet 72a36967d6a84dfe9d7f16f067cd0e94 with peer 59893b6231194cc8bd1998645e94ab9a
I20260710 13:14:47.943307  2061 ts_tablet_manager.cc:933] T 5c8618c68b95450b84c50c24adfb86dc P 59893b6231194cc8bd1998645e94ab9a: Initiating tablet copy from peer e0b1cc3aad56407b8ea52191ee1b71a9 (127.0.107.193:33859)
I20260710 13:14:47.944569  2061 tablet_copy_client.cc:323] T 5c8618c68b95450b84c50c24adfb86dc P 59893b6231194cc8bd1998645e94ab9a: tablet copy: Beginning tablet copy session from remote peer at address 127.0.107.193:33859
I20260710 13:14:47.945828  1585 tablet_copy_service.cc:140] P e0b1cc3aad56407b8ea52191ee1b71a9: Received BeginTabletCopySession request for tablet 5c8618c68b95450b84c50c24adfb86dc from peer 59893b6231194cc8bd1998645e94ab9a ({username='slave'} at 127.0.0.1:43572)
I20260710 13:14:47.946332  1585 tablet_copy_service.cc:161] P e0b1cc3aad56407b8ea52191ee1b71a9: Beginning new tablet copy session on tablet 5c8618c68b95450b84c50c24adfb86dc from peer 59893b6231194cc8bd1998645e94ab9a at {username='slave'} at 127.0.0.1:43572: session id = 59893b6231194cc8bd1998645e94ab9a-5c8618c68b95450b84c50c24adfb86dc
I20260710 13:14:47.953089  1585 tablet_copy_source_session.cc:215] T 5c8618c68b95450b84c50c24adfb86dc P e0b1cc3aad56407b8ea52191ee1b71a9: Tablet Copy: opened 0 blocks and 1 log segments
I20260710 13:14:47.955507  2061 data_dirs.cc:400] Could only allocate 1 dirs of requested 3 for tablet 5c8618c68b95450b84c50c24adfb86dc. 1 dirs total, 0 dirs full, 0 dirs failed
I20260710 13:14:47.965008  2061 tablet_copy_client.cc:806] T 5c8618c68b95450b84c50c24adfb86dc P 59893b6231194cc8bd1998645e94ab9a: tablet copy: Starting download of 0 data blocks...
I20260710 13:14:47.965483  2061 tablet_copy_client.cc:670] T 5c8618c68b95450b84c50c24adfb86dc P 59893b6231194cc8bd1998645e94ab9a: tablet copy: Starting download of 1 WAL segments...
I20260710 13:14:47.969074  2061 tablet_copy_client.cc:538] T 5c8618c68b95450b84c50c24adfb86dc P 59893b6231194cc8bd1998645e94ab9a: tablet copy: Tablet Copy complete. Replacing tablet superblock.
I20260710 13:14:47.974202  2061 tablet_bootstrap.cc:492] T 5c8618c68b95450b84c50c24adfb86dc P 59893b6231194cc8bd1998645e94ab9a: Bootstrap starting.
I20260710 13:14:47.988004  2061 tablet_bootstrap.cc:492] T 5c8618c68b95450b84c50c24adfb86dc P 59893b6231194cc8bd1998645e94ab9a: Bootstrap replayed 1/1 log segments. Stats: ops{read=2 overwritten=0 applied=2 ignored=0} inserts{seen=0 ignored=0} mutations{seen=0 ignored=0} orphaned_commits=0. Pending: 0 replicates
I20260710 13:14:47.988643  2061 tablet_bootstrap.cc:492] T 5c8618c68b95450b84c50c24adfb86dc P 59893b6231194cc8bd1998645e94ab9a: Bootstrap complete.
I20260710 13:14:47.989190  2061 ts_tablet_manager.cc:1403] T 5c8618c68b95450b84c50c24adfb86dc P 59893b6231194cc8bd1998645e94ab9a: Time spent bootstrapping tablet: real 0.015s	user 0.015s	sys 0.001s
I20260710 13:14:47.991894  2061 raft_consensus.cc:359] T 5c8618c68b95450b84c50c24adfb86dc P 59893b6231194cc8bd1998645e94ab9a [term 1 LEARNER]: Replica starting. Triggering 0 pending ops. Active config: opid_index: 2 OBSOLETE_local: false peers { permanent_uuid: "e0b1cc3aad56407b8ea52191ee1b71a9" member_type: VOTER last_known_addr { host: "127.0.107.193" port: 33859 } } peers { permanent_uuid: "01474488ddf547e08c1422021fe1cad1" member_type: VOTER last_known_addr { host: "127.0.107.194" port: 39945 } } peers { permanent_uuid: "b2ce060901be4b7c984555847e19f4ce" member_type: VOTER last_known_addr { host: "127.0.107.195" port: 44979 } attrs { replace: true } } peers { permanent_uuid: "59893b6231194cc8bd1998645e94ab9a" member_type: NON_VOTER last_known_addr { host: "127.0.107.196" port: 39455 } attrs { promote: true } }
I20260710 13:14:47.992619  2061 raft_consensus.cc:740] T 5c8618c68b95450b84c50c24adfb86dc P 59893b6231194cc8bd1998645e94ab9a [term 1 LEARNER]: Becoming Follower/Learner. State: Replica: 59893b6231194cc8bd1998645e94ab9a, State: Initialized, Role: LEARNER
I20260710 13:14:47.993148  2061 consensus_queue.cc:260] T 5c8618c68b95450b84c50c24adfb86dc P 59893b6231194cc8bd1998645e94ab9a [NON_LEADER]: Queue going to NON_LEADER mode. State: All replicated index: 0, Majority replicated index: 0, Committed index: 2, Last appended: 1.2, Last appended by leader: 2, Current term: 0, Majority size: -1, State: 0, Mode: NON_LEADER, active raft config: opid_index: 2 OBSOLETE_local: false peers { permanent_uuid: "e0b1cc3aad56407b8ea52191ee1b71a9" member_type: VOTER last_known_addr { host: "127.0.107.193" port: 33859 } } peers { permanent_uuid: "01474488ddf547e08c1422021fe1cad1" member_type: VOTER last_known_addr { host: "127.0.107.194" port: 39945 } } peers { permanent_uuid: "b2ce060901be4b7c984555847e19f4ce" member_type: VOTER last_known_addr { host: "127.0.107.195" port: 44979 } attrs { replace: true } } peers { permanent_uuid: "59893b6231194cc8bd1998645e94ab9a" member_type: NON_VOTER last_known_addr { host: "127.0.107.196" port: 39455 } attrs { promote: true } }
I20260710 13:14:47.994683  2061 ts_tablet_manager.cc:1434] T 5c8618c68b95450b84c50c24adfb86dc P 59893b6231194cc8bd1998645e94ab9a: Time spent starting tablet: real 0.005s	user 0.001s	sys 0.003s
I20260710 13:14:47.997390  1585 tablet_copy_service.cc:342] P e0b1cc3aad56407b8ea52191ee1b71a9: Request end of tablet copy session 59893b6231194cc8bd1998645e94ab9a-5c8618c68b95450b84c50c24adfb86dc received from {username='slave'} at 127.0.0.1:43572
I20260710 13:14:47.997891  1585 tablet_copy_service.cc:434] P e0b1cc3aad56407b8ea52191ee1b71a9: ending tablet copy session 59893b6231194cc8bd1998645e94ab9a-5c8618c68b95450b84c50c24adfb86dc on tablet 5c8618c68b95450b84c50c24adfb86dc with peer 59893b6231194cc8bd1998645e94ab9a
I20260710 13:14:48.142676  1988 raft_consensus.cc:1217] T 0bec99d85cbf4d59940493d1c9e30876 P 59893b6231194cc8bd1998645e94ab9a [term 1 LEARNER]: Deduplicated request from leader. Original: 1.1->[1.2-1.2]   Dedup: 1.2->[]
I20260710 13:14:48.243607  1988 raft_consensus.cc:1217] T b7a357be54cd485ba702c02f742df5e9 P 59893b6231194cc8bd1998645e94ab9a [term 1 LEARNER]: Deduplicated request from leader. Original: 1.1->[1.2-1.2]   Dedup: 1.2->[]
I20260710 13:14:48.250005  1988 raft_consensus.cc:1217] T 72a36967d6a84dfe9d7f16f067cd0e94 P 59893b6231194cc8bd1998645e94ab9a [term 1 LEARNER]: Deduplicated request from leader. Original: 1.1->[1.2-1.2]   Dedup: 1.2->[]
I20260710 13:14:48.425918  1988 raft_consensus.cc:1217] T 5c8618c68b95450b84c50c24adfb86dc P 59893b6231194cc8bd1998645e94ab9a [term 1 LEARNER]: Deduplicated request from leader. Original: 1.1->[1.2-1.2]   Dedup: 1.2->[]
I20260710 13:14:48.659113  2032 raft_consensus.cc:1064] T 0bec99d85cbf4d59940493d1c9e30876 P e0b1cc3aad56407b8ea52191ee1b71a9: attempting to promote NON_VOTER 59893b6231194cc8bd1998645e94ab9a to VOTER
I20260710 13:14:48.661892  2032 consensus_queue.cc:237] T 0bec99d85cbf4d59940493d1c9e30876 P e0b1cc3aad56407b8ea52191ee1b71a9 [LEADER]: Queue going to LEADER mode. State: All replicated index: 0, Majority replicated index: 2, Committed index: 2, Last appended: 1.2, Last appended by leader: 0, Current term: 1, Majority size: 3, State: 0, Mode: LEADER, active raft config: opid_index: 3 OBSOLETE_local: false peers { permanent_uuid: "e0b1cc3aad56407b8ea52191ee1b71a9" member_type: VOTER last_known_addr { host: "127.0.107.193" port: 33859 } } peers { permanent_uuid: "01474488ddf547e08c1422021fe1cad1" member_type: VOTER last_known_addr { host: "127.0.107.194" port: 39945 } attrs { replace: true } } peers { permanent_uuid: "b2ce060901be4b7c984555847e19f4ce" member_type: VOTER last_known_addr { host: "127.0.107.195" port: 44979 } } peers { permanent_uuid: "59893b6231194cc8bd1998645e94ab9a" member_type: VOTER last_known_addr { host: "127.0.107.196" port: 39455 } attrs { promote: false } }
I20260710 13:14:48.669339  1988 raft_consensus.cc:1275] T 0bec99d85cbf4d59940493d1c9e30876 P 59893b6231194cc8bd1998645e94ab9a [term 1 LEARNER]: Refusing update from remote peer e0b1cc3aad56407b8ea52191ee1b71a9: Log matching property violated. Preceding OpId in replica: term: 1 index: 2. Preceding OpId from leader: term: 1 index: 3. (index mismatch)
I20260710 13:14:48.669597  1646 raft_consensus.cc:1275] T 0bec99d85cbf4d59940493d1c9e30876 P 01474488ddf547e08c1422021fe1cad1 [term 1 FOLLOWER]: Refusing update from remote peer e0b1cc3aad56407b8ea52191ee1b71a9: Log matching property violated. Preceding OpId in replica: term: 1 index: 2. Preceding OpId from leader: term: 1 index: 3. (index mismatch)
I20260710 13:14:48.669775  1717 raft_consensus.cc:1275] T 0bec99d85cbf4d59940493d1c9e30876 P b2ce060901be4b7c984555847e19f4ce [term 1 FOLLOWER]: Refusing update from remote peer e0b1cc3aad56407b8ea52191ee1b71a9: Log matching property violated. Preceding OpId in replica: term: 1 index: 2. Preceding OpId from leader: term: 1 index: 3. (index mismatch)
I20260710 13:14:48.670876  2073 consensus_queue.cc:1048] T 0bec99d85cbf4d59940493d1c9e30876 P e0b1cc3aad56407b8ea52191ee1b71a9 [LEADER]: Connected to new peer: Peer: permanent_uuid: "59893b6231194cc8bd1998645e94ab9a" member_type: VOTER last_known_addr { host: "127.0.107.196" port: 39455 } attrs { promote: false }, Status: LMP_MISMATCH, Last received: 0.0, Next index: 3, Last known committed idx: 2, Time since last communication: 0.000s
I20260710 13:14:48.671764  2032 consensus_queue.cc:1048] T 0bec99d85cbf4d59940493d1c9e30876 P e0b1cc3aad56407b8ea52191ee1b71a9 [LEADER]: Connected to new peer: Peer: permanent_uuid: "b2ce060901be4b7c984555847e19f4ce" member_type: VOTER last_known_addr { host: "127.0.107.195" port: 44979 }, Status: LMP_MISMATCH, Last received: 0.0, Next index: 3, Last known committed idx: 2, Time since last communication: 0.000s
I20260710 13:14:48.672523  2069 consensus_queue.cc:1048] T 0bec99d85cbf4d59940493d1c9e30876 P e0b1cc3aad56407b8ea52191ee1b71a9 [LEADER]: Connected to new peer: Peer: permanent_uuid: "01474488ddf547e08c1422021fe1cad1" member_type: VOTER last_known_addr { host: "127.0.107.194" port: 39945 } attrs { replace: true }, Status: LMP_MISMATCH, Last received: 0.0, Next index: 3, Last known committed idx: 2, Time since last communication: 0.000s
I20260710 13:14:48.688642  2073 raft_consensus.cc:2955] T 0bec99d85cbf4d59940493d1c9e30876 P e0b1cc3aad56407b8ea52191ee1b71a9 [term 1 LEADER]: Committing config change with OpId 1.3: config changed from index 2 to 3, 59893b6231194cc8bd1998645e94ab9a (127.0.107.196) changed from NON_VOTER to VOTER. New config: { opid_index: 3 OBSOLETE_local: false peers { permanent_uuid: "e0b1cc3aad56407b8ea52191ee1b71a9" member_type: VOTER last_known_addr { host: "127.0.107.193" port: 33859 } } peers { permanent_uuid: "01474488ddf547e08c1422021fe1cad1" member_type: VOTER last_known_addr { host: "127.0.107.194" port: 39945 } attrs { replace: true } } peers { permanent_uuid: "b2ce060901be4b7c984555847e19f4ce" member_type: VOTER last_known_addr { host: "127.0.107.195" port: 44979 } } peers { permanent_uuid: "59893b6231194cc8bd1998645e94ab9a" member_type: VOTER last_known_addr { host: "127.0.107.196" port: 39455 } attrs { promote: false } } }
I20260710 13:14:48.690770  1988 raft_consensus.cc:2955] T 0bec99d85cbf4d59940493d1c9e30876 P 59893b6231194cc8bd1998645e94ab9a [term 1 FOLLOWER]: Committing config change with OpId 1.3: config changed from index 2 to 3, 59893b6231194cc8bd1998645e94ab9a (127.0.107.196) changed from NON_VOTER to VOTER. New config: { opid_index: 3 OBSOLETE_local: false peers { permanent_uuid: "e0b1cc3aad56407b8ea52191ee1b71a9" member_type: VOTER last_known_addr { host: "127.0.107.193" port: 33859 } } peers { permanent_uuid: "01474488ddf547e08c1422021fe1cad1" member_type: VOTER last_known_addr { host: "127.0.107.194" port: 39945 } attrs { replace: true } } peers { permanent_uuid: "b2ce060901be4b7c984555847e19f4ce" member_type: VOTER last_known_addr { host: "127.0.107.195" port: 44979 } } peers { permanent_uuid: "59893b6231194cc8bd1998645e94ab9a" member_type: VOTER last_known_addr { host: "127.0.107.196" port: 39455 } attrs { promote: false } } }
I20260710 13:14:48.692304  1722 raft_consensus.cc:2955] T 0bec99d85cbf4d59940493d1c9e30876 P b2ce060901be4b7c984555847e19f4ce [term 1 FOLLOWER]: Committing config change with OpId 1.3: config changed from index 2 to 3, 59893b6231194cc8bd1998645e94ab9a (127.0.107.196) changed from NON_VOTER to VOTER. New config: { opid_index: 3 OBSOLETE_local: false peers { permanent_uuid: "e0b1cc3aad56407b8ea52191ee1b71a9" member_type: VOTER last_known_addr { host: "127.0.107.193" port: 33859 } } peers { permanent_uuid: "01474488ddf547e08c1422021fe1cad1" member_type: VOTER last_known_addr { host: "127.0.107.194" port: 39945 } attrs { replace: true } } peers { permanent_uuid: "b2ce060901be4b7c984555847e19f4ce" member_type: VOTER last_known_addr { host: "127.0.107.195" port: 44979 } } peers { permanent_uuid: "59893b6231194cc8bd1998645e94ab9a" member_type: VOTER last_known_addr { host: "127.0.107.196" port: 39455 } attrs { promote: false } } }
I20260710 13:14:48.704268  1646 raft_consensus.cc:2955] T 0bec99d85cbf4d59940493d1c9e30876 P 01474488ddf547e08c1422021fe1cad1 [term 1 FOLLOWER]: Committing config change with OpId 1.3: config changed from index 2 to 3, 59893b6231194cc8bd1998645e94ab9a (127.0.107.196) changed from NON_VOTER to VOTER. New config: { opid_index: 3 OBSOLETE_local: false peers { permanent_uuid: "e0b1cc3aad56407b8ea52191ee1b71a9" member_type: VOTER last_known_addr { host: "127.0.107.193" port: 33859 } } peers { permanent_uuid: "01474488ddf547e08c1422021fe1cad1" member_type: VOTER last_known_addr { host: "127.0.107.194" port: 39945 } attrs { replace: true } } peers { permanent_uuid: "b2ce060901be4b7c984555847e19f4ce" member_type: VOTER last_known_addr { host: "127.0.107.195" port: 44979 } } peers { permanent_uuid: "59893b6231194cc8bd1998645e94ab9a" member_type: VOTER last_known_addr { host: "127.0.107.196" port: 39455 } attrs { promote: false } } }
I20260710 13:14:48.713331  1471 catalog_manager.cc:5697] T 0bec99d85cbf4d59940493d1c9e30876 P 59893b6231194cc8bd1998645e94ab9a reported cstate change: config changed from index 2 to 3, 59893b6231194cc8bd1998645e94ab9a (127.0.107.196) changed from NON_VOTER to VOTER. New cstate: current_term: 1 leader_uuid: "e0b1cc3aad56407b8ea52191ee1b71a9" committed_config { opid_index: 3 OBSOLETE_local: false peers { permanent_uuid: "e0b1cc3aad56407b8ea52191ee1b71a9" member_type: VOTER last_known_addr { host: "127.0.107.193" port: 33859 } } peers { permanent_uuid: "01474488ddf547e08c1422021fe1cad1" member_type: VOTER last_known_addr { host: "127.0.107.194" port: 39945 } attrs { replace: true } } peers { permanent_uuid: "b2ce060901be4b7c984555847e19f4ce" member_type: VOTER last_known_addr { host: "127.0.107.195" port: 44979 } } peers { permanent_uuid: "59893b6231194cc8bd1998645e94ab9a" member_type: VOTER last_known_addr { host: "127.0.107.196" port: 39455 } attrs { promote: false } } }
I20260710 13:14:48.720000  2070 raft_consensus.cc:1064] T b7a357be54cd485ba702c02f742df5e9 P 01474488ddf547e08c1422021fe1cad1: attempting to promote NON_VOTER 59893b6231194cc8bd1998645e94ab9a to VOTER
I20260710 13:14:48.722587  2070 consensus_queue.cc:237] T b7a357be54cd485ba702c02f742df5e9 P 01474488ddf547e08c1422021fe1cad1 [LEADER]: Queue going to LEADER mode. State: All replicated index: 0, Majority replicated index: 2, Committed index: 2, Last appended: 1.2, Last appended by leader: 0, Current term: 1, Majority size: 3, State: 0, Mode: LEADER, active raft config: opid_index: 3 OBSOLETE_local: false peers { permanent_uuid: "e0b1cc3aad56407b8ea52191ee1b71a9" member_type: VOTER last_known_addr { host: "127.0.107.193" port: 33859 } attrs { replace: true } } peers { permanent_uuid: "01474488ddf547e08c1422021fe1cad1" member_type: VOTER last_known_addr { host: "127.0.107.194" port: 39945 } } peers { permanent_uuid: "b2ce060901be4b7c984555847e19f4ce" member_type: VOTER last_known_addr { host: "127.0.107.195" port: 44979 } } peers { permanent_uuid: "59893b6231194cc8bd1998645e94ab9a" member_type: VOTER last_known_addr { host: "127.0.107.196" port: 39455 } attrs { promote: false } }
I20260710 13:14:48.736088  1988 raft_consensus.cc:1275] T b7a357be54cd485ba702c02f742df5e9 P 59893b6231194cc8bd1998645e94ab9a [term 1 LEARNER]: Refusing update from remote peer 01474488ddf547e08c1422021fe1cad1: Log matching property violated. Preceding OpId in replica: term: 1 index: 2. Preceding OpId from leader: term: 1 index: 3. (index mismatch)
I20260710 13:14:48.739039  1722 raft_consensus.cc:1275] T b7a357be54cd485ba702c02f742df5e9 P b2ce060901be4b7c984555847e19f4ce [term 1 FOLLOWER]: Refusing update from remote peer 01474488ddf547e08c1422021fe1cad1: Log matching property violated. Preceding OpId in replica: term: 1 index: 2. Preceding OpId from leader: term: 1 index: 3. (index mismatch)
I20260710 13:14:48.740104  1574 raft_consensus.cc:1275] T b7a357be54cd485ba702c02f742df5e9 P e0b1cc3aad56407b8ea52191ee1b71a9 [term 1 FOLLOWER]: Refusing update from remote peer 01474488ddf547e08c1422021fe1cad1: Log matching property violated. Preceding OpId in replica: term: 1 index: 2. Preceding OpId from leader: term: 1 index: 3. (index mismatch)
I20260710 13:14:48.740952  2070 consensus_queue.cc:1048] T b7a357be54cd485ba702c02f742df5e9 P 01474488ddf547e08c1422021fe1cad1 [LEADER]: Connected to new peer: Peer: permanent_uuid: "59893b6231194cc8bd1998645e94ab9a" member_type: VOTER last_known_addr { host: "127.0.107.196" port: 39455 } attrs { promote: false }, Status: LMP_MISMATCH, Last received: 0.0, Next index: 3, Last known committed idx: 2, Time since last communication: 0.002s
I20260710 13:14:48.742841  1885 consensus_queue.cc:1048] T b7a357be54cd485ba702c02f742df5e9 P 01474488ddf547e08c1422021fe1cad1 [LEADER]: Connected to new peer: Peer: permanent_uuid: "e0b1cc3aad56407b8ea52191ee1b71a9" member_type: VOTER last_known_addr { host: "127.0.107.193" port: 33859 } attrs { replace: true }, Status: LMP_MISMATCH, Last received: 0.0, Next index: 3, Last known committed idx: 2, Time since last communication: 0.000s
I20260710 13:14:48.745004  2071 consensus_queue.cc:1048] T b7a357be54cd485ba702c02f742df5e9 P 01474488ddf547e08c1422021fe1cad1 [LEADER]: Connected to new peer: Peer: permanent_uuid: "b2ce060901be4b7c984555847e19f4ce" member_type: VOTER last_known_addr { host: "127.0.107.195" port: 44979 }, Status: LMP_MISMATCH, Last received: 0.0, Next index: 3, Last known committed idx: 2, Time since last communication: 0.000s
I20260710 13:14:48.743841  1574 consensus_queue.cc:237] T 0bec99d85cbf4d59940493d1c9e30876 P e0b1cc3aad56407b8ea52191ee1b71a9 [LEADER]: Queue going to LEADER mode. State: All replicated index: 0, Majority replicated index: 3, Committed index: 3, Last appended: 1.3, Last appended by leader: 0, Current term: 1, Majority size: 2, State: 0, Mode: LEADER, active raft config: opid_index: 4 OBSOLETE_local: false peers { permanent_uuid: "e0b1cc3aad56407b8ea52191ee1b71a9" member_type: VOTER last_known_addr { host: "127.0.107.193" port: 33859 } } peers { permanent_uuid: "b2ce060901be4b7c984555847e19f4ce" member_type: VOTER last_known_addr { host: "127.0.107.195" port: 44979 } } peers { permanent_uuid: "59893b6231194cc8bd1998645e94ab9a" member_type: VOTER last_known_addr { host: "127.0.107.196" port: 39455 } attrs { promote: false } }
I20260710 13:14:48.759872  1987 raft_consensus.cc:1275] T 0bec99d85cbf4d59940493d1c9e30876 P 59893b6231194cc8bd1998645e94ab9a [term 1 FOLLOWER]: Refusing update from remote peer e0b1cc3aad56407b8ea52191ee1b71a9: Log matching property violated. Preceding OpId in replica: term: 1 index: 3. Preceding OpId from leader: term: 1 index: 4. (index mismatch)
I20260710 13:14:48.763875  2073 raft_consensus.cc:1064] T 72a36967d6a84dfe9d7f16f067cd0e94 P e0b1cc3aad56407b8ea52191ee1b71a9: attempting to promote NON_VOTER 59893b6231194cc8bd1998645e94ab9a to VOTER
I20260710 13:14:48.764420  1894 consensus_queue.cc:1048] T 0bec99d85cbf4d59940493d1c9e30876 P e0b1cc3aad56407b8ea52191ee1b71a9 [LEADER]: Connected to new peer: Peer: permanent_uuid: "59893b6231194cc8bd1998645e94ab9a" member_type: VOTER last_known_addr { host: "127.0.107.196" port: 39455 } attrs { promote: false }, Status: LMP_MISMATCH, Last received: 0.0, Next index: 4, Last known committed idx: 3, Time since last communication: 0.000s
I20260710 13:14:48.766185  2073 consensus_queue.cc:237] T 72a36967d6a84dfe9d7f16f067cd0e94 P e0b1cc3aad56407b8ea52191ee1b71a9 [LEADER]: Queue going to LEADER mode. State: All replicated index: 0, Majority replicated index: 2, Committed index: 2, Last appended: 1.2, Last appended by leader: 0, Current term: 1, Majority size: 3, State: 0, Mode: LEADER, active raft config: opid_index: 3 OBSOLETE_local: false peers { permanent_uuid: "b2ce060901be4b7c984555847e19f4ce" member_type: VOTER last_known_addr { host: "127.0.107.195" port: 44979 } attrs { replace: true } } peers { permanent_uuid: "e0b1cc3aad56407b8ea52191ee1b71a9" member_type: VOTER last_known_addr { host: "127.0.107.193" port: 33859 } } peers { permanent_uuid: "01474488ddf547e08c1422021fe1cad1" member_type: VOTER last_known_addr { host: "127.0.107.194" port: 39945 } } peers { permanent_uuid: "59893b6231194cc8bd1998645e94ab9a" member_type: VOTER last_known_addr { host: "127.0.107.196" port: 39455 } attrs { promote: false } }
I20260710 13:14:48.768671  1717 raft_consensus.cc:1275] T 0bec99d85cbf4d59940493d1c9e30876 P b2ce060901be4b7c984555847e19f4ce [term 1 FOLLOWER]: Refusing update from remote peer e0b1cc3aad56407b8ea52191ee1b71a9: Log matching property violated. Preceding OpId in replica: term: 1 index: 3. Preceding OpId from leader: term: 1 index: 4. (index mismatch)
I20260710 13:14:48.774605  2032 consensus_queue.cc:1048] T 0bec99d85cbf4d59940493d1c9e30876 P e0b1cc3aad56407b8ea52191ee1b71a9 [LEADER]: Connected to new peer: Peer: permanent_uuid: "b2ce060901be4b7c984555847e19f4ce" member_type: VOTER last_known_addr { host: "127.0.107.195" port: 44979 }, Status: LMP_MISMATCH, Last received: 0.0, Next index: 4, Last known committed idx: 3, Time since last communication: 0.000s
I20260710 13:14:48.778139  2077 raft_consensus.cc:2955] T 0bec99d85cbf4d59940493d1c9e30876 P e0b1cc3aad56407b8ea52191ee1b71a9 [term 1 LEADER]: Committing config change with OpId 1.4: config changed from index 3 to 4, VOTER 01474488ddf547e08c1422021fe1cad1 (127.0.107.194) evicted. New config: { opid_index: 4 OBSOLETE_local: false peers { permanent_uuid: "e0b1cc3aad56407b8ea52191ee1b71a9" member_type: VOTER last_known_addr { host: "127.0.107.193" port: 33859 } } peers { permanent_uuid: "b2ce060901be4b7c984555847e19f4ce" member_type: VOTER last_known_addr { host: "127.0.107.195" port: 44979 } } peers { permanent_uuid: "59893b6231194cc8bd1998645e94ab9a" member_type: VOTER last_known_addr { host: "127.0.107.196" port: 39455 } attrs { promote: false } } }
I20260710 13:14:48.783555  1988 raft_consensus.cc:2955] T 0bec99d85cbf4d59940493d1c9e30876 P 59893b6231194cc8bd1998645e94ab9a [term 1 FOLLOWER]: Committing config change with OpId 1.4: config changed from index 3 to 4, VOTER 01474488ddf547e08c1422021fe1cad1 (127.0.107.194) evicted. New config: { opid_index: 4 OBSOLETE_local: false peers { permanent_uuid: "e0b1cc3aad56407b8ea52191ee1b71a9" member_type: VOTER last_known_addr { host: "127.0.107.193" port: 33859 } } peers { permanent_uuid: "b2ce060901be4b7c984555847e19f4ce" member_type: VOTER last_known_addr { host: "127.0.107.195" port: 44979 } } peers { permanent_uuid: "59893b6231194cc8bd1998645e94ab9a" member_type: VOTER last_known_addr { host: "127.0.107.196" port: 39455 } attrs { promote: false } } }
I20260710 13:14:48.786643  1646 raft_consensus.cc:1275] T 72a36967d6a84dfe9d7f16f067cd0e94 P 01474488ddf547e08c1422021fe1cad1 [term 1 FOLLOWER]: Refusing update from remote peer e0b1cc3aad56407b8ea52191ee1b71a9: Log matching property violated. Preceding OpId in replica: term: 1 index: 2. Preceding OpId from leader: term: 1 index: 3. (index mismatch)
I20260710 13:14:48.793777  1885 raft_consensus.cc:2955] T b7a357be54cd485ba702c02f742df5e9 P 01474488ddf547e08c1422021fe1cad1 [term 1 LEADER]: Committing config change with OpId 1.3: config changed from index 2 to 3, 59893b6231194cc8bd1998645e94ab9a (127.0.107.196) changed from NON_VOTER to VOTER. New config: { opid_index: 3 OBSOLETE_local: false peers { permanent_uuid: "e0b1cc3aad56407b8ea52191ee1b71a9" member_type: VOTER last_known_addr { host: "127.0.107.193" port: 33859 } attrs { replace: true } } peers { permanent_uuid: "01474488ddf547e08c1422021fe1cad1" member_type: VOTER last_known_addr { host: "127.0.107.194" port: 39945 } } peers { permanent_uuid: "b2ce060901be4b7c984555847e19f4ce" member_type: VOTER last_known_addr { host: "127.0.107.195" port: 44979 } } peers { permanent_uuid: "59893b6231194cc8bd1998645e94ab9a" member_type: VOTER last_known_addr { host: "127.0.107.196" port: 39455 } attrs { promote: false } } }
I20260710 13:14:48.795835  1574 raft_consensus.cc:2955] T b7a357be54cd485ba702c02f742df5e9 P e0b1cc3aad56407b8ea52191ee1b71a9 [term 1 FOLLOWER]: Committing config change with OpId 1.3: config changed from index 2 to 3, 59893b6231194cc8bd1998645e94ab9a (127.0.107.196) changed from NON_VOTER to VOTER. New config: { opid_index: 3 OBSOLETE_local: false peers { permanent_uuid: "e0b1cc3aad56407b8ea52191ee1b71a9" member_type: VOTER last_known_addr { host: "127.0.107.193" port: 33859 } attrs { replace: true } } peers { permanent_uuid: "01474488ddf547e08c1422021fe1cad1" member_type: VOTER last_known_addr { host: "127.0.107.194" port: 39945 } } peers { permanent_uuid: "b2ce060901be4b7c984555847e19f4ce" member_type: VOTER last_known_addr { host: "127.0.107.195" port: 44979 } } peers { permanent_uuid: "59893b6231194cc8bd1998645e94ab9a" member_type: VOTER last_known_addr { host: "127.0.107.196" port: 39455 } attrs { promote: false } } }
I20260710 13:14:48.792971  2073 consensus_queue.cc:1048] T 72a36967d6a84dfe9d7f16f067cd0e94 P e0b1cc3aad56407b8ea52191ee1b71a9 [LEADER]: Connected to new peer: Peer: permanent_uuid: "01474488ddf547e08c1422021fe1cad1" member_type: VOTER last_known_addr { host: "127.0.107.194" port: 39945 }, Status: LMP_MISMATCH, Last received: 0.0, Next index: 3, Last known committed idx: 2, Time since last communication: 0.005s
I20260710 13:14:48.799176  1717 raft_consensus.cc:2955] T 0bec99d85cbf4d59940493d1c9e30876 P b2ce060901be4b7c984555847e19f4ce [term 1 FOLLOWER]: Committing config change with OpId 1.4: config changed from index 3 to 4, VOTER 01474488ddf547e08c1422021fe1cad1 (127.0.107.194) evicted. New config: { opid_index: 4 OBSOLETE_local: false peers { permanent_uuid: "e0b1cc3aad56407b8ea52191ee1b71a9" member_type: VOTER last_known_addr { host: "127.0.107.193" port: 33859 } } peers { permanent_uuid: "b2ce060901be4b7c984555847e19f4ce" member_type: VOTER last_known_addr { host: "127.0.107.195" port: 44979 } } peers { permanent_uuid: "59893b6231194cc8bd1998645e94ab9a" member_type: VOTER last_known_addr { host: "127.0.107.196" port: 39455 } attrs { promote: false } } }
I20260710 13:14:48.803264  1722 raft_consensus.cc:2955] T b7a357be54cd485ba702c02f742df5e9 P b2ce060901be4b7c984555847e19f4ce [term 1 FOLLOWER]: Committing config change with OpId 1.3: config changed from index 2 to 3, 59893b6231194cc8bd1998645e94ab9a (127.0.107.196) changed from NON_VOTER to VOTER. New config: { opid_index: 3 OBSOLETE_local: false peers { permanent_uuid: "e0b1cc3aad56407b8ea52191ee1b71a9" member_type: VOTER last_known_addr { host: "127.0.107.193" port: 33859 } attrs { replace: true } } peers { permanent_uuid: "01474488ddf547e08c1422021fe1cad1" member_type: VOTER last_known_addr { host: "127.0.107.194" port: 39945 } } peers { permanent_uuid: "b2ce060901be4b7c984555847e19f4ce" member_type: VOTER last_known_addr { host: "127.0.107.195" port: 44979 } } peers { permanent_uuid: "59893b6231194cc8bd1998645e94ab9a" member_type: VOTER last_known_addr { host: "127.0.107.196" port: 39455 } attrs { promote: false } } }
I20260710 13:14:48.867578  1458 catalog_manager.cc:5210] ChangeConfig:REMOVE_PEER RPC for tablet 0bec99d85cbf4d59940493d1c9e30876 with cas_config_opid_index 3: ChangeConfig:REMOVE_PEER succeeded (attempt 1)
I20260710 13:14:48.872354  1473 catalog_manager.cc:5697] T 0bec99d85cbf4d59940493d1c9e30876 P 59893b6231194cc8bd1998645e94ab9a reported cstate change: config changed from index 3 to 4, VOTER 01474488ddf547e08c1422021fe1cad1 (127.0.107.194) evicted. New cstate: current_term: 1 leader_uuid: "e0b1cc3aad56407b8ea52191ee1b71a9" committed_config { opid_index: 4 OBSOLETE_local: false peers { permanent_uuid: "e0b1cc3aad56407b8ea52191ee1b71a9" member_type: VOTER last_known_addr { host: "127.0.107.193" port: 33859 } } peers { permanent_uuid: "b2ce060901be4b7c984555847e19f4ce" member_type: VOTER last_known_addr { host: "127.0.107.195" port: 44979 } } peers { permanent_uuid: "59893b6231194cc8bd1998645e94ab9a" member_type: VOTER last_known_addr { host: "127.0.107.196" port: 39455 } attrs { promote: false } } }
I20260710 13:14:48.886263  1987 raft_consensus.cc:1275] T 72a36967d6a84dfe9d7f16f067cd0e94 P 59893b6231194cc8bd1998645e94ab9a [term 1 LEARNER]: Refusing update from remote peer e0b1cc3aad56407b8ea52191ee1b71a9: Log matching property violated. Preceding OpId in replica: term: 1 index: 2. Preceding OpId from leader: term: 1 index: 3. (index mismatch)
I20260710 13:14:48.906611  1988 raft_consensus.cc:2955] T b7a357be54cd485ba702c02f742df5e9 P 59893b6231194cc8bd1998645e94ab9a [term 1 FOLLOWER]: Committing config change with OpId 1.3: config changed from index 2 to 3, 59893b6231194cc8bd1998645e94ab9a (127.0.107.196) changed from NON_VOTER to VOTER. New config: { opid_index: 3 OBSOLETE_local: false peers { permanent_uuid: "e0b1cc3aad56407b8ea52191ee1b71a9" member_type: VOTER last_known_addr { host: "127.0.107.193" port: 33859 } attrs { replace: true } } peers { permanent_uuid: "01474488ddf547e08c1422021fe1cad1" member_type: VOTER last_known_addr { host: "127.0.107.194" port: 39945 } } peers { permanent_uuid: "b2ce060901be4b7c984555847e19f4ce" member_type: VOTER last_known_addr { host: "127.0.107.195" port: 44979 } } peers { permanent_uuid: "59893b6231194cc8bd1998645e94ab9a" member_type: VOTER last_known_addr { host: "127.0.107.196" port: 39455 } attrs { promote: false } } }
I20260710 13:14:48.916507  1632 tablet_service.cc:1558] Processing DeleteTablet for tablet 0bec99d85cbf4d59940493d1c9e30876 with delete_type TABLET_DATA_TOMBSTONED (TS 01474488ddf547e08c1422021fe1cad1 not found in new config with opid_index 4) from {username='slave'} at 127.0.0.1:39788
I20260710 13:14:48.922293  1717 raft_consensus.cc:1275] T 72a36967d6a84dfe9d7f16f067cd0e94 P b2ce060901be4b7c984555847e19f4ce [term 1 FOLLOWER]: Refusing update from remote peer e0b1cc3aad56407b8ea52191ee1b71a9: Log matching property violated. Preceding OpId in replica: term: 1 index: 2. Preceding OpId from leader: term: 1 index: 3. (index mismatch)
I20260710 13:14:48.944731  1473 catalog_manager.cc:5697] T b7a357be54cd485ba702c02f742df5e9 P 01474488ddf547e08c1422021fe1cad1 reported cstate change: config changed from index 2 to 3, 59893b6231194cc8bd1998645e94ab9a (127.0.107.196) changed from NON_VOTER to VOTER. New cstate: current_term: 1 leader_uuid: "01474488ddf547e08c1422021fe1cad1" committed_config { opid_index: 3 OBSOLETE_local: false peers { permanent_uuid: "e0b1cc3aad56407b8ea52191ee1b71a9" member_type: VOTER last_known_addr { host: "127.0.107.193" port: 33859 } attrs { replace: true } health_report { overall_health: HEALTHY } } peers { permanent_uuid: "01474488ddf547e08c1422021fe1cad1" member_type: VOTER last_known_addr { host: "127.0.107.194" port: 39945 } health_report { overall_health: HEALTHY } } peers { permanent_uuid: "b2ce060901be4b7c984555847e19f4ce" member_type: VOTER last_known_addr { host: "127.0.107.195" port: 44979 } health_report { overall_health: HEALTHY } } peers { permanent_uuid: "59893b6231194cc8bd1998645e94ab9a" member_type: VOTER last_known_addr { host: "127.0.107.196" port: 39455 } attrs { promote: false } health_report { overall_health: HEALTHY } } }
W20260710 13:14:48.959242  1541 outbound_call.cc:321] RPC callback for RPC call kudu.consensus.ConsensusService.UpdateConsensus -> {remote=127.0.107.195:44979, user_credentials={real_user=slave}} blocked reactor thread for 65816.1us
I20260710 13:14:48.967530  1646 consensus_queue.cc:237] T b7a357be54cd485ba702c02f742df5e9 P 01474488ddf547e08c1422021fe1cad1 [LEADER]: Queue going to LEADER mode. State: All replicated index: 0, Majority replicated index: 3, Committed index: 3, Last appended: 1.3, Last appended by leader: 0, Current term: 1, Majority size: 2, State: 0, Mode: LEADER, active raft config: opid_index: 4 OBSOLETE_local: false peers { permanent_uuid: "01474488ddf547e08c1422021fe1cad1" member_type: VOTER last_known_addr { host: "127.0.107.194" port: 39945 } } peers { permanent_uuid: "b2ce060901be4b7c984555847e19f4ce" member_type: VOTER last_known_addr { host: "127.0.107.195" port: 44979 } } peers { permanent_uuid: "59893b6231194cc8bd1998645e94ab9a" member_type: VOTER last_known_addr { host: "127.0.107.196" port: 39455 } attrs { promote: false } }
I20260710 13:14:48.969681  2090 tablet_replica.cc:333] T 0bec99d85cbf4d59940493d1c9e30876 P 01474488ddf547e08c1422021fe1cad1: stopping tablet replica
I20260710 13:14:48.972327  2090 raft_consensus.cc:2243] T 0bec99d85cbf4d59940493d1c9e30876 P 01474488ddf547e08c1422021fe1cad1 [term 1 FOLLOWER]: Raft consensus shutting down.
I20260710 13:14:48.975884  2090 raft_consensus.cc:2272] T 0bec99d85cbf4d59940493d1c9e30876 P 01474488ddf547e08c1422021fe1cad1 [term 1 FOLLOWER]: Raft consensus is shut down!
I20260710 13:14:48.984848  2091 consensus_queue.cc:1048] T 72a36967d6a84dfe9d7f16f067cd0e94 P e0b1cc3aad56407b8ea52191ee1b71a9 [LEADER]: Connected to new peer: Peer: permanent_uuid: "59893b6231194cc8bd1998645e94ab9a" member_type: VOTER last_known_addr { host: "127.0.107.196" port: 39455 } attrs { promote: false }, Status: LMP_MISMATCH, Last received: 0.0, Next index: 3, Last known committed idx: 2, Time since last communication: 0.001s
I20260710 13:14:48.978108  1722 raft_consensus.cc:1275] T b7a357be54cd485ba702c02f742df5e9 P b2ce060901be4b7c984555847e19f4ce [term 1 FOLLOWER]: Refusing update from remote peer 01474488ddf547e08c1422021fe1cad1: Log matching property violated. Preceding OpId in replica: term: 1 index: 3. Preceding OpId from leader: term: 1 index: 4. (index mismatch)
I20260710 13:14:48.979446  1987 raft_consensus.cc:1275] T b7a357be54cd485ba702c02f742df5e9 P 59893b6231194cc8bd1998645e94ab9a [term 1 FOLLOWER]: Refusing update from remote peer 01474488ddf547e08c1422021fe1cad1: Log matching property violated. Preceding OpId in replica: term: 1 index: 3. Preceding OpId from leader: term: 1 index: 4. (index mismatch)
I20260710 13:14:48.989045  2032 raft_consensus.cc:1064] T 5c8618c68b95450b84c50c24adfb86dc P e0b1cc3aad56407b8ea52191ee1b71a9: attempting to promote NON_VOTER 59893b6231194cc8bd1998645e94ab9a to VOTER
I20260710 13:14:48.989347  1894 consensus_queue.cc:1048] T 72a36967d6a84dfe9d7f16f067cd0e94 P e0b1cc3aad56407b8ea52191ee1b71a9 [LEADER]: Connected to new peer: Peer: permanent_uuid: "b2ce060901be4b7c984555847e19f4ce" member_type: VOTER last_known_addr { host: "127.0.107.195" port: 44979 } attrs { replace: true }, Status: LMP_MISMATCH, Last received: 0.0, Next index: 3, Last known committed idx: 2, Time since last communication: 0.001s
I20260710 13:14:48.991040  1885 consensus_queue.cc:1048] T b7a357be54cd485ba702c02f742df5e9 P 01474488ddf547e08c1422021fe1cad1 [LEADER]: Connected to new peer: Peer: permanent_uuid: "59893b6231194cc8bd1998645e94ab9a" member_type: VOTER last_known_addr { host: "127.0.107.196" port: 39455 } attrs { promote: false }, Status: LMP_MISMATCH, Last received: 0.0, Next index: 4, Last known committed idx: 3, Time since last communication: 0.001s
