--------------------
wal directory: /tmp/dist-test-tasku7Ql8J/test-tmp/auto_leader_rebalancer-test.0.LeaderRebalancerTest.AddTserver.1783689560346702-11194-0/minicluster-data/ts-0-root
metadata directory: /tmp/dist-test-tasku7Ql8J/test-tmp/auto_leader_rebalancer-test.0.LeaderRebalancerTest.AddTserver.1783689560346702-11194-0/minicluster-data/ts-0-root
1 data directories: /tmp/dist-test-tasku7Ql8J/test-tmp/auto_leader_rebalancer-test.0.LeaderRebalancerTest.AddTserver.1783689560346702-11194-0/minicluster-data/ts-0-root/data
Total live blocks: 0
Total live bytes: 0
Total live bytes (after alignment): 0
Total number of LBM containers: 0 (0 full)
Did not check for missing blocks
Did not check for orphaned blocks
Total full LBM containers with extra space: 0 (0 repaired)
Total full LBM container extra space in bytes: 0 (0 repaired)
Total incomplete LBM containers: 0 (0 repaired)
Total LBM partial records: 0 (0 repaired)
Total corrupted LBM metadata records in RocksDB: 0 (0 repaired)
I20260710 13:19:43.722841 11194 rpc_server.cc:225] running with OpenSSL 1.1.1  11 Sep 2018
I20260710 13:19:43.723939 11194 kserver.cc:163] Server-wide thread pool size limit: 3276
I20260710 13:19:43.725338 11194 txn_system_client.cc:432] TxnSystemClient initialization is disabled...
I20260710 13:19:43.727699 11194 ts_tablet_manager.cc:585] Loaded tablet metadata (0 total tablets, 0 live tablets)
I20260710 13:19:43.727871 11194 ts_tablet_manager.cc:531] Time spent load tablet metadata: real 0.000s	user 0.000s	sys 0.000s
I20260710 13:19:43.728067 11194 ts_tablet_manager.cc:616] Registered 0 tablets
I20260710 13:19:43.728223 11194 ts_tablet_manager.cc:595] Time spent register tablets: real 0.000s	user 0.000s	sys 0.000s
I20260710 13:19:43.766708 11194 rpc_server.cc:307] RPC server started. Bound to: 127.10.238.129:40069
I20260710 13:19:43.766786 12326 acceptor_pool.cc:272] collecting diagnostics on the listening RPC socket 127.10.238.129:40069 every 8 connection(s)
I20260710 13:19:43.771593 11194 file_cache.cc:504] Constructed file cache file cache with capacity 419430
W20260710 13:19:43.778601 12331 instance_detector.cc:116] could not retrieve AWS instance metadata: Network error: curl error: HTTP response code said error: The requested URL returned error: 404
W20260710 13:19:43.779664 12332 instance_detector.cc:116] could not retrieve Azure instance metadata: Network error: curl error: HTTP response code said error: The requested URL returned error: 404
I20260710 13:19:43.781692 11194 server_base.cc:1061] running on GCE node
W20260710 13:19:43.782542 12334 instance_detector.cc:116] could not retrieve OpenStack instance metadata: Network error: curl error: HTTP response code said error: The requested URL returned error: 404
I20260710 13:19:43.783501 11194 hybrid_clock.cc:584] initializing the hybrid clock with 'system_unsync' time source
W20260710 13:19:43.783726 11194 system_unsync_time.cc:38] NTP support is disabled. Clock error bounds will not be accurate. This configuration is not suitable for distributed clusters.
I20260710 13:19:43.783917 11194 hybrid_clock.cc:648] HybridClock initialized: now 1783689583783893 us; error 0 us; skew 500 ppm
I20260710 13:19:43.784381 12327 heartbeater.cc:344] Connected to a master server at 127.10.238.190:45425
I20260710 13:19:43.784415 11194 server_base.cc:861] Flag tcmalloc_max_total_thread_cache_bytes is not working since tcmalloc is not enabled.
I20260710 13:19:43.784822 12327 heartbeater.cc:461] Registering TS with master...
I20260710 13:19:43.785678 12327 heartbeater.cc:507] Master 127.10.238.190:45425 requested a full tablet report, sending...
I20260710 13:19:43.786887 11194 webserver.cc:533] Webserver started at http://127.10.238.130:39827/ using document root <none> and password file <none>
I20260710 13:19:43.787393 11194 fs_manager.cc:362] Metadata directory not provided
I20260710 13:19:43.787599 11194 fs_manager.cc:368] Using write-ahead log directory (fs_wal_dir) as metadata directory
I20260710 13:19:43.787876 11194 server_base.cc:909] This appears to be a new deployment of Kudu; creating new FS layout
I20260710 13:19:43.787907 12200 ts_manager.cc:194] Registered new tserver with Master: 937cabf967a2426db2a10f9602747471 (127.10.238.129:40069)
I20260710 13:19:43.789072 11194 fs_manager.cc:1068] Generated new instance metadata in path /tmp/dist-test-tasku7Ql8J/test-tmp/auto_leader_rebalancer-test.0.LeaderRebalancerTest.AddTserver.1783689560346702-11194-0/minicluster-data/ts-1-root/instance:
uuid: "0e42b5cd43ed47a195c4d18a863b3798"
format_stamp: "Formatted at 2026-07-10 13:19:43 on dist-test-slave-wl5k"
I20260710 13:19:43.789809 12200 master_service.cc:502] Signed X509 certificate for tserver {username='slave'} at 127.0.0.1:51706
I20260710 13:19:43.793673 11194 fs_manager.cc:696] Time spent creating directory manager: real 0.004s	user 0.003s	sys 0.001s
I20260710 13:19:43.796964 12339 log_block_manager.cc:4127] Time spent loading block containers with low live blocks: real 0.000s	user 0.000s	sys 0.000s
I20260710 13:19:43.797751 11194 fs_manager.cc:730] Time spent opening block manager: real 0.002s	user 0.002s	sys 0.001s
I20260710 13:19:43.798036 11194 fs_manager.cc:647] Opened local filesystem: /tmp/dist-test-tasku7Ql8J/test-tmp/auto_leader_rebalancer-test.0.LeaderRebalancerTest.AddTserver.1783689560346702-11194-0/minicluster-data/ts-1-root
uuid: "0e42b5cd43ed47a195c4d18a863b3798"
format_stamp: "Formatted at 2026-07-10 13:19:43 on dist-test-slave-wl5k"
I20260710 13:19:43.798341 11194 fs_report.cc:389] FS layout report
--------------------
wal directory: /tmp/dist-test-tasku7Ql8J/test-tmp/auto_leader_rebalancer-test.0.LeaderRebalancerTest.AddTserver.1783689560346702-11194-0/minicluster-data/ts-1-root
metadata directory: /tmp/dist-test-tasku7Ql8J/test-tmp/auto_leader_rebalancer-test.0.LeaderRebalancerTest.AddTserver.1783689560346702-11194-0/minicluster-data/ts-1-root
1 data directories: /tmp/dist-test-tasku7Ql8J/test-tmp/auto_leader_rebalancer-test.0.LeaderRebalancerTest.AddTserver.1783689560346702-11194-0/minicluster-data/ts-1-root/data
Total live blocks: 0
Total live bytes: 0
Total live bytes (after alignment): 0
Total number of LBM containers: 0 (0 full)
Did not check for missing blocks
Did not check for orphaned blocks
Total full LBM containers with extra space: 0 (0 repaired)
Total full LBM container extra space in bytes: 0 (0 repaired)
Total incomplete LBM containers: 0 (0 repaired)
Total LBM partial records: 0 (0 repaired)
Total corrupted LBM metadata records in RocksDB: 0 (0 repaired)
I20260710 13:19:43.808194 11194 rpc_server.cc:225] running with OpenSSL 1.1.1  11 Sep 2018
I20260710 13:19:43.809367 11194 kserver.cc:163] Server-wide thread pool size limit: 3276
I20260710 13:19:43.810727 11194 txn_system_client.cc:432] TxnSystemClient initialization is disabled...
I20260710 13:19:43.812882 11194 ts_tablet_manager.cc:585] Loaded tablet metadata (0 total tablets, 0 live tablets)
I20260710 13:19:43.813097 11194 ts_tablet_manager.cc:531] Time spent load tablet metadata: real 0.000s	user 0.000s	sys 0.000s
I20260710 13:19:43.813338 11194 ts_tablet_manager.cc:616] Registered 0 tablets
I20260710 13:19:43.813526 11194 ts_tablet_manager.cc:595] Time spent register tablets: real 0.000s	user 0.000s	sys 0.000s
I20260710 13:19:43.850867 11194 rpc_server.cc:307] RPC server started. Bound to: 127.10.238.130:44357
I20260710 13:19:43.850967 12401 acceptor_pool.cc:272] collecting diagnostics on the listening RPC socket 127.10.238.130:44357 every 8 connection(s)
I20260710 13:19:43.855559 11194 file_cache.cc:504] Constructed file cache file cache with capacity 419430
W20260710 13:19:43.861825 12405 instance_detector.cc:116] could not retrieve AWS instance metadata: Network error: curl error: HTTP response code said error: The requested URL returned error: 404
W20260710 13:19:43.863322 12406 instance_detector.cc:116] could not retrieve Azure instance metadata: Network error: curl error: HTTP response code said error: The requested URL returned error: 404
I20260710 13:19:43.866212 11194 server_base.cc:1061] running on GCE node
W20260710 13:19:43.867149 12408 instance_detector.cc:116] could not retrieve OpenStack instance metadata: Network error: curl error: HTTP response code said error: The requested URL returned error: 404
I20260710 13:19:43.868033 12402 heartbeater.cc:344] Connected to a master server at 127.10.238.190:45425
I20260710 13:19:43.868103 11194 hybrid_clock.cc:584] initializing the hybrid clock with 'system_unsync' time source
W20260710 13:19:43.868459 11194 system_unsync_time.cc:38] NTP support is disabled. Clock error bounds will not be accurate. This configuration is not suitable for distributed clusters.
I20260710 13:19:43.868479 12402 heartbeater.cc:461] Registering TS with master...
I20260710 13:19:43.868758 11194 hybrid_clock.cc:648] HybridClock initialized: now 1783689583868738 us; error 0 us; skew 500 ppm
I20260710 13:19:43.869347 11194 server_base.cc:861] Flag tcmalloc_max_total_thread_cache_bytes is not working since tcmalloc is not enabled.
I20260710 13:19:43.869362 12402 heartbeater.cc:507] Master 127.10.238.190:45425 requested a full tablet report, sending...
I20260710 13:19:43.871464 12200 ts_manager.cc:194] Registered new tserver with Master: 0e42b5cd43ed47a195c4d18a863b3798 (127.10.238.130:44357)
I20260710 13:19:43.872053 11194 webserver.cc:533] Webserver started at http://127.10.238.131:42629/ using document root <none> and password file <none>
I20260710 13:19:43.872614 11194 fs_manager.cc:362] Metadata directory not provided
I20260710 13:19:43.872841 11194 fs_manager.cc:368] Using write-ahead log directory (fs_wal_dir) as metadata directory
I20260710 13:19:43.873096 11194 server_base.cc:909] This appears to be a new deployment of Kudu; creating new FS layout
I20260710 13:19:43.873011 12200 master_service.cc:502] Signed X509 certificate for tserver {username='slave'} at 127.0.0.1:51716
I20260710 13:19:43.874426 11194 fs_manager.cc:1068] Generated new instance metadata in path /tmp/dist-test-tasku7Ql8J/test-tmp/auto_leader_rebalancer-test.0.LeaderRebalancerTest.AddTserver.1783689560346702-11194-0/minicluster-data/ts-2-root/instance:
uuid: "f842021690d9412a8c58bd1079dd8d3f"
format_stamp: "Formatted at 2026-07-10 13:19:43 on dist-test-slave-wl5k"
I20260710 13:19:43.878541 11194 fs_manager.cc:696] Time spent creating directory manager: real 0.004s	user 0.004s	sys 0.002s
I20260710 13:19:43.881598 12413 log_block_manager.cc:4127] Time spent loading block containers with low live blocks: real 0.000s	user 0.000s	sys 0.000s
I20260710 13:19:43.882334 11194 fs_manager.cc:730] Time spent opening block manager: real 0.002s	user 0.002s	sys 0.001s
I20260710 13:19:43.882614 11194 fs_manager.cc:647] Opened local filesystem: /tmp/dist-test-tasku7Ql8J/test-tmp/auto_leader_rebalancer-test.0.LeaderRebalancerTest.AddTserver.1783689560346702-11194-0/minicluster-data/ts-2-root
uuid: "f842021690d9412a8c58bd1079dd8d3f"
format_stamp: "Formatted at 2026-07-10 13:19:43 on dist-test-slave-wl5k"
I20260710 13:19:43.882886 11194 fs_report.cc:389] FS layout report
--------------------
wal directory: /tmp/dist-test-tasku7Ql8J/test-tmp/auto_leader_rebalancer-test.0.LeaderRebalancerTest.AddTserver.1783689560346702-11194-0/minicluster-data/ts-2-root
metadata directory: /tmp/dist-test-tasku7Ql8J/test-tmp/auto_leader_rebalancer-test.0.LeaderRebalancerTest.AddTserver.1783689560346702-11194-0/minicluster-data/ts-2-root
1 data directories: /tmp/dist-test-tasku7Ql8J/test-tmp/auto_leader_rebalancer-test.0.LeaderRebalancerTest.AddTserver.1783689560346702-11194-0/minicluster-data/ts-2-root/data
Total live blocks: 0
Total live bytes: 0
Total live bytes (after alignment): 0
Total number of LBM containers: 0 (0 full)
Did not check for missing blocks
Did not check for orphaned blocks
Total full LBM containers with extra space: 0 (0 repaired)
Total full LBM container extra space in bytes: 0 (0 repaired)
Total incomplete LBM containers: 0 (0 repaired)
Total LBM partial records: 0 (0 repaired)
Total corrupted LBM metadata records in RocksDB: 0 (0 repaired)
I20260710 13:19:43.895098 11194 rpc_server.cc:225] running with OpenSSL 1.1.1  11 Sep 2018
I20260710 13:19:43.896327 11194 kserver.cc:163] Server-wide thread pool size limit: 3276
I20260710 13:19:43.897941 11194 txn_system_client.cc:432] TxnSystemClient initialization is disabled...
I20260710 13:19:43.900298 11194 ts_tablet_manager.cc:585] Loaded tablet metadata (0 total tablets, 0 live tablets)
I20260710 13:19:43.900620 11194 ts_tablet_manager.cc:531] Time spent load tablet metadata: real 0.000s	user 0.001s	sys 0.000s
I20260710 13:19:43.900892 11194 ts_tablet_manager.cc:616] Registered 0 tablets
I20260710 13:19:43.901079 11194 ts_tablet_manager.cc:595] Time spent register tablets: real 0.000s	user 0.000s	sys 0.000s
I20260710 13:19:43.943534 11194 rpc_server.cc:307] RPC server started. Bound to: 127.10.238.131:33103
I20260710 13:19:43.943651 12475 acceptor_pool.cc:272] collecting diagnostics on the listening RPC socket 127.10.238.131:33103 every 8 connection(s)
I20260710 13:19:43.957675 12476 heartbeater.cc:344] Connected to a master server at 127.10.238.190:45425
I20260710 13:19:43.958122 12476 heartbeater.cc:461] Registering TS with master...
I20260710 13:19:43.958814 12476 heartbeater.cc:507] Master 127.10.238.190:45425 requested a full tablet report, sending...
I20260710 13:19:43.960796 12200 ts_manager.cc:194] Registered new tserver with Master: f842021690d9412a8c58bd1079dd8d3f (127.10.238.131:33103)
I20260710 13:19:43.961719 11194 internal_mini_cluster.cc:371] 3 TS(s) registered with all masters after 0.014733018s
I20260710 13:19:43.962532 12200 master_service.cc:502] Signed X509 certificate for tserver {username='slave'} at 127.0.0.1:51724
I20260710 13:19:43.985893 12200 catalog_manager.cc:2283] Servicing CreateTable request from {username='slave'} at 127.0.0.1:51740:
name: "test-workload"
schema {
  columns {
    name: "key"
    type: INT32
    is_key: true
    is_nullable: false
    encoding: AUTO_ENCODING
    compression: DEFAULT_COMPRESSION
    cfile_block_size: 0
    immutable: false
  }
  columns {
    name: "int_val"
    type: INT32
    is_key: false
    is_nullable: false
    encoding: AUTO_ENCODING
    compression: DEFAULT_COMPRESSION
    cfile_block_size: 0
    immutable: false
  }
  columns {
    name: "string_val"
    type: STRING
    is_key: false
    is_nullable: true
    encoding: AUTO_ENCODING
    compression: DEFAULT_COMPRESSION
    cfile_block_size: 0
    immutable: false
  }
}
num_replicas: 3
split_rows_range_bounds {
  rows: "\004\001\000UUU\005\004\001\000\252\252\252\n\004\001\000\377\377\377\017\004\001\000TUU\025\004\001\000\251\252\252\032\004\001\000\376\377\377\037\004\001\000SUU%\004\001\000\250\252\252*\004\001\000\375\377\377/\004\001\000RUU5\004\001\000\247\252\252:\004\001\000\374\377\377?\004\001\000QUUE\004\001\000\246\252\252J\004\001\000\373\377\377O\004\001\000PUUU\004\001\000\245\252\252Z\004\001\000\372\377\377_\004\001\000OUUe\004\001\000\244\252\252j\004\001\000\371\377\377o\004\001\000NUUu\004\001\000\243\252\252z""\004\001\000UUU\005\004\001\000\252\252\252\n\004\001\000\377\377\377\017\004\001\000TUU\025\004\001\000\251\252\252\032\004\001\000\376\377\377\037\004\001\000SUU%\004\001\000\250\252\252*\004\001\000\375\377\377/\004\001\000RUU5\004\001\000\247\252\252:\004\001\000\374\377\377?\004\001\000QUUE\004\001\000\246\252\252J\004\001\000\373\377\377O\004\001\000PUUU\004\001\000\245\252\252Z\004\001\000\372\377\377_\004\001\000OUUe\004\001\000\244\252\252j\004\001\000\371\377\377o\004\001\000NUUu\004\001\000\243\252\252z"
  indirect_data: """"
}
partition_schema {
  range_schema {
    columns {
      name: "key"
    }
  }
}
W20260710 13:19:43.989548 12200 catalog_manager.cc:7077] The number of live tablet servers is not enough to re-replicate a tablet replica of the newly created table test-workload in case of a server failure: 4 tablet servers would be needed, 3 are available. Consider bringing up more tablet servers.
I20260710 13:19:44.098356 12366 tablet_service.cc:1511] Processing CreateTablet for tablet 933179ef9bbf4d0bb9521a022743f691 (DEFAULT_TABLE table=test-workload [id=fe58941594174056b70a677d32ea1419]), partition=RANGE (key) PARTITION 89478485 <= VALUES < 178956970
I20260710 13:19:44.100170 12366 data_dirs.cc:400] Could only allocate 1 dirs of requested 3 for tablet 933179ef9bbf4d0bb9521a022743f691. 1 dirs total, 0 dirs full, 0 dirs failed
I20260710 13:19:44.110530 12364 tablet_service.cc:1511] Processing CreateTablet for tablet 95c3671b22504bfc8f5066b8e0eff673 (DEFAULT_TABLE table=test-workload [id=fe58941594174056b70a677d32ea1419]), partition=RANGE (key) PARTITION 268435455 <= VALUES < 357913940
I20260710 13:19:44.110826 12441 tablet_service.cc:1511] Processing CreateTablet for tablet 95f3feec61224b049ac9508ecc72f6ba (DEFAULT_TABLE table=test-workload [id=fe58941594174056b70a677d32ea1419]), partition=RANGE (key) PARTITION VALUES < 89478485
I20260710 13:19:44.111518 12440 tablet_service.cc:1511] Processing CreateTablet for tablet 933179ef9bbf4d0bb9521a022743f691 (DEFAULT_TABLE table=test-workload [id=fe58941594174056b70a677d32ea1419]), partition=RANGE (key) PARTITION 89478485 <= VALUES < 178956970
I20260710 13:19:44.112021 12364 data_dirs.cc:400] Could only allocate 1 dirs of requested 3 for tablet 95c3671b22504bfc8f5066b8e0eff673. 1 dirs total, 0 dirs full, 0 dirs failed
I20260710 13:19:44.112143 12441 data_dirs.cc:400] Could only allocate 1 dirs of requested 3 for tablet 95f3feec61224b049ac9508ecc72f6ba. 1 dirs total, 0 dirs full, 0 dirs failed
I20260710 13:19:44.112794 12440 data_dirs.cc:400] Could only allocate 1 dirs of requested 3 for tablet 933179ef9bbf4d0bb9521a022743f691. 1 dirs total, 0 dirs full, 0 dirs failed
I20260710 13:19:44.101715 12367 tablet_service.cc:1511] Processing CreateTablet for tablet 95f3feec61224b049ac9508ecc72f6ba (DEFAULT_TABLE table=test-workload [id=fe58941594174056b70a677d32ea1419]), partition=RANGE (key) PARTITION VALUES < 89478485
I20260710 13:19:44.114415 12367 data_dirs.cc:400] Could only allocate 1 dirs of requested 3 for tablet 95f3feec61224b049ac9508ecc72f6ba. 1 dirs total, 0 dirs full, 0 dirs failed
I20260710 13:19:44.105314 12365 tablet_service.cc:1511] Processing CreateTablet for tablet 514919608b024a649a4961a82fbae7e9 (DEFAULT_TABLE table=test-workload [id=fe58941594174056b70a677d32ea1419]), partition=RANGE (key) PARTITION 178956970 <= VALUES < 268435455
I20260710 13:19:44.115859 12363 tablet_service.cc:1511] Processing CreateTablet for tablet 5fd6283bf5cb4105ac1a20bcd0e63f01 (DEFAULT_TABLE table=test-workload [id=fe58941594174056b70a677d32ea1419]), partition=RANGE (key) PARTITION 357913940 <= VALUES < 447392425
I20260710 13:19:44.116933 12365 data_dirs.cc:400] Could only allocate 1 dirs of requested 3 for tablet 514919608b024a649a4961a82fbae7e9. 1 dirs total, 0 dirs full, 0 dirs failed
I20260710 13:19:44.119473 12439 tablet_service.cc:1511] Processing CreateTablet for tablet 514919608b024a649a4961a82fbae7e9 (DEFAULT_TABLE table=test-workload [id=fe58941594174056b70a677d32ea1419]), partition=RANGE (key) PARTITION 178956970 <= VALUES < 268435455
I20260710 13:19:44.120713 12439 data_dirs.cc:400] Could only allocate 1 dirs of requested 3 for tablet 514919608b024a649a4961a82fbae7e9. 1 dirs total, 0 dirs full, 0 dirs failed
I20260710 13:19:44.124779 12363 data_dirs.cc:400] Could only allocate 1 dirs of requested 3 for tablet 5fd6283bf5cb4105ac1a20bcd0e63f01. 1 dirs total, 0 dirs full, 0 dirs failed
I20260710 13:19:44.124533 12435 tablet_service.cc:1511] Processing CreateTablet for tablet 867290d69dbf41e0bce96be995f88ada (DEFAULT_TABLE table=test-workload [id=fe58941594174056b70a677d32ea1419]), partition=RANGE (key) PARTITION 536870910 <= VALUES < 626349395
I20260710 13:19:44.125828 12435 data_dirs.cc:400] Could only allocate 1 dirs of requested 3 for tablet 867290d69dbf41e0bce96be995f88ada. 1 dirs total, 0 dirs full, 0 dirs failed
I20260710 13:19:44.125543 12438 tablet_service.cc:1511] Processing CreateTablet for tablet 95c3671b22504bfc8f5066b8e0eff673 (DEFAULT_TABLE table=test-workload [id=fe58941594174056b70a677d32ea1419]), partition=RANGE (key) PARTITION 268435455 <= VALUES < 357913940
I20260710 13:19:44.126777 12438 data_dirs.cc:400] Could only allocate 1 dirs of requested 3 for tablet 95c3671b22504bfc8f5066b8e0eff673. 1 dirs total, 0 dirs full, 0 dirs failed
I20260710 13:19:44.129566 12437 tablet_service.cc:1511] Processing CreateTablet for tablet 5fd6283bf5cb4105ac1a20bcd0e63f01 (DEFAULT_TABLE table=test-workload [id=fe58941594174056b70a677d32ea1419]), partition=RANGE (key) PARTITION 357913940 <= VALUES < 447392425
I20260710 13:19:44.130856 12437 data_dirs.cc:400] Could only allocate 1 dirs of requested 3 for tablet 5fd6283bf5cb4105ac1a20bcd0e63f01. 1 dirs total, 0 dirs full, 0 dirs failed
I20260710 13:19:44.133749 12436 tablet_service.cc:1511] Processing CreateTablet for tablet 125466b35b7a4c47bdd85923257fe6cc (DEFAULT_TABLE table=test-workload [id=fe58941594174056b70a677d32ea1419]), partition=RANGE (key) PARTITION 447392425 <= VALUES < 536870910
I20260710 13:19:44.135001 12436 data_dirs.cc:400] Could only allocate 1 dirs of requested 3 for tablet 125466b35b7a4c47bdd85923257fe6cc. 1 dirs total, 0 dirs full, 0 dirs failed
I20260710 13:19:44.136533 12362 tablet_service.cc:1511] Processing CreateTablet for tablet 125466b35b7a4c47bdd85923257fe6cc (DEFAULT_TABLE table=test-workload [id=fe58941594174056b70a677d32ea1419]), partition=RANGE (key) PARTITION 447392425 <= VALUES < 536870910
I20260710 13:19:44.137985 12362 data_dirs.cc:400] Could only allocate 1 dirs of requested 3 for tablet 125466b35b7a4c47bdd85923257fe6cc. 1 dirs total, 0 dirs full, 0 dirs failed
I20260710 13:19:44.144456 12434 tablet_service.cc:1511] Processing CreateTablet for tablet 366fc9e23878434ea9c27b744a24a654 (DEFAULT_TABLE table=test-workload [id=fe58941594174056b70a677d32ea1419]), partition=RANGE (key) PARTITION 626349395 <= VALUES < 715827880
I20260710 13:19:44.145810 12434 data_dirs.cc:400] Could only allocate 1 dirs of requested 3 for tablet 366fc9e23878434ea9c27b744a24a654. 1 dirs total, 0 dirs full, 0 dirs failed
I20260710 13:19:44.145980 12361 tablet_service.cc:1511] Processing CreateTablet for tablet 867290d69dbf41e0bce96be995f88ada (DEFAULT_TABLE table=test-workload [id=fe58941594174056b70a677d32ea1419]), partition=RANGE (key) PARTITION 536870910 <= VALUES < 626349395
I20260710 13:19:44.146209 12292 tablet_service.cc:1511] Processing CreateTablet for tablet 95f3feec61224b049ac9508ecc72f6ba (DEFAULT_TABLE table=test-workload [id=fe58941594174056b70a677d32ea1419]), partition=RANGE (key) PARTITION VALUES < 89478485
I20260710 13:19:44.147432 12361 data_dirs.cc:400] Could only allocate 1 dirs of requested 3 for tablet 867290d69dbf41e0bce96be995f88ada. 1 dirs total, 0 dirs full, 0 dirs failed
I20260710 13:19:44.147446 12292 data_dirs.cc:400] Could only allocate 1 dirs of requested 3 for tablet 95f3feec61224b049ac9508ecc72f6ba. 1 dirs total, 0 dirs full, 0 dirs failed
I20260710 13:19:44.148581 12433 tablet_service.cc:1511] Processing CreateTablet for tablet 47fd98c2a3e145a29316b7cd48c1dd0d (DEFAULT_TABLE table=test-workload [id=fe58941594174056b70a677d32ea1419]), partition=RANGE (key) PARTITION 715827880 <= VALUES < 805306365
I20260710 13:19:44.149863 12433 data_dirs.cc:400] Could only allocate 1 dirs of requested 3 for tablet 47fd98c2a3e145a29316b7cd48c1dd0d. 1 dirs total, 0 dirs full, 0 dirs failed
I20260710 13:19:44.150401 12291 tablet_service.cc:1511] Processing CreateTablet for tablet 933179ef9bbf4d0bb9521a022743f691 (DEFAULT_TABLE table=test-workload [id=fe58941594174056b70a677d32ea1419]), partition=RANGE (key) PARTITION 89478485 <= VALUES < 178956970
I20260710 13:19:44.151791 12291 data_dirs.cc:400] Could only allocate 1 dirs of requested 3 for tablet 933179ef9bbf4d0bb9521a022743f691. 1 dirs total, 0 dirs full, 0 dirs failed
I20260710 13:19:44.154217 12360 tablet_service.cc:1511] Processing CreateTablet for tablet 366fc9e23878434ea9c27b744a24a654 (DEFAULT_TABLE table=test-workload [id=fe58941594174056b70a677d32ea1419]), partition=RANGE (key) PARTITION 626349395 <= VALUES < 715827880
I20260710 13:19:44.158424 12432 tablet_service.cc:1511] Processing CreateTablet for tablet 054b8066f1844e839c626f1ae58ff876 (DEFAULT_TABLE table=test-workload [id=fe58941594174056b70a677d32ea1419]), partition=RANGE (key) PARTITION 805306365 <= VALUES < 894784850
I20260710 13:19:44.159372 12360 data_dirs.cc:400] Could only allocate 1 dirs of requested 3 for tablet 366fc9e23878434ea9c27b744a24a654. 1 dirs total, 0 dirs full, 0 dirs failed
I20260710 13:19:44.159683 12432 data_dirs.cc:400] Could only allocate 1 dirs of requested 3 for tablet 054b8066f1844e839c626f1ae58ff876. 1 dirs total, 0 dirs full, 0 dirs failed
I20260710 13:19:44.166195 12290 tablet_service.cc:1511] Processing CreateTablet for tablet 514919608b024a649a4961a82fbae7e9 (DEFAULT_TABLE table=test-workload [id=fe58941594174056b70a677d32ea1419]), partition=RANGE (key) PARTITION 178956970 <= VALUES < 268435455
I20260710 13:19:44.169010 12289 tablet_service.cc:1511] Processing CreateTablet for tablet 95c3671b22504bfc8f5066b8e0eff673 (DEFAULT_TABLE table=test-workload [id=fe58941594174056b70a677d32ea1419]), partition=RANGE (key) PARTITION 268435455 <= VALUES < 357913940
I20260710 13:19:44.171358 12359 tablet_service.cc:1511] Processing CreateTablet for tablet 47fd98c2a3e145a29316b7cd48c1dd0d (DEFAULT_TABLE table=test-workload [id=fe58941594174056b70a677d32ea1419]), partition=RANGE (key) PARTITION 715827880 <= VALUES < 805306365
I20260710 13:19:44.173593 12288 tablet_service.cc:1511] Processing CreateTablet for tablet 5fd6283bf5cb4105ac1a20bcd0e63f01 (DEFAULT_TABLE table=test-workload [id=fe58941594174056b70a677d32ea1419]), partition=RANGE (key) PARTITION 357913940 <= VALUES < 447392425
I20260710 13:19:44.173691 12283 tablet_service.cc:1511] Processing CreateTablet for tablet 054b8066f1844e839c626f1ae58ff876 (DEFAULT_TABLE table=test-workload [id=fe58941594174056b70a677d32ea1419]), partition=RANGE (key) PARTITION 805306365 <= VALUES < 894784850
I20260710 13:19:44.175890 12287 tablet_service.cc:1511] Processing CreateTablet for tablet 125466b35b7a4c47bdd85923257fe6cc (DEFAULT_TABLE table=test-workload [id=fe58941594174056b70a677d32ea1419]), partition=RANGE (key) PARTITION 447392425 <= VALUES < 536870910
I20260710 13:19:44.178241 12286 tablet_service.cc:1511] Processing CreateTablet for tablet 867290d69dbf41e0bce96be995f88ada (DEFAULT_TABLE table=test-workload [id=fe58941594174056b70a677d32ea1419]), partition=RANGE (key) PARTITION 536870910 <= VALUES < 626349395
I20260710 13:19:44.181718 12284 tablet_service.cc:1511] Processing CreateTablet for tablet 47fd98c2a3e145a29316b7cd48c1dd0d (DEFAULT_TABLE table=test-workload [id=fe58941594174056b70a677d32ea1419]), partition=RANGE (key) PARTITION 715827880 <= VALUES < 805306365
I20260710 13:19:44.183099 12285 tablet_service.cc:1511] Processing CreateTablet for tablet 366fc9e23878434ea9c27b744a24a654 (DEFAULT_TABLE table=test-workload [id=fe58941594174056b70a677d32ea1419]), partition=RANGE (key) PARTITION 626349395 <= VALUES < 715827880
I20260710 13:19:44.184873 12290 data_dirs.cc:400] Could only allocate 1 dirs of requested 3 for tablet 514919608b024a649a4961a82fbae7e9. 1 dirs total, 0 dirs full, 0 dirs failed
I20260710 13:19:44.185994 12358 tablet_service.cc:1511] Processing CreateTablet for tablet 054b8066f1844e839c626f1ae58ff876 (DEFAULT_TABLE table=test-workload [id=fe58941594174056b70a677d32ea1419]), partition=RANGE (key) PARTITION 805306365 <= VALUES < 894784850
I20260710 13:19:44.186695 12289 data_dirs.cc:400] Could only allocate 1 dirs of requested 3 for tablet 95c3671b22504bfc8f5066b8e0eff673. 1 dirs total, 0 dirs full, 0 dirs failed
I20260710 13:19:44.187448 12358 data_dirs.cc:400] Could only allocate 1 dirs of requested 3 for tablet 054b8066f1844e839c626f1ae58ff876. 1 dirs total, 0 dirs full, 0 dirs failed
I20260710 13:19:44.188217 12283 data_dirs.cc:400] Could only allocate 1 dirs of requested 3 for tablet 054b8066f1844e839c626f1ae58ff876. 1 dirs total, 0 dirs full, 0 dirs failed
I20260710 13:19:44.189033 12286 data_dirs.cc:400] Could only allocate 1 dirs of requested 3 for tablet 867290d69dbf41e0bce96be995f88ada. 1 dirs total, 0 dirs full, 0 dirs failed
I20260710 13:19:44.189651 12288 data_dirs.cc:400] Could only allocate 1 dirs of requested 3 for tablet 5fd6283bf5cb4105ac1a20bcd0e63f01. 1 dirs total, 0 dirs full, 0 dirs failed
I20260710 13:19:44.190151 12432 tablet_service.cc:1511] Processing CreateTablet for tablet cede38bf8ad94130a9709786b1b9cafd (DEFAULT_TABLE table=test-workload [id=fe58941594174056b70a677d32ea1419]), partition=RANGE (key) PARTITION 894784850 <= VALUES < 984263335
I20260710 13:19:44.190609 12284 data_dirs.cc:400] Could only allocate 1 dirs of requested 3 for tablet 47fd98c2a3e145a29316b7cd48c1dd0d. 1 dirs total, 0 dirs full, 0 dirs failed
I20260710 13:19:44.191331 12432 data_dirs.cc:400] Could only allocate 1 dirs of requested 3 for tablet cede38bf8ad94130a9709786b1b9cafd. 1 dirs total, 0 dirs full, 0 dirs failed
I20260710 13:19:44.192261 12287 data_dirs.cc:400] Could only allocate 1 dirs of requested 3 for tablet 125466b35b7a4c47bdd85923257fe6cc. 1 dirs total, 0 dirs full, 0 dirs failed
I20260710 13:19:44.196817 12285 data_dirs.cc:400] Could only allocate 1 dirs of requested 3 for tablet 366fc9e23878434ea9c27b744a24a654. 1 dirs total, 0 dirs full, 0 dirs failed
I20260710 13:19:44.208791 12359 data_dirs.cc:400] Could only allocate 1 dirs of requested 3 for tablet 47fd98c2a3e145a29316b7cd48c1dd0d. 1 dirs total, 0 dirs full, 0 dirs failed
I20260710 13:19:44.213658 12438 tablet_service.cc:1511] Processing CreateTablet for tablet 37a307332d644969bc68d222cfc5a655 (DEFAULT_TABLE table=test-workload [id=fe58941594174056b70a677d32ea1419]), partition=RANGE (key) PARTITION 984263335 <= VALUES < 1073741820
I20260710 13:19:44.215015 12438 data_dirs.cc:400] Could only allocate 1 dirs of requested 3 for tablet 37a307332d644969bc68d222cfc5a655. 1 dirs total, 0 dirs full, 0 dirs failed
I20260710 13:19:44.239166 12434 tablet_service.cc:1511] Processing CreateTablet for tablet cf1d5ad4fbf04078b0ab310c8766c434 (DEFAULT_TABLE table=test-workload [id=fe58941594174056b70a677d32ea1419]), partition=RANGE (key) PARTITION 1163220305 <= VALUES < 1252698790
I20260710 13:19:44.240670 12434 data_dirs.cc:400] Could only allocate 1 dirs of requested 3 for tablet cf1d5ad4fbf04078b0ab310c8766c434. 1 dirs total, 0 dirs full, 0 dirs failed
I20260710 13:19:44.241034 12438 tablet_service.cc:1511] Processing CreateTablet for tablet fc1d6770df9e460b957d9c75af861f85 (DEFAULT_TABLE table=test-workload [id=fe58941594174056b70a677d32ea1419]), partition=RANGE (key) PARTITION 1252698790 <= VALUES < 1342177275
I20260710 13:19:44.246640 12491 tablet_bootstrap.cc:492] T 867290d69dbf41e0bce96be995f88ada P f842021690d9412a8c58bd1079dd8d3f: Bootstrap starting.
I20260710 13:19:44.260039 12363 tablet_service.cc:1511] Processing CreateTablet for tablet cede38bf8ad94130a9709786b1b9cafd (DEFAULT_TABLE table=test-workload [id=fe58941594174056b70a677d32ea1419]), partition=RANGE (key) PARTITION 894784850 <= VALUES < 984263335
I20260710 13:19:44.261597 12363 data_dirs.cc:400] Could only allocate 1 dirs of requested 3 for tablet cede38bf8ad94130a9709786b1b9cafd. 1 dirs total, 0 dirs full, 0 dirs failed
I20260710 13:19:44.267166 12365 tablet_service.cc:1511] Processing CreateTablet for tablet 37a307332d644969bc68d222cfc5a655 (DEFAULT_TABLE table=test-workload [id=fe58941594174056b70a677d32ea1419]), partition=RANGE (key) PARTITION 984263335 <= VALUES < 1073741820
I20260710 13:19:44.269586 12438 data_dirs.cc:400] Could only allocate 1 dirs of requested 3 for tablet fc1d6770df9e460b957d9c75af861f85. 1 dirs total, 0 dirs full, 0 dirs failed
I20260710 13:19:44.279260 12440 tablet_service.cc:1511] Processing CreateTablet for tablet 4b7635e3c64f4a02bce83f947a55ec57 (DEFAULT_TABLE table=test-workload [id=fe58941594174056b70a677d32ea1419]), partition=RANGE (key) PARTITION 1342177275 <= VALUES < 1431655760
I20260710 13:19:44.282284 12440 data_dirs.cc:400] Could only allocate 1 dirs of requested 3 for tablet 4b7635e3c64f4a02bce83f947a55ec57. 1 dirs total, 0 dirs full, 0 dirs failed
I20260710 13:19:44.284065 12365 data_dirs.cc:400] Could only allocate 1 dirs of requested 3 for tablet 37a307332d644969bc68d222cfc5a655. 1 dirs total, 0 dirs full, 0 dirs failed
I20260710 13:19:44.244076 12439 tablet_service.cc:1511] Processing CreateTablet for tablet fdd295a51d08495c8a977af4adbaf0e8 (DEFAULT_TABLE table=test-workload [id=fe58941594174056b70a677d32ea1419]), partition=RANGE (key) PARTITION 1073741820 <= VALUES < 1163220305
I20260710 13:19:44.303956 12363 tablet_service.cc:1511] Processing CreateTablet for tablet cf1d5ad4fbf04078b0ab310c8766c434 (DEFAULT_TABLE table=test-workload [id=fe58941594174056b70a677d32ea1419]), partition=RANGE (key) PARTITION 1163220305 <= VALUES < 1252698790
I20260710 13:19:44.305394 12363 data_dirs.cc:400] Could only allocate 1 dirs of requested 3 for tablet cf1d5ad4fbf04078b0ab310c8766c434. 1 dirs total, 0 dirs full, 0 dirs failed
I20260710 13:19:44.298877 12367 tablet_service.cc:1511] Processing CreateTablet for tablet fdd295a51d08495c8a977af4adbaf0e8 (DEFAULT_TABLE table=test-workload [id=fe58941594174056b70a677d32ea1419]), partition=RANGE (key) PARTITION 1073741820 <= VALUES < 1163220305
I20260710 13:19:44.309475 12367 data_dirs.cc:400] Could only allocate 1 dirs of requested 3 for tablet fdd295a51d08495c8a977af4adbaf0e8. 1 dirs total, 0 dirs full, 0 dirs failed
I20260710 13:19:44.305299 12289 tablet_service.cc:1511] Processing CreateTablet for tablet 37a307332d644969bc68d222cfc5a655 (DEFAULT_TABLE table=test-workload [id=fe58941594174056b70a677d32ea1419]), partition=RANGE (key) PARTITION 984263335 <= VALUES < 1073741820
I20260710 13:19:44.306449 12291 tablet_service.cc:1511] Processing CreateTablet for tablet cede38bf8ad94130a9709786b1b9cafd (DEFAULT_TABLE table=test-workload [id=fe58941594174056b70a677d32ea1419]), partition=RANGE (key) PARTITION 894784850 <= VALUES < 984263335
I20260710 13:19:44.313279 12289 data_dirs.cc:400] Could only allocate 1 dirs of requested 3 for tablet 37a307332d644969bc68d222cfc5a655. 1 dirs total, 0 dirs full, 0 dirs failed
I20260710 13:19:44.314128 12291 data_dirs.cc:400] Could only allocate 1 dirs of requested 3 for tablet cede38bf8ad94130a9709786b1b9cafd. 1 dirs total, 0 dirs full, 0 dirs failed
I20260710 13:19:44.317203 12493 tablet_bootstrap.cc:492] T 5fd6283bf5cb4105ac1a20bcd0e63f01 P 937cabf967a2426db2a10f9602747471: Bootstrap starting.
I20260710 13:19:44.322813 12283 tablet_service.cc:1511] Processing CreateTablet for tablet fc1d6770df9e460b957d9c75af861f85 (DEFAULT_TABLE table=test-workload [id=fe58941594174056b70a677d32ea1419]), partition=RANGE (key) PARTITION 1252698790 <= VALUES < 1342177275
I20260710 13:19:44.323508 12493 tablet_bootstrap.cc:654] T 5fd6283bf5cb4105ac1a20bcd0e63f01 P 937cabf967a2426db2a10f9602747471: Neither blocks nor log segments found. Creating new log.
I20260710 13:19:44.332873 12439 data_dirs.cc:400] Could only allocate 1 dirs of requested 3 for tablet fdd295a51d08495c8a977af4adbaf0e8. 1 dirs total, 0 dirs full, 0 dirs failed
I20260710 13:19:44.324093 12283 data_dirs.cc:400] Could only allocate 1 dirs of requested 3 for tablet fc1d6770df9e460b957d9c75af861f85. 1 dirs total, 0 dirs full, 0 dirs failed
I20260710 13:19:44.324807 12288 tablet_service.cc:1511] Processing CreateTablet for tablet cf1d5ad4fbf04078b0ab310c8766c434 (DEFAULT_TABLE table=test-workload [id=fe58941594174056b70a677d32ea1419]), partition=RANGE (key) PARTITION 1163220305 <= VALUES < 1252698790
I20260710 13:19:44.327304 12284 tablet_service.cc:1511] Processing CreateTablet for tablet 4b7635e3c64f4a02bce83f947a55ec57 (DEFAULT_TABLE table=test-workload [id=fe58941594174056b70a677d32ea1419]), partition=RANGE (key) PARTITION 1342177275 <= VALUES < 1431655760
I20260710 13:19:44.330355 12435 tablet_service.cc:1511] Processing CreateTablet for tablet 14e3e1b5392f4de89e23618c1e0b176a (DEFAULT_TABLE table=test-workload [id=fe58941594174056b70a677d32ea1419]), partition=RANGE (key) PARTITION 1431655760 <= VALUES < 1521134245
I20260710 13:19:44.333966 12288 data_dirs.cc:400] Could only allocate 1 dirs of requested 3 for tablet cf1d5ad4fbf04078b0ab310c8766c434. 1 dirs total, 0 dirs full, 0 dirs failed
I20260710 13:19:44.334722 12435 data_dirs.cc:400] Could only allocate 1 dirs of requested 3 for tablet 14e3e1b5392f4de89e23618c1e0b176a. 1 dirs total, 0 dirs full, 0 dirs failed
I20260710 13:19:44.341096 12284 data_dirs.cc:400] Could only allocate 1 dirs of requested 3 for tablet 4b7635e3c64f4a02bce83f947a55ec57. 1 dirs total, 0 dirs full, 0 dirs failed
I20260710 13:19:44.348959 12491 tablet_bootstrap.cc:654] T 867290d69dbf41e0bce96be995f88ada P f842021690d9412a8c58bd1079dd8d3f: Neither blocks nor log segments found. Creating new log.
I20260710 13:19:44.349466 12366 tablet_service.cc:1511] Processing CreateTablet for tablet fc1d6770df9e460b957d9c75af861f85 (DEFAULT_TABLE table=test-workload [id=fe58941594174056b70a677d32ea1419]), partition=RANGE (key) PARTITION 1252698790 <= VALUES < 1342177275
I20260710 13:19:44.350807 12366 data_dirs.cc:400] Could only allocate 1 dirs of requested 3 for tablet fc1d6770df9e460b957d9c75af861f85. 1 dirs total, 0 dirs full, 0 dirs failed
I20260710 13:19:44.356889 12287 tablet_service.cc:1511] Processing CreateTablet for tablet 14e3e1b5392f4de89e23618c1e0b176a (DEFAULT_TABLE table=test-workload [id=fe58941594174056b70a677d32ea1419]), partition=RANGE (key) PARTITION 1431655760 <= VALUES < 1521134245
I20260710 13:19:44.358134 12287 data_dirs.cc:400] Could only allocate 1 dirs of requested 3 for tablet 14e3e1b5392f4de89e23618c1e0b176a. 1 dirs total, 0 dirs full, 0 dirs failed
I20260710 13:19:44.357846 12363 tablet_service.cc:1511] Processing CreateTablet for tablet 14e3e1b5392f4de89e23618c1e0b176a (DEFAULT_TABLE table=test-workload [id=fe58941594174056b70a677d32ea1419]), partition=RANGE (key) PARTITION 1431655760 <= VALUES < 1521134245
I20260710 13:19:44.359071 12363 data_dirs.cc:400] Could only allocate 1 dirs of requested 3 for tablet 14e3e1b5392f4de89e23618c1e0b176a. 1 dirs total, 0 dirs full, 0 dirs failed
I20260710 13:19:44.360632 12286 tablet_service.cc:1511] Processing CreateTablet for tablet fdd295a51d08495c8a977af4adbaf0e8 (DEFAULT_TABLE table=test-workload [id=fe58941594174056b70a677d32ea1419]), partition=RANGE (key) PARTITION 1073741820 <= VALUES < 1163220305
I20260710 13:19:44.361846 12286 data_dirs.cc:400] Could only allocate 1 dirs of requested 3 for tablet fdd295a51d08495c8a977af4adbaf0e8. 1 dirs total, 0 dirs full, 0 dirs failed
I20260710 13:19:44.363385 12291 tablet_service.cc:1511] Processing CreateTablet for tablet d0577fea4ba64b1a9d95872c35dfd0ba (DEFAULT_TABLE table=test-workload [id=fe58941594174056b70a677d32ea1419]), partition=RANGE (key) PARTITION 1521134245 <= VALUES < 1610612730
I20260710 13:19:44.364605 12291 data_dirs.cc:400] Could only allocate 1 dirs of requested 3 for tablet d0577fea4ba64b1a9d95872c35dfd0ba. 1 dirs total, 0 dirs full, 0 dirs failed
I20260710 13:19:44.368863 12492 tablet_bootstrap.cc:492] T 933179ef9bbf4d0bb9521a022743f691 P 0e42b5cd43ed47a195c4d18a863b3798: Bootstrap starting.
I20260710 13:19:44.371518 12359 tablet_service.cc:1511] Processing CreateTablet for tablet d0577fea4ba64b1a9d95872c35dfd0ba (DEFAULT_TABLE table=test-workload [id=fe58941594174056b70a677d32ea1419]), partition=RANGE (key) PARTITION 1521134245 <= VALUES < 1610612730
I20260710 13:19:44.379297 12437 tablet_service.cc:1511] Processing CreateTablet for tablet d0577fea4ba64b1a9d95872c35dfd0ba (DEFAULT_TABLE table=test-workload [id=fe58941594174056b70a677d32ea1419]), partition=RANGE (key) PARTITION 1521134245 <= VALUES < 1610612730
I20260710 13:19:44.388055 12359 data_dirs.cc:400] Could only allocate 1 dirs of requested 3 for tablet d0577fea4ba64b1a9d95872c35dfd0ba. 1 dirs total, 0 dirs full, 0 dirs failed
I20260710 13:19:44.388149 12437 data_dirs.cc:400] Could only allocate 1 dirs of requested 3 for tablet d0577fea4ba64b1a9d95872c35dfd0ba. 1 dirs total, 0 dirs full, 0 dirs failed
I20260710 13:19:44.396534 12285 tablet_service.cc:1511] Processing CreateTablet for tablet 772d5cbfed834c1aa676c0e4013665b9 (DEFAULT_TABLE table=test-workload [id=fe58941594174056b70a677d32ea1419]), partition=RANGE (key) PARTITION 1610612730 <= VALUES < 1700091215
I20260710 13:19:44.398172 12285 data_dirs.cc:400] Could only allocate 1 dirs of requested 3 for tablet 772d5cbfed834c1aa676c0e4013665b9. 1 dirs total, 0 dirs full, 0 dirs failed
I20260710 13:19:44.397689 12361 tablet_service.cc:1511] Processing CreateTablet for tablet 4b7635e3c64f4a02bce83f947a55ec57 (DEFAULT_TABLE table=test-workload [id=fe58941594174056b70a677d32ea1419]), partition=RANGE (key) PARTITION 1342177275 <= VALUES < 1431655760
I20260710 13:19:44.404256 12491 tablet_bootstrap.cc:492] T 867290d69dbf41e0bce96be995f88ada P f842021690d9412a8c58bd1079dd8d3f: No bootstrap required, opened a new log
I20260710 13:19:44.404803 12491 ts_tablet_manager.cc:1403] T 867290d69dbf41e0bce96be995f88ada P f842021690d9412a8c58bd1079dd8d3f: Time spent bootstrapping tablet: real 0.158s	user 0.014s	sys 0.000s
I20260710 13:19:44.418375 12440 tablet_service.cc:1511] Processing CreateTablet for tablet 772d5cbfed834c1aa676c0e4013665b9 (DEFAULT_TABLE table=test-workload [id=fe58941594174056b70a677d32ea1419]), partition=RANGE (key) PARTITION 1610612730 <= VALUES < 1700091215
I20260710 13:19:44.419167 12491 raft_consensus.cc:359] T 867290d69dbf41e0bce96be995f88ada P f842021690d9412a8c58bd1079dd8d3f [term 0 FOLLOWER]: Replica starting. Triggering 0 pending ops. Active config: opid_index: -1 OBSOLETE_local: false peers { permanent_uuid: "937cabf967a2426db2a10f9602747471" member_type: VOTER last_known_addr { host: "127.10.238.129" port: 40069 } } peers { permanent_uuid: "0e42b5cd43ed47a195c4d18a863b3798" member_type: VOTER last_known_addr { host: "127.10.238.130" port: 44357 } } peers { permanent_uuid: "f842021690d9412a8c58bd1079dd8d3f" member_type: VOTER last_known_addr { host: "127.10.238.131" port: 33103 } }
I20260710 13:19:44.419669 12440 data_dirs.cc:400] Could only allocate 1 dirs of requested 3 for tablet 772d5cbfed834c1aa676c0e4013665b9. 1 dirs total, 0 dirs full, 0 dirs failed
I20260710 13:19:44.419854 12491 raft_consensus.cc:385] T 867290d69dbf41e0bce96be995f88ada P f842021690d9412a8c58bd1079dd8d3f [term 0 FOLLOWER]: Consensus starting up: Expiring failure detector timer to make a prompt election more likely
I20260710 13:19:44.420158 12491 raft_consensus.cc:740] T 867290d69dbf41e0bce96be995f88ada P f842021690d9412a8c58bd1079dd8d3f [term 0 FOLLOWER]: Becoming Follower/Learner. State: Replica: f842021690d9412a8c58bd1079dd8d3f, State: Initialized, Role: FOLLOWER
I20260710 13:19:44.405088 12493 tablet_bootstrap.cc:492] T 5fd6283bf5cb4105ac1a20bcd0e63f01 P 937cabf967a2426db2a10f9602747471: No bootstrap required, opened a new log
I20260710 13:19:44.405745 12492 tablet_bootstrap.cc:654] T 933179ef9bbf4d0bb9521a022743f691 P 0e42b5cd43ed47a195c4d18a863b3798: Neither blocks nor log segments found. Creating new log.
I20260710 13:19:44.420727 12493 ts_tablet_manager.cc:1403] T 5fd6283bf5cb4105ac1a20bcd0e63f01 P 937cabf967a2426db2a10f9602747471: Time spent bootstrapping tablet: real 0.104s	user 0.027s	sys 0.018s
I20260710 13:19:44.413152 12361 data_dirs.cc:400] Could only allocate 1 dirs of requested 3 for tablet 4b7635e3c64f4a02bce83f947a55ec57. 1 dirs total, 0 dirs full, 0 dirs failed
I20260710 13:19:44.423508 12493 raft_consensus.cc:359] T 5fd6283bf5cb4105ac1a20bcd0e63f01 P 937cabf967a2426db2a10f9602747471 [term 0 FOLLOWER]: Replica starting. Triggering 0 pending ops. Active config: opid_index: -1 OBSOLETE_local: false peers { permanent_uuid: "937cabf967a2426db2a10f9602747471" member_type: VOTER last_known_addr { host: "127.10.238.129" port: 40069 } } peers { permanent_uuid: "0e42b5cd43ed47a195c4d18a863b3798" member_type: VOTER last_known_addr { host: "127.10.238.130" port: 44357 } } peers { permanent_uuid: "f842021690d9412a8c58bd1079dd8d3f" member_type: VOTER last_known_addr { host: "127.10.238.131" port: 33103 } }
I20260710 13:19:44.424173 12493 raft_consensus.cc:385] T 5fd6283bf5cb4105ac1a20bcd0e63f01 P 937cabf967a2426db2a10f9602747471 [term 0 FOLLOWER]: Consensus starting up: Expiring failure detector timer to make a prompt election more likely
I20260710 13:19:44.428470 12493 raft_consensus.cc:740] T 5fd6283bf5cb4105ac1a20bcd0e63f01 P 937cabf967a2426db2a10f9602747471 [term 0 FOLLOWER]: Becoming Follower/Learner. State: Replica: 937cabf967a2426db2a10f9602747471, State: Initialized, Role: FOLLOWER
I20260710 13:19:44.429312 12493 consensus_queue.cc:260] T 5fd6283bf5cb4105ac1a20bcd0e63f01 P 937cabf967a2426db2a10f9602747471 [NON_LEADER]: Queue going to NON_LEADER mode. State: All replicated index: 0, Majority replicated index: 0, Committed index: 0, Last appended: 0.0, Last appended by leader: 0, Current term: 0, Majority size: -1, State: 0, Mode: NON_LEADER, active raft config: opid_index: -1 OBSOLETE_local: false peers { permanent_uuid: "937cabf967a2426db2a10f9602747471" member_type: VOTER last_known_addr { host: "127.10.238.129" port: 40069 } } peers { permanent_uuid: "0e42b5cd43ed47a195c4d18a863b3798" member_type: VOTER last_known_addr { host: "127.10.238.130" port: 44357 } } peers { permanent_uuid: "f842021690d9412a8c58bd1079dd8d3f" member_type: VOTER last_known_addr { host: "127.10.238.131" port: 33103 } }
I20260710 13:19:44.431015 12360 tablet_service.cc:1511] Processing CreateTablet for tablet aecda8bed03b4f91803a7d50c5943a4a (DEFAULT_TABLE table=test-workload [id=fe58941594174056b70a677d32ea1419]), partition=RANGE (key) PARTITION 1700091215 <= VALUES < 1789569700
I20260710 13:19:44.432240 12360 data_dirs.cc:400] Could only allocate 1 dirs of requested 3 for tablet aecda8bed03b4f91803a7d50c5943a4a. 1 dirs total, 0 dirs full, 0 dirs failed
I20260710 13:19:44.437420 12291 tablet_service.cc:1511] Processing CreateTablet for tablet aecda8bed03b4f91803a7d50c5943a4a (DEFAULT_TABLE table=test-workload [id=fe58941594174056b70a677d32ea1419]), partition=RANGE (key) PARTITION 1700091215 <= VALUES < 1789569700
I20260710 13:19:44.438674 12291 data_dirs.cc:400] Could only allocate 1 dirs of requested 3 for tablet aecda8bed03b4f91803a7d50c5943a4a. 1 dirs total, 0 dirs full, 0 dirs failed
I20260710 13:19:44.417400 12363 tablet_service.cc:1511] Processing CreateTablet for tablet 772d5cbfed834c1aa676c0e4013665b9 (DEFAULT_TABLE table=test-workload [id=fe58941594174056b70a677d32ea1419]), partition=RANGE (key) PARTITION 1610612730 <= VALUES < 1700091215
I20260710 13:19:44.443475 12491 consensus_queue.cc:260] T 867290d69dbf41e0bce96be995f88ada P f842021690d9412a8c58bd1079dd8d3f [NON_LEADER]: Queue going to NON_LEADER mode. State: All replicated index: 0, Majority replicated index: 0, Committed index: 0, Last appended: 0.0, Last appended by leader: 0, Current term: 0, Majority size: -1, State: 0, Mode: NON_LEADER, active raft config: opid_index: -1 OBSOLETE_local: false peers { permanent_uuid: "937cabf967a2426db2a10f9602747471" member_type: VOTER last_known_addr { host: "127.10.238.129" port: 40069 } } peers { permanent_uuid: "0e42b5cd43ed47a195c4d18a863b3798" member_type: VOTER last_known_addr { host: "127.10.238.130" port: 44357 } } peers { permanent_uuid: "f842021690d9412a8c58bd1079dd8d3f" member_type: VOTER last_known_addr { host: "127.10.238.131" port: 33103 } }
I20260710 13:19:44.444053 12492 tablet_bootstrap.cc:492] T 933179ef9bbf4d0bb9521a022743f691 P 0e42b5cd43ed47a195c4d18a863b3798: No bootstrap required, opened a new log
I20260710 13:19:44.444983 12492 ts_tablet_manager.cc:1403] T 933179ef9bbf4d0bb9521a022743f691 P 0e42b5cd43ed47a195c4d18a863b3798: Time spent bootstrapping tablet: real 0.077s	user 0.010s	sys 0.004s
I20260710 13:19:44.446058 12363 data_dirs.cc:400] Could only allocate 1 dirs of requested 3 for tablet 772d5cbfed834c1aa676c0e4013665b9. 1 dirs total, 0 dirs full, 0 dirs failed
I20260710 13:19:44.447926 12492 raft_consensus.cc:359] T 933179ef9bbf4d0bb9521a022743f691 P 0e42b5cd43ed47a195c4d18a863b3798 [term 0 FOLLOWER]: Replica starting. Triggering 0 pending ops. Active config: opid_index: -1 OBSOLETE_local: false peers { permanent_uuid: "937cabf967a2426db2a10f9602747471" member_type: VOTER last_known_addr { host: "127.10.238.129" port: 40069 } } peers { permanent_uuid: "0e42b5cd43ed47a195c4d18a863b3798" member_type: VOTER last_known_addr { host: "127.10.238.130" port: 44357 } } peers { permanent_uuid: "f842021690d9412a8c58bd1079dd8d3f" member_type: VOTER last_known_addr { host: "127.10.238.131" port: 33103 } }
I20260710 13:19:44.456043 12492 raft_consensus.cc:385] T 933179ef9bbf4d0bb9521a022743f691 P 0e42b5cd43ed47a195c4d18a863b3798 [term 0 FOLLOWER]: Consensus starting up: Expiring failure detector timer to make a prompt election more likely
I20260710 13:19:44.463192 12434 tablet_service.cc:1511] Processing CreateTablet for tablet aecda8bed03b4f91803a7d50c5943a4a (DEFAULT_TABLE table=test-workload [id=fe58941594174056b70a677d32ea1419]), partition=RANGE (key) PARTITION 1700091215 <= VALUES < 1789569700
I20260710 13:19:44.465829 12367 tablet_service.cc:1511] Processing CreateTablet for tablet d764ab8c90894e2bae671333b977cb34 (DEFAULT_TABLE table=test-workload [id=fe58941594174056b70a677d32ea1419]), partition=RANGE (key) PARTITION 1789569700 <= VALUES < 1879048185
I20260710 13:19:44.467571 12367 data_dirs.cc:400] Could only allocate 1 dirs of requested 3 for tablet d764ab8c90894e2bae671333b977cb34. 1 dirs total, 0 dirs full, 0 dirs failed
I20260710 13:19:44.470492 12361 tablet_service.cc:1511] Processing CreateTablet for tablet 63e3c3e64d404e92b2977969ddd4d131 (DEFAULT_TABLE table=test-workload [id=fe58941594174056b70a677d32ea1419]), partition=RANGE (key) PARTITION 1879048185 <= VALUES < 1968526670
