I20260710 13:19:59.023402 13000 consensus_queue.cc:1048] T 95f3feec61224b049ac9508ecc72f6ba P 937cabf967a2426db2a10f9602747471 [LEADER]: Connected to new peer: Peer: permanent_uuid: "b17f26ba5410429eb9f53157ae4e7397" member_type: VOTER last_known_addr { host: "127.10.238.132" port: 41647 } attrs { promote: false }, Status: LMP_MISMATCH, Last received: 0.0, Next index: 4, Last known committed idx: 3, Time since last communication: 0.000s
I20260710 13:19:59.028229 12195 catalog_manager.cc:5697] T d764ab8c90894e2bae671333b977cb34 P 937cabf967a2426db2a10f9602747471 reported cstate change: config changed from index 2 to 3, b17f26ba5410429eb9f53157ae4e7397 (127.10.238.132) changed from NON_VOTER to VOTER. New cstate: current_term: 1 leader_uuid: "937cabf967a2426db2a10f9602747471" committed_config { opid_index: 3 OBSOLETE_local: false peers { permanent_uuid: "937cabf967a2426db2a10f9602747471" member_type: VOTER last_known_addr { host: "127.10.238.129" port: 40069 } health_report { overall_health: HEALTHY } } peers { permanent_uuid: "0e42b5cd43ed47a195c4d18a863b3798" member_type: VOTER last_known_addr { host: "127.10.238.130" port: 44357 } health_report { overall_health: HEALTHY } } peers { permanent_uuid: "f842021690d9412a8c58bd1079dd8d3f" member_type: VOTER last_known_addr { host: "127.10.238.131" port: 33103 } attrs { replace: true } health_report { overall_health: HEALTHY } } peers { permanent_uuid: "b17f26ba5410429eb9f53157ae4e7397" member_type: VOTER last_known_addr { host: "127.10.238.132" port: 41647 } attrs { promote: false } health_report { overall_health: UNKNOWN } } }
I20260710 13:19:59.033289 13022 raft_consensus.cc:2955] T 95f3feec61224b049ac9508ecc72f6ba P 937cabf967a2426db2a10f9602747471 [term 1 LEADER]: Committing config change with OpId 1.4: config changed from index 3 to 4, VOTER 0e42b5cd43ed47a195c4d18a863b3798 (127.10.238.130) evicted. New config: { opid_index: 4 OBSOLETE_local: false peers { permanent_uuid: "937cabf967a2426db2a10f9602747471" member_type: VOTER last_known_addr { host: "127.10.238.129" port: 40069 } } peers { permanent_uuid: "f842021690d9412a8c58bd1079dd8d3f" member_type: VOTER last_known_addr { host: "127.10.238.131" port: 33103 } } peers { permanent_uuid: "b17f26ba5410429eb9f53157ae4e7397" member_type: VOTER last_known_addr { host: "127.10.238.132" port: 41647 } attrs { promote: false } } }
I20260710 13:19:59.034482 12449 raft_consensus.cc:2955] T 95f3feec61224b049ac9508ecc72f6ba P f842021690d9412a8c58bd1079dd8d3f [term 1 FOLLOWER]: Committing config change with OpId 1.4: config changed from index 3 to 4, VOTER 0e42b5cd43ed47a195c4d18a863b3798 (127.10.238.130) evicted. New config: { opid_index: 4 OBSOLETE_local: false peers { permanent_uuid: "937cabf967a2426db2a10f9602747471" member_type: VOTER last_known_addr { host: "127.10.238.129" port: 40069 } } peers { permanent_uuid: "f842021690d9412a8c58bd1079dd8d3f" member_type: VOTER last_known_addr { host: "127.10.238.131" port: 33103 } } peers { permanent_uuid: "b17f26ba5410429eb9f53157ae4e7397" member_type: VOTER last_known_addr { host: "127.10.238.132" port: 41647 } attrs { promote: false } } }
I20260710 13:19:59.042100 12705 raft_consensus.cc:2955] T d764ab8c90894e2bae671333b977cb34 P b17f26ba5410429eb9f53157ae4e7397 [term 1 FOLLOWER]: Committing config change with OpId 1.3: config changed from index 2 to 3, b17f26ba5410429eb9f53157ae4e7397 (127.10.238.132) changed from NON_VOTER to VOTER. New config: { opid_index: 3 OBSOLETE_local: false peers { permanent_uuid: "937cabf967a2426db2a10f9602747471" member_type: VOTER last_known_addr { host: "127.10.238.129" port: 40069 } } peers { permanent_uuid: "0e42b5cd43ed47a195c4d18a863b3798" member_type: VOTER last_known_addr { host: "127.10.238.130" port: 44357 } } peers { permanent_uuid: "f842021690d9412a8c58bd1079dd8d3f" member_type: VOTER last_known_addr { host: "127.10.238.131" port: 33103 } attrs { replace: true } } peers { permanent_uuid: "b17f26ba5410429eb9f53157ae4e7397" member_type: VOTER last_known_addr { host: "127.10.238.132" port: 41647 } attrs { promote: false } } }
I20260710 13:19:59.049255 12704 raft_consensus.cc:2955] T 95f3feec61224b049ac9508ecc72f6ba P b17f26ba5410429eb9f53157ae4e7397 [term 1 FOLLOWER]: Committing config change with OpId 1.4: config changed from index 3 to 4, VOTER 0e42b5cd43ed47a195c4d18a863b3798 (127.10.238.130) evicted. New config: { opid_index: 4 OBSOLETE_local: false peers { permanent_uuid: "937cabf967a2426db2a10f9602747471" member_type: VOTER last_known_addr { host: "127.10.238.129" port: 40069 } } peers { permanent_uuid: "f842021690d9412a8c58bd1079dd8d3f" member_type: VOTER last_known_addr { host: "127.10.238.131" port: 33103 } } peers { permanent_uuid: "b17f26ba5410429eb9f53157ae4e7397" member_type: VOTER last_known_addr { host: "127.10.238.132" port: 41647 } attrs { promote: false } } }
I20260710 13:19:59.054062 12301 consensus_queue.cc:237] T d764ab8c90894e2bae671333b977cb34 P 937cabf967a2426db2a10f9602747471 [LEADER]: Queue going to LEADER mode. State: All replicated index: 0, Majority replicated index: 3, Committed index: 3, Last appended: 1.3, Last appended by leader: 0, Current term: 1, Majority size: 2, State: 0, Mode: LEADER, active raft config: opid_index: 4 OBSOLETE_local: false peers { permanent_uuid: "937cabf967a2426db2a10f9602747471" member_type: VOTER last_known_addr { host: "127.10.238.129" port: 40069 } } peers { permanent_uuid: "0e42b5cd43ed47a195c4d18a863b3798" member_type: VOTER last_known_addr { host: "127.10.238.130" port: 44357 } } peers { permanent_uuid: "b17f26ba5410429eb9f53157ae4e7397" member_type: VOTER last_known_addr { host: "127.10.238.132" port: 41647 } attrs { promote: false } }
I20260710 13:19:59.074474 12447 raft_consensus.cc:1275] T fc1d6770df9e460b957d9c75af861f85 P f842021690d9412a8c58bd1079dd8d3f [term 1 FOLLOWER]: Refusing update from remote peer 0e42b5cd43ed47a195c4d18a863b3798: Log matching property violated. Preceding OpId in replica: term: 1 index: 2. Preceding OpId from leader: term: 1 index: 3. (index mismatch)
I20260710 13:19:59.076527 12708 raft_consensus.cc:1275] T d764ab8c90894e2bae671333b977cb34 P b17f26ba5410429eb9f53157ae4e7397 [term 1 FOLLOWER]: Refusing update from remote peer 937cabf967a2426db2a10f9602747471: Log matching property violated. Preceding OpId in replica: term: 1 index: 3. Preceding OpId from leader: term: 1 index: 4. (index mismatch)
I20260710 13:19:59.076366 13002 consensus_queue.cc:1048] T fc1d6770df9e460b957d9c75af861f85 P 0e42b5cd43ed47a195c4d18a863b3798 [LEADER]: Connected to new peer: Peer: permanent_uuid: "f842021690d9412a8c58bd1079dd8d3f" member_type: VOTER last_known_addr { host: "127.10.238.131" port: 33103 } attrs { replace: true }, Status: LMP_MISMATCH, Last received: 0.0, Next index: 3, Last known committed idx: 2, Time since last communication: 0.001s
I20260710 13:19:59.076393 12376 raft_consensus.cc:1275] T d764ab8c90894e2bae671333b977cb34 P 0e42b5cd43ed47a195c4d18a863b3798 [term 1 FOLLOWER]: Refusing update from remote peer 937cabf967a2426db2a10f9602747471: Log matching property violated. Preceding OpId in replica: term: 1 index: 3. Preceding OpId from leader: term: 1 index: 4. (index mismatch)
I20260710 13:19:59.078974 12962 consensus_queue.cc:1048] T d764ab8c90894e2bae671333b977cb34 P 937cabf967a2426db2a10f9602747471 [LEADER]: Connected to new peer: Peer: permanent_uuid: "b17f26ba5410429eb9f53157ae4e7397" member_type: VOTER last_known_addr { host: "127.10.238.132" port: 41647 } attrs { promote: false }, Status: LMP_MISMATCH, Last received: 0.0, Next index: 4, Last known committed idx: 3, Time since last communication: 0.000s
I20260710 13:19:59.080298 13000 consensus_queue.cc:1048] T d764ab8c90894e2bae671333b977cb34 P 937cabf967a2426db2a10f9602747471 [LEADER]: Connected to new peer: Peer: permanent_uuid: "0e42b5cd43ed47a195c4d18a863b3798" member_type: VOTER last_known_addr { host: "127.10.238.130" port: 44357 }, Status: LMP_MISMATCH, Last received: 0.0, Next index: 4, Last known committed idx: 3, Time since last communication: 0.000s
I20260710 13:19:59.083499 12186 catalog_manager.cc:5210] ChangeConfig:REMOVE_PEER RPC for tablet 95f3feec61224b049ac9508ecc72f6ba with cas_config_opid_index 3: ChangeConfig:REMOVE_PEER succeeded (attempt 1)
I20260710 13:19:59.083730 12705 raft_consensus.cc:1275] T fc1d6770df9e460b957d9c75af861f85 P b17f26ba5410429eb9f53157ae4e7397 [term 1 LEARNER]: Refusing update from remote peer 0e42b5cd43ed47a195c4d18a863b3798: Log matching property violated. Preceding OpId in replica: term: 1 index: 2. Preceding OpId from leader: term: 1 index: 3. (index mismatch)
I20260710 13:19:59.082672 12199 catalog_manager.cc:5697] T 95f3feec61224b049ac9508ecc72f6ba P f842021690d9412a8c58bd1079dd8d3f reported cstate change: config changed from index 3 to 4, VOTER 0e42b5cd43ed47a195c4d18a863b3798 (127.10.238.130) evicted. New cstate: current_term: 1 leader_uuid: "937cabf967a2426db2a10f9602747471" committed_config { opid_index: 4 OBSOLETE_local: false peers { permanent_uuid: "937cabf967a2426db2a10f9602747471" member_type: VOTER last_known_addr { host: "127.10.238.129" port: 40069 } } peers { permanent_uuid: "f842021690d9412a8c58bd1079dd8d3f" member_type: VOTER last_known_addr { host: "127.10.238.131" port: 33103 } } peers { permanent_uuid: "b17f26ba5410429eb9f53157ae4e7397" member_type: VOTER last_known_addr { host: "127.10.238.132" port: 41647 } attrs { promote: false } } }
I20260710 13:19:59.085376 13002 consensus_queue.cc:1048] T fc1d6770df9e460b957d9c75af861f85 P 0e42b5cd43ed47a195c4d18a863b3798 [LEADER]: Connected to new peer: Peer: permanent_uuid: "b17f26ba5410429eb9f53157ae4e7397" member_type: VOTER last_known_addr { host: "127.10.238.132" port: 41647 } attrs { promote: false }, Status: LMP_MISMATCH, Last received: 0.0, Next index: 3, Last known committed idx: 2, Time since last communication: 0.009s
I20260710 13:19:59.094556 13019 raft_consensus.cc:2955] T d764ab8c90894e2bae671333b977cb34 P 937cabf967a2426db2a10f9602747471 [term 1 LEADER]: Committing config change with OpId 1.4: config changed from index 3 to 4, VOTER f842021690d9412a8c58bd1079dd8d3f (127.10.238.131) evicted. New config: { opid_index: 4 OBSOLETE_local: false peers { permanent_uuid: "937cabf967a2426db2a10f9602747471" member_type: VOTER last_known_addr { host: "127.10.238.129" port: 40069 } } peers { permanent_uuid: "0e42b5cd43ed47a195c4d18a863b3798" member_type: VOTER last_known_addr { host: "127.10.238.130" port: 44357 } } peers { permanent_uuid: "b17f26ba5410429eb9f53157ae4e7397" member_type: VOTER last_known_addr { host: "127.10.238.132" port: 41647 } attrs { promote: false } } }
I20260710 13:19:59.096259 12360 tablet_service.cc:1558] Processing DeleteTablet for tablet 95f3feec61224b049ac9508ecc72f6ba with delete_type TABLET_DATA_TOMBSTONED (TS 0e42b5cd43ed47a195c4d18a863b3798 not found in new config with opid_index 4) from {username='slave'} at 127.0.0.1:56146
I20260710 13:19:59.105881 12706 raft_consensus.cc:2955] T d764ab8c90894e2bae671333b977cb34 P b17f26ba5410429eb9f53157ae4e7397 [term 1 FOLLOWER]: Committing config change with OpId 1.4: config changed from index 3 to 4, VOTER f842021690d9412a8c58bd1079dd8d3f (127.10.238.131) evicted. New config: { opid_index: 4 OBSOLETE_local: false peers { permanent_uuid: "937cabf967a2426db2a10f9602747471" member_type: VOTER last_known_addr { host: "127.10.238.129" port: 40069 } } peers { permanent_uuid: "0e42b5cd43ed47a195c4d18a863b3798" member_type: VOTER last_known_addr { host: "127.10.238.130" port: 44357 } } peers { permanent_uuid: "b17f26ba5410429eb9f53157ae4e7397" member_type: VOTER last_known_addr { host: "127.10.238.132" port: 41647 } attrs { promote: false } } }
I20260710 13:19:59.121727 13028 tablet_replica.cc:333] T 95f3feec61224b049ac9508ecc72f6ba P 0e42b5cd43ed47a195c4d18a863b3798: stopping tablet replica
I20260710 13:19:59.122021 12302 raft_consensus.cc:1275] T fc1d6770df9e460b957d9c75af861f85 P 937cabf967a2426db2a10f9602747471 [term 1 FOLLOWER]: Refusing update from remote peer 0e42b5cd43ed47a195c4d18a863b3798: Log matching property violated. Preceding OpId in replica: term: 1 index: 2. Preceding OpId from leader: term: 1 index: 3. (index mismatch)
I20260710 13:19:59.122107 13003 raft_consensus.cc:2955] T fc1d6770df9e460b957d9c75af861f85 P 0e42b5cd43ed47a195c4d18a863b3798 [term 1 LEADER]: Committing config change with OpId 1.3: config changed from index 2 to 3, b17f26ba5410429eb9f53157ae4e7397 (127.10.238.132) changed from NON_VOTER to VOTER. New config: { opid_index: 3 OBSOLETE_local: false peers { permanent_uuid: "937cabf967a2426db2a10f9602747471" member_type: VOTER last_known_addr { host: "127.10.238.129" port: 40069 } } peers { permanent_uuid: "0e42b5cd43ed47a195c4d18a863b3798" member_type: VOTER last_known_addr { host: "127.10.238.130" port: 44357 } } peers { permanent_uuid: "f842021690d9412a8c58bd1079dd8d3f" member_type: VOTER last_known_addr { host: "127.10.238.131" port: 33103 } attrs { replace: true } } peers { permanent_uuid: "b17f26ba5410429eb9f53157ae4e7397" member_type: VOTER last_known_addr { host: "127.10.238.132" port: 41647 } attrs { promote: false } } }
I20260710 13:19:59.125383 13028 raft_consensus.cc:2243] T 95f3feec61224b049ac9508ecc72f6ba P 0e42b5cd43ed47a195c4d18a863b3798 [term 1 FOLLOWER]: Raft consensus shutting down.
I20260710 13:19:59.124339 12704 raft_consensus.cc:2955] T fc1d6770df9e460b957d9c75af861f85 P b17f26ba5410429eb9f53157ae4e7397 [term 1 FOLLOWER]: Committing config change with OpId 1.3: config changed from index 2 to 3, b17f26ba5410429eb9f53157ae4e7397 (127.10.238.132) changed from NON_VOTER to VOTER. New config: { opid_index: 3 OBSOLETE_local: false peers { permanent_uuid: "937cabf967a2426db2a10f9602747471" member_type: VOTER last_known_addr { host: "127.10.238.129" port: 40069 } } peers { permanent_uuid: "0e42b5cd43ed47a195c4d18a863b3798" member_type: VOTER last_known_addr { host: "127.10.238.130" port: 44357 } } peers { permanent_uuid: "f842021690d9412a8c58bd1079dd8d3f" member_type: VOTER last_known_addr { host: "127.10.238.131" port: 33103 } attrs { replace: true } } peers { permanent_uuid: "b17f26ba5410429eb9f53157ae4e7397" member_type: VOTER last_known_addr { host: "127.10.238.132" port: 41647 } attrs { promote: false } } }
I20260710 13:19:59.126268 13028 raft_consensus.cc:2272] T 95f3feec61224b049ac9508ecc72f6ba P 0e42b5cd43ed47a195c4d18a863b3798 [term 1 FOLLOWER]: Raft consensus is shut down!
I20260710 13:19:59.122622 12376 raft_consensus.cc:2955] T d764ab8c90894e2bae671333b977cb34 P 0e42b5cd43ed47a195c4d18a863b3798 [term 1 FOLLOWER]: Committing config change with OpId 1.4: config changed from index 3 to 4, VOTER f842021690d9412a8c58bd1079dd8d3f (127.10.238.131) evicted. New config: { opid_index: 4 OBSOLETE_local: false peers { permanent_uuid: "937cabf967a2426db2a10f9602747471" member_type: VOTER last_known_addr { host: "127.10.238.129" port: 40069 } } peers { permanent_uuid: "0e42b5cd43ed47a195c4d18a863b3798" member_type: VOTER last_known_addr { host: "127.10.238.130" port: 44357 } } peers { permanent_uuid: "b17f26ba5410429eb9f53157ae4e7397" member_type: VOTER last_known_addr { host: "127.10.238.132" port: 41647 } attrs { promote: false } } }
I20260710 13:19:59.126215 13002 consensus_queue.cc:1048] T fc1d6770df9e460b957d9c75af861f85 P 0e42b5cd43ed47a195c4d18a863b3798 [LEADER]: Connected to new peer: Peer: permanent_uuid: "937cabf967a2426db2a10f9602747471" member_type: VOTER last_known_addr { host: "127.10.238.129" port: 40069 }, Status: LMP_MISMATCH, Last received: 0.0, Next index: 3, Last known committed idx: 2, Time since last communication: 0.001s
I20260710 13:19:59.139597 12186 catalog_manager.cc:5210] ChangeConfig:REMOVE_PEER RPC for tablet d764ab8c90894e2bae671333b977cb34 with cas_config_opid_index 3: ChangeConfig:REMOVE_PEER succeeded (attempt 1)
I20260710 13:19:59.151979 12199 catalog_manager.cc:5697] T d764ab8c90894e2bae671333b977cb34 P 937cabf967a2426db2a10f9602747471 reported cstate change: config changed from index 3 to 4, VOTER f842021690d9412a8c58bd1079dd8d3f (127.10.238.131) evicted. New cstate: current_term: 1 leader_uuid: "937cabf967a2426db2a10f9602747471" committed_config { opid_index: 4 OBSOLETE_local: false peers { permanent_uuid: "937cabf967a2426db2a10f9602747471" member_type: VOTER last_known_addr { host: "127.10.238.129" port: 40069 } health_report { overall_health: HEALTHY } } peers { permanent_uuid: "0e42b5cd43ed47a195c4d18a863b3798" member_type: VOTER last_known_addr { host: "127.10.238.130" port: 44357 } health_report { overall_health: HEALTHY } } peers { permanent_uuid: "b17f26ba5410429eb9f53157ae4e7397" member_type: VOTER last_known_addr { host: "127.10.238.132" port: 41647 } attrs { promote: false } health_report { overall_health: HEALTHY } } }
I20260710 13:19:59.150540 12195 catalog_manager.cc:5697] T fc1d6770df9e460b957d9c75af861f85 P b17f26ba5410429eb9f53157ae4e7397 reported cstate change: config changed from index 2 to 3, b17f26ba5410429eb9f53157ae4e7397 (127.10.238.132) changed from NON_VOTER to VOTER. New cstate: current_term: 1 leader_uuid: "0e42b5cd43ed47a195c4d18a863b3798" committed_config { opid_index: 3 OBSOLETE_local: false peers { permanent_uuid: "937cabf967a2426db2a10f9602747471" member_type: VOTER last_known_addr { host: "127.10.238.129" port: 40069 } } peers { permanent_uuid: "0e42b5cd43ed47a195c4d18a863b3798" member_type: VOTER last_known_addr { host: "127.10.238.130" port: 44357 } } peers { permanent_uuid: "f842021690d9412a8c58bd1079dd8d3f" member_type: VOTER last_known_addr { host: "127.10.238.131" port: 33103 } attrs { replace: true } } peers { permanent_uuid: "b17f26ba5410429eb9f53157ae4e7397" member_type: VOTER last_known_addr { host: "127.10.238.132" port: 41647 } attrs { promote: false } } }
I20260710 13:19:59.178730 12439 tablet_service.cc:1558] Processing DeleteTablet for tablet d764ab8c90894e2bae671333b977cb34 with delete_type TABLET_DATA_TOMBSTONED (TS f842021690d9412a8c58bd1079dd8d3f not found in new config with opid_index 4) from {username='slave'} at 127.0.0.1:54824
I20260710 13:19:59.184262 12302 raft_consensus.cc:2955] T fc1d6770df9e460b957d9c75af861f85 P 937cabf967a2426db2a10f9602747471 [term 1 FOLLOWER]: Committing config change with OpId 1.3: config changed from index 2 to 3, b17f26ba5410429eb9f53157ae4e7397 (127.10.238.132) changed from NON_VOTER to VOTER. New config: { opid_index: 3 OBSOLETE_local: false peers { permanent_uuid: "937cabf967a2426db2a10f9602747471" member_type: VOTER last_known_addr { host: "127.10.238.129" port: 40069 } } peers { permanent_uuid: "0e42b5cd43ed47a195c4d18a863b3798" member_type: VOTER last_known_addr { host: "127.10.238.130" port: 44357 } } peers { permanent_uuid: "f842021690d9412a8c58bd1079dd8d3f" member_type: VOTER last_known_addr { host: "127.10.238.131" port: 33103 } attrs { replace: true } } peers { permanent_uuid: "b17f26ba5410429eb9f53157ae4e7397" member_type: VOTER last_known_addr { host: "127.10.238.132" port: 41647 } attrs { promote: false } } }
I20260710 13:19:59.194067 13034 tablet_replica.cc:333] T d764ab8c90894e2bae671333b977cb34 P f842021690d9412a8c58bd1079dd8d3f: stopping tablet replica
I20260710 13:19:59.195000 13028 ts_tablet_manager.cc:1916] T 95f3feec61224b049ac9508ecc72f6ba P 0e42b5cd43ed47a195c4d18a863b3798: Deleting tablet data with delete state TABLET_DATA_TOMBSTONED
I20260710 13:19:59.201355 13034 raft_consensus.cc:2243] T d764ab8c90894e2bae671333b977cb34 P f842021690d9412a8c58bd1079dd8d3f [term 1 FOLLOWER]: Raft consensus shutting down.
I20260710 13:19:59.210510 12449 raft_consensus.cc:2955] T fc1d6770df9e460b957d9c75af861f85 P f842021690d9412a8c58bd1079dd8d3f [term 1 FOLLOWER]: Committing config change with OpId 1.3: config changed from index 2 to 3, b17f26ba5410429eb9f53157ae4e7397 (127.10.238.132) changed from NON_VOTER to VOTER. New config: { opid_index: 3 OBSOLETE_local: false peers { permanent_uuid: "937cabf967a2426db2a10f9602747471" member_type: VOTER last_known_addr { host: "127.10.238.129" port: 40069 } } peers { permanent_uuid: "0e42b5cd43ed47a195c4d18a863b3798" member_type: VOTER last_known_addr { host: "127.10.238.130" port: 44357 } } peers { permanent_uuid: "f842021690d9412a8c58bd1079dd8d3f" member_type: VOTER last_known_addr { host: "127.10.238.131" port: 33103 } attrs { replace: true } } peers { permanent_uuid: "b17f26ba5410429eb9f53157ae4e7397" member_type: VOTER last_known_addr { host: "127.10.238.132" port: 41647 } attrs { promote: false } } }
I20260710 13:19:59.212774 13034 raft_consensus.cc:2272] T d764ab8c90894e2bae671333b977cb34 P f842021690d9412a8c58bd1079dd8d3f [term 1 FOLLOWER]: Raft consensus is shut down!
I20260710 13:19:59.224241 13034 ts_tablet_manager.cc:1916] T d764ab8c90894e2bae671333b977cb34 P f842021690d9412a8c58bd1079dd8d3f: Deleting tablet data with delete state TABLET_DATA_TOMBSTONED
I20260710 13:19:59.225980 13028 ts_tablet_manager.cc:1929] T 95f3feec61224b049ac9508ecc72f6ba P 0e42b5cd43ed47a195c4d18a863b3798: tablet deleted with delete type TABLET_DATA_TOMBSTONED: last-logged OpId 1.3
I20260710 13:19:59.226526 13028 log.cc:1199] T 95f3feec61224b049ac9508ecc72f6ba P 0e42b5cd43ed47a195c4d18a863b3798: Deleting WAL directory at /tmp/dist-test-tasku7Ql8J/test-tmp/auto_leader_rebalancer-test.0.LeaderRebalancerTest.AddTserver.1783689560346702-11194-0/minicluster-data/ts-1-root/wals/95f3feec61224b049ac9508ecc72f6ba
I20260710 13:19:59.228284 12186 catalog_manager.cc:5028] TS 0e42b5cd43ed47a195c4d18a863b3798 (127.10.238.130:44357): tablet 95f3feec61224b049ac9508ecc72f6ba (table test-workload [id=fe58941594174056b70a677d32ea1419]) successfully deleted
I20260710 13:19:59.249378 13034 ts_tablet_manager.cc:1929] T d764ab8c90894e2bae671333b977cb34 P f842021690d9412a8c58bd1079dd8d3f: tablet deleted with delete type TABLET_DATA_TOMBSTONED: last-logged OpId 1.3
I20260710 13:19:59.249895 13034 log.cc:1199] T d764ab8c90894e2bae671333b977cb34 P f842021690d9412a8c58bd1079dd8d3f: Deleting WAL directory at /tmp/dist-test-tasku7Ql8J/test-tmp/auto_leader_rebalancer-test.0.LeaderRebalancerTest.AddTserver.1783689560346702-11194-0/minicluster-data/ts-2-root/wals/d764ab8c90894e2bae671333b977cb34
I20260710 13:19:59.251639 12184 catalog_manager.cc:5028] TS f842021690d9412a8c58bd1079dd8d3f (127.10.238.131:33103): tablet d764ab8c90894e2bae671333b977cb34 (table test-workload [id=fe58941594174056b70a677d32ea1419]) successfully deleted
I20260710 13:19:59.603694 12376 consensus_queue.cc:237] T fc1d6770df9e460b957d9c75af861f85 P 0e42b5cd43ed47a195c4d18a863b3798 [LEADER]: Queue going to LEADER mode. State: All replicated index: 0, Majority replicated index: 3, Committed index: 3, Last appended: 1.3, Last appended by leader: 0, Current term: 1, Majority size: 2, State: 0, Mode: LEADER, active raft config: opid_index: 4 OBSOLETE_local: false peers { permanent_uuid: "937cabf967a2426db2a10f9602747471" member_type: VOTER last_known_addr { host: "127.10.238.129" port: 40069 } } peers { permanent_uuid: "0e42b5cd43ed47a195c4d18a863b3798" member_type: VOTER last_known_addr { host: "127.10.238.130" port: 44357 } } peers { permanent_uuid: "b17f26ba5410429eb9f53157ae4e7397" member_type: VOTER last_known_addr { host: "127.10.238.132" port: 41647 } attrs { promote: false } }
I20260710 13:19:59.610208 12706 raft_consensus.cc:1275] T fc1d6770df9e460b957d9c75af861f85 P b17f26ba5410429eb9f53157ae4e7397 [term 1 FOLLOWER]: Refusing update from remote peer 0e42b5cd43ed47a195c4d18a863b3798: Log matching property violated. Preceding OpId in replica: term: 1 index: 3. Preceding OpId from leader: term: 1 index: 4. (index mismatch)
I20260710 13:19:59.611860 13035 consensus_queue.cc:1048] T fc1d6770df9e460b957d9c75af861f85 P 0e42b5cd43ed47a195c4d18a863b3798 [LEADER]: Connected to new peer: Peer: permanent_uuid: "b17f26ba5410429eb9f53157ae4e7397" member_type: VOTER last_known_addr { host: "127.10.238.132" port: 41647 } attrs { promote: false }, Status: LMP_MISMATCH, Last received: 0.0, Next index: 4, Last known committed idx: 3, Time since last communication: 0.000s
I20260710 13:19:59.612367 12302 raft_consensus.cc:1275] T fc1d6770df9e460b957d9c75af861f85 P 937cabf967a2426db2a10f9602747471 [term 1 FOLLOWER]: Refusing update from remote peer 0e42b5cd43ed47a195c4d18a863b3798: Log matching property violated. Preceding OpId in replica: term: 1 index: 3. Preceding OpId from leader: term: 1 index: 4. (index mismatch)
I20260710 13:19:59.614251 13035 consensus_queue.cc:1048] T fc1d6770df9e460b957d9c75af861f85 P 0e42b5cd43ed47a195c4d18a863b3798 [LEADER]: Connected to new peer: Peer: permanent_uuid: "937cabf967a2426db2a10f9602747471" member_type: VOTER last_known_addr { host: "127.10.238.129" port: 40069 }, Status: LMP_MISMATCH, Last received: 0.0, Next index: 4, Last known committed idx: 3, Time since last communication: 0.000s
I20260710 13:19:59.621510 13002 raft_consensus.cc:2955] T fc1d6770df9e460b957d9c75af861f85 P 0e42b5cd43ed47a195c4d18a863b3798 [term 1 LEADER]: Committing config change with OpId 1.4: config changed from index 3 to 4, VOTER f842021690d9412a8c58bd1079dd8d3f (127.10.238.131) evicted. New config: { opid_index: 4 OBSOLETE_local: false peers { permanent_uuid: "937cabf967a2426db2a10f9602747471" member_type: VOTER last_known_addr { host: "127.10.238.129" port: 40069 } } peers { permanent_uuid: "0e42b5cd43ed47a195c4d18a863b3798" member_type: VOTER last_known_addr { host: "127.10.238.130" port: 44357 } } peers { permanent_uuid: "b17f26ba5410429eb9f53157ae4e7397" member_type: VOTER last_known_addr { host: "127.10.238.132" port: 41647 } attrs { promote: false } } }
I20260710 13:19:59.623837 12302 raft_consensus.cc:2955] T fc1d6770df9e460b957d9c75af861f85 P 937cabf967a2426db2a10f9602747471 [term 1 FOLLOWER]: Committing config change with OpId 1.4: config changed from index 3 to 4, VOTER f842021690d9412a8c58bd1079dd8d3f (127.10.238.131) evicted. New config: { opid_index: 4 OBSOLETE_local: false peers { permanent_uuid: "937cabf967a2426db2a10f9602747471" member_type: VOTER last_known_addr { host: "127.10.238.129" port: 40069 } } peers { permanent_uuid: "0e42b5cd43ed47a195c4d18a863b3798" member_type: VOTER last_known_addr { host: "127.10.238.130" port: 44357 } } peers { permanent_uuid: "b17f26ba5410429eb9f53157ae4e7397" member_type: VOTER last_known_addr { host: "127.10.238.132" port: 41647 } attrs { promote: false } } }
I20260710 13:19:59.631465 12704 raft_consensus.cc:2955] T fc1d6770df9e460b957d9c75af861f85 P b17f26ba5410429eb9f53157ae4e7397 [term 1 FOLLOWER]: Committing config change with OpId 1.4: config changed from index 3 to 4, VOTER f842021690d9412a8c58bd1079dd8d3f (127.10.238.131) evicted. New config: { opid_index: 4 OBSOLETE_local: false peers { permanent_uuid: "937cabf967a2426db2a10f9602747471" member_type: VOTER last_known_addr { host: "127.10.238.129" port: 40069 } } peers { permanent_uuid: "0e42b5cd43ed47a195c4d18a863b3798" member_type: VOTER last_known_addr { host: "127.10.238.130" port: 44357 } } peers { permanent_uuid: "b17f26ba5410429eb9f53157ae4e7397" member_type: VOTER last_known_addr { host: "127.10.238.132" port: 41647 } attrs { promote: false } } }
I20260710 13:19:59.651007 12195 catalog_manager.cc:5697] T fc1d6770df9e460b957d9c75af861f85 P 937cabf967a2426db2a10f9602747471 reported cstate change: config changed from index 3 to 4, VOTER f842021690d9412a8c58bd1079dd8d3f (127.10.238.131) evicted. New cstate: current_term: 1 leader_uuid: "0e42b5cd43ed47a195c4d18a863b3798" committed_config { opid_index: 4 OBSOLETE_local: false peers { permanent_uuid: "937cabf967a2426db2a10f9602747471" member_type: VOTER last_known_addr { host: "127.10.238.129" port: 40069 } } peers { permanent_uuid: "0e42b5cd43ed47a195c4d18a863b3798" member_type: VOTER last_known_addr { host: "127.10.238.130" port: 44357 } } peers { permanent_uuid: "b17f26ba5410429eb9f53157ae4e7397" member_type: VOTER last_known_addr { host: "127.10.238.132" port: 41647 } attrs { promote: false } } }
I20260710 13:19:59.657035 12186 catalog_manager.cc:5210] ChangeConfig:REMOVE_PEER RPC for tablet fc1d6770df9e460b957d9c75af861f85 with cas_config_opid_index 3: ChangeConfig:REMOVE_PEER succeeded (attempt 1)
I20260710 13:19:59.673096 12439 tablet_service.cc:1558] Processing DeleteTablet for tablet fc1d6770df9e460b957d9c75af861f85 with delete_type TABLET_DATA_TOMBSTONED (TS f842021690d9412a8c58bd1079dd8d3f not found in new config with opid_index 4) from {username='slave'} at 127.0.0.1:54824
I20260710 13:19:59.673990 13034 tablet_replica.cc:333] T fc1d6770df9e460b957d9c75af861f85 P f842021690d9412a8c58bd1079dd8d3f: stopping tablet replica
I20260710 13:19:59.674685 13034 raft_consensus.cc:2243] T fc1d6770df9e460b957d9c75af861f85 P f842021690d9412a8c58bd1079dd8d3f [term 1 FOLLOWER]: Raft consensus shutting down.
I20260710 13:19:59.675271 13034 raft_consensus.cc:2272] T fc1d6770df9e460b957d9c75af861f85 P f842021690d9412a8c58bd1079dd8d3f [term 1 FOLLOWER]: Raft consensus is shut down!
I20260710 13:19:59.678351 13034 ts_tablet_manager.cc:1916] T fc1d6770df9e460b957d9c75af861f85 P f842021690d9412a8c58bd1079dd8d3f: Deleting tablet data with delete state TABLET_DATA_TOMBSTONED
I20260710 13:19:59.691404 13034 ts_tablet_manager.cc:1929] T fc1d6770df9e460b957d9c75af861f85 P f842021690d9412a8c58bd1079dd8d3f: tablet deleted with delete type TABLET_DATA_TOMBSTONED: last-logged OpId 1.3
I20260710 13:19:59.691833 13034 log.cc:1199] T fc1d6770df9e460b957d9c75af861f85 P f842021690d9412a8c58bd1079dd8d3f: Deleting WAL directory at /tmp/dist-test-tasku7Ql8J/test-tmp/auto_leader_rebalancer-test.0.LeaderRebalancerTest.AddTserver.1783689560346702-11194-0/minicluster-data/ts-2-root/wals/fc1d6770df9e460b957d9c75af861f85
I20260710 13:19:59.695194 12184 catalog_manager.cc:5028] TS f842021690d9412a8c58bd1079dd8d3f (127.10.238.131:33103): tablet fc1d6770df9e460b957d9c75af861f85 (table test-workload [id=fe58941594174056b70a677d32ea1419]) successfully deleted
I20260710 13:20:00.780290 12302 consensus_queue.cc:237] T 867290d69dbf41e0bce96be995f88ada P 937cabf967a2426db2a10f9602747471 [LEADER]: Queue going to LEADER mode. State: All replicated index: 0, Majority replicated index: 1, Committed index: 1, Last appended: 1.1, Last appended by leader: 0, Current term: 1, Majority size: 2, State: 0, Mode: LEADER, active raft config: opid_index: 2 OBSOLETE_local: false peers { permanent_uuid: "937cabf967a2426db2a10f9602747471" member_type: VOTER last_known_addr { host: "127.10.238.129" port: 40069 } } peers { permanent_uuid: "0e42b5cd43ed47a195c4d18a863b3798" member_type: VOTER last_known_addr { host: "127.10.238.130" port: 44357 } attrs { replace: true } } peers { permanent_uuid: "f842021690d9412a8c58bd1079dd8d3f" member_type: VOTER last_known_addr { host: "127.10.238.131" port: 33103 } } peers { permanent_uuid: "b17f26ba5410429eb9f53157ae4e7397" member_type: NON_VOTER last_known_addr { host: "127.10.238.132" port: 41647 } attrs { promote: true } }
I20260710 13:20:00.798488 12449 raft_consensus.cc:1275] T 867290d69dbf41e0bce96be995f88ada P f842021690d9412a8c58bd1079dd8d3f [term 1 FOLLOWER]: Refusing update from remote peer 937cabf967a2426db2a10f9602747471: Log matching property violated. Preceding OpId in replica: term: 1 index: 1. Preceding OpId from leader: term: 1 index: 2. (index mismatch)
I20260710 13:20:00.800395 13021 consensus_queue.cc:1048] T 867290d69dbf41e0bce96be995f88ada P 937cabf967a2426db2a10f9602747471 [LEADER]: Connected to new peer: Peer: permanent_uuid: "f842021690d9412a8c58bd1079dd8d3f" member_type: VOTER last_known_addr { host: "127.10.238.131" port: 33103 }, Status: LMP_MISMATCH, Last received: 0.0, Next index: 2, Last known committed idx: 1, Time since last communication: 0.001s
W20260710 13:20:00.805505 12267 consensus_peers.cc:597] T 867290d69dbf41e0bce96be995f88ada P 937cabf967a2426db2a10f9602747471 -> Peer b17f26ba5410429eb9f53157ae4e7397 (127.10.238.132:41647): Couldn't send request to peer b17f26ba5410429eb9f53157ae4e7397. Error code: TABLET_NOT_FOUND (6). Status: Not found: Tablet not found: 867290d69dbf41e0bce96be995f88ada. This is attempt 1: this message will repeat every 5th retry.
I20260710 13:20:00.807782 12375 raft_consensus.cc:1275] T 867290d69dbf41e0bce96be995f88ada P 0e42b5cd43ed47a195c4d18a863b3798 [term 1 FOLLOWER]: Refusing update from remote peer 937cabf967a2426db2a10f9602747471: Log matching property violated. Preceding OpId in replica: term: 1 index: 1. Preceding OpId from leader: term: 1 index: 2. (index mismatch)
I20260710 13:20:00.811936 13041 consensus_queue.cc:1048] T 867290d69dbf41e0bce96be995f88ada P 937cabf967a2426db2a10f9602747471 [LEADER]: Connected to new peer: Peer: permanent_uuid: "0e42b5cd43ed47a195c4d18a863b3798" member_type: VOTER last_known_addr { host: "127.10.238.130" port: 44357 } attrs { replace: true }, Status: LMP_MISMATCH, Last received: 0.0, Next index: 2, Last known committed idx: 1, Time since last communication: 0.001s
I20260710 13:20:00.811343 13022 raft_consensus.cc:2955] T 867290d69dbf41e0bce96be995f88ada P 937cabf967a2426db2a10f9602747471 [term 1 LEADER]: Committing config change with OpId 1.2: config changed from index -1 to 2, NON_VOTER b17f26ba5410429eb9f53157ae4e7397 (127.10.238.132) added. New config: { opid_index: 2 OBSOLETE_local: false peers { permanent_uuid: "937cabf967a2426db2a10f9602747471" member_type: VOTER last_known_addr { host: "127.10.238.129" port: 40069 } } peers { permanent_uuid: "0e42b5cd43ed47a195c4d18a863b3798" member_type: VOTER last_known_addr { host: "127.10.238.130" port: 44357 } attrs { replace: true } } peers { permanent_uuid: "f842021690d9412a8c58bd1079dd8d3f" member_type: VOTER last_known_addr { host: "127.10.238.131" port: 33103 } } peers { permanent_uuid: "b17f26ba5410429eb9f53157ae4e7397" member_type: NON_VOTER last_known_addr { host: "127.10.238.132" port: 41647 } attrs { promote: true } } }
I20260710 13:20:00.813983 12449 raft_consensus.cc:2955] T 867290d69dbf41e0bce96be995f88ada P f842021690d9412a8c58bd1079dd8d3f [term 1 FOLLOWER]: Committing config change with OpId 1.2: config changed from index -1 to 2, NON_VOTER b17f26ba5410429eb9f53157ae4e7397 (127.10.238.132) added. New config: { opid_index: 2 OBSOLETE_local: false peers { permanent_uuid: "937cabf967a2426db2a10f9602747471" member_type: VOTER last_known_addr { host: "127.10.238.129" port: 40069 } } peers { permanent_uuid: "0e42b5cd43ed47a195c4d18a863b3798" member_type: VOTER last_known_addr { host: "127.10.238.130" port: 44357 } attrs { replace: true } } peers { permanent_uuid: "f842021690d9412a8c58bd1079dd8d3f" member_type: VOTER last_known_addr { host: "127.10.238.131" port: 33103 } } peers { permanent_uuid: "b17f26ba5410429eb9f53157ae4e7397" member_type: NON_VOTER last_known_addr { host: "127.10.238.132" port: 41647 } attrs { promote: true } } }
I20260710 13:20:00.839109 12199 catalog_manager.cc:5697] T 867290d69dbf41e0bce96be995f88ada P 937cabf967a2426db2a10f9602747471 reported cstate change: config changed from index -1 to 2, NON_VOTER b17f26ba5410429eb9f53157ae4e7397 (127.10.238.132) added. New cstate: current_term: 1 leader_uuid: "937cabf967a2426db2a10f9602747471" committed_config { opid_index: 2 OBSOLETE_local: false peers { permanent_uuid: "937cabf967a2426db2a10f9602747471" member_type: VOTER last_known_addr { host: "127.10.238.129" port: 40069 } health_report { overall_health: HEALTHY } } peers { permanent_uuid: "0e42b5cd43ed47a195c4d18a863b3798" member_type: VOTER last_known_addr { host: "127.10.238.130" port: 44357 } attrs { replace: true } health_report { overall_health: UNKNOWN } } peers { permanent_uuid: "f842021690d9412a8c58bd1079dd8d3f" member_type: VOTER last_known_addr { host: "127.10.238.131" port: 33103 } health_report { overall_health: HEALTHY } } peers { permanent_uuid: "b17f26ba5410429eb9f53157ae4e7397" member_type: NON_VOTER last_known_addr { host: "127.10.238.132" port: 41647 } attrs { promote: true } health_report { overall_health: UNKNOWN } } }
I20260710 13:20:00.840307 12375 raft_consensus.cc:2955] T 867290d69dbf41e0bce96be995f88ada P 0e42b5cd43ed47a195c4d18a863b3798 [term 1 FOLLOWER]: Committing config change with OpId 1.2: config changed from index -1 to 2, NON_VOTER b17f26ba5410429eb9f53157ae4e7397 (127.10.238.132) added. New config: { opid_index: 2 OBSOLETE_local: false peers { permanent_uuid: "937cabf967a2426db2a10f9602747471" member_type: VOTER last_known_addr { host: "127.10.238.129" port: 40069 } } peers { permanent_uuid: "0e42b5cd43ed47a195c4d18a863b3798" member_type: VOTER last_known_addr { host: "127.10.238.130" port: 44357 } attrs { replace: true } } peers { permanent_uuid: "f842021690d9412a8c58bd1079dd8d3f" member_type: VOTER last_known_addr { host: "127.10.238.131" port: 33103 } } peers { permanent_uuid: "b17f26ba5410429eb9f53157ae4e7397" member_type: NON_VOTER last_known_addr { host: "127.10.238.132" port: 41647 } attrs { promote: true } } }
I20260710 13:20:00.838833 12376 consensus_queue.cc:237] T 63e3c3e64d404e92b2977969ddd4d131 P 0e42b5cd43ed47a195c4d18a863b3798 [LEADER]: Queue going to LEADER mode. State: All replicated index: 0, Majority replicated index: 1, Committed index: 1, Last appended: 1.1, Last appended by leader: 0, Current term: 1, Majority size: 2, State: 0, Mode: LEADER, active raft config: opid_index: 2 OBSOLETE_local: false peers { permanent_uuid: "937cabf967a2426db2a10f9602747471" member_type: VOTER last_known_addr { host: "127.10.238.129" port: 40069 } attrs { replace: true } } peers { permanent_uuid: "0e42b5cd43ed47a195c4d18a863b3798" member_type: VOTER last_known_addr { host: "127.10.238.130" port: 44357 } } peers { permanent_uuid: "f842021690d9412a8c58bd1079dd8d3f" member_type: VOTER last_known_addr { host: "127.10.238.131" port: 33103 } } peers { permanent_uuid: "b17f26ba5410429eb9f53157ae4e7397" member_type: NON_VOTER last_known_addr { host: "127.10.238.132" port: 41647 } attrs { promote: true } }
W20260710 13:20:00.863396 12342 consensus_peers.cc:597] T 63e3c3e64d404e92b2977969ddd4d131 P 0e42b5cd43ed47a195c4d18a863b3798 -> Peer b17f26ba5410429eb9f53157ae4e7397 (127.10.238.132:41647): Couldn't send request to peer b17f26ba5410429eb9f53157ae4e7397. Error code: TABLET_NOT_FOUND (6). Status: Not found: Tablet not found: 63e3c3e64d404e92b2977969ddd4d131. This is attempt 1: this message will repeat every 5th retry.
I20260710 13:20:00.866328 12449 raft_consensus.cc:1275] T 63e3c3e64d404e92b2977969ddd4d131 P f842021690d9412a8c58bd1079dd8d3f [term 1 FOLLOWER]: Refusing update from remote peer 0e42b5cd43ed47a195c4d18a863b3798: Log matching property violated. Preceding OpId in replica: term: 1 index: 1. Preceding OpId from leader: term: 1 index: 2. (index mismatch)
I20260710 13:20:00.868670 13002 consensus_queue.cc:1048] T 63e3c3e64d404e92b2977969ddd4d131 P 0e42b5cd43ed47a195c4d18a863b3798 [LEADER]: Connected to new peer: Peer: permanent_uuid: "f842021690d9412a8c58bd1079dd8d3f" member_type: VOTER last_known_addr { host: "127.10.238.131" port: 33103 }, Status: LMP_MISMATCH, Last received: 0.0, Next index: 2, Last known committed idx: 1, Time since last communication: 0.001s
I20260710 13:20:00.870260 12302 raft_consensus.cc:1275] T 63e3c3e64d404e92b2977969ddd4d131 P 937cabf967a2426db2a10f9602747471 [term 1 FOLLOWER]: Refusing update from remote peer 0e42b5cd43ed47a195c4d18a863b3798: Log matching property violated. Preceding OpId in replica: term: 1 index: 1. Preceding OpId from leader: term: 1 index: 2. (index mismatch)
I20260710 13:20:00.871917 13002 consensus_queue.cc:1048] T 63e3c3e64d404e92b2977969ddd4d131 P 0e42b5cd43ed47a195c4d18a863b3798 [LEADER]: Connected to new peer: Peer: permanent_uuid: "937cabf967a2426db2a10f9602747471" member_type: VOTER last_known_addr { host: "127.10.238.129" port: 40069 } attrs { replace: true }, Status: LMP_MISMATCH, Last received: 0.0, Next index: 2, Last known committed idx: 1, Time since last communication: 0.001s
I20260710 13:20:00.882057 13002 raft_consensus.cc:2955] T 63e3c3e64d404e92b2977969ddd4d131 P 0e42b5cd43ed47a195c4d18a863b3798 [term 1 LEADER]: Committing config change with OpId 1.2: config changed from index -1 to 2, NON_VOTER b17f26ba5410429eb9f53157ae4e7397 (127.10.238.132) added. New config: { opid_index: 2 OBSOLETE_local: false peers { permanent_uuid: "937cabf967a2426db2a10f9602747471" member_type: VOTER last_known_addr { host: "127.10.238.129" port: 40069 } attrs { replace: true } } peers { permanent_uuid: "0e42b5cd43ed47a195c4d18a863b3798" member_type: VOTER last_known_addr { host: "127.10.238.130" port: 44357 } } peers { permanent_uuid: "f842021690d9412a8c58bd1079dd8d3f" member_type: VOTER last_known_addr { host: "127.10.238.131" port: 33103 } } peers { permanent_uuid: "b17f26ba5410429eb9f53157ae4e7397" member_type: NON_VOTER last_known_addr { host: "127.10.238.132" port: 41647 } attrs { promote: true } } }
I20260710 13:20:00.886088 12447 raft_consensus.cc:2955] T 63e3c3e64d404e92b2977969ddd4d131 P f842021690d9412a8c58bd1079dd8d3f [term 1 FOLLOWER]: Committing config change with OpId 1.2: config changed from index -1 to 2, NON_VOTER b17f26ba5410429eb9f53157ae4e7397 (127.10.238.132) added. New config: { opid_index: 2 OBSOLETE_local: false peers { permanent_uuid: "937cabf967a2426db2a10f9602747471" member_type: VOTER last_known_addr { host: "127.10.238.129" port: 40069 } attrs { replace: true } } peers { permanent_uuid: "0e42b5cd43ed47a195c4d18a863b3798" member_type: VOTER last_known_addr { host: "127.10.238.130" port: 44357 } } peers { permanent_uuid: "f842021690d9412a8c58bd1079dd8d3f" member_type: VOTER last_known_addr { host: "127.10.238.131" port: 33103 } } peers { permanent_uuid: "b17f26ba5410429eb9f53157ae4e7397" member_type: NON_VOTER last_known_addr { host: "127.10.238.132" port: 41647 } attrs { promote: true } } }
I20260710 13:20:00.899230 12302 raft_consensus.cc:2955] T 63e3c3e64d404e92b2977969ddd4d131 P 937cabf967a2426db2a10f9602747471 [term 1 FOLLOWER]: Committing config change with OpId 1.2: config changed from index -1 to 2, NON_VOTER b17f26ba5410429eb9f53157ae4e7397 (127.10.238.132) added. New config: { opid_index: 2 OBSOLETE_local: false peers { permanent_uuid: "937cabf967a2426db2a10f9602747471" member_type: VOTER last_known_addr { host: "127.10.238.129" port: 40069 } attrs { replace: true } } peers { permanent_uuid: "0e42b5cd43ed47a195c4d18a863b3798" member_type: VOTER last_known_addr { host: "127.10.238.130" port: 44357 } } peers { permanent_uuid: "f842021690d9412a8c58bd1079dd8d3f" member_type: VOTER last_known_addr { host: "127.10.238.131" port: 33103 } } peers { permanent_uuid: "b17f26ba5410429eb9f53157ae4e7397" member_type: NON_VOTER last_known_addr { host: "127.10.238.132" port: 41647 } attrs { promote: true } } }
I20260710 13:20:00.918483 12197 catalog_manager.cc:5697] T 63e3c3e64d404e92b2977969ddd4d131 P f842021690d9412a8c58bd1079dd8d3f reported cstate change: config changed from index -1 to 2, NON_VOTER b17f26ba5410429eb9f53157ae4e7397 (127.10.238.132) added. New cstate: current_term: 1 leader_uuid: "0e42b5cd43ed47a195c4d18a863b3798" committed_config { opid_index: 2 OBSOLETE_local: false peers { permanent_uuid: "937cabf967a2426db2a10f9602747471" member_type: VOTER last_known_addr { host: "127.10.238.129" port: 40069 } attrs { replace: true } } peers { permanent_uuid: "0e42b5cd43ed47a195c4d18a863b3798" member_type: VOTER last_known_addr { host: "127.10.238.130" port: 44357 } } peers { permanent_uuid: "f842021690d9412a8c58bd1079dd8d3f" member_type: VOTER last_known_addr { host: "127.10.238.131" port: 33103 } } peers { permanent_uuid: "b17f26ba5410429eb9f53157ae4e7397" member_type: NON_VOTER last_known_addr { host: "127.10.238.132" port: 41647 } attrs { promote: true } } }
I20260710 13:20:01.298028 13053 ts_tablet_manager.cc:933] T 867290d69dbf41e0bce96be995f88ada P b17f26ba5410429eb9f53157ae4e7397: Initiating tablet copy from peer 937cabf967a2426db2a10f9602747471 (127.10.238.129:40069)
I20260710 13:20:01.300081 13053 tablet_copy_client.cc:323] T 867290d69dbf41e0bce96be995f88ada P b17f26ba5410429eb9f53157ae4e7397: tablet copy: Beginning tablet copy session from remote peer at address 127.10.238.129:40069
I20260710 13:20:01.302091 12312 tablet_copy_service.cc:140] P 937cabf967a2426db2a10f9602747471: Received BeginTabletCopySession request for tablet 867290d69dbf41e0bce96be995f88ada from peer b17f26ba5410429eb9f53157ae4e7397 ({username='slave'} at 127.0.0.1:57678)
I20260710 13:20:01.302687 12312 tablet_copy_service.cc:161] P 937cabf967a2426db2a10f9602747471: Beginning new tablet copy session on tablet 867290d69dbf41e0bce96be995f88ada from peer b17f26ba5410429eb9f53157ae4e7397 at {username='slave'} at 127.0.0.1:57678: session id = b17f26ba5410429eb9f53157ae4e7397-867290d69dbf41e0bce96be995f88ada
I20260710 13:20:01.307698 13055 ts_tablet_manager.cc:933] T 63e3c3e64d404e92b2977969ddd4d131 P b17f26ba5410429eb9f53157ae4e7397: Initiating tablet copy from peer 0e42b5cd43ed47a195c4d18a863b3798 (127.10.238.130:44357)
I20260710 13:20:01.311192 12312 tablet_copy_source_session.cc:215] T 867290d69dbf41e0bce96be995f88ada P 937cabf967a2426db2a10f9602747471: Tablet Copy: opened 0 blocks and 1 log segments
I20260710 13:20:01.314487 13055 tablet_copy_client.cc:323] T 63e3c3e64d404e92b2977969ddd4d131 P b17f26ba5410429eb9f53157ae4e7397: tablet copy: Beginning tablet copy session from remote peer at address 127.10.238.130:44357
I20260710 13:20:01.315629 13053 data_dirs.cc:400] Could only allocate 1 dirs of requested 3 for tablet 867290d69dbf41e0bce96be995f88ada. 1 dirs total, 0 dirs full, 0 dirs failed
I20260710 13:20:01.317394 12387 tablet_copy_service.cc:140] P 0e42b5cd43ed47a195c4d18a863b3798: Received BeginTabletCopySession request for tablet 63e3c3e64d404e92b2977969ddd4d131 from peer b17f26ba5410429eb9f53157ae4e7397 ({username='slave'} at 127.0.0.1:55644)
I20260710 13:20:01.317903 12387 tablet_copy_service.cc:161] P 0e42b5cd43ed47a195c4d18a863b3798: Beginning new tablet copy session on tablet 63e3c3e64d404e92b2977969ddd4d131 from peer b17f26ba5410429eb9f53157ae4e7397 at {username='slave'} at 127.0.0.1:55644: session id = b17f26ba5410429eb9f53157ae4e7397-63e3c3e64d404e92b2977969ddd4d131
I20260710 13:20:01.324054 12387 tablet_copy_source_session.cc:215] T 63e3c3e64d404e92b2977969ddd4d131 P 0e42b5cd43ed47a195c4d18a863b3798: Tablet Copy: opened 0 blocks and 1 log segments
I20260710 13:20:01.331238 13055 data_dirs.cc:400] Could only allocate 1 dirs of requested 3 for tablet 63e3c3e64d404e92b2977969ddd4d131. 1 dirs total, 0 dirs full, 0 dirs failed
I20260710 13:20:01.332471 13053 tablet_copy_client.cc:806] T 867290d69dbf41e0bce96be995f88ada P b17f26ba5410429eb9f53157ae4e7397: tablet copy: Starting download of 0 data blocks...
I20260710 13:20:01.333102 13053 tablet_copy_client.cc:670] T 867290d69dbf41e0bce96be995f88ada P b17f26ba5410429eb9f53157ae4e7397: tablet copy: Starting download of 1 WAL segments...
I20260710 13:20:01.337311 13053 tablet_copy_client.cc:538] T 867290d69dbf41e0bce96be995f88ada P b17f26ba5410429eb9f53157ae4e7397: tablet copy: Tablet Copy complete. Replacing tablet superblock.
I20260710 13:20:01.344475 13055 tablet_copy_client.cc:806] T 63e3c3e64d404e92b2977969ddd4d131 P b17f26ba5410429eb9f53157ae4e7397: tablet copy: Starting download of 0 data blocks...
I20260710 13:20:01.344983 13055 tablet_copy_client.cc:670] T 63e3c3e64d404e92b2977969ddd4d131 P b17f26ba5410429eb9f53157ae4e7397: tablet copy: Starting download of 1 WAL segments...
I20260710 13:20:01.345737 13053 tablet_bootstrap.cc:492] T 867290d69dbf41e0bce96be995f88ada P b17f26ba5410429eb9f53157ae4e7397: Bootstrap starting.
I20260710 13:20:01.348344 13055 tablet_copy_client.cc:538] T 63e3c3e64d404e92b2977969ddd4d131 P b17f26ba5410429eb9f53157ae4e7397: tablet copy: Tablet Copy complete. Replacing tablet superblock.
I20260710 13:20:01.356271 13055 tablet_bootstrap.cc:492] T 63e3c3e64d404e92b2977969ddd4d131 P b17f26ba5410429eb9f53157ae4e7397: Bootstrap starting.
I20260710 13:20:01.366241 13053 tablet_bootstrap.cc:492] T 867290d69dbf41e0bce96be995f88ada P b17f26ba5410429eb9f53157ae4e7397: Bootstrap replayed 1/1 log segments. Stats: ops{read=2 overwritten=0 applied=2 ignored=0} inserts{seen=0 ignored=0} mutations{seen=0 ignored=0} orphaned_commits=0. Pending: 0 replicates
I20260710 13:20:01.367141 13053 tablet_bootstrap.cc:492] T 867290d69dbf41e0bce96be995f88ada P b17f26ba5410429eb9f53157ae4e7397: Bootstrap complete.
I20260710 13:20:01.367812 13053 ts_tablet_manager.cc:1403] T 867290d69dbf41e0bce96be995f88ada P b17f26ba5410429eb9f53157ae4e7397: Time spent bootstrapping tablet: real 0.022s	user 0.011s	sys 0.008s
I20260710 13:20:01.371665 13055 tablet_bootstrap.cc:492] T 63e3c3e64d404e92b2977969ddd4d131 P b17f26ba5410429eb9f53157ae4e7397: Bootstrap replayed 1/1 log segments. Stats: ops{read=2 overwritten=0 applied=2 ignored=0} inserts{seen=0 ignored=0} mutations{seen=0 ignored=0} orphaned_commits=0. Pending: 0 replicates
I20260710 13:20:01.371438 13053 raft_consensus.cc:359] T 867290d69dbf41e0bce96be995f88ada P b17f26ba5410429eb9f53157ae4e7397 [term 1 LEARNER]: Replica starting. Triggering 0 pending ops. Active config: opid_index: 2 OBSOLETE_local: false peers { permanent_uuid: "937cabf967a2426db2a10f9602747471" member_type: VOTER last_known_addr { host: "127.10.238.129" port: 40069 } } peers { permanent_uuid: "0e42b5cd43ed47a195c4d18a863b3798" member_type: VOTER last_known_addr { host: "127.10.238.130" port: 44357 } attrs { replace: true } } peers { permanent_uuid: "f842021690d9412a8c58bd1079dd8d3f" member_type: VOTER last_known_addr { host: "127.10.238.131" port: 33103 } } peers { permanent_uuid: "b17f26ba5410429eb9f53157ae4e7397" member_type: NON_VOTER last_known_addr { host: "127.10.238.132" port: 41647 } attrs { promote: true } }
I20260710 13:20:01.372283 13053 raft_consensus.cc:740] T 867290d69dbf41e0bce96be995f88ada P b17f26ba5410429eb9f53157ae4e7397 [term 1 LEARNER]: Becoming Follower/Learner. State: Replica: b17f26ba5410429eb9f53157ae4e7397, State: Initialized, Role: LEARNER
I20260710 13:20:01.372714 13055 tablet_bootstrap.cc:492] T 63e3c3e64d404e92b2977969ddd4d131 P b17f26ba5410429eb9f53157ae4e7397: Bootstrap complete.
