I20260710 13:19:34.900264  6786 consensus_queue.cc:260] T 10e08765059c4a809cdee55309679997 P d84dabb38aca4d5282422ff4bd7fac4e [NON_LEADER]: Queue going to NON_LEADER mode. State: All replicated index: 0, Majority replicated index: 0, Committed index: 0, Last appended: 0.0, Last appended by leader: 0, Current term: 0, Majority size: -1, State: 0, Mode: NON_LEADER, active raft config: opid_index: -1 OBSOLETE_local: false peers { permanent_uuid: "af2a421691e1440186d3284f4a6da06b" member_type: VOTER last_known_addr { host: "127.5.208.129" port: 43015 } } peers { permanent_uuid: "d84dabb38aca4d5282422ff4bd7fac4e" member_type: VOTER last_known_addr { host: "127.5.208.130" port: 45861 } } peers { permanent_uuid: "93b115fc4d114d03bb145f25618e4587" member_type: VOTER last_known_addr { host: "127.5.208.131" port: 34263 } }
I20260710 13:19:34.900913  6787 consensus_queue.cc:260] T ffc79181354a4de8935cfbed77318694 P 93b115fc4d114d03bb145f25618e4587 [NON_LEADER]: Queue going to NON_LEADER mode. State: All replicated index: 0, Majority replicated index: 0, Committed index: 0, Last appended: 0.0, Last appended by leader: 0, Current term: 0, Majority size: -1, State: 0, Mode: NON_LEADER, active raft config: opid_index: -1 OBSOLETE_local: false peers { permanent_uuid: "d84dabb38aca4d5282422ff4bd7fac4e" member_type: VOTER last_known_addr { host: "127.5.208.130" port: 45861 } } peers { permanent_uuid: "93b115fc4d114d03bb145f25618e4587" member_type: VOTER last_known_addr { host: "127.5.208.131" port: 34263 } } peers { permanent_uuid: "af2a421691e1440186d3284f4a6da06b" member_type: VOTER last_known_addr { host: "127.5.208.129" port: 43015 } }
I20260710 13:19:34.903837  6789 tablet_bootstrap.cc:492] T 301b31e0b1464450b172f5e16ff14b5b P af2a421691e1440186d3284f4a6da06b: No bootstrap required, opened a new log
I20260710 13:19:34.904340  6789 ts_tablet_manager.cc:1403] T 301b31e0b1464450b172f5e16ff14b5b P af2a421691e1440186d3284f4a6da06b: Time spent bootstrapping tablet: real 0.040s	user 0.008s	sys 0.016s
I20260710 13:19:34.904633  6786 ts_tablet_manager.cc:1434] T 10e08765059c4a809cdee55309679997 P d84dabb38aca4d5282422ff4bd7fac4e: Time spent starting tablet: real 0.011s	user 0.006s	sys 0.003s
I20260710 13:19:34.905699  6786 tablet_bootstrap.cc:492] T 2085dc36f9194de9b8630cc1e196a1f7 P d84dabb38aca4d5282422ff4bd7fac4e: Bootstrap starting.
I20260710 13:19:34.907302  6789 raft_consensus.cc:359] T 301b31e0b1464450b172f5e16ff14b5b P af2a421691e1440186d3284f4a6da06b [term 0 FOLLOWER]: Replica starting. Triggering 0 pending ops. Active config: opid_index: -1 OBSOLETE_local: false peers { permanent_uuid: "af2a421691e1440186d3284f4a6da06b" member_type: VOTER last_known_addr { host: "127.5.208.129" port: 43015 } } peers { permanent_uuid: "d84dabb38aca4d5282422ff4bd7fac4e" member_type: VOTER last_known_addr { host: "127.5.208.130" port: 45861 } } peers { permanent_uuid: "93b115fc4d114d03bb145f25618e4587" member_type: VOTER last_known_addr { host: "127.5.208.131" port: 34263 } }
I20260710 13:19:34.908038  6789 raft_consensus.cc:385] T 301b31e0b1464450b172f5e16ff14b5b P af2a421691e1440186d3284f4a6da06b [term 0 FOLLOWER]: Consensus starting up: Expiring failure detector timer to make a prompt election more likely
I20260710 13:19:34.908327  6789 raft_consensus.cc:740] T 301b31e0b1464450b172f5e16ff14b5b P af2a421691e1440186d3284f4a6da06b [term 0 FOLLOWER]: Becoming Follower/Learner. State: Replica: af2a421691e1440186d3284f4a6da06b, State: Initialized, Role: FOLLOWER
I20260710 13:19:34.909087  6789 consensus_queue.cc:260] T 301b31e0b1464450b172f5e16ff14b5b P af2a421691e1440186d3284f4a6da06b [NON_LEADER]: Queue going to NON_LEADER mode. State: All replicated index: 0, Majority replicated index: 0, Committed index: 0, Last appended: 0.0, Last appended by leader: 0, Current term: 0, Majority size: -1, State: 0, Mode: NON_LEADER, active raft config: opid_index: -1 OBSOLETE_local: false peers { permanent_uuid: "af2a421691e1440186d3284f4a6da06b" member_type: VOTER last_known_addr { host: "127.5.208.129" port: 43015 } } peers { permanent_uuid: "d84dabb38aca4d5282422ff4bd7fac4e" member_type: VOTER last_known_addr { host: "127.5.208.130" port: 45861 } } peers { permanent_uuid: "93b115fc4d114d03bb145f25618e4587" member_type: VOTER last_known_addr { host: "127.5.208.131" port: 34263 } }
I20260710 13:19:34.911419  6789 ts_tablet_manager.cc:1434] T 301b31e0b1464450b172f5e16ff14b5b P af2a421691e1440186d3284f4a6da06b: Time spent starting tablet: real 0.007s	user 0.007s	sys 0.000s
I20260710 13:19:34.911629  6787 ts_tablet_manager.cc:1434] T ffc79181354a4de8935cfbed77318694 P 93b115fc4d114d03bb145f25618e4587: Time spent starting tablet: real 0.015s	user 0.008s	sys 0.000s
I20260710 13:19:34.912447  6789 tablet_bootstrap.cc:492] T d0e1fefa43dc4778b0737f847485e97f P af2a421691e1440186d3284f4a6da06b: Bootstrap starting.
I20260710 13:19:34.912642  6786 tablet_bootstrap.cc:654] T 2085dc36f9194de9b8630cc1e196a1f7 P d84dabb38aca4d5282422ff4bd7fac4e: Neither blocks nor log segments found. Creating new log.
I20260710 13:19:34.912774  6787 tablet_bootstrap.cc:492] T 301b31e0b1464450b172f5e16ff14b5b P 93b115fc4d114d03bb145f25618e4587: Bootstrap starting.
I20260710 13:19:34.915594  6793 raft_consensus.cc:493] T 115539370dc2496785e3ffbeec7c9581 P af2a421691e1440186d3284f4a6da06b [term 0 FOLLOWER]: Starting pre-election (no leader contacted us within the election timeout)
I20260710 13:19:34.916119  6793 raft_consensus.cc:515] T 115539370dc2496785e3ffbeec7c9581 P af2a421691e1440186d3284f4a6da06b [term 0 FOLLOWER]: Starting pre-election with config: opid_index: -1 OBSOLETE_local: false peers { permanent_uuid: "af2a421691e1440186d3284f4a6da06b" member_type: VOTER last_known_addr { host: "127.5.208.129" port: 43015 } } peers { permanent_uuid: "d84dabb38aca4d5282422ff4bd7fac4e" member_type: VOTER last_known_addr { host: "127.5.208.130" port: 45861 } } peers { permanent_uuid: "93b115fc4d114d03bb145f25618e4587" member_type: VOTER last_known_addr { host: "127.5.208.131" port: 34263 } }
I20260710 13:19:34.920171  6789 tablet_bootstrap.cc:654] T d0e1fefa43dc4778b0737f847485e97f P af2a421691e1440186d3284f4a6da06b: Neither blocks nor log segments found. Creating new log.
I20260710 13:19:34.921794  6787 tablet_bootstrap.cc:654] T 301b31e0b1464450b172f5e16ff14b5b P 93b115fc4d114d03bb145f25618e4587: Neither blocks nor log segments found. Creating new log.
I20260710 13:19:34.923514  6793 leader_election.cc:290] T 115539370dc2496785e3ffbeec7c9581 P af2a421691e1440186d3284f4a6da06b [CANDIDATE]: Term 1 pre-election: Requested pre-vote from peers d84dabb38aca4d5282422ff4bd7fac4e (127.5.208.130:45861), 93b115fc4d114d03bb145f25618e4587 (127.5.208.131:34263)
I20260710 13:19:34.927717  6795 raft_consensus.cc:493] T 115539370dc2496785e3ffbeec7c9581 P 93b115fc4d114d03bb145f25618e4587 [term 0 FOLLOWER]: Starting pre-election (no leader contacted us within the election timeout)
I20260710 13:19:34.928396  6795 raft_consensus.cc:515] T 115539370dc2496785e3ffbeec7c9581 P 93b115fc4d114d03bb145f25618e4587 [term 0 FOLLOWER]: Starting pre-election with config: opid_index: -1 OBSOLETE_local: false peers { permanent_uuid: "af2a421691e1440186d3284f4a6da06b" member_type: VOTER last_known_addr { host: "127.5.208.129" port: 43015 } } peers { permanent_uuid: "d84dabb38aca4d5282422ff4bd7fac4e" member_type: VOTER last_known_addr { host: "127.5.208.130" port: 45861 } } peers { permanent_uuid: "93b115fc4d114d03bb145f25618e4587" member_type: VOTER last_known_addr { host: "127.5.208.131" port: 34263 } }
I20260710 13:19:34.940325  6795 leader_election.cc:290] T 115539370dc2496785e3ffbeec7c9581 P 93b115fc4d114d03bb145f25618e4587 [CANDIDATE]: Term 1 pre-election: Requested pre-vote from peers af2a421691e1440186d3284f4a6da06b (127.5.208.129:43015), d84dabb38aca4d5282422ff4bd7fac4e (127.5.208.130:45861)
I20260710 13:19:34.948680  6786 tablet_bootstrap.cc:492] T 2085dc36f9194de9b8630cc1e196a1f7 P d84dabb38aca4d5282422ff4bd7fac4e: No bootstrap required, opened a new log
I20260710 13:19:34.949476  6786 ts_tablet_manager.cc:1403] T 2085dc36f9194de9b8630cc1e196a1f7 P d84dabb38aca4d5282422ff4bd7fac4e: Time spent bootstrapping tablet: real 0.044s	user 0.008s	sys 0.011s
I20260710 13:19:34.956786  6598 tablet_service.cc:1917] Received RequestConsensusVote() RPC: tablet_id: "115539370dc2496785e3ffbeec7c9581" candidate_uuid: "93b115fc4d114d03bb145f25618e4587" candidate_term: 1 candidate_status { last_received { term: 0 index: 0 } } ignore_live_leader: false dest_uuid: "af2a421691e1440186d3284f4a6da06b" is_pre_election: true
I20260710 13:19:34.957548  6598 raft_consensus.cc:2468] T 115539370dc2496785e3ffbeec7c9581 P af2a421691e1440186d3284f4a6da06b [term 0 FOLLOWER]: Leader pre-election vote request: Granting yes vote for candidate 93b115fc4d114d03bb145f25618e4587 in term 0.
I20260710 13:19:34.959283  6710 leader_election.cc:304] T 115539370dc2496785e3ffbeec7c9581 P 93b115fc4d114d03bb145f25618e4587 [CANDIDATE]: Term 1 pre-election: Election decided. Result: candidate won. Election summary: received 2 responses out of 3 voters: 2 yes votes; 0 no votes. yes voters: 93b115fc4d114d03bb145f25618e4587, af2a421691e1440186d3284f4a6da06b; no voters: 
I20260710 13:19:34.962919  6795 raft_consensus.cc:2804] T 115539370dc2496785e3ffbeec7c9581 P 93b115fc4d114d03bb145f25618e4587 [term 0 FOLLOWER]: Leader pre-election won for term 1
I20260710 13:19:34.963454  6795 raft_consensus.cc:493] T 115539370dc2496785e3ffbeec7c9581 P 93b115fc4d114d03bb145f25618e4587 [term 0 FOLLOWER]: Starting leader election (no leader contacted us within the election timeout)
I20260710 13:19:34.963898  6795 raft_consensus.cc:3060] T 115539370dc2496785e3ffbeec7c9581 P 93b115fc4d114d03bb145f25618e4587 [term 0 FOLLOWER]: Advancing to term 1
I20260710 13:19:34.967180  6786 raft_consensus.cc:359] T 2085dc36f9194de9b8630cc1e196a1f7 P d84dabb38aca4d5282422ff4bd7fac4e [term 0 FOLLOWER]: Replica starting. Triggering 0 pending ops. Active config: opid_index: -1 OBSOLETE_local: false peers { permanent_uuid: "af2a421691e1440186d3284f4a6da06b" member_type: VOTER last_known_addr { host: "127.5.208.129" port: 43015 } } peers { permanent_uuid: "d84dabb38aca4d5282422ff4bd7fac4e" member_type: VOTER last_known_addr { host: "127.5.208.130" port: 45861 } } peers { permanent_uuid: "93b115fc4d114d03bb145f25618e4587" member_type: VOTER last_known_addr { host: "127.5.208.131" port: 34263 } }
I20260710 13:19:34.968322  6786 raft_consensus.cc:385] T 2085dc36f9194de9b8630cc1e196a1f7 P d84dabb38aca4d5282422ff4bd7fac4e [term 0 FOLLOWER]: Consensus starting up: Expiring failure detector timer to make a prompt election more likely
I20260710 13:19:34.968736  6786 raft_consensus.cc:740] T 2085dc36f9194de9b8630cc1e196a1f7 P d84dabb38aca4d5282422ff4bd7fac4e [term 0 FOLLOWER]: Becoming Follower/Learner. State: Replica: d84dabb38aca4d5282422ff4bd7fac4e, State: Initialized, Role: FOLLOWER
I20260710 13:19:34.977896  6787 tablet_bootstrap.cc:492] T 301b31e0b1464450b172f5e16ff14b5b P 93b115fc4d114d03bb145f25618e4587: No bootstrap required, opened a new log
I20260710 13:19:34.979835  6787 ts_tablet_manager.cc:1403] T 301b31e0b1464450b172f5e16ff14b5b P 93b115fc4d114d03bb145f25618e4587: Time spent bootstrapping tablet: real 0.067s	user 0.013s	sys 0.028s
I20260710 13:19:34.976879  6789 tablet_bootstrap.cc:492] T d0e1fefa43dc4778b0737f847485e97f P af2a421691e1440186d3284f4a6da06b: No bootstrap required, opened a new log
I20260710 13:19:34.981490  6673 tablet_service.cc:1917] Received RequestConsensusVote() RPC: tablet_id: "115539370dc2496785e3ffbeec7c9581" candidate_uuid: "af2a421691e1440186d3284f4a6da06b" candidate_term: 1 candidate_status { last_received { term: 0 index: 0 } } ignore_live_leader: false dest_uuid: "d84dabb38aca4d5282422ff4bd7fac4e" is_pre_election: true
I20260710 13:19:34.982164  6789 ts_tablet_manager.cc:1403] T d0e1fefa43dc4778b0737f847485e97f P af2a421691e1440186d3284f4a6da06b: Time spent bootstrapping tablet: real 0.070s	user 0.022s	sys 0.038s
W20260710 13:19:34.983235  6562 leader_election.cc:343] T 115539370dc2496785e3ffbeec7c9581 P af2a421691e1440186d3284f4a6da06b [CANDIDATE]: Term 1 pre-election: Tablet error from VoteRequest() call to peer d84dabb38aca4d5282422ff4bd7fac4e (127.5.208.130:45861): Illegal state: must be running to vote when last-logged opid is not known
I20260710 13:19:34.984439  6787 raft_consensus.cc:359] T 301b31e0b1464450b172f5e16ff14b5b P 93b115fc4d114d03bb145f25618e4587 [term 0 FOLLOWER]: Replica starting. Triggering 0 pending ops. Active config: opid_index: -1 OBSOLETE_local: false peers { permanent_uuid: "af2a421691e1440186d3284f4a6da06b" member_type: VOTER last_known_addr { host: "127.5.208.129" port: 43015 } } peers { permanent_uuid: "d84dabb38aca4d5282422ff4bd7fac4e" member_type: VOTER last_known_addr { host: "127.5.208.130" port: 45861 } } peers { permanent_uuid: "93b115fc4d114d03bb145f25618e4587" member_type: VOTER last_known_addr { host: "127.5.208.131" port: 34263 } }
I20260710 13:19:34.979959  6795 raft_consensus.cc:515] T 115539370dc2496785e3ffbeec7c9581 P 93b115fc4d114d03bb145f25618e4587 [term 1 FOLLOWER]: Starting leader election with config: opid_index: -1 OBSOLETE_local: false peers { permanent_uuid: "af2a421691e1440186d3284f4a6da06b" member_type: VOTER last_known_addr { host: "127.5.208.129" port: 43015 } } peers { permanent_uuid: "d84dabb38aca4d5282422ff4bd7fac4e" member_type: VOTER last_known_addr { host: "127.5.208.130" port: 45861 } } peers { permanent_uuid: "93b115fc4d114d03bb145f25618e4587" member_type: VOTER last_known_addr { host: "127.5.208.131" port: 34263 } }
I20260710 13:19:34.985060  6789 raft_consensus.cc:359] T d0e1fefa43dc4778b0737f847485e97f P af2a421691e1440186d3284f4a6da06b [term 0 FOLLOWER]: Replica starting. Triggering 0 pending ops. Active config: opid_index: -1 OBSOLETE_local: false peers { permanent_uuid: "af2a421691e1440186d3284f4a6da06b" member_type: VOTER last_known_addr { host: "127.5.208.129" port: 43015 } } peers { permanent_uuid: "d84dabb38aca4d5282422ff4bd7fac4e" member_type: VOTER last_known_addr { host: "127.5.208.130" port: 45861 } } peers { permanent_uuid: "93b115fc4d114d03bb145f25618e4587" member_type: VOTER last_known_addr { host: "127.5.208.131" port: 34263 } }
I20260710 13:19:34.985849  6789 raft_consensus.cc:385] T d0e1fefa43dc4778b0737f847485e97f P af2a421691e1440186d3284f4a6da06b [term 0 FOLLOWER]: Consensus starting up: Expiring failure detector timer to make a prompt election more likely
I20260710 13:19:34.986181  6789 raft_consensus.cc:740] T d0e1fefa43dc4778b0737f847485e97f P af2a421691e1440186d3284f4a6da06b [term 0 FOLLOWER]: Becoming Follower/Learner. State: Replica: af2a421691e1440186d3284f4a6da06b, State: Initialized, Role: FOLLOWER
I20260710 13:19:34.986747  6795 leader_election.cc:290] T 115539370dc2496785e3ffbeec7c9581 P 93b115fc4d114d03bb145f25618e4587 [CANDIDATE]: Term 1 election: Requested vote from peers af2a421691e1440186d3284f4a6da06b (127.5.208.129:43015), d84dabb38aca4d5282422ff4bd7fac4e (127.5.208.130:45861)
I20260710 13:19:34.987043  6747 tablet_service.cc:1917] Received RequestConsensusVote() RPC: tablet_id: "115539370dc2496785e3ffbeec7c9581" candidate_uuid: "af2a421691e1440186d3284f4a6da06b" candidate_term: 1 candidate_status { last_received { term: 0 index: 0 } } ignore_live_leader: false dest_uuid: "93b115fc4d114d03bb145f25618e4587" is_pre_election: true
I20260710 13:19:34.987340  6787 raft_consensus.cc:385] T 301b31e0b1464450b172f5e16ff14b5b P 93b115fc4d114d03bb145f25618e4587 [term 0 FOLLOWER]: Consensus starting up: Expiring failure detector timer to make a prompt election more likely
I20260710 13:19:34.986968  6789 consensus_queue.cc:260] T d0e1fefa43dc4778b0737f847485e97f P af2a421691e1440186d3284f4a6da06b [NON_LEADER]: Queue going to NON_LEADER mode. State: All replicated index: 0, Majority replicated index: 0, Committed index: 0, Last appended: 0.0, Last appended by leader: 0, Current term: 0, Majority size: -1, State: 0, Mode: NON_LEADER, active raft config: opid_index: -1 OBSOLETE_local: false peers { permanent_uuid: "af2a421691e1440186d3284f4a6da06b" member_type: VOTER last_known_addr { host: "127.5.208.129" port: 43015 } } peers { permanent_uuid: "d84dabb38aca4d5282422ff4bd7fac4e" member_type: VOTER last_known_addr { host: "127.5.208.130" port: 45861 } } peers { permanent_uuid: "93b115fc4d114d03bb145f25618e4587" member_type: VOTER last_known_addr { host: "127.5.208.131" port: 34263 } }
I20260710 13:19:34.987679  6787 raft_consensus.cc:740] T 301b31e0b1464450b172f5e16ff14b5b P 93b115fc4d114d03bb145f25618e4587 [term 0 FOLLOWER]: Becoming Follower/Learner. State: Replica: 93b115fc4d114d03bb145f25618e4587, State: Initialized, Role: FOLLOWER
I20260710 13:19:34.987883  6747 raft_consensus.cc:2393] T 115539370dc2496785e3ffbeec7c9581 P 93b115fc4d114d03bb145f25618e4587 [term 1 FOLLOWER]: Leader pre-election vote request: Denying vote to candidate af2a421691e1440186d3284f4a6da06b in current term 1: Already voted for candidate 93b115fc4d114d03bb145f25618e4587 in this term.
I20260710 13:19:34.987830  6598 tablet_service.cc:1917] Received RequestConsensusVote() RPC: tablet_id: "115539370dc2496785e3ffbeec7c9581" candidate_uuid: "93b115fc4d114d03bb145f25618e4587" candidate_term: 1 candidate_status { last_received { term: 0 index: 0 } } ignore_live_leader: false dest_uuid: "af2a421691e1440186d3284f4a6da06b"
I20260710 13:19:34.988481  6598 raft_consensus.cc:3060] T 115539370dc2496785e3ffbeec7c9581 P af2a421691e1440186d3284f4a6da06b [term 0 FOLLOWER]: Advancing to term 1
I20260710 13:19:34.988531  6787 consensus_queue.cc:260] T 301b31e0b1464450b172f5e16ff14b5b P 93b115fc4d114d03bb145f25618e4587 [NON_LEADER]: Queue going to NON_LEADER mode. State: All replicated index: 0, Majority replicated index: 0, Committed index: 0, Last appended: 0.0, Last appended by leader: 0, Current term: 0, Majority size: -1, State: 0, Mode: NON_LEADER, active raft config: opid_index: -1 OBSOLETE_local: false peers { permanent_uuid: "af2a421691e1440186d3284f4a6da06b" member_type: VOTER last_known_addr { host: "127.5.208.129" port: 43015 } } peers { permanent_uuid: "d84dabb38aca4d5282422ff4bd7fac4e" member_type: VOTER last_known_addr { host: "127.5.208.130" port: 45861 } } peers { permanent_uuid: "93b115fc4d114d03bb145f25618e4587" member_type: VOTER last_known_addr { host: "127.5.208.131" port: 34263 } }
I20260710 13:19:34.989405  6789 ts_tablet_manager.cc:1434] T d0e1fefa43dc4778b0737f847485e97f P af2a421691e1440186d3284f4a6da06b: Time spent starting tablet: real 0.007s	user 0.003s	sys 0.003s
I20260710 13:19:34.989535  6561 leader_election.cc:304] T 115539370dc2496785e3ffbeec7c9581 P af2a421691e1440186d3284f4a6da06b [CANDIDATE]: Term 1 pre-election: Election decided. Result: candidate lost. Election summary: received 3 responses out of 3 voters: 1 yes votes; 2 no votes. yes voters: af2a421691e1440186d3284f4a6da06b; no voters: 93b115fc4d114d03bb145f25618e4587, d84dabb38aca4d5282422ff4bd7fac4e
I20260710 13:19:34.991222  6787 ts_tablet_manager.cc:1434] T 301b31e0b1464450b172f5e16ff14b5b P 93b115fc4d114d03bb145f25618e4587: Time spent starting tablet: real 0.010s	user 0.003s	sys 0.002s
I20260710 13:19:34.992312  6787 tablet_bootstrap.cc:492] T d1610523e5ef4cd19f0f6c3955e0d962 P 93b115fc4d114d03bb145f25618e4587: Bootstrap starting.
I20260710 13:19:34.992887  6789 tablet_bootstrap.cc:492] T bc1c6a3a60c6442aae33449b64d7fb92 P af2a421691e1440186d3284f4a6da06b: Bootstrap starting.
I20260710 13:19:34.978499  6786 consensus_queue.cc:260] T 2085dc36f9194de9b8630cc1e196a1f7 P d84dabb38aca4d5282422ff4bd7fac4e [NON_LEADER]: Queue going to NON_LEADER mode. State: All replicated index: 0, Majority replicated index: 0, Committed index: 0, Last appended: 0.0, Last appended by leader: 0, Current term: 0, Majority size: -1, State: 0, Mode: NON_LEADER, active raft config: opid_index: -1 OBSOLETE_local: false peers { permanent_uuid: "af2a421691e1440186d3284f4a6da06b" member_type: VOTER last_known_addr { host: "127.5.208.129" port: 43015 } } peers { permanent_uuid: "d84dabb38aca4d5282422ff4bd7fac4e" member_type: VOTER last_known_addr { host: "127.5.208.130" port: 45861 } } peers { permanent_uuid: "93b115fc4d114d03bb145f25618e4587" member_type: VOTER last_known_addr { host: "127.5.208.131" port: 34263 } }
I20260710 13:19:34.996642  6786 ts_tablet_manager.cc:1434] T 2085dc36f9194de9b8630cc1e196a1f7 P d84dabb38aca4d5282422ff4bd7fac4e: Time spent starting tablet: real 0.047s	user 0.008s	sys 0.000s
I20260710 13:19:34.997762  6786 tablet_bootstrap.cc:492] T d0e1fefa43dc4778b0737f847485e97f P d84dabb38aca4d5282422ff4bd7fac4e: Bootstrap starting.
I20260710 13:19:34.999460  6787 tablet_bootstrap.cc:654] T d1610523e5ef4cd19f0f6c3955e0d962 P 93b115fc4d114d03bb145f25618e4587: Neither blocks nor log segments found. Creating new log.
I20260710 13:19:35.000429  6789 tablet_bootstrap.cc:654] T bc1c6a3a60c6442aae33449b64d7fb92 P af2a421691e1440186d3284f4a6da06b: Neither blocks nor log segments found. Creating new log.
I20260710 13:19:35.017972  6786 tablet_bootstrap.cc:654] T d0e1fefa43dc4778b0737f847485e97f P d84dabb38aca4d5282422ff4bd7fac4e: Neither blocks nor log segments found. Creating new log.
I20260710 13:19:35.021220  6673 tablet_service.cc:1917] Received RequestConsensusVote() RPC: tablet_id: "115539370dc2496785e3ffbeec7c9581" candidate_uuid: "93b115fc4d114d03bb145f25618e4587" candidate_term: 1 candidate_status { last_received { term: 0 index: 0 } } ignore_live_leader: false dest_uuid: "d84dabb38aca4d5282422ff4bd7fac4e" is_pre_election: true
I20260710 13:19:35.021611  6672 tablet_service.cc:1917] Received RequestConsensusVote() RPC: tablet_id: "115539370dc2496785e3ffbeec7c9581" candidate_uuid: "93b115fc4d114d03bb145f25618e4587" candidate_term: 1 candidate_status { last_received { term: 0 index: 0 } } ignore_live_leader: false dest_uuid: "d84dabb38aca4d5282422ff4bd7fac4e"
W20260710 13:19:35.026276  6711 leader_election.cc:343] T 115539370dc2496785e3ffbeec7c9581 P 93b115fc4d114d03bb145f25618e4587 [CANDIDATE]: Term 1 pre-election: Tablet error from VoteRequest() call to peer d84dabb38aca4d5282422ff4bd7fac4e (127.5.208.130:45861): Illegal state: must be running to vote when last-logged opid is not known
W20260710 13:19:35.027568  6711 leader_election.cc:343] T 115539370dc2496785e3ffbeec7c9581 P 93b115fc4d114d03bb145f25618e4587 [CANDIDATE]: Term 1 election: Tablet error from VoteRequest() call to peer d84dabb38aca4d5282422ff4bd7fac4e (127.5.208.130:45861): Illegal state: must be running to vote when last-logged opid is not known
I20260710 13:19:35.027719  6598 raft_consensus.cc:2468] T 115539370dc2496785e3ffbeec7c9581 P af2a421691e1440186d3284f4a6da06b [term 1 FOLLOWER]: Leader election vote request: Granting yes vote for candidate 93b115fc4d114d03bb145f25618e4587 in term 1.
I20260710 13:19:35.028210  6787 tablet_bootstrap.cc:492] T d1610523e5ef4cd19f0f6c3955e0d962 P 93b115fc4d114d03bb145f25618e4587: No bootstrap required, opened a new log
I20260710 13:19:35.028376  6793 raft_consensus.cc:2749] T 115539370dc2496785e3ffbeec7c9581 P af2a421691e1440186d3284f4a6da06b [term 1 FOLLOWER]: Leader pre-election lost for term 1. Reason: could not achieve majority
I20260710 13:19:35.028764  6787 ts_tablet_manager.cc:1403] T d1610523e5ef4cd19f0f6c3955e0d962 P 93b115fc4d114d03bb145f25618e4587: Time spent bootstrapping tablet: real 0.037s	user 0.012s	sys 0.008s
I20260710 13:19:35.029778  6710 leader_election.cc:304] T 115539370dc2496785e3ffbeec7c9581 P 93b115fc4d114d03bb145f25618e4587 [CANDIDATE]: Term 1 election: Election decided. Result: candidate won. Election summary: received 3 responses out of 3 voters: 2 yes votes; 1 no votes. yes voters: 93b115fc4d114d03bb145f25618e4587, af2a421691e1440186d3284f4a6da06b; no voters: d84dabb38aca4d5282422ff4bd7fac4e
I20260710 13:19:35.031136  6795 raft_consensus.cc:2804] T 115539370dc2496785e3ffbeec7c9581 P 93b115fc4d114d03bb145f25618e4587 [term 1 FOLLOWER]: Leader election won for term 1
I20260710 13:19:35.034610  6787 raft_consensus.cc:359] T d1610523e5ef4cd19f0f6c3955e0d962 P 93b115fc4d114d03bb145f25618e4587 [term 0 FOLLOWER]: Replica starting. Triggering 0 pending ops. Active config: opid_index: -1 OBSOLETE_local: false peers { permanent_uuid: "af2a421691e1440186d3284f4a6da06b" member_type: VOTER last_known_addr { host: "127.5.208.129" port: 43015 } } peers { permanent_uuid: "d84dabb38aca4d5282422ff4bd7fac4e" member_type: VOTER last_known_addr { host: "127.5.208.130" port: 45861 } } peers { permanent_uuid: "93b115fc4d114d03bb145f25618e4587" member_type: VOTER last_known_addr { host: "127.5.208.131" port: 34263 } }
I20260710 13:19:35.035401  6787 raft_consensus.cc:385] T d1610523e5ef4cd19f0f6c3955e0d962 P 93b115fc4d114d03bb145f25618e4587 [term 0 FOLLOWER]: Consensus starting up: Expiring failure detector timer to make a prompt election more likely
I20260710 13:19:35.035702  6787 raft_consensus.cc:740] T d1610523e5ef4cd19f0f6c3955e0d962 P 93b115fc4d114d03bb145f25618e4587 [term 0 FOLLOWER]: Becoming Follower/Learner. State: Replica: 93b115fc4d114d03bb145f25618e4587, State: Initialized, Role: FOLLOWER
I20260710 13:19:35.036373  6789 tablet_bootstrap.cc:492] T bc1c6a3a60c6442aae33449b64d7fb92 P af2a421691e1440186d3284f4a6da06b: No bootstrap required, opened a new log
I20260710 13:19:35.036966  6789 ts_tablet_manager.cc:1403] T bc1c6a3a60c6442aae33449b64d7fb92 P af2a421691e1440186d3284f4a6da06b: Time spent bootstrapping tablet: real 0.044s	user 0.013s	sys 0.008s
I20260710 13:19:35.042032  6787 consensus_queue.cc:260] T d1610523e5ef4cd19f0f6c3955e0d962 P 93b115fc4d114d03bb145f25618e4587 [NON_LEADER]: Queue going to NON_LEADER mode. State: All replicated index: 0, Majority replicated index: 0, Committed index: 0, Last appended: 0.0, Last appended by leader: 0, Current term: 0, Majority size: -1, State: 0, Mode: NON_LEADER, active raft config: opid_index: -1 OBSOLETE_local: false peers { permanent_uuid: "af2a421691e1440186d3284f4a6da06b" member_type: VOTER last_known_addr { host: "127.5.208.129" port: 43015 } } peers { permanent_uuid: "d84dabb38aca4d5282422ff4bd7fac4e" member_type: VOTER last_known_addr { host: "127.5.208.130" port: 45861 } } peers { permanent_uuid: "93b115fc4d114d03bb145f25618e4587" member_type: VOTER last_known_addr { host: "127.5.208.131" port: 34263 } }
I20260710 13:19:35.043596  6795 raft_consensus.cc:697] T 115539370dc2496785e3ffbeec7c9581 P 93b115fc4d114d03bb145f25618e4587 [term 1 LEADER]: Becoming Leader. State: Replica: 93b115fc4d114d03bb145f25618e4587, State: Running, Role: LEADER
I20260710 13:19:35.046720  6795 consensus_queue.cc:237] T 115539370dc2496785e3ffbeec7c9581 P 93b115fc4d114d03bb145f25618e4587 [LEADER]: Queue going to LEADER mode. State: All replicated index: 0, Majority replicated index: 0, Committed index: 0, Last appended: 0.0, Last appended by leader: 0, Current term: 1, Majority size: 2, State: 0, Mode: LEADER, active raft config: opid_index: -1 OBSOLETE_local: false peers { permanent_uuid: "af2a421691e1440186d3284f4a6da06b" member_type: VOTER last_known_addr { host: "127.5.208.129" port: 43015 } } peers { permanent_uuid: "d84dabb38aca4d5282422ff4bd7fac4e" member_type: VOTER last_known_addr { host: "127.5.208.130" port: 45861 } } peers { permanent_uuid: "93b115fc4d114d03bb145f25618e4587" member_type: VOTER last_known_addr { host: "127.5.208.131" port: 34263 } }
W20260710 13:19:35.047935  6544 auto_rebalancer.cc:288] Could not retrieve cluster info: Service unavailable: Tablet not running
I20260710 13:19:35.048141  6786 tablet_bootstrap.cc:492] T d0e1fefa43dc4778b0737f847485e97f P d84dabb38aca4d5282422ff4bd7fac4e: No bootstrap required, opened a new log
I20260710 13:19:35.048638  6786 ts_tablet_manager.cc:1403] T d0e1fefa43dc4778b0737f847485e97f P d84dabb38aca4d5282422ff4bd7fac4e: Time spent bootstrapping tablet: real 0.051s	user 0.015s	sys 0.012s
I20260710 13:19:35.052392  6786 raft_consensus.cc:359] T d0e1fefa43dc4778b0737f847485e97f P d84dabb38aca4d5282422ff4bd7fac4e [term 0 FOLLOWER]: Replica starting. Triggering 0 pending ops. Active config: opid_index: -1 OBSOLETE_local: false peers { permanent_uuid: "af2a421691e1440186d3284f4a6da06b" member_type: VOTER last_known_addr { host: "127.5.208.129" port: 43015 } } peers { permanent_uuid: "d84dabb38aca4d5282422ff4bd7fac4e" member_type: VOTER last_known_addr { host: "127.5.208.130" port: 45861 } } peers { permanent_uuid: "93b115fc4d114d03bb145f25618e4587" member_type: VOTER last_known_addr { host: "127.5.208.131" port: 34263 } }
I20260710 13:19:35.053030  6789 raft_consensus.cc:359] T bc1c6a3a60c6442aae33449b64d7fb92 P af2a421691e1440186d3284f4a6da06b [term 0 FOLLOWER]: Replica starting. Triggering 0 pending ops. Active config: opid_index: -1 OBSOLETE_local: false peers { permanent_uuid: "af2a421691e1440186d3284f4a6da06b" member_type: VOTER last_known_addr { host: "127.5.208.129" port: 43015 } } peers { permanent_uuid: "d84dabb38aca4d5282422ff4bd7fac4e" member_type: VOTER last_known_addr { host: "127.5.208.130" port: 45861 } } peers { permanent_uuid: "93b115fc4d114d03bb145f25618e4587" member_type: VOTER last_known_addr { host: "127.5.208.131" port: 34263 } }
I20260710 13:19:35.053504  6786 raft_consensus.cc:385] T d0e1fefa43dc4778b0737f847485e97f P d84dabb38aca4d5282422ff4bd7fac4e [term 0 FOLLOWER]: Consensus starting up: Expiring failure detector timer to make a prompt election more likely
I20260710 13:19:35.053807  6789 raft_consensus.cc:385] T bc1c6a3a60c6442aae33449b64d7fb92 P af2a421691e1440186d3284f4a6da06b [term 0 FOLLOWER]: Consensus starting up: Expiring failure detector timer to make a prompt election more likely
I20260710 13:19:35.053966  6786 raft_consensus.cc:740] T d0e1fefa43dc4778b0737f847485e97f P d84dabb38aca4d5282422ff4bd7fac4e [term 0 FOLLOWER]: Becoming Follower/Learner. State: Replica: d84dabb38aca4d5282422ff4bd7fac4e, State: Initialized, Role: FOLLOWER
I20260710 13:19:35.054184  6789 raft_consensus.cc:740] T bc1c6a3a60c6442aae33449b64d7fb92 P af2a421691e1440186d3284f4a6da06b [term 0 FOLLOWER]: Becoming Follower/Learner. State: Replica: af2a421691e1440186d3284f4a6da06b, State: Initialized, Role: FOLLOWER
I20260710 13:19:35.055008  6789 consensus_queue.cc:260] T bc1c6a3a60c6442aae33449b64d7fb92 P af2a421691e1440186d3284f4a6da06b [NON_LEADER]: Queue going to NON_LEADER mode. State: All replicated index: 0, Majority replicated index: 0, Committed index: 0, Last appended: 0.0, Last appended by leader: 0, Current term: 0, Majority size: -1, State: 0, Mode: NON_LEADER, active raft config: opid_index: -1 OBSOLETE_local: false peers { permanent_uuid: "af2a421691e1440186d3284f4a6da06b" member_type: VOTER last_known_addr { host: "127.5.208.129" port: 43015 } } peers { permanent_uuid: "d84dabb38aca4d5282422ff4bd7fac4e" member_type: VOTER last_known_addr { host: "127.5.208.130" port: 45861 } } peers { permanent_uuid: "93b115fc4d114d03bb145f25618e4587" member_type: VOTER last_known_addr { host: "127.5.208.131" port: 34263 } }
I20260710 13:19:35.055207  6786 consensus_queue.cc:260] T d0e1fefa43dc4778b0737f847485e97f P d84dabb38aca4d5282422ff4bd7fac4e [NON_LEADER]: Queue going to NON_LEADER mode. State: All replicated index: 0, Majority replicated index: 0, Committed index: 0, Last appended: 0.0, Last appended by leader: 0, Current term: 0, Majority size: -1, State: 0, Mode: NON_LEADER, active raft config: opid_index: -1 OBSOLETE_local: false peers { permanent_uuid: "af2a421691e1440186d3284f4a6da06b" member_type: VOTER last_known_addr { host: "127.5.208.129" port: 43015 } } peers { permanent_uuid: "d84dabb38aca4d5282422ff4bd7fac4e" member_type: VOTER last_known_addr { host: "127.5.208.130" port: 45861 } } peers { permanent_uuid: "93b115fc4d114d03bb145f25618e4587" member_type: VOTER last_known_addr { host: "127.5.208.131" port: 34263 } }
I20260710 13:19:35.057688  6789 ts_tablet_manager.cc:1434] T bc1c6a3a60c6442aae33449b64d7fb92 P af2a421691e1440186d3284f4a6da06b: Time spent starting tablet: real 0.016s	user 0.007s	sys 0.000s
I20260710 13:19:35.059119  6789 tablet_bootstrap.cc:492] T 2085dc36f9194de9b8630cc1e196a1f7 P af2a421691e1440186d3284f4a6da06b: Bootstrap starting.
I20260710 13:19:35.065752  6786 ts_tablet_manager.cc:1434] T d0e1fefa43dc4778b0737f847485e97f P d84dabb38aca4d5282422ff4bd7fac4e: Time spent starting tablet: real 0.017s	user 0.009s	sys 0.000s
I20260710 13:19:35.067126  6786 tablet_bootstrap.cc:492] T d1610523e5ef4cd19f0f6c3955e0d962 P d84dabb38aca4d5282422ff4bd7fac4e: Bootstrap starting.
I20260710 13:19:35.071061  6787 ts_tablet_manager.cc:1434] T d1610523e5ef4cd19f0f6c3955e0d962 P 93b115fc4d114d03bb145f25618e4587: Time spent starting tablet: real 0.042s	user 0.008s	sys 0.012s
I20260710 13:19:35.072240  6787 tablet_bootstrap.cc:492] T d5f29725411c46e5be2fab46bfd79b64 P 93b115fc4d114d03bb145f25618e4587: Bootstrap starting.
I20260710 13:19:35.073439  6496 catalog_manager.cc:5697] T 115539370dc2496785e3ffbeec7c9581 P 93b115fc4d114d03bb145f25618e4587 reported cstate change: term changed from 0 to 1, leader changed from <none> to 93b115fc4d114d03bb145f25618e4587 (127.5.208.131). New cstate: current_term: 1 leader_uuid: "93b115fc4d114d03bb145f25618e4587" committed_config { opid_index: -1 OBSOLETE_local: false peers { permanent_uuid: "af2a421691e1440186d3284f4a6da06b" member_type: VOTER last_known_addr { host: "127.5.208.129" port: 43015 } health_report { overall_health: UNKNOWN } } peers { permanent_uuid: "d84dabb38aca4d5282422ff4bd7fac4e" member_type: VOTER last_known_addr { host: "127.5.208.130" port: 45861 } health_report { overall_health: UNKNOWN } } peers { permanent_uuid: "93b115fc4d114d03bb145f25618e4587" member_type: VOTER last_known_addr { host: "127.5.208.131" port: 34263 } health_report { overall_health: HEALTHY } } }
I20260710 13:19:35.077502  6789 tablet_bootstrap.cc:654] T 2085dc36f9194de9b8630cc1e196a1f7 P af2a421691e1440186d3284f4a6da06b: Neither blocks nor log segments found. Creating new log.
I20260710 13:19:35.083644  6786 tablet_bootstrap.cc:654] T d1610523e5ef4cd19f0f6c3955e0d962 P d84dabb38aca4d5282422ff4bd7fac4e: Neither blocks nor log segments found. Creating new log.
I20260710 13:19:35.085362  6810 raft_consensus.cc:493] T bc1c6a3a60c6442aae33449b64d7fb92 P af2a421691e1440186d3284f4a6da06b [term 0 FOLLOWER]: Starting pre-election (no leader contacted us within the election timeout)
I20260710 13:19:35.085914  6810 raft_consensus.cc:515] T bc1c6a3a60c6442aae33449b64d7fb92 P af2a421691e1440186d3284f4a6da06b [term 0 FOLLOWER]: Starting pre-election with config: opid_index: -1 OBSOLETE_local: false peers { permanent_uuid: "af2a421691e1440186d3284f4a6da06b" member_type: VOTER last_known_addr { host: "127.5.208.129" port: 43015 } } peers { permanent_uuid: "d84dabb38aca4d5282422ff4bd7fac4e" member_type: VOTER last_known_addr { host: "127.5.208.130" port: 45861 } } peers { permanent_uuid: "93b115fc4d114d03bb145f25618e4587" member_type: VOTER last_known_addr { host: "127.5.208.131" port: 34263 } }
I20260710 13:19:35.088574  6810 leader_election.cc:290] T bc1c6a3a60c6442aae33449b64d7fb92 P af2a421691e1440186d3284f4a6da06b [CANDIDATE]: Term 1 pre-election: Requested pre-vote from peers d84dabb38aca4d5282422ff4bd7fac4e (127.5.208.130:45861), 93b115fc4d114d03bb145f25618e4587 (127.5.208.131:34263)
I20260710 13:19:35.089124  6787 tablet_bootstrap.cc:654] T d5f29725411c46e5be2fab46bfd79b64 P 93b115fc4d114d03bb145f25618e4587: Neither blocks nor log segments found. Creating new log.
I20260710 13:19:35.089677  6747 tablet_service.cc:1917] Received RequestConsensusVote() RPC: tablet_id: "bc1c6a3a60c6442aae33449b64d7fb92" candidate_uuid: "af2a421691e1440186d3284f4a6da06b" candidate_term: 1 candidate_status { last_received { term: 0 index: 0 } } ignore_live_leader: false dest_uuid: "93b115fc4d114d03bb145f25618e4587" is_pre_election: true
I20260710 13:19:35.091035  6672 tablet_service.cc:1917] Received RequestConsensusVote() RPC: tablet_id: "bc1c6a3a60c6442aae33449b64d7fb92" candidate_uuid: "af2a421691e1440186d3284f4a6da06b" candidate_term: 1 candidate_status { last_received { term: 0 index: 0 } } ignore_live_leader: false dest_uuid: "d84dabb38aca4d5282422ff4bd7fac4e" is_pre_election: true
W20260710 13:19:35.091208  6561 leader_election.cc:343] T bc1c6a3a60c6442aae33449b64d7fb92 P af2a421691e1440186d3284f4a6da06b [CANDIDATE]: Term 1 pre-election: Tablet error from VoteRequest() call to peer 93b115fc4d114d03bb145f25618e4587 (127.5.208.131:34263): Illegal state: must be running to vote when last-logged opid is not known
I20260710 13:19:35.091693  6672 raft_consensus.cc:2468] T bc1c6a3a60c6442aae33449b64d7fb92 P d84dabb38aca4d5282422ff4bd7fac4e [term 0 FOLLOWER]: Leader pre-election vote request: Granting yes vote for candidate af2a421691e1440186d3284f4a6da06b in term 0.
I20260710 13:19:35.092974  6562 leader_election.cc:304] T bc1c6a3a60c6442aae33449b64d7fb92 P af2a421691e1440186d3284f4a6da06b [CANDIDATE]: Term 1 pre-election: Election decided. Result: candidate won. Election summary: received 3 responses out of 3 voters: 2 yes votes; 1 no votes. yes voters: af2a421691e1440186d3284f4a6da06b, d84dabb38aca4d5282422ff4bd7fac4e; no voters: 93b115fc4d114d03bb145f25618e4587
I20260710 13:19:35.094010  6810 raft_consensus.cc:493] T d5f29725411c46e5be2fab46bfd79b64 P af2a421691e1440186d3284f4a6da06b [term 0 FOLLOWER]: Starting pre-election (no leader contacted us within the election timeout)
I20260710 13:19:35.094521  6810 raft_consensus.cc:515] T d5f29725411c46e5be2fab46bfd79b64 P af2a421691e1440186d3284f4a6da06b [term 0 FOLLOWER]: Starting pre-election with config: opid_index: -1 OBSOLETE_local: false peers { permanent_uuid: "af2a421691e1440186d3284f4a6da06b" member_type: VOTER last_known_addr { host: "127.5.208.129" port: 43015 } } peers { permanent_uuid: "d84dabb38aca4d5282422ff4bd7fac4e" member_type: VOTER last_known_addr { host: "127.5.208.130" port: 45861 } } peers { permanent_uuid: "93b115fc4d114d03bb145f25618e4587" member_type: VOTER last_known_addr { host: "127.5.208.131" port: 34263 } }
I20260710 13:19:35.096308  6787 tablet_bootstrap.cc:492] T d5f29725411c46e5be2fab46bfd79b64 P 93b115fc4d114d03bb145f25618e4587: No bootstrap required, opened a new log
I20260710 13:19:35.096868  6810 leader_election.cc:290] T d5f29725411c46e5be2fab46bfd79b64 P af2a421691e1440186d3284f4a6da06b [CANDIDATE]: Term 1 pre-election: Requested pre-vote from peers d84dabb38aca4d5282422ff4bd7fac4e (127.5.208.130:45861), 93b115fc4d114d03bb145f25618e4587 (127.5.208.131:34263)
I20260710 13:19:35.096961  6787 ts_tablet_manager.cc:1403] T d5f29725411c46e5be2fab46bfd79b64 P 93b115fc4d114d03bb145f25618e4587: Time spent bootstrapping tablet: real 0.025s	user 0.011s	sys 0.003s
I20260710 13:19:35.098332  6747 tablet_service.cc:1917] Received RequestConsensusVote() RPC: tablet_id: "d5f29725411c46e5be2fab46bfd79b64" candidate_uuid: "af2a421691e1440186d3284f4a6da06b" candidate_term: 1 candidate_status { last_received { term: 0 index: 0 } } ignore_live_leader: false dest_uuid: "93b115fc4d114d03bb145f25618e4587" is_pre_election: true
I20260710 13:19:35.099157  6672 tablet_service.cc:1917] Received RequestConsensusVote() RPC: tablet_id: "d5f29725411c46e5be2fab46bfd79b64" candidate_uuid: "af2a421691e1440186d3284f4a6da06b" candidate_term: 1 candidate_status { last_received { term: 0 index: 0 } } ignore_live_leader: false dest_uuid: "d84dabb38aca4d5282422ff4bd7fac4e" is_pre_election: true
I20260710 13:19:35.099617  6786 tablet_bootstrap.cc:492] T d1610523e5ef4cd19f0f6c3955e0d962 P d84dabb38aca4d5282422ff4bd7fac4e: No bootstrap required, opened a new log
I20260710 13:19:35.100131  6786 ts_tablet_manager.cc:1403] T d1610523e5ef4cd19f0f6c3955e0d962 P d84dabb38aca4d5282422ff4bd7fac4e: Time spent bootstrapping tablet: real 0.033s	user 0.010s	sys 0.002s
I20260710 13:19:35.100222  6816 raft_consensus.cc:493] T ffc79181354a4de8935cfbed77318694 P 93b115fc4d114d03bb145f25618e4587 [term 0 FOLLOWER]: Starting pre-election (no leader contacted us within the election timeout)
W20260710 13:19:35.100271  6561 leader_election.cc:343] T d5f29725411c46e5be2fab46bfd79b64 P af2a421691e1440186d3284f4a6da06b [CANDIDATE]: Term 1 pre-election: Tablet error from VoteRequest() call to peer 93b115fc4d114d03bb145f25618e4587 (127.5.208.131:34263): Illegal state: must be running to vote when last-logged opid is not known
W20260710 13:19:35.101032  6562 leader_election.cc:343] T d5f29725411c46e5be2fab46bfd79b64 P af2a421691e1440186d3284f4a6da06b [CANDIDATE]: Term 1 pre-election: Tablet error from VoteRequest() call to peer d84dabb38aca4d5282422ff4bd7fac4e (127.5.208.130:45861): Illegal state: must be running to vote when last-logged opid is not known
I20260710 13:19:35.100970  6816 raft_consensus.cc:515] T ffc79181354a4de8935cfbed77318694 P 93b115fc4d114d03bb145f25618e4587 [term 0 FOLLOWER]: Starting pre-election with config: opid_index: -1 OBSOLETE_local: false peers { permanent_uuid: "d84dabb38aca4d5282422ff4bd7fac4e" member_type: VOTER last_known_addr { host: "127.5.208.130" port: 45861 } } peers { permanent_uuid: "93b115fc4d114d03bb145f25618e4587" member_type: VOTER last_known_addr { host: "127.5.208.131" port: 34263 } } peers { permanent_uuid: "af2a421691e1440186d3284f4a6da06b" member_type: VOTER last_known_addr { host: "127.5.208.129" port: 43015 } }
I20260710 13:19:35.101632  6562 leader_election.cc:304] T d5f29725411c46e5be2fab46bfd79b64 P af2a421691e1440186d3284f4a6da06b [CANDIDATE]: Term 1 pre-election: Election decided. Result: candidate lost. Election summary: received 3 responses out of 3 voters: 1 yes votes; 2 no votes. yes voters: af2a421691e1440186d3284f4a6da06b; no voters: 93b115fc4d114d03bb145f25618e4587, d84dabb38aca4d5282422ff4bd7fac4e
I20260710 13:19:35.102442  6793 raft_consensus.cc:2749] T d5f29725411c46e5be2fab46bfd79b64 P af2a421691e1440186d3284f4a6da06b [term 0 FOLLOWER]: Leader pre-election lost for term 1. Reason: could not achieve majority
I20260710 13:19:35.103649  6816 leader_election.cc:290] T ffc79181354a4de8935cfbed77318694 P 93b115fc4d114d03bb145f25618e4587 [CANDIDATE]: Term 1 pre-election: Requested pre-vote from peers d84dabb38aca4d5282422ff4bd7fac4e (127.5.208.130:45861), af2a421691e1440186d3284f4a6da06b (127.5.208.129:43015)
I20260710 13:19:35.104461  6672 tablet_service.cc:1917] Received RequestConsensusVote() RPC: tablet_id: "ffc79181354a4de8935cfbed77318694" candidate_uuid: "93b115fc4d114d03bb145f25618e4587" candidate_term: 1 candidate_status { last_received { term: 0 index: 0 } } ignore_live_leader: false dest_uuid: "d84dabb38aca4d5282422ff4bd7fac4e" is_pre_election: true
I20260710 13:19:35.105223  6598 tablet_service.cc:1917] Received RequestConsensusVote() RPC: tablet_id: "ffc79181354a4de8935cfbed77318694" candidate_uuid: "93b115fc4d114d03bb145f25618e4587" candidate_term: 1 candidate_status { last_received { term: 0 index: 0 } } ignore_live_leader: false dest_uuid: "af2a421691e1440186d3284f4a6da06b" is_pre_election: true
I20260710 13:19:35.105300  6787 raft_consensus.cc:359] T d5f29725411c46e5be2fab46bfd79b64 P 93b115fc4d114d03bb145f25618e4587 [term 0 FOLLOWER]: Replica starting. Triggering 0 pending ops. Active config: opid_index: -1 OBSOLETE_local: false peers { permanent_uuid: "af2a421691e1440186d3284f4a6da06b" member_type: VOTER last_known_addr { host: "127.5.208.129" port: 43015 } } peers { permanent_uuid: "d84dabb38aca4d5282422ff4bd7fac4e" member_type: VOTER last_known_addr { host: "127.5.208.130" port: 45861 } } peers { permanent_uuid: "93b115fc4d114d03bb145f25618e4587" member_type: VOTER last_known_addr { host: "127.5.208.131" port: 34263 } }
W20260710 13:19:35.105912  6711 leader_election.cc:343] T ffc79181354a4de8935cfbed77318694 P 93b115fc4d114d03bb145f25618e4587 [CANDIDATE]: Term 1 pre-election: Tablet error from VoteRequest() call to peer d84dabb38aca4d5282422ff4bd7fac4e (127.5.208.130:45861): Illegal state: must be running to vote when last-logged opid is not known
I20260710 13:19:35.106678  6787 raft_consensus.cc:385] T d5f29725411c46e5be2fab46bfd79b64 P 93b115fc4d114d03bb145f25618e4587 [term 0 FOLLOWER]: Consensus starting up: Expiring failure detector timer to make a prompt election more likely
I20260710 13:19:35.100970  6810 raft_consensus.cc:2804] T bc1c6a3a60c6442aae33449b64d7fb92 P af2a421691e1440186d3284f4a6da06b [term 0 FOLLOWER]: Leader pre-election won for term 1
W20260710 13:19:35.107101  6710 leader_election.cc:343] T ffc79181354a4de8935cfbed77318694 P 93b115fc4d114d03bb145f25618e4587 [CANDIDATE]: Term 1 pre-election: Tablet error from VoteRequest() call to peer af2a421691e1440186d3284f4a6da06b (127.5.208.129:43015): Illegal state: must be running to vote when last-logged opid is not known
I20260710 13:19:35.107270  6810 raft_consensus.cc:493] T bc1c6a3a60c6442aae33449b64d7fb92 P af2a421691e1440186d3284f4a6da06b [term 0 FOLLOWER]: Starting leader election (no leader contacted us within the election timeout)
I20260710 13:19:35.107141  6787 raft_consensus.cc:740] T d5f29725411c46e5be2fab46bfd79b64 P 93b115fc4d114d03bb145f25618e4587 [term 0 FOLLOWER]: Becoming Follower/Learner. State: Replica: 93b115fc4d114d03bb145f25618e4587, State: Initialized, Role: FOLLOWER
I20260710 13:19:35.107859  6810 raft_consensus.cc:3060] T bc1c6a3a60c6442aae33449b64d7fb92 P af2a421691e1440186d3284f4a6da06b [term 0 FOLLOWER]: Advancing to term 1
I20260710 13:19:35.107687  6710 leader_election.cc:304] T ffc79181354a4de8935cfbed77318694 P 93b115fc4d114d03bb145f25618e4587 [CANDIDATE]: Term 1 pre-election: Election decided. Result: candidate lost. Election summary: received 3 responses out of 3 voters: 1 yes votes; 2 no votes. yes voters: 93b115fc4d114d03bb145f25618e4587; no voters: af2a421691e1440186d3284f4a6da06b, d84dabb38aca4d5282422ff4bd7fac4e
I20260710 13:19:35.108604  6816 raft_consensus.cc:2749] T ffc79181354a4de8935cfbed77318694 P 93b115fc4d114d03bb145f25618e4587 [term 0 FOLLOWER]: Leader pre-election lost for term 1. Reason: could not achieve majority
I20260710 13:19:35.109306  6786 raft_consensus.cc:359] T d1610523e5ef4cd19f0f6c3955e0d962 P d84dabb38aca4d5282422ff4bd7fac4e [term 0 FOLLOWER]: Replica starting. Triggering 0 pending ops. Active config: opid_index: -1 OBSOLETE_local: false peers { permanent_uuid: "af2a421691e1440186d3284f4a6da06b" member_type: VOTER last_known_addr { host: "127.5.208.129" port: 43015 } } peers { permanent_uuid: "d84dabb38aca4d5282422ff4bd7fac4e" member_type: VOTER last_known_addr { host: "127.5.208.130" port: 45861 } } peers { permanent_uuid: "93b115fc4d114d03bb145f25618e4587" member_type: VOTER last_known_addr { host: "127.5.208.131" port: 34263 } }
I20260710 13:19:35.110055  6786 raft_consensus.cc:385] T d1610523e5ef4cd19f0f6c3955e0d962 P d84dabb38aca4d5282422ff4bd7fac4e [term 0 FOLLOWER]: Consensus starting up: Expiring failure detector timer to make a prompt election more likely
I20260710 13:19:35.109532  6787 consensus_queue.cc:260] T d5f29725411c46e5be2fab46bfd79b64 P 93b115fc4d114d03bb145f25618e4587 [NON_LEADER]: Queue going to NON_LEADER mode. State: All replicated index: 0, Majority replicated index: 0, Committed index: 0, Last appended: 0.0, Last appended by leader: 0, Current term: 0, Majority size: -1, State: 0, Mode: NON_LEADER, active raft config: opid_index: -1 OBSOLETE_local: false peers { permanent_uuid: "af2a421691e1440186d3284f4a6da06b" member_type: VOTER last_known_addr { host: "127.5.208.129" port: 43015 } } peers { permanent_uuid: "d84dabb38aca4d5282422ff4bd7fac4e" member_type: VOTER last_known_addr { host: "127.5.208.130" port: 45861 } } peers { permanent_uuid: "93b115fc4d114d03bb145f25618e4587" member_type: VOTER last_known_addr { host: "127.5.208.131" port: 34263 } }
I20260710 13:19:35.110363  6786 raft_consensus.cc:740] T d1610523e5ef4cd19f0f6c3955e0d962 P d84dabb38aca4d5282422ff4bd7fac4e [term 0 FOLLOWER]: Becoming Follower/Learner. State: Replica: d84dabb38aca4d5282422ff4bd7fac4e, State: Initialized, Role: FOLLOWER
I20260710 13:19:35.111222  6786 consensus_queue.cc:260] T d1610523e5ef4cd19f0f6c3955e0d962 P d84dabb38aca4d5282422ff4bd7fac4e [NON_LEADER]: Queue going to NON_LEADER mode. State: All replicated index: 0, Majority replicated index: 0, Committed index: 0, Last appended: 0.0, Last appended by leader: 0, Current term: 0, Majority size: -1, State: 0, Mode: NON_LEADER, active raft config: opid_index: -1 OBSOLETE_local: false peers { permanent_uuid: "af2a421691e1440186d3284f4a6da06b" member_type: VOTER last_known_addr { host: "127.5.208.129" port: 43015 } } peers { permanent_uuid: "d84dabb38aca4d5282422ff4bd7fac4e" member_type: VOTER last_known_addr { host: "127.5.208.130" port: 45861 } } peers { permanent_uuid: "93b115fc4d114d03bb145f25618e4587" member_type: VOTER last_known_addr { host: "127.5.208.131" port: 34263 } }
I20260710 13:19:35.115284  6787 ts_tablet_manager.cc:1434] T d5f29725411c46e5be2fab46bfd79b64 P 93b115fc4d114d03bb145f25618e4587: Time spent starting tablet: real 0.018s	user 0.008s	sys 0.000s
I20260710 13:19:35.116093  6786 ts_tablet_manager.cc:1434] T d1610523e5ef4cd19f0f6c3955e0d962 P d84dabb38aca4d5282422ff4bd7fac4e: Time spent starting tablet: real 0.016s	user 0.007s	sys 0.000s
I20260710 13:19:35.116852  6787 tablet_bootstrap.cc:492] T d0e1fefa43dc4778b0737f847485e97f P 93b115fc4d114d03bb145f25618e4587: Bootstrap starting.
I20260710 13:19:35.117159  6786 tablet_bootstrap.cc:492] T 115539370dc2496785e3ffbeec7c9581 P d84dabb38aca4d5282422ff4bd7fac4e: Bootstrap starting.
I20260710 13:19:35.118717  6789 tablet_bootstrap.cc:492] T 2085dc36f9194de9b8630cc1e196a1f7 P af2a421691e1440186d3284f4a6da06b: No bootstrap required, opened a new log
I20260710 13:19:35.119269  6789 ts_tablet_manager.cc:1403] T 2085dc36f9194de9b8630cc1e196a1f7 P af2a421691e1440186d3284f4a6da06b: Time spent bootstrapping tablet: real 0.060s	user 0.011s	sys 0.007s
