I20260710 13:19:59.052282 12995 raft_consensus.cc:2955] T dfef5f87fb854b3592ffb5af7b43e5a3 P c0faba714289493d99ae99f39f63f2b9 [term 1 LEADER]: Committing config change with OpId 1.2: config changed from index -1 to 2, NON_VOTER c3f472997d204e0d91409cf878c19ceb (127.10.245.4) added. New config: { opid_index: 2 OBSOLETE_local: false peers { permanent_uuid: "fa61f5762c76479e9e5d2ddd14fa50ad" member_type: VOTER last_known_addr { host: "127.10.245.1" port: 43111 } attrs { replace: true } } peers { permanent_uuid: "c0faba714289493d99ae99f39f63f2b9" member_type: VOTER last_known_addr { host: "127.10.245.2" port: 39623 } } peers { permanent_uuid: "68cc8546c0d348f0b1110e8fd5957e54" member_type: VOTER last_known_addr { host: "127.10.245.3" port: 46223 } } peers { permanent_uuid: "c3f472997d204e0d91409cf878c19ceb" member_type: NON_VOTER last_known_addr { host: "127.10.245.4" port: 39899 } attrs { promote: true } } }
I20260710 13:19:59.053503 12360 raft_consensus.cc:2955] T dfef5f87fb854b3592ffb5af7b43e5a3 P fa61f5762c76479e9e5d2ddd14fa50ad [term 1 FOLLOWER]: Committing config change with OpId 1.2: config changed from index -1 to 2, NON_VOTER c3f472997d204e0d91409cf878c19ceb (127.10.245.4) added. New config: { opid_index: 2 OBSOLETE_local: false peers { permanent_uuid: "fa61f5762c76479e9e5d2ddd14fa50ad" member_type: VOTER last_known_addr { host: "127.10.245.1" port: 43111 } attrs { replace: true } } peers { permanent_uuid: "c0faba714289493d99ae99f39f63f2b9" member_type: VOTER last_known_addr { host: "127.10.245.2" port: 39623 } } peers { permanent_uuid: "68cc8546c0d348f0b1110e8fd5957e54" member_type: VOTER last_known_addr { host: "127.10.245.3" port: 46223 } } peers { permanent_uuid: "c3f472997d204e0d91409cf878c19ceb" member_type: NON_VOTER last_known_addr { host: "127.10.245.4" port: 39899 } attrs { promote: true } } }
I20260710 13:19:59.055819 12507 raft_consensus.cc:2955] T dfef5f87fb854b3592ffb5af7b43e5a3 P 68cc8546c0d348f0b1110e8fd5957e54 [term 1 FOLLOWER]: Committing config change with OpId 1.2: config changed from index -1 to 2, NON_VOTER c3f472997d204e0d91409cf878c19ceb (127.10.245.4) added. New config: { opid_index: 2 OBSOLETE_local: false peers { permanent_uuid: "fa61f5762c76479e9e5d2ddd14fa50ad" member_type: VOTER last_known_addr { host: "127.10.245.1" port: 43111 } attrs { replace: true } } peers { permanent_uuid: "c0faba714289493d99ae99f39f63f2b9" member_type: VOTER last_known_addr { host: "127.10.245.2" port: 39623 } } peers { permanent_uuid: "68cc8546c0d348f0b1110e8fd5957e54" member_type: VOTER last_known_addr { host: "127.10.245.3" port: 46223 } } peers { permanent_uuid: "c3f472997d204e0d91409cf878c19ceb" member_type: NON_VOTER last_known_addr { host: "127.10.245.4" port: 39899 } attrs { promote: true } } }
I20260710 13:19:59.071193 12255 catalog_manager.cc:5697] T dfef5f87fb854b3592ffb5af7b43e5a3 P fa61f5762c76479e9e5d2ddd14fa50ad reported cstate change: config changed from index -1 to 2, NON_VOTER c3f472997d204e0d91409cf878c19ceb (127.10.245.4) added. New cstate: current_term: 1 leader_uuid: "c0faba714289493d99ae99f39f63f2b9" committed_config { opid_index: 2 OBSOLETE_local: false peers { permanent_uuid: "fa61f5762c76479e9e5d2ddd14fa50ad" member_type: VOTER last_known_addr { host: "127.10.245.1" port: 43111 } attrs { replace: true } } peers { permanent_uuid: "c0faba714289493d99ae99f39f63f2b9" member_type: VOTER last_known_addr { host: "127.10.245.2" port: 39623 } } peers { permanent_uuid: "68cc8546c0d348f0b1110e8fd5957e54" member_type: VOTER last_known_addr { host: "127.10.245.3" port: 46223 } } peers { permanent_uuid: "c3f472997d204e0d91409cf878c19ceb" member_type: NON_VOTER last_known_addr { host: "127.10.245.4" port: 39899 } attrs { promote: true } } }
I20260710 13:19:59.089581 12507 consensus_queue.cc:237] T ecec11a9c85e4fcabaf4ab83df20db12 P 68cc8546c0d348f0b1110e8fd5957e54 [LEADER]: Queue going to LEADER mode. State: All replicated index: 0, Majority replicated index: 1, Committed index: 1, Last appended: 1.1, Last appended by leader: 0, Current term: 1, Majority size: 2, State: 0, Mode: LEADER, active raft config: opid_index: 2 OBSOLETE_local: false peers { permanent_uuid: "fa61f5762c76479e9e5d2ddd14fa50ad" member_type: VOTER last_known_addr { host: "127.10.245.1" port: 43111 } } peers { permanent_uuid: "68cc8546c0d348f0b1110e8fd5957e54" member_type: VOTER last_known_addr { host: "127.10.245.3" port: 46223 } } peers { permanent_uuid: "c0faba714289493d99ae99f39f63f2b9" member_type: VOTER last_known_addr { host: "127.10.245.2" port: 39623 } attrs { replace: true } } peers { permanent_uuid: "c3f472997d204e0d91409cf878c19ceb" member_type: NON_VOTER last_known_addr { host: "127.10.245.4" port: 39899 } attrs { promote: true } }
I20260710 13:19:59.105769 12434 raft_consensus.cc:1275] T ecec11a9c85e4fcabaf4ab83df20db12 P c0faba714289493d99ae99f39f63f2b9 [term 1 FOLLOWER]: Refusing update from remote peer 68cc8546c0d348f0b1110e8fd5957e54: Log matching property violated. Preceding OpId in replica: term: 1 index: 1. Preceding OpId from leader: term: 1 index: 2. (index mismatch)
I20260710 13:19:59.107039 12360 raft_consensus.cc:1275] T ecec11a9c85e4fcabaf4ab83df20db12 P fa61f5762c76479e9e5d2ddd14fa50ad [term 1 FOLLOWER]: Refusing update from remote peer 68cc8546c0d348f0b1110e8fd5957e54: Log matching property violated. Preceding OpId in replica: term: 1 index: 1. Preceding OpId from leader: term: 1 index: 2. (index mismatch)
I20260710 13:19:59.109138 13028 consensus_queue.cc:1048] T ecec11a9c85e4fcabaf4ab83df20db12 P 68cc8546c0d348f0b1110e8fd5957e54 [LEADER]: Connected to new peer: Peer: permanent_uuid: "fa61f5762c76479e9e5d2ddd14fa50ad" member_type: VOTER last_known_addr { host: "127.10.245.1" port: 43111 }, Status: LMP_MISMATCH, Last received: 0.0, Next index: 2, Last known committed idx: 1, Time since last communication: 0.001s
I20260710 13:19:59.110896 13028 consensus_queue.cc:1048] T ecec11a9c85e4fcabaf4ab83df20db12 P 68cc8546c0d348f0b1110e8fd5957e54 [LEADER]: Connected to new peer: Peer: permanent_uuid: "c0faba714289493d99ae99f39f63f2b9" member_type: VOTER last_known_addr { host: "127.10.245.2" port: 39623 } attrs { replace: true }, Status: LMP_MISMATCH, Last received: 0.0, Next index: 2, Last known committed idx: 1, Time since last communication: 0.002s
W20260710 13:19:59.118412 12475 consensus_peers.cc:597] T ecec11a9c85e4fcabaf4ab83df20db12 P 68cc8546c0d348f0b1110e8fd5957e54 -> Peer c3f472997d204e0d91409cf878c19ceb (127.10.245.4:39899): Couldn't send request to peer c3f472997d204e0d91409cf878c19ceb. Error code: TABLET_NOT_FOUND (6). Status: Not found: Tablet not found: ecec11a9c85e4fcabaf4ab83df20db12. This is attempt 1: this message will repeat every 5th retry.
I20260710 13:19:59.130496 12994 raft_consensus.cc:2955] T ecec11a9c85e4fcabaf4ab83df20db12 P 68cc8546c0d348f0b1110e8fd5957e54 [term 1 LEADER]: Committing config change with OpId 1.2: config changed from index -1 to 2, NON_VOTER c3f472997d204e0d91409cf878c19ceb (127.10.245.4) added. New config: { opid_index: 2 OBSOLETE_local: false peers { permanent_uuid: "fa61f5762c76479e9e5d2ddd14fa50ad" member_type: VOTER last_known_addr { host: "127.10.245.1" port: 43111 } } peers { permanent_uuid: "68cc8546c0d348f0b1110e8fd5957e54" member_type: VOTER last_known_addr { host: "127.10.245.3" port: 46223 } } peers { permanent_uuid: "c0faba714289493d99ae99f39f63f2b9" member_type: VOTER last_known_addr { host: "127.10.245.2" port: 39623 } attrs { replace: true } } peers { permanent_uuid: "c3f472997d204e0d91409cf878c19ceb" member_type: NON_VOTER last_known_addr { host: "127.10.245.4" port: 39899 } attrs { promote: true } } }
I20260710 13:19:59.146095 12436 raft_consensus.cc:2955] T ecec11a9c85e4fcabaf4ab83df20db12 P c0faba714289493d99ae99f39f63f2b9 [term 1 FOLLOWER]: Committing config change with OpId 1.2: config changed from index -1 to 2, NON_VOTER c3f472997d204e0d91409cf878c19ceb (127.10.245.4) added. New config: { opid_index: 2 OBSOLETE_local: false peers { permanent_uuid: "fa61f5762c76479e9e5d2ddd14fa50ad" member_type: VOTER last_known_addr { host: "127.10.245.1" port: 43111 } } peers { permanent_uuid: "68cc8546c0d348f0b1110e8fd5957e54" member_type: VOTER last_known_addr { host: "127.10.245.3" port: 46223 } } peers { permanent_uuid: "c0faba714289493d99ae99f39f63f2b9" member_type: VOTER last_known_addr { host: "127.10.245.2" port: 39623 } attrs { replace: true } } peers { permanent_uuid: "c3f472997d204e0d91409cf878c19ceb" member_type: NON_VOTER last_known_addr { host: "127.10.245.4" port: 39899 } attrs { promote: true } } }
I20260710 13:19:59.151582 12360 raft_consensus.cc:2955] T ecec11a9c85e4fcabaf4ab83df20db12 P fa61f5762c76479e9e5d2ddd14fa50ad [term 1 FOLLOWER]: Committing config change with OpId 1.2: config changed from index -1 to 2, NON_VOTER c3f472997d204e0d91409cf878c19ceb (127.10.245.4) added. New config: { opid_index: 2 OBSOLETE_local: false peers { permanent_uuid: "fa61f5762c76479e9e5d2ddd14fa50ad" member_type: VOTER last_known_addr { host: "127.10.245.1" port: 43111 } } peers { permanent_uuid: "68cc8546c0d348f0b1110e8fd5957e54" member_type: VOTER last_known_addr { host: "127.10.245.3" port: 46223 } } peers { permanent_uuid: "c0faba714289493d99ae99f39f63f2b9" member_type: VOTER last_known_addr { host: "127.10.245.2" port: 39623 } attrs { replace: true } } peers { permanent_uuid: "c3f472997d204e0d91409cf878c19ceb" member_type: NON_VOTER last_known_addr { host: "127.10.245.4" port: 39899 } attrs { promote: true } } }
I20260710 13:19:59.153119 12434 consensus_queue.cc:237] T 15afdebfc94947ff9f753200cd769c22 P c0faba714289493d99ae99f39f63f2b9 [LEADER]: Queue going to LEADER mode. State: All replicated index: 0, Majority replicated index: 1, Committed index: 1, Last appended: 1.1, Last appended by leader: 0, Current term: 1, Majority size: 2, State: 0, Mode: LEADER, active raft config: opid_index: 2 OBSOLETE_local: false peers { permanent_uuid: "fa61f5762c76479e9e5d2ddd14fa50ad" member_type: VOTER last_known_addr { host: "127.10.245.1" port: 43111 } } peers { permanent_uuid: "c0faba714289493d99ae99f39f63f2b9" member_type: VOTER last_known_addr { host: "127.10.245.2" port: 39623 } } peers { permanent_uuid: "68cc8546c0d348f0b1110e8fd5957e54" member_type: VOTER last_known_addr { host: "127.10.245.3" port: 46223 } attrs { replace: true } } peers { permanent_uuid: "c3f472997d204e0d91409cf878c19ceb" member_type: NON_VOTER last_known_addr { host: "127.10.245.4" port: 39899 } attrs { promote: true } }
I20260710 13:19:59.167413 12259 catalog_manager.cc:5697] T ecec11a9c85e4fcabaf4ab83df20db12 P c0faba714289493d99ae99f39f63f2b9 reported cstate change: config changed from index -1 to 2, NON_VOTER c3f472997d204e0d91409cf878c19ceb (127.10.245.4) added. New cstate: current_term: 1 leader_uuid: "68cc8546c0d348f0b1110e8fd5957e54" committed_config { opid_index: 2 OBSOLETE_local: false peers { permanent_uuid: "fa61f5762c76479e9e5d2ddd14fa50ad" member_type: VOTER last_known_addr { host: "127.10.245.1" port: 43111 } } peers { permanent_uuid: "68cc8546c0d348f0b1110e8fd5957e54" member_type: VOTER last_known_addr { host: "127.10.245.3" port: 46223 } } peers { permanent_uuid: "c0faba714289493d99ae99f39f63f2b9" member_type: VOTER last_known_addr { host: "127.10.245.2" port: 39623 } attrs { replace: true } } peers { permanent_uuid: "c3f472997d204e0d91409cf878c19ceb" member_type: NON_VOTER last_known_addr { host: "127.10.245.4" port: 39899 } attrs { promote: true } } }
I20260710 13:19:59.174978 12507 raft_consensus.cc:1275] T 15afdebfc94947ff9f753200cd769c22 P 68cc8546c0d348f0b1110e8fd5957e54 [term 1 FOLLOWER]: Refusing update from remote peer c0faba714289493d99ae99f39f63f2b9: Log matching property violated. Preceding OpId in replica: term: 1 index: 1. Preceding OpId from leader: term: 1 index: 2. (index mismatch)
W20260710 13:19:59.175429 12401 consensus_peers.cc:597] T 15afdebfc94947ff9f753200cd769c22 P c0faba714289493d99ae99f39f63f2b9 -> Peer c3f472997d204e0d91409cf878c19ceb (127.10.245.4:39899): Couldn't send request to peer c3f472997d204e0d91409cf878c19ceb. Error code: TABLET_NOT_FOUND (6). Status: Not found: Tablet not found: 15afdebfc94947ff9f753200cd769c22. This is attempt 1: this message will repeat every 5th retry.
I20260710 13:19:59.176826 12995 consensus_queue.cc:1048] T 15afdebfc94947ff9f753200cd769c22 P c0faba714289493d99ae99f39f63f2b9 [LEADER]: Connected to new peer: Peer: permanent_uuid: "68cc8546c0d348f0b1110e8fd5957e54" member_type: VOTER last_known_addr { host: "127.10.245.3" port: 46223 } attrs { replace: true }, Status: LMP_MISMATCH, Last received: 0.0, Next index: 2, Last known committed idx: 1, Time since last communication: 0.000s
I20260710 13:19:59.178679 12359 raft_consensus.cc:1275] T 15afdebfc94947ff9f753200cd769c22 P fa61f5762c76479e9e5d2ddd14fa50ad [term 1 FOLLOWER]: Refusing update from remote peer c0faba714289493d99ae99f39f63f2b9: Log matching property violated. Preceding OpId in replica: term: 1 index: 1. Preceding OpId from leader: term: 1 index: 2. (index mismatch)
I20260710 13:19:59.180128 13029 consensus_queue.cc:1048] T 15afdebfc94947ff9f753200cd769c22 P c0faba714289493d99ae99f39f63f2b9 [LEADER]: Connected to new peer: Peer: permanent_uuid: "fa61f5762c76479e9e5d2ddd14fa50ad" member_type: VOTER last_known_addr { host: "127.10.245.1" port: 43111 }, Status: LMP_MISMATCH, Last received: 0.0, Next index: 2, Last known committed idx: 1, Time since last communication: 0.000s
I20260710 13:19:59.199577 12995 raft_consensus.cc:2955] T 15afdebfc94947ff9f753200cd769c22 P c0faba714289493d99ae99f39f63f2b9 [term 1 LEADER]: Committing config change with OpId 1.2: config changed from index -1 to 2, NON_VOTER c3f472997d204e0d91409cf878c19ceb (127.10.245.4) added. New config: { opid_index: 2 OBSOLETE_local: false peers { permanent_uuid: "fa61f5762c76479e9e5d2ddd14fa50ad" member_type: VOTER last_known_addr { host: "127.10.245.1" port: 43111 } } peers { permanent_uuid: "c0faba714289493d99ae99f39f63f2b9" member_type: VOTER last_known_addr { host: "127.10.245.2" port: 39623 } } peers { permanent_uuid: "68cc8546c0d348f0b1110e8fd5957e54" member_type: VOTER last_known_addr { host: "127.10.245.3" port: 46223 } attrs { replace: true } } peers { permanent_uuid: "c3f472997d204e0d91409cf878c19ceb" member_type: NON_VOTER last_known_addr { host: "127.10.245.4" port: 39899 } attrs { promote: true } } }
I20260710 13:19:59.203089 12359 raft_consensus.cc:2955] T 15afdebfc94947ff9f753200cd769c22 P fa61f5762c76479e9e5d2ddd14fa50ad [term 1 FOLLOWER]: Committing config change with OpId 1.2: config changed from index -1 to 2, NON_VOTER c3f472997d204e0d91409cf878c19ceb (127.10.245.4) added. New config: { opid_index: 2 OBSOLETE_local: false peers { permanent_uuid: "fa61f5762c76479e9e5d2ddd14fa50ad" member_type: VOTER last_known_addr { host: "127.10.245.1" port: 43111 } } peers { permanent_uuid: "c0faba714289493d99ae99f39f63f2b9" member_type: VOTER last_known_addr { host: "127.10.245.2" port: 39623 } } peers { permanent_uuid: "68cc8546c0d348f0b1110e8fd5957e54" member_type: VOTER last_known_addr { host: "127.10.245.3" port: 46223 } attrs { replace: true } } peers { permanent_uuid: "c3f472997d204e0d91409cf878c19ceb" member_type: NON_VOTER last_known_addr { host: "127.10.245.4" port: 39899 } attrs { promote: true } } }
I20260710 13:19:59.204209 12507 raft_consensus.cc:2955] T 15afdebfc94947ff9f753200cd769c22 P 68cc8546c0d348f0b1110e8fd5957e54 [term 1 FOLLOWER]: Committing config change with OpId 1.2: config changed from index -1 to 2, NON_VOTER c3f472997d204e0d91409cf878c19ceb (127.10.245.4) added. New config: { opid_index: 2 OBSOLETE_local: false peers { permanent_uuid: "fa61f5762c76479e9e5d2ddd14fa50ad" member_type: VOTER last_known_addr { host: "127.10.245.1" port: 43111 } } peers { permanent_uuid: "c0faba714289493d99ae99f39f63f2b9" member_type: VOTER last_known_addr { host: "127.10.245.2" port: 39623 } } peers { permanent_uuid: "68cc8546c0d348f0b1110e8fd5957e54" member_type: VOTER last_known_addr { host: "127.10.245.3" port: 46223 } attrs { replace: true } } peers { permanent_uuid: "c3f472997d204e0d91409cf878c19ceb" member_type: NON_VOTER last_known_addr { host: "127.10.245.4" port: 39899 } attrs { promote: true } } }
I20260710 13:19:59.218545 12255 catalog_manager.cc:5697] T 15afdebfc94947ff9f753200cd769c22 P fa61f5762c76479e9e5d2ddd14fa50ad reported cstate change: config changed from index -1 to 2, NON_VOTER c3f472997d204e0d91409cf878c19ceb (127.10.245.4) added. New cstate: current_term: 1 leader_uuid: "c0faba714289493d99ae99f39f63f2b9" committed_config { opid_index: 2 OBSOLETE_local: false peers { permanent_uuid: "fa61f5762c76479e9e5d2ddd14fa50ad" member_type: VOTER last_known_addr { host: "127.10.245.1" port: 43111 } } peers { permanent_uuid: "c0faba714289493d99ae99f39f63f2b9" member_type: VOTER last_known_addr { host: "127.10.245.2" port: 39623 } } peers { permanent_uuid: "68cc8546c0d348f0b1110e8fd5957e54" member_type: VOTER last_known_addr { host: "127.10.245.3" port: 46223 } attrs { replace: true } } peers { permanent_uuid: "c3f472997d204e0d91409cf878c19ceb" member_type: NON_VOTER last_known_addr { host: "127.10.245.4" port: 39899 } attrs { promote: true } } }
I20260710 13:19:59.228720 12359 consensus_queue.cc:237] T 5a3813d238a34cda9756c66c15ff587a P fa61f5762c76479e9e5d2ddd14fa50ad [LEADER]: Queue going to LEADER mode. State: All replicated index: 0, Majority replicated index: 1, Committed index: 1, Last appended: 1.1, Last appended by leader: 0, Current term: 1, Majority size: 2, State: 0, Mode: LEADER, active raft config: opid_index: 2 OBSOLETE_local: false peers { permanent_uuid: "fa61f5762c76479e9e5d2ddd14fa50ad" member_type: VOTER last_known_addr { host: "127.10.245.1" port: 43111 } } peers { permanent_uuid: "c0faba714289493d99ae99f39f63f2b9" member_type: VOTER last_known_addr { host: "127.10.245.2" port: 39623 } } peers { permanent_uuid: "68cc8546c0d348f0b1110e8fd5957e54" member_type: VOTER last_known_addr { host: "127.10.245.3" port: 46223 } attrs { replace: true } } peers { permanent_uuid: "c3f472997d204e0d91409cf878c19ceb" member_type: NON_VOTER last_known_addr { host: "127.10.245.4" port: 39899 } attrs { promote: true } }
W20260710 13:19:59.236443 12326 consensus_peers.cc:597] T 5a3813d238a34cda9756c66c15ff587a P fa61f5762c76479e9e5d2ddd14fa50ad -> Peer c3f472997d204e0d91409cf878c19ceb (127.10.245.4:39899): Couldn't send request to peer c3f472997d204e0d91409cf878c19ceb. Error code: TABLET_NOT_FOUND (6). Status: Not found: Tablet not found: 5a3813d238a34cda9756c66c15ff587a. This is attempt 1: this message will repeat every 5th retry.
I20260710 13:19:59.237463 12507 raft_consensus.cc:1275] T 5a3813d238a34cda9756c66c15ff587a P 68cc8546c0d348f0b1110e8fd5957e54 [term 1 FOLLOWER]: Refusing update from remote peer fa61f5762c76479e9e5d2ddd14fa50ad: Log matching property violated. Preceding OpId in replica: term: 1 index: 1. Preceding OpId from leader: term: 1 index: 2. (index mismatch)
I20260710 13:19:59.238652 12434 raft_consensus.cc:1275] T 5a3813d238a34cda9756c66c15ff587a P c0faba714289493d99ae99f39f63f2b9 [term 1 FOLLOWER]: Refusing update from remote peer fa61f5762c76479e9e5d2ddd14fa50ad: Log matching property violated. Preceding OpId in replica: term: 1 index: 1. Preceding OpId from leader: term: 1 index: 2. (index mismatch)
I20260710 13:19:59.238886 12970 consensus_queue.cc:1048] T 5a3813d238a34cda9756c66c15ff587a P fa61f5762c76479e9e5d2ddd14fa50ad [LEADER]: Connected to new peer: Peer: permanent_uuid: "68cc8546c0d348f0b1110e8fd5957e54" member_type: VOTER last_known_addr { host: "127.10.245.3" port: 46223 } attrs { replace: true }, Status: LMP_MISMATCH, Last received: 0.0, Next index: 2, Last known committed idx: 1, Time since last communication: 0.001s
I20260710 13:19:59.240762 13026 consensus_queue.cc:1048] T 5a3813d238a34cda9756c66c15ff587a P fa61f5762c76479e9e5d2ddd14fa50ad [LEADER]: Connected to new peer: Peer: permanent_uuid: "c0faba714289493d99ae99f39f63f2b9" member_type: VOTER last_known_addr { host: "127.10.245.2" port: 39623 }, Status: LMP_MISMATCH, Last received: 0.0, Next index: 2, Last known committed idx: 1, Time since last communication: 0.000s
I20260710 13:19:59.247314 13026 raft_consensus.cc:2955] T 5a3813d238a34cda9756c66c15ff587a P fa61f5762c76479e9e5d2ddd14fa50ad [term 1 LEADER]: Committing config change with OpId 1.2: config changed from index -1 to 2, NON_VOTER c3f472997d204e0d91409cf878c19ceb (127.10.245.4) added. New config: { opid_index: 2 OBSOLETE_local: false peers { permanent_uuid: "fa61f5762c76479e9e5d2ddd14fa50ad" member_type: VOTER last_known_addr { host: "127.10.245.1" port: 43111 } } peers { permanent_uuid: "c0faba714289493d99ae99f39f63f2b9" member_type: VOTER last_known_addr { host: "127.10.245.2" port: 39623 } } peers { permanent_uuid: "68cc8546c0d348f0b1110e8fd5957e54" member_type: VOTER last_known_addr { host: "127.10.245.3" port: 46223 } attrs { replace: true } } peers { permanent_uuid: "c3f472997d204e0d91409cf878c19ceb" member_type: NON_VOTER last_known_addr { host: "127.10.245.4" port: 39899 } attrs { promote: true } } }
I20260710 13:19:59.249009 12507 raft_consensus.cc:2955] T 5a3813d238a34cda9756c66c15ff587a P 68cc8546c0d348f0b1110e8fd5957e54 [term 1 FOLLOWER]: Committing config change with OpId 1.2: config changed from index -1 to 2, NON_VOTER c3f472997d204e0d91409cf878c19ceb (127.10.245.4) added. New config: { opid_index: 2 OBSOLETE_local: false peers { permanent_uuid: "fa61f5762c76479e9e5d2ddd14fa50ad" member_type: VOTER last_known_addr { host: "127.10.245.1" port: 43111 } } peers { permanent_uuid: "c0faba714289493d99ae99f39f63f2b9" member_type: VOTER last_known_addr { host: "127.10.245.2" port: 39623 } } peers { permanent_uuid: "68cc8546c0d348f0b1110e8fd5957e54" member_type: VOTER last_known_addr { host: "127.10.245.3" port: 46223 } attrs { replace: true } } peers { permanent_uuid: "c3f472997d204e0d91409cf878c19ceb" member_type: NON_VOTER last_known_addr { host: "127.10.245.4" port: 39899 } attrs { promote: true } } }
I20260710 13:19:59.268714 12258 catalog_manager.cc:5697] T 5a3813d238a34cda9756c66c15ff587a P fa61f5762c76479e9e5d2ddd14fa50ad reported cstate change: config changed from index -1 to 2, NON_VOTER c3f472997d204e0d91409cf878c19ceb (127.10.245.4) added. New cstate: current_term: 1 leader_uuid: "fa61f5762c76479e9e5d2ddd14fa50ad" committed_config { opid_index: 2 OBSOLETE_local: false peers { permanent_uuid: "fa61f5762c76479e9e5d2ddd14fa50ad" member_type: VOTER last_known_addr { host: "127.10.245.1" port: 43111 } health_report { overall_health: HEALTHY } } peers { permanent_uuid: "c0faba714289493d99ae99f39f63f2b9" member_type: VOTER last_known_addr { host: "127.10.245.2" port: 39623 } health_report { overall_health: HEALTHY } } peers { permanent_uuid: "68cc8546c0d348f0b1110e8fd5957e54" member_type: VOTER last_known_addr { host: "127.10.245.3" port: 46223 } attrs { replace: true } health_report { overall_health: HEALTHY } } peers { permanent_uuid: "c3f472997d204e0d91409cf878c19ceb" member_type: NON_VOTER last_known_addr { host: "127.10.245.4" port: 39899 } attrs { promote: true } health_report { overall_health: UNKNOWN } } }
I20260710 13:19:59.271246 12434 raft_consensus.cc:2955] T 5a3813d238a34cda9756c66c15ff587a P c0faba714289493d99ae99f39f63f2b9 [term 1 FOLLOWER]: Committing config change with OpId 1.2: config changed from index -1 to 2, NON_VOTER c3f472997d204e0d91409cf878c19ceb (127.10.245.4) added. New config: { opid_index: 2 OBSOLETE_local: false peers { permanent_uuid: "fa61f5762c76479e9e5d2ddd14fa50ad" member_type: VOTER last_known_addr { host: "127.10.245.1" port: 43111 } } peers { permanent_uuid: "c0faba714289493d99ae99f39f63f2b9" member_type: VOTER last_known_addr { host: "127.10.245.2" port: 39623 } } peers { permanent_uuid: "68cc8546c0d348f0b1110e8fd5957e54" member_type: VOTER last_known_addr { host: "127.10.245.3" port: 46223 } attrs { replace: true } } peers { permanent_uuid: "c3f472997d204e0d91409cf878c19ceb" member_type: NON_VOTER last_known_addr { host: "127.10.245.4" port: 39899 } attrs { promote: true } } }
I20260710 13:19:59.645793 13050 ts_tablet_manager.cc:933] T 15afdebfc94947ff9f753200cd769c22 P c3f472997d204e0d91409cf878c19ceb: Initiating tablet copy from peer c0faba714289493d99ae99f39f63f2b9 (127.10.245.2:39623)
I20260710 13:19:59.654645 13050 tablet_copy_client.cc:323] T 15afdebfc94947ff9f753200cd769c22 P c3f472997d204e0d91409cf878c19ceb: tablet copy: Beginning tablet copy session from remote peer at address 127.10.245.2:39623
I20260710 13:19:59.658174 12446 tablet_copy_service.cc:140] P c0faba714289493d99ae99f39f63f2b9: Received BeginTabletCopySession request for tablet 15afdebfc94947ff9f753200cd769c22 from peer c3f472997d204e0d91409cf878c19ceb ({username='slave'} at 127.0.0.1:46620)
I20260710 13:19:59.658762 12446 tablet_copy_service.cc:161] P c0faba714289493d99ae99f39f63f2b9: Beginning new tablet copy session on tablet 15afdebfc94947ff9f753200cd769c22 from peer c3f472997d204e0d91409cf878c19ceb at {username='slave'} at 127.0.0.1:46620: session id = c3f472997d204e0d91409cf878c19ceb-15afdebfc94947ff9f753200cd769c22
I20260710 13:19:59.666738 12446 tablet_copy_source_session.cc:215] T 15afdebfc94947ff9f753200cd769c22 P c0faba714289493d99ae99f39f63f2b9: Tablet Copy: opened 0 blocks and 1 log segments
I20260710 13:19:59.666807 13051 ts_tablet_manager.cc:933] T dfef5f87fb854b3592ffb5af7b43e5a3 P c3f472997d204e0d91409cf878c19ceb: Initiating tablet copy from peer c0faba714289493d99ae99f39f63f2b9 (127.10.245.2:39623)
I20260710 13:19:59.669454 13053 ts_tablet_manager.cc:933] T ecec11a9c85e4fcabaf4ab83df20db12 P c3f472997d204e0d91409cf878c19ceb: Initiating tablet copy from peer 68cc8546c0d348f0b1110e8fd5957e54 (127.10.245.3:46223)
I20260710 13:19:59.672459 13051 tablet_copy_client.cc:323] T dfef5f87fb854b3592ffb5af7b43e5a3 P c3f472997d204e0d91409cf878c19ceb: tablet copy: Beginning tablet copy session from remote peer at address 127.10.245.2:39623
I20260710 13:19:59.674163 13050 data_dirs.cc:400] Could only allocate 1 dirs of requested 3 for tablet 15afdebfc94947ff9f753200cd769c22. 1 dirs total, 0 dirs full, 0 dirs failed
I20260710 13:19:59.674368 12445 tablet_copy_service.cc:140] P c0faba714289493d99ae99f39f63f2b9: Received BeginTabletCopySession request for tablet dfef5f87fb854b3592ffb5af7b43e5a3 from peer c3f472997d204e0d91409cf878c19ceb ({username='slave'} at 127.0.0.1:46620)
I20260710 13:19:59.674993 12445 tablet_copy_service.cc:161] P c0faba714289493d99ae99f39f63f2b9: Beginning new tablet copy session on tablet dfef5f87fb854b3592ffb5af7b43e5a3 from peer c3f472997d204e0d91409cf878c19ceb at {username='slave'} at 127.0.0.1:46620: session id = c3f472997d204e0d91409cf878c19ceb-dfef5f87fb854b3592ffb5af7b43e5a3
I20260710 13:19:59.683305 12445 tablet_copy_source_session.cc:215] T dfef5f87fb854b3592ffb5af7b43e5a3 P c0faba714289493d99ae99f39f63f2b9: Tablet Copy: opened 0 blocks and 1 log segments
I20260710 13:19:59.687143 13051 data_dirs.cc:400] Could only allocate 1 dirs of requested 3 for tablet dfef5f87fb854b3592ffb5af7b43e5a3. 1 dirs total, 0 dirs full, 0 dirs failed
I20260710 13:19:59.690546 13053 tablet_copy_client.cc:323] T ecec11a9c85e4fcabaf4ab83df20db12 P c3f472997d204e0d91409cf878c19ceb: tablet copy: Beginning tablet copy session from remote peer at address 127.10.245.3:46223
I20260710 13:19:59.691051 13050 tablet_copy_client.cc:806] T 15afdebfc94947ff9f753200cd769c22 P c3f472997d204e0d91409cf878c19ceb: tablet copy: Starting download of 0 data blocks...
I20260710 13:19:59.691658 13050 tablet_copy_client.cc:670] T 15afdebfc94947ff9f753200cd769c22 P c3f472997d204e0d91409cf878c19ceb: tablet copy: Starting download of 1 WAL segments...
I20260710 13:19:59.692950 12520 tablet_copy_service.cc:140] P 68cc8546c0d348f0b1110e8fd5957e54: Received BeginTabletCopySession request for tablet ecec11a9c85e4fcabaf4ab83df20db12 from peer c3f472997d204e0d91409cf878c19ceb ({username='slave'} at 127.0.0.1:36310)
I20260710 13:19:59.693570 12520 tablet_copy_service.cc:161] P 68cc8546c0d348f0b1110e8fd5957e54: Beginning new tablet copy session on tablet ecec11a9c85e4fcabaf4ab83df20db12 from peer c3f472997d204e0d91409cf878c19ceb at {username='slave'} at 127.0.0.1:36310: session id = c3f472997d204e0d91409cf878c19ceb-ecec11a9c85e4fcabaf4ab83df20db12
I20260710 13:19:59.695801 13050 tablet_copy_client.cc:538] T 15afdebfc94947ff9f753200cd769c22 P c3f472997d204e0d91409cf878c19ceb: tablet copy: Tablet Copy complete. Replacing tablet superblock.
I20260710 13:19:59.702164 12520 tablet_copy_source_session.cc:215] T ecec11a9c85e4fcabaf4ab83df20db12 P 68cc8546c0d348f0b1110e8fd5957e54: Tablet Copy: opened 0 blocks and 1 log segments
I20260710 13:19:59.705773 13053 data_dirs.cc:400] Could only allocate 1 dirs of requested 3 for tablet ecec11a9c85e4fcabaf4ab83df20db12. 1 dirs total, 0 dirs full, 0 dirs failed
I20260710 13:19:59.712070 13050 tablet_bootstrap.cc:492] T 15afdebfc94947ff9f753200cd769c22 P c3f472997d204e0d91409cf878c19ceb: Bootstrap starting.
I20260710 13:19:59.721112 13053 tablet_copy_client.cc:806] T ecec11a9c85e4fcabaf4ab83df20db12 P c3f472997d204e0d91409cf878c19ceb: tablet copy: Starting download of 0 data blocks...
I20260710 13:19:59.721704 13053 tablet_copy_client.cc:670] T ecec11a9c85e4fcabaf4ab83df20db12 P c3f472997d204e0d91409cf878c19ceb: tablet copy: Starting download of 1 WAL segments...
I20260710 13:19:59.725327 13051 tablet_copy_client.cc:806] T dfef5f87fb854b3592ffb5af7b43e5a3 P c3f472997d204e0d91409cf878c19ceb: tablet copy: Starting download of 0 data blocks...
I20260710 13:19:59.726018 13053 tablet_copy_client.cc:538] T ecec11a9c85e4fcabaf4ab83df20db12 P c3f472997d204e0d91409cf878c19ceb: tablet copy: Tablet Copy complete. Replacing tablet superblock.
I20260710 13:19:59.735201 13053 tablet_bootstrap.cc:492] T ecec11a9c85e4fcabaf4ab83df20db12 P c3f472997d204e0d91409cf878c19ceb: Bootstrap starting.
I20260710 13:19:59.725914 13051 tablet_copy_client.cc:670] T dfef5f87fb854b3592ffb5af7b43e5a3 P c3f472997d204e0d91409cf878c19ceb: tablet copy: Starting download of 1 WAL segments...
I20260710 13:19:59.741883 13051 tablet_copy_client.cc:538] T dfef5f87fb854b3592ffb5af7b43e5a3 P c3f472997d204e0d91409cf878c19ceb: tablet copy: Tablet Copy complete. Replacing tablet superblock.
I20260710 13:19:59.751123 13051 tablet_bootstrap.cc:492] T dfef5f87fb854b3592ffb5af7b43e5a3 P c3f472997d204e0d91409cf878c19ceb: Bootstrap starting.
I20260710 13:19:59.767115 13050 tablet_bootstrap.cc:492] T 15afdebfc94947ff9f753200cd769c22 P c3f472997d204e0d91409cf878c19ceb: Bootstrap replayed 1/1 log segments. Stats: ops{read=2 overwritten=0 applied=2 ignored=0} inserts{seen=0 ignored=0} mutations{seen=0 ignored=0} orphaned_commits=0. Pending: 0 replicates
I20260710 13:19:59.767997 13050 tablet_bootstrap.cc:492] T 15afdebfc94947ff9f753200cd769c22 P c3f472997d204e0d91409cf878c19ceb: Bootstrap complete.
I20260710 13:19:59.768649 13050 ts_tablet_manager.cc:1403] T 15afdebfc94947ff9f753200cd769c22 P c3f472997d204e0d91409cf878c19ceb: Time spent bootstrapping tablet: real 0.057s	user 0.025s	sys 0.001s
I20260710 13:19:59.771847 13050 raft_consensus.cc:359] T 15afdebfc94947ff9f753200cd769c22 P c3f472997d204e0d91409cf878c19ceb [term 1 LEARNER]: Replica starting. Triggering 0 pending ops. Active config: opid_index: 2 OBSOLETE_local: false peers { permanent_uuid: "fa61f5762c76479e9e5d2ddd14fa50ad" member_type: VOTER last_known_addr { host: "127.10.245.1" port: 43111 } } peers { permanent_uuid: "c0faba714289493d99ae99f39f63f2b9" member_type: VOTER last_known_addr { host: "127.10.245.2" port: 39623 } } peers { permanent_uuid: "68cc8546c0d348f0b1110e8fd5957e54" member_type: VOTER last_known_addr { host: "127.10.245.3" port: 46223 } attrs { replace: true } } peers { permanent_uuid: "c3f472997d204e0d91409cf878c19ceb" member_type: NON_VOTER last_known_addr { host: "127.10.245.4" port: 39899 } attrs { promote: true } }
I20260710 13:19:59.772663 13050 raft_consensus.cc:740] T 15afdebfc94947ff9f753200cd769c22 P c3f472997d204e0d91409cf878c19ceb [term 1 LEARNER]: Becoming Follower/Learner. State: Replica: c3f472997d204e0d91409cf878c19ceb, State: Initialized, Role: LEARNER
I20260710 13:19:59.773331 13050 consensus_queue.cc:260] T 15afdebfc94947ff9f753200cd769c22 P c3f472997d204e0d91409cf878c19ceb [NON_LEADER]: Queue going to NON_LEADER mode. State: All replicated index: 0, Majority replicated index: 0, Committed index: 2, Last appended: 1.2, Last appended by leader: 2, Current term: 0, Majority size: -1, State: 0, Mode: NON_LEADER, active raft config: opid_index: 2 OBSOLETE_local: false peers { permanent_uuid: "fa61f5762c76479e9e5d2ddd14fa50ad" member_type: VOTER last_known_addr { host: "127.10.245.1" port: 43111 } } peers { permanent_uuid: "c0faba714289493d99ae99f39f63f2b9" member_type: VOTER last_known_addr { host: "127.10.245.2" port: 39623 } } peers { permanent_uuid: "68cc8546c0d348f0b1110e8fd5957e54" member_type: VOTER last_known_addr { host: "127.10.245.3" port: 46223 } attrs { replace: true } } peers { permanent_uuid: "c3f472997d204e0d91409cf878c19ceb" member_type: NON_VOTER last_known_addr { host: "127.10.245.4" port: 39899 } attrs { promote: true } }
I20260710 13:19:59.781680 13053 tablet_bootstrap.cc:492] T ecec11a9c85e4fcabaf4ab83df20db12 P c3f472997d204e0d91409cf878c19ceb: Bootstrap replayed 1/1 log segments. Stats: ops{read=2 overwritten=0 applied=2 ignored=0} inserts{seen=0 ignored=0} mutations{seen=0 ignored=0} orphaned_commits=0. Pending: 0 replicates
I20260710 13:19:59.785043 13053 tablet_bootstrap.cc:492] T ecec11a9c85e4fcabaf4ab83df20db12 P c3f472997d204e0d91409cf878c19ceb: Bootstrap complete.
I20260710 13:19:59.785722 13053 ts_tablet_manager.cc:1403] T ecec11a9c85e4fcabaf4ab83df20db12 P c3f472997d204e0d91409cf878c19ceb: Time spent bootstrapping tablet: real 0.051s	user 0.018s	sys 0.004s
I20260710 13:19:59.786772 13050 ts_tablet_manager.cc:1434] T 15afdebfc94947ff9f753200cd769c22 P c3f472997d204e0d91409cf878c19ceb: Time spent starting tablet: real 0.018s	user 0.015s	sys 0.000s
I20260710 13:19:59.788916 13053 raft_consensus.cc:359] T ecec11a9c85e4fcabaf4ab83df20db12 P c3f472997d204e0d91409cf878c19ceb [term 1 LEARNER]: Replica starting. Triggering 0 pending ops. Active config: opid_index: 2 OBSOLETE_local: false peers { permanent_uuid: "fa61f5762c76479e9e5d2ddd14fa50ad" member_type: VOTER last_known_addr { host: "127.10.245.1" port: 43111 } } peers { permanent_uuid: "68cc8546c0d348f0b1110e8fd5957e54" member_type: VOTER last_known_addr { host: "127.10.245.3" port: 46223 } } peers { permanent_uuid: "c0faba714289493d99ae99f39f63f2b9" member_type: VOTER last_known_addr { host: "127.10.245.2" port: 39623 } attrs { replace: true } } peers { permanent_uuid: "c3f472997d204e0d91409cf878c19ceb" member_type: NON_VOTER last_known_addr { host: "127.10.245.4" port: 39899 } attrs { promote: true } }
I20260710 13:19:59.790963 13053 raft_consensus.cc:740] T ecec11a9c85e4fcabaf4ab83df20db12 P c3f472997d204e0d91409cf878c19ceb [term 1 LEARNER]: Becoming Follower/Learner. State: Replica: c3f472997d204e0d91409cf878c19ceb, State: Initialized, Role: LEARNER
I20260710 13:19:59.792114 13053 consensus_queue.cc:260] T ecec11a9c85e4fcabaf4ab83df20db12 P c3f472997d204e0d91409cf878c19ceb [NON_LEADER]: Queue going to NON_LEADER mode. State: All replicated index: 0, Majority replicated index: 0, Committed index: 2, Last appended: 1.2, Last appended by leader: 2, Current term: 0, Majority size: -1, State: 0, Mode: NON_LEADER, active raft config: opid_index: 2 OBSOLETE_local: false peers { permanent_uuid: "fa61f5762c76479e9e5d2ddd14fa50ad" member_type: VOTER last_known_addr { host: "127.10.245.1" port: 43111 } } peers { permanent_uuid: "68cc8546c0d348f0b1110e8fd5957e54" member_type: VOTER last_known_addr { host: "127.10.245.3" port: 46223 } } peers { permanent_uuid: "c0faba714289493d99ae99f39f63f2b9" member_type: VOTER last_known_addr { host: "127.10.245.2" port: 39623 } attrs { replace: true } } peers { permanent_uuid: "c3f472997d204e0d91409cf878c19ceb" member_type: NON_VOTER last_known_addr { host: "127.10.245.4" port: 39899 } attrs { promote: true } }
I20260710 13:19:59.793327 12445 tablet_copy_service.cc:342] P c0faba714289493d99ae99f39f63f2b9: Request end of tablet copy session c3f472997d204e0d91409cf878c19ceb-15afdebfc94947ff9f753200cd769c22 received from {username='slave'} at 127.0.0.1:46620
I20260710 13:19:59.793864 12445 tablet_copy_service.cc:434] P c0faba714289493d99ae99f39f63f2b9: ending tablet copy session c3f472997d204e0d91409cf878c19ceb-15afdebfc94947ff9f753200cd769c22 on tablet 15afdebfc94947ff9f753200cd769c22 with peer c3f472997d204e0d91409cf878c19ceb
I20260710 13:19:59.798455 13053 ts_tablet_manager.cc:1434] T ecec11a9c85e4fcabaf4ab83df20db12 P c3f472997d204e0d91409cf878c19ceb: Time spent starting tablet: real 0.012s	user 0.007s	sys 0.000s
I20260710 13:19:59.800041 12520 tablet_copy_service.cc:342] P 68cc8546c0d348f0b1110e8fd5957e54: Request end of tablet copy session c3f472997d204e0d91409cf878c19ceb-ecec11a9c85e4fcabaf4ab83df20db12 received from {username='slave'} at 127.0.0.1:36310
I20260710 13:19:59.800449 12520 tablet_copy_service.cc:434] P 68cc8546c0d348f0b1110e8fd5957e54: ending tablet copy session c3f472997d204e0d91409cf878c19ceb-ecec11a9c85e4fcabaf4ab83df20db12 on tablet ecec11a9c85e4fcabaf4ab83df20db12 with peer c3f472997d204e0d91409cf878c19ceb
I20260710 13:19:59.803035 13051 tablet_bootstrap.cc:492] T dfef5f87fb854b3592ffb5af7b43e5a3 P c3f472997d204e0d91409cf878c19ceb: Bootstrap replayed 1/1 log segments. Stats: ops{read=2 overwritten=0 applied=2 ignored=0} inserts{seen=0 ignored=0} mutations{seen=0 ignored=0} orphaned_commits=0. Pending: 0 replicates
I20260710 13:19:59.803889 13051 tablet_bootstrap.cc:492] T dfef5f87fb854b3592ffb5af7b43e5a3 P c3f472997d204e0d91409cf878c19ceb: Bootstrap complete.
I20260710 13:19:59.804507 13051 ts_tablet_manager.cc:1403] T dfef5f87fb854b3592ffb5af7b43e5a3 P c3f472997d204e0d91409cf878c19ceb: Time spent bootstrapping tablet: real 0.054s	user 0.012s	sys 0.010s
I20260710 13:19:59.807168 13051 raft_consensus.cc:359] T dfef5f87fb854b3592ffb5af7b43e5a3 P c3f472997d204e0d91409cf878c19ceb [term 1 LEARNER]: Replica starting. Triggering 0 pending ops. Active config: opid_index: 2 OBSOLETE_local: false peers { permanent_uuid: "fa61f5762c76479e9e5d2ddd14fa50ad" member_type: VOTER last_known_addr { host: "127.10.245.1" port: 43111 } attrs { replace: true } } peers { permanent_uuid: "c0faba714289493d99ae99f39f63f2b9" member_type: VOTER last_known_addr { host: "127.10.245.2" port: 39623 } } peers { permanent_uuid: "68cc8546c0d348f0b1110e8fd5957e54" member_type: VOTER last_known_addr { host: "127.10.245.3" port: 46223 } } peers { permanent_uuid: "c3f472997d204e0d91409cf878c19ceb" member_type: NON_VOTER last_known_addr { host: "127.10.245.4" port: 39899 } attrs { promote: true } }
I20260710 13:19:59.807937 13051 raft_consensus.cc:740] T dfef5f87fb854b3592ffb5af7b43e5a3 P c3f472997d204e0d91409cf878c19ceb [term 1 LEARNER]: Becoming Follower/Learner. State: Replica: c3f472997d204e0d91409cf878c19ceb, State: Initialized, Role: LEARNER
I20260710 13:19:59.808530 13051 consensus_queue.cc:260] T dfef5f87fb854b3592ffb5af7b43e5a3 P c3f472997d204e0d91409cf878c19ceb [NON_LEADER]: Queue going to NON_LEADER mode. State: All replicated index: 0, Majority replicated index: 0, Committed index: 2, Last appended: 1.2, Last appended by leader: 2, Current term: 0, Majority size: -1, State: 0, Mode: NON_LEADER, active raft config: opid_index: 2 OBSOLETE_local: false peers { permanent_uuid: "fa61f5762c76479e9e5d2ddd14fa50ad" member_type: VOTER last_known_addr { host: "127.10.245.1" port: 43111 } attrs { replace: true } } peers { permanent_uuid: "c0faba714289493d99ae99f39f63f2b9" member_type: VOTER last_known_addr { host: "127.10.245.2" port: 39623 } } peers { permanent_uuid: "68cc8546c0d348f0b1110e8fd5957e54" member_type: VOTER last_known_addr { host: "127.10.245.3" port: 46223 } } peers { permanent_uuid: "c3f472997d204e0d91409cf878c19ceb" member_type: NON_VOTER last_known_addr { host: "127.10.245.4" port: 39899 } attrs { promote: true } }
I20260710 13:19:59.811067 13051 ts_tablet_manager.cc:1434] T dfef5f87fb854b3592ffb5af7b43e5a3 P c3f472997d204e0d91409cf878c19ceb: Time spent starting tablet: real 0.006s	user 0.007s	sys 0.001s
I20260710 13:19:59.812561 12445 tablet_copy_service.cc:342] P c0faba714289493d99ae99f39f63f2b9: Request end of tablet copy session c3f472997d204e0d91409cf878c19ceb-dfef5f87fb854b3592ffb5af7b43e5a3 received from {username='slave'} at 127.0.0.1:46620
I20260710 13:19:59.812942 12445 tablet_copy_service.cc:434] P c0faba714289493d99ae99f39f63f2b9: ending tablet copy session c3f472997d204e0d91409cf878c19ceb-dfef5f87fb854b3592ffb5af7b43e5a3 on tablet dfef5f87fb854b3592ffb5af7b43e5a3 with peer c3f472997d204e0d91409cf878c19ceb
I20260710 13:19:59.813812 13053 ts_tablet_manager.cc:933] T 5a3813d238a34cda9756c66c15ff587a P c3f472997d204e0d91409cf878c19ceb: Initiating tablet copy from peer fa61f5762c76479e9e5d2ddd14fa50ad (127.10.245.1:43111)
I20260710 13:19:59.822861 13053 tablet_copy_client.cc:323] T 5a3813d238a34cda9756c66c15ff587a P c3f472997d204e0d91409cf878c19ceb: tablet copy: Beginning tablet copy session from remote peer at address 127.10.245.1:43111
I20260710 13:19:59.825654 12371 tablet_copy_service.cc:140] P fa61f5762c76479e9e5d2ddd14fa50ad: Received BeginTabletCopySession request for tablet 5a3813d238a34cda9756c66c15ff587a from peer c3f472997d204e0d91409cf878c19ceb ({username='slave'} at 127.0.0.1:36912)
I20260710 13:19:59.826164 12371 tablet_copy_service.cc:161] P fa61f5762c76479e9e5d2ddd14fa50ad: Beginning new tablet copy session on tablet 5a3813d238a34cda9756c66c15ff587a from peer c3f472997d204e0d91409cf878c19ceb at {username='slave'} at 127.0.0.1:36912: session id = c3f472997d204e0d91409cf878c19ceb-5a3813d238a34cda9756c66c15ff587a
I20260710 13:19:59.833716 12371 tablet_copy_source_session.cc:215] T 5a3813d238a34cda9756c66c15ff587a P fa61f5762c76479e9e5d2ddd14fa50ad: Tablet Copy: opened 0 blocks and 1 log segments
I20260710 13:19:59.838253 13053 data_dirs.cc:400] Could only allocate 1 dirs of requested 3 for tablet 5a3813d238a34cda9756c66c15ff587a. 1 dirs total, 0 dirs full, 0 dirs failed
I20260710 13:19:59.849254 13053 tablet_copy_client.cc:806] T 5a3813d238a34cda9756c66c15ff587a P c3f472997d204e0d91409cf878c19ceb: tablet copy: Starting download of 0 data blocks...
I20260710 13:19:59.849740 13053 tablet_copy_client.cc:670] T 5a3813d238a34cda9756c66c15ff587a P c3f472997d204e0d91409cf878c19ceb: tablet copy: Starting download of 1 WAL segments...
I20260710 13:19:59.852725 13053 tablet_copy_client.cc:538] T 5a3813d238a34cda9756c66c15ff587a P c3f472997d204e0d91409cf878c19ceb: tablet copy: Tablet Copy complete. Replacing tablet superblock.
I20260710 13:19:59.859369 13053 tablet_bootstrap.cc:492] T 5a3813d238a34cda9756c66c15ff587a P c3f472997d204e0d91409cf878c19ceb: Bootstrap starting.
I20260710 13:19:59.909754 13053 tablet_bootstrap.cc:492] T 5a3813d238a34cda9756c66c15ff587a P c3f472997d204e0d91409cf878c19ceb: Bootstrap replayed 1/1 log segments. Stats: ops{read=2 overwritten=0 applied=2 ignored=0} inserts{seen=0 ignored=0} mutations{seen=0 ignored=0} orphaned_commits=0. Pending: 0 replicates
I20260710 13:19:59.910490 13053 tablet_bootstrap.cc:492] T 5a3813d238a34cda9756c66c15ff587a P c3f472997d204e0d91409cf878c19ceb: Bootstrap complete.
I20260710 13:19:59.911006 13053 ts_tablet_manager.cc:1403] T 5a3813d238a34cda9756c66c15ff587a P c3f472997d204e0d91409cf878c19ceb: Time spent bootstrapping tablet: real 0.052s	user 0.020s	sys 0.031s
I20260710 13:19:59.913197 13053 raft_consensus.cc:359] T 5a3813d238a34cda9756c66c15ff587a P c3f472997d204e0d91409cf878c19ceb [term 1 LEARNER]: Replica starting. Triggering 0 pending ops. Active config: opid_index: 2 OBSOLETE_local: false peers { permanent_uuid: "fa61f5762c76479e9e5d2ddd14fa50ad" member_type: VOTER last_known_addr { host: "127.10.245.1" port: 43111 } } peers { permanent_uuid: "c0faba714289493d99ae99f39f63f2b9" member_type: VOTER last_known_addr { host: "127.10.245.2" port: 39623 } } peers { permanent_uuid: "68cc8546c0d348f0b1110e8fd5957e54" member_type: VOTER last_known_addr { host: "127.10.245.3" port: 46223 } attrs { replace: true } } peers { permanent_uuid: "c3f472997d204e0d91409cf878c19ceb" member_type: NON_VOTER last_known_addr { host: "127.10.245.4" port: 39899 } attrs { promote: true } }
I20260710 13:19:59.913786 13053 raft_consensus.cc:740] T 5a3813d238a34cda9756c66c15ff587a P c3f472997d204e0d91409cf878c19ceb [term 1 LEARNER]: Becoming Follower/Learner. State: Replica: c3f472997d204e0d91409cf878c19ceb, State: Initialized, Role: LEARNER
I20260710 13:19:59.914312 13053 consensus_queue.cc:260] T 5a3813d238a34cda9756c66c15ff587a P c3f472997d204e0d91409cf878c19ceb [NON_LEADER]: Queue going to NON_LEADER mode. State: All replicated index: 0, Majority replicated index: 0, Committed index: 2, Last appended: 1.2, Last appended by leader: 2, Current term: 0, Majority size: -1, State: 0, Mode: NON_LEADER, active raft config: opid_index: 2 OBSOLETE_local: false peers { permanent_uuid: "fa61f5762c76479e9e5d2ddd14fa50ad" member_type: VOTER last_known_addr { host: "127.10.245.1" port: 43111 } } peers { permanent_uuid: "c0faba714289493d99ae99f39f63f2b9" member_type: VOTER last_known_addr { host: "127.10.245.2" port: 39623 } } peers { permanent_uuid: "68cc8546c0d348f0b1110e8fd5957e54" member_type: VOTER last_known_addr { host: "127.10.245.3" port: 46223 } attrs { replace: true } } peers { permanent_uuid: "c3f472997d204e0d91409cf878c19ceb" member_type: NON_VOTER last_known_addr { host: "127.10.245.4" port: 39899 } attrs { promote: true } }
I20260710 13:19:59.916416 13053 ts_tablet_manager.cc:1434] T 5a3813d238a34cda9756c66c15ff587a P c3f472997d204e0d91409cf878c19ceb: Time spent starting tablet: real 0.005s	user 0.002s	sys 0.002s
I20260710 13:19:59.920451 12371 tablet_copy_service.cc:342] P fa61f5762c76479e9e5d2ddd14fa50ad: Request end of tablet copy session c3f472997d204e0d91409cf878c19ceb-5a3813d238a34cda9756c66c15ff587a received from {username='slave'} at 127.0.0.1:36912
I20260710 13:19:59.920853 12371 tablet_copy_service.cc:434] P fa61f5762c76479e9e5d2ddd14fa50ad: ending tablet copy session c3f472997d204e0d91409cf878c19ceb-5a3813d238a34cda9756c66c15ff587a on tablet 5a3813d238a34cda9756c66c15ff587a with peer c3f472997d204e0d91409cf878c19ceb
I20260710 13:20:00.028424 12774 raft_consensus.cc:1217] T dfef5f87fb854b3592ffb5af7b43e5a3 P c3f472997d204e0d91409cf878c19ceb [term 1 LEARNER]: Deduplicated request from leader. Original: 1.1->[1.2-1.2]   Dedup: 1.2->[]
I20260710 13:20:00.067221 12774 raft_consensus.cc:1217] T 15afdebfc94947ff9f753200cd769c22 P c3f472997d204e0d91409cf878c19ceb [term 1 LEARNER]: Deduplicated request from leader. Original: 1.1->[1.2-1.2]   Dedup: 1.2->[]
I20260710 13:20:00.181887 12774 raft_consensus.cc:1217] T ecec11a9c85e4fcabaf4ab83df20db12 P c3f472997d204e0d91409cf878c19ceb [term 1 LEARNER]: Deduplicated request from leader. Original: 1.1->[1.2-1.2]   Dedup: 1.2->[]
I20260710 13:20:00.217392 12774 raft_consensus.cc:1217] T 5a3813d238a34cda9756c66c15ff587a P c3f472997d204e0d91409cf878c19ceb [term 1 LEARNER]: Deduplicated request from leader. Original: 1.1->[1.2-1.2]   Dedup: 1.2->[]
I20260710 13:20:00.450431 13029 raft_consensus.cc:1064] T dfef5f87fb854b3592ffb5af7b43e5a3 P c0faba714289493d99ae99f39f63f2b9: attempting to promote NON_VOTER c3f472997d204e0d91409cf878c19ceb to VOTER
I20260710 13:20:00.453011 13029 consensus_queue.cc:237] T dfef5f87fb854b3592ffb5af7b43e5a3 P c0faba714289493d99ae99f39f63f2b9 [LEADER]: Queue going to LEADER mode. State: All replicated index: 0, Majority replicated index: 2, Committed index: 2, Last appended: 1.2, Last appended by leader: 0, Current term: 1, Majority size: 3, State: 0, Mode: LEADER, active raft config: opid_index: 3 OBSOLETE_local: false peers { permanent_uuid: "fa61f5762c76479e9e5d2ddd14fa50ad" member_type: VOTER last_known_addr { host: "127.10.245.1" port: 43111 } attrs { replace: true } } peers { permanent_uuid: "c0faba714289493d99ae99f39f63f2b9" member_type: VOTER last_known_addr { host: "127.10.245.2" port: 39623 } } peers { permanent_uuid: "68cc8546c0d348f0b1110e8fd5957e54" member_type: VOTER last_known_addr { host: "127.10.245.3" port: 46223 } } peers { permanent_uuid: "c3f472997d204e0d91409cf878c19ceb" member_type: VOTER last_known_addr { host: "127.10.245.4" port: 39899 } attrs { promote: false } }
I20260710 13:20:00.459792 12508 raft_consensus.cc:1275] T dfef5f87fb854b3592ffb5af7b43e5a3 P 68cc8546c0d348f0b1110e8fd5957e54 [term 1 FOLLOWER]: Refusing update from remote peer c0faba714289493d99ae99f39f63f2b9: Log matching property violated. Preceding OpId in replica: term: 1 index: 2. Preceding OpId from leader: term: 1 index: 3. (index mismatch)
I20260710 13:20:00.461213 12774 raft_consensus.cc:1275] T dfef5f87fb854b3592ffb5af7b43e5a3 P c3f472997d204e0d91409cf878c19ceb [term 1 LEARNER]: Refusing update from remote peer c0faba714289493d99ae99f39f63f2b9: Log matching property violated. Preceding OpId in replica: term: 1 index: 2. Preceding OpId from leader: term: 1 index: 3. (index mismatch)
I20260710 13:20:00.462630 13062 consensus_queue.cc:1048] T dfef5f87fb854b3592ffb5af7b43e5a3 P c0faba714289493d99ae99f39f63f2b9 [LEADER]: Connected to new peer: Peer: permanent_uuid: "c3f472997d204e0d91409cf878c19ceb" member_type: VOTER last_known_addr { host: "127.10.245.4" port: 39899 } attrs { promote: false }, Status: LMP_MISMATCH, Last received: 0.0, Next index: 3, Last known committed idx: 2, Time since last communication: 0.000s
I20260710 13:20:00.464490 12995 consensus_queue.cc:1048] T dfef5f87fb854b3592ffb5af7b43e5a3 P c0faba714289493d99ae99f39f63f2b9 [LEADER]: Connected to new peer: Peer: permanent_uuid: "68cc8546c0d348f0b1110e8fd5957e54" member_type: VOTER last_known_addr { host: "127.10.245.3" port: 46223 }, Status: LMP_MISMATCH, Last received: 0.0, Next index: 3, Last known committed idx: 2, Time since last communication: 0.000s
