I20260710 13:19:51.284454  7097 tablet_copy_service.cc:342] P d7714e9059b64521911ee5f74bae759f: Request end of tablet copy session 505085ec6165464ab1bacc6ce8d730e3-cf27c790ef9148d8b0c958031524ee98 received from {username='slave'} at 127.0.0.1:52356
I20260710 13:19:51.285050  7097 tablet_copy_service.cc:434] P d7714e9059b64521911ee5f74bae759f: ending tablet copy session 505085ec6165464ab1bacc6ce8d730e3-cf27c790ef9148d8b0c958031524ee98 on tablet cf27c790ef9148d8b0c958031524ee98 with peer 505085ec6165464ab1bacc6ce8d730e3
I20260710 13:19:51.360901  7518 ts_tablet_manager.cc:933] T 5ba71711723447b1aab8baacbd689dd1 P 505085ec6165464ab1bacc6ce8d730e3: Initiating tablet copy from peer 17a7ff3817f644589160a082bf7f309a (127.5.172.193:34203)
I20260710 13:19:51.363143  7518 tablet_copy_client.cc:323] T 5ba71711723447b1aab8baacbd689dd1 P 505085ec6165464ab1bacc6ce8d730e3: tablet copy: Beginning tablet copy session from remote peer at address 127.5.172.193:34203
I20260710 13:19:51.365049  6948 tablet_copy_service.cc:140] P 17a7ff3817f644589160a082bf7f309a: Received BeginTabletCopySession request for tablet 5ba71711723447b1aab8baacbd689dd1 from peer 505085ec6165464ab1bacc6ce8d730e3 ({username='slave'} at 127.0.0.1:49696)
I20260710 13:19:51.365731  6948 tablet_copy_service.cc:161] P 17a7ff3817f644589160a082bf7f309a: Beginning new tablet copy session on tablet 5ba71711723447b1aab8baacbd689dd1 from peer 505085ec6165464ab1bacc6ce8d730e3 at {username='slave'} at 127.0.0.1:49696: session id = 505085ec6165464ab1bacc6ce8d730e3-5ba71711723447b1aab8baacbd689dd1
I20260710 13:19:51.374089  6948 tablet_copy_source_session.cc:215] T 5ba71711723447b1aab8baacbd689dd1 P 17a7ff3817f644589160a082bf7f309a: Tablet Copy: opened 0 blocks and 1 log segments
I20260710 13:19:51.378539  7518 data_dirs.cc:400] Could only allocate 1 dirs of requested 3 for tablet 5ba71711723447b1aab8baacbd689dd1. 1 dirs total, 0 dirs full, 0 dirs failed
I20260710 13:19:51.404687  7523 ts_tablet_manager.cc:933] T 1ae77e6af0ba4a53ad1c172127fd0362 P 505085ec6165464ab1bacc6ce8d730e3: Initiating tablet copy from peer c16ca1e74a494b4494e1336651ba270b (127.5.172.194:45593)
I20260710 13:19:51.408496  7524 ts_tablet_manager.cc:933] T 94d9069ec6fe4b42967b994e835f0e7f P 505085ec6165464ab1bacc6ce8d730e3: Initiating tablet copy from peer c16ca1e74a494b4494e1336651ba270b (127.5.172.194:45593)
I20260710 13:19:51.424050  7523 tablet_copy_client.cc:323] T 1ae77e6af0ba4a53ad1c172127fd0362 P 505085ec6165464ab1bacc6ce8d730e3: tablet copy: Beginning tablet copy session from remote peer at address 127.5.172.194:45593
I20260710 13:19:51.457518  7023 tablet_copy_service.cc:140] P c16ca1e74a494b4494e1336651ba270b: Received BeginTabletCopySession request for tablet 1ae77e6af0ba4a53ad1c172127fd0362 from peer 505085ec6165464ab1bacc6ce8d730e3 ({username='slave'} at 127.0.0.1:43456)
I20260710 13:19:51.458387  7023 tablet_copy_service.cc:161] P c16ca1e74a494b4494e1336651ba270b: Beginning new tablet copy session on tablet 1ae77e6af0ba4a53ad1c172127fd0362 from peer 505085ec6165464ab1bacc6ce8d730e3 at {username='slave'} at 127.0.0.1:43456: session id = 505085ec6165464ab1bacc6ce8d730e3-1ae77e6af0ba4a53ad1c172127fd0362
I20260710 13:19:51.480278  7023 tablet_copy_source_session.cc:215] T 1ae77e6af0ba4a53ad1c172127fd0362 P c16ca1e74a494b4494e1336651ba270b: Tablet Copy: opened 0 blocks and 1 log segments
I20260710 13:19:51.484386  7523 data_dirs.cc:400] Could only allocate 1 dirs of requested 3 for tablet 1ae77e6af0ba4a53ad1c172127fd0362. 1 dirs total, 0 dirs full, 0 dirs failed
I20260710 13:19:51.486217  7524 tablet_copy_client.cc:323] T 94d9069ec6fe4b42967b994e835f0e7f P 505085ec6165464ab1bacc6ce8d730e3: tablet copy: Beginning tablet copy session from remote peer at address 127.5.172.194:45593
I20260710 13:19:51.486877  7518 tablet_copy_client.cc:806] T 5ba71711723447b1aab8baacbd689dd1 P 505085ec6165464ab1bacc6ce8d730e3: tablet copy: Starting download of 0 data blocks...
I20260710 13:19:51.487663  7518 tablet_copy_client.cc:670] T 5ba71711723447b1aab8baacbd689dd1 P 505085ec6165464ab1bacc6ce8d730e3: tablet copy: Starting download of 1 WAL segments...
I20260710 13:19:51.489055  7023 tablet_copy_service.cc:140] P c16ca1e74a494b4494e1336651ba270b: Received BeginTabletCopySession request for tablet 94d9069ec6fe4b42967b994e835f0e7f from peer 505085ec6165464ab1bacc6ce8d730e3 ({username='slave'} at 127.0.0.1:43456)
I20260710 13:19:51.489638  7023 tablet_copy_service.cc:161] P c16ca1e74a494b4494e1336651ba270b: Beginning new tablet copy session on tablet 94d9069ec6fe4b42967b994e835f0e7f from peer 505085ec6165464ab1bacc6ce8d730e3 at {username='slave'} at 127.0.0.1:43456: session id = 505085ec6165464ab1bacc6ce8d730e3-94d9069ec6fe4b42967b994e835f0e7f
I20260710 13:19:51.499709  7518 tablet_copy_client.cc:538] T 5ba71711723447b1aab8baacbd689dd1 P 505085ec6165464ab1bacc6ce8d730e3: tablet copy: Tablet Copy complete. Replacing tablet superblock.
I20260710 13:19:51.503448  7023 tablet_copy_source_session.cc:215] T 94d9069ec6fe4b42967b994e835f0e7f P c16ca1e74a494b4494e1336651ba270b: Tablet Copy: opened 0 blocks and 1 log segments
I20260710 13:19:51.507272  7524 data_dirs.cc:400] Could only allocate 1 dirs of requested 3 for tablet 94d9069ec6fe4b42967b994e835f0e7f. 1 dirs total, 0 dirs full, 0 dirs failed
I20260710 13:19:51.521603  7518 tablet_bootstrap.cc:492] T 5ba71711723447b1aab8baacbd689dd1 P 505085ec6165464ab1bacc6ce8d730e3: Bootstrap starting.
I20260710 13:19:51.527267  7523 tablet_copy_client.cc:806] T 1ae77e6af0ba4a53ad1c172127fd0362 P 505085ec6165464ab1bacc6ce8d730e3: tablet copy: Starting download of 0 data blocks...
I20260710 13:19:51.527902  7523 tablet_copy_client.cc:670] T 1ae77e6af0ba4a53ad1c172127fd0362 P 505085ec6165464ab1bacc6ce8d730e3: tablet copy: Starting download of 1 WAL segments...
I20260710 13:19:51.534605  7523 tablet_copy_client.cc:538] T 1ae77e6af0ba4a53ad1c172127fd0362 P 505085ec6165464ab1bacc6ce8d730e3: tablet copy: Tablet Copy complete. Replacing tablet superblock.
I20260710 13:19:51.546366  7523 tablet_bootstrap.cc:492] T 1ae77e6af0ba4a53ad1c172127fd0362 P 505085ec6165464ab1bacc6ce8d730e3: Bootstrap starting.
I20260710 13:19:51.548451  7524 tablet_copy_client.cc:806] T 94d9069ec6fe4b42967b994e835f0e7f P 505085ec6165464ab1bacc6ce8d730e3: tablet copy: Starting download of 0 data blocks...
I20260710 13:19:51.549759  7524 tablet_copy_client.cc:670] T 94d9069ec6fe4b42967b994e835f0e7f P 505085ec6165464ab1bacc6ce8d730e3: tablet copy: Starting download of 1 WAL segments...
I20260710 13:19:51.554557  7524 tablet_copy_client.cc:538] T 94d9069ec6fe4b42967b994e835f0e7f P 505085ec6165464ab1bacc6ce8d730e3: tablet copy: Tablet Copy complete. Replacing tablet superblock.
I20260710 13:19:51.566478  7524 tablet_bootstrap.cc:492] T 94d9069ec6fe4b42967b994e835f0e7f P 505085ec6165464ab1bacc6ce8d730e3: Bootstrap starting.
I20260710 13:19:51.585477  7518 tablet_bootstrap.cc:492] T 5ba71711723447b1aab8baacbd689dd1 P 505085ec6165464ab1bacc6ce8d730e3: Bootstrap replayed 1/1 log segments. Stats: ops{read=2 overwritten=0 applied=2 ignored=0} inserts{seen=0 ignored=0} mutations{seen=0 ignored=0} orphaned_commits=0. Pending: 0 replicates
I20260710 13:19:51.589349  7518 tablet_bootstrap.cc:492] T 5ba71711723447b1aab8baacbd689dd1 P 505085ec6165464ab1bacc6ce8d730e3: Bootstrap complete.
I20260710 13:19:51.590197  7518 ts_tablet_manager.cc:1403] T 5ba71711723447b1aab8baacbd689dd1 P 505085ec6165464ab1bacc6ce8d730e3: Time spent bootstrapping tablet: real 0.069s	user 0.018s	sys 0.010s
I20260710 13:19:51.598053  7518 raft_consensus.cc:359] T 5ba71711723447b1aab8baacbd689dd1 P 505085ec6165464ab1bacc6ce8d730e3 [term 1 LEARNER]: Replica starting. Triggering 0 pending ops. Active config: opid_index: 2 OBSOLETE_local: false peers { permanent_uuid: "17a7ff3817f644589160a082bf7f309a" member_type: VOTER last_known_addr { host: "127.5.172.193" port: 34203 } } peers { permanent_uuid: "c16ca1e74a494b4494e1336651ba270b" member_type: VOTER last_known_addr { host: "127.5.172.194" port: 45593 } attrs { replace: true } } peers { permanent_uuid: "d7714e9059b64521911ee5f74bae759f" member_type: VOTER last_known_addr { host: "127.5.172.195" port: 44377 } } peers { permanent_uuid: "505085ec6165464ab1bacc6ce8d730e3" member_type: NON_VOTER last_known_addr { host: "127.5.172.196" port: 34815 } attrs { promote: true } }
I20260710 13:19:51.599045  7518 raft_consensus.cc:740] T 5ba71711723447b1aab8baacbd689dd1 P 505085ec6165464ab1bacc6ce8d730e3 [term 1 LEARNER]: Becoming Follower/Learner. State: Replica: 505085ec6165464ab1bacc6ce8d730e3, State: Initialized, Role: LEARNER
I20260710 13:19:51.599777  7518 consensus_queue.cc:260] T 5ba71711723447b1aab8baacbd689dd1 P 505085ec6165464ab1bacc6ce8d730e3 [NON_LEADER]: Queue going to NON_LEADER mode. State: All replicated index: 0, Majority replicated index: 0, Committed index: 2, Last appended: 1.2, Last appended by leader: 2, Current term: 0, Majority size: -1, State: 0, Mode: NON_LEADER, active raft config: opid_index: 2 OBSOLETE_local: false peers { permanent_uuid: "17a7ff3817f644589160a082bf7f309a" member_type: VOTER last_known_addr { host: "127.5.172.193" port: 34203 } } peers { permanent_uuid: "c16ca1e74a494b4494e1336651ba270b" member_type: VOTER last_known_addr { host: "127.5.172.194" port: 45593 } attrs { replace: true } } peers { permanent_uuid: "d7714e9059b64521911ee5f74bae759f" member_type: VOTER last_known_addr { host: "127.5.172.195" port: 44377 } } peers { permanent_uuid: "505085ec6165464ab1bacc6ce8d730e3" member_type: NON_VOTER last_known_addr { host: "127.5.172.196" port: 34815 } attrs { promote: true } }
I20260710 13:19:51.603211  7523 tablet_bootstrap.cc:492] T 1ae77e6af0ba4a53ad1c172127fd0362 P 505085ec6165464ab1bacc6ce8d730e3: Bootstrap replayed 1/1 log segments. Stats: ops{read=2 overwritten=0 applied=2 ignored=0} inserts{seen=0 ignored=0} mutations{seen=0 ignored=0} orphaned_commits=0. Pending: 0 replicates
I20260710 13:19:51.604395  7523 tablet_bootstrap.cc:492] T 1ae77e6af0ba4a53ad1c172127fd0362 P 505085ec6165464ab1bacc6ce8d730e3: Bootstrap complete.
I20260710 13:19:51.605842  7524 tablet_bootstrap.cc:492] T 94d9069ec6fe4b42967b994e835f0e7f P 505085ec6165464ab1bacc6ce8d730e3: Bootstrap replayed 1/1 log segments. Stats: ops{read=2 overwritten=0 applied=2 ignored=0} inserts{seen=0 ignored=0} mutations{seen=0 ignored=0} orphaned_commits=0. Pending: 0 replicates
I20260710 13:19:51.605898  7523 ts_tablet_manager.cc:1403] T 1ae77e6af0ba4a53ad1c172127fd0362 P 505085ec6165464ab1bacc6ce8d730e3: Time spent bootstrapping tablet: real 0.060s	user 0.027s	sys 0.000s
I20260710 13:19:51.607052  7524 tablet_bootstrap.cc:492] T 94d9069ec6fe4b42967b994e835f0e7f P 505085ec6165464ab1bacc6ce8d730e3: Bootstrap complete.
I20260710 13:19:51.607329  7518 ts_tablet_manager.cc:1434] T 5ba71711723447b1aab8baacbd689dd1 P 505085ec6165464ab1bacc6ce8d730e3: Time spent starting tablet: real 0.017s	user 0.006s	sys 0.000s
I20260710 13:19:51.607867  7524 ts_tablet_manager.cc:1403] T 94d9069ec6fe4b42967b994e835f0e7f P 505085ec6165464ab1bacc6ce8d730e3: Time spent bootstrapping tablet: real 0.042s	user 0.022s	sys 0.011s
I20260710 13:19:51.609191  6948 tablet_copy_service.cc:342] P 17a7ff3817f644589160a082bf7f309a: Request end of tablet copy session 505085ec6165464ab1bacc6ce8d730e3-5ba71711723447b1aab8baacbd689dd1 received from {username='slave'} at 127.0.0.1:49696
I20260710 13:19:51.609675  6948 tablet_copy_service.cc:434] P 17a7ff3817f644589160a082bf7f309a: ending tablet copy session 505085ec6165464ab1bacc6ce8d730e3-5ba71711723447b1aab8baacbd689dd1 on tablet 5ba71711723447b1aab8baacbd689dd1 with peer 505085ec6165464ab1bacc6ce8d730e3
I20260710 13:19:51.610155  7523 raft_consensus.cc:359] T 1ae77e6af0ba4a53ad1c172127fd0362 P 505085ec6165464ab1bacc6ce8d730e3 [term 1 LEARNER]: Replica starting. Triggering 0 pending ops. Active config: opid_index: 2 OBSOLETE_local: false peers { permanent_uuid: "17a7ff3817f644589160a082bf7f309a" member_type: VOTER last_known_addr { host: "127.5.172.193" port: 34203 } attrs { replace: true } } peers { permanent_uuid: "c16ca1e74a494b4494e1336651ba270b" member_type: VOTER last_known_addr { host: "127.5.172.194" port: 45593 } } peers { permanent_uuid: "d7714e9059b64521911ee5f74bae759f" member_type: VOTER last_known_addr { host: "127.5.172.195" port: 44377 } } peers { permanent_uuid: "505085ec6165464ab1bacc6ce8d730e3" member_type: NON_VOTER last_known_addr { host: "127.5.172.196" port: 34815 } attrs { promote: true } }
I20260710 13:19:51.611431  7523 raft_consensus.cc:740] T 1ae77e6af0ba4a53ad1c172127fd0362 P 505085ec6165464ab1bacc6ce8d730e3 [term 1 LEARNER]: Becoming Follower/Learner. State: Replica: 505085ec6165464ab1bacc6ce8d730e3, State: Initialized, Role: LEARNER
I20260710 13:19:51.612217  7523 consensus_queue.cc:260] T 1ae77e6af0ba4a53ad1c172127fd0362 P 505085ec6165464ab1bacc6ce8d730e3 [NON_LEADER]: Queue going to NON_LEADER mode. State: All replicated index: 0, Majority replicated index: 0, Committed index: 2, Last appended: 1.2, Last appended by leader: 2, Current term: 0, Majority size: -1, State: 0, Mode: NON_LEADER, active raft config: opid_index: 2 OBSOLETE_local: false peers { permanent_uuid: "17a7ff3817f644589160a082bf7f309a" member_type: VOTER last_known_addr { host: "127.5.172.193" port: 34203 } attrs { replace: true } } peers { permanent_uuid: "c16ca1e74a494b4494e1336651ba270b" member_type: VOTER last_known_addr { host: "127.5.172.194" port: 45593 } } peers { permanent_uuid: "d7714e9059b64521911ee5f74bae759f" member_type: VOTER last_known_addr { host: "127.5.172.195" port: 44377 } } peers { permanent_uuid: "505085ec6165464ab1bacc6ce8d730e3" member_type: NON_VOTER last_known_addr { host: "127.5.172.196" port: 34815 } attrs { promote: true } }
I20260710 13:19:51.620100  7523 ts_tablet_manager.cc:1434] T 1ae77e6af0ba4a53ad1c172127fd0362 P 505085ec6165464ab1bacc6ce8d730e3: Time spent starting tablet: real 0.014s	user 0.006s	sys 0.000s
I20260710 13:19:51.623355  7524 raft_consensus.cc:359] T 94d9069ec6fe4b42967b994e835f0e7f P 505085ec6165464ab1bacc6ce8d730e3 [term 1 LEARNER]: Replica starting. Triggering 0 pending ops. Active config: opid_index: 2 OBSOLETE_local: false peers { permanent_uuid: "17a7ff3817f644589160a082bf7f309a" member_type: VOTER last_known_addr { host: "127.5.172.193" port: 34203 } } peers { permanent_uuid: "c16ca1e74a494b4494e1336651ba270b" member_type: VOTER last_known_addr { host: "127.5.172.194" port: 45593 } } peers { permanent_uuid: "d7714e9059b64521911ee5f74bae759f" member_type: VOTER last_known_addr { host: "127.5.172.195" port: 44377 } attrs { replace: true } } peers { permanent_uuid: "505085ec6165464ab1bacc6ce8d730e3" member_type: NON_VOTER last_known_addr { host: "127.5.172.196" port: 34815 } attrs { promote: true } }
I20260710 13:19:51.624327  7524 raft_consensus.cc:740] T 94d9069ec6fe4b42967b994e835f0e7f P 505085ec6165464ab1bacc6ce8d730e3 [term 1 LEARNER]: Becoming Follower/Learner. State: Replica: 505085ec6165464ab1bacc6ce8d730e3, State: Initialized, Role: LEARNER
I20260710 13:19:51.625046  7524 consensus_queue.cc:260] T 94d9069ec6fe4b42967b994e835f0e7f P 505085ec6165464ab1bacc6ce8d730e3 [NON_LEADER]: Queue going to NON_LEADER mode. State: All replicated index: 0, Majority replicated index: 0, Committed index: 2, Last appended: 1.2, Last appended by leader: 2, Current term: 0, Majority size: -1, State: 0, Mode: NON_LEADER, active raft config: opid_index: 2 OBSOLETE_local: false peers { permanent_uuid: "17a7ff3817f644589160a082bf7f309a" member_type: VOTER last_known_addr { host: "127.5.172.193" port: 34203 } } peers { permanent_uuid: "c16ca1e74a494b4494e1336651ba270b" member_type: VOTER last_known_addr { host: "127.5.172.194" port: 45593 } } peers { permanent_uuid: "d7714e9059b64521911ee5f74bae759f" member_type: VOTER last_known_addr { host: "127.5.172.195" port: 44377 } attrs { replace: true } } peers { permanent_uuid: "505085ec6165464ab1bacc6ce8d730e3" member_type: NON_VOTER last_known_addr { host: "127.5.172.196" port: 34815 } attrs { promote: true } }
I20260710 13:19:51.627782  7524 ts_tablet_manager.cc:1434] T 94d9069ec6fe4b42967b994e835f0e7f P 505085ec6165464ab1bacc6ce8d730e3: Time spent starting tablet: real 0.020s	user 0.008s	sys 0.000s
I20260710 13:19:51.629547  7023 tablet_copy_service.cc:342] P c16ca1e74a494b4494e1336651ba270b: Request end of tablet copy session 505085ec6165464ab1bacc6ce8d730e3-94d9069ec6fe4b42967b994e835f0e7f received from {username='slave'} at 127.0.0.1:43456
I20260710 13:19:51.630015  7023 tablet_copy_service.cc:434] P c16ca1e74a494b4494e1336651ba270b: ending tablet copy session 505085ec6165464ab1bacc6ce8d730e3-94d9069ec6fe4b42967b994e835f0e7f on tablet 94d9069ec6fe4b42967b994e835f0e7f with peer 505085ec6165464ab1bacc6ce8d730e3
I20260710 13:19:51.635538  7023 tablet_copy_service.cc:342] P c16ca1e74a494b4494e1336651ba270b: Request end of tablet copy session 505085ec6165464ab1bacc6ce8d730e3-1ae77e6af0ba4a53ad1c172127fd0362 received from {username='slave'} at 127.0.0.1:43456
I20260710 13:19:51.636076  7023 tablet_copy_service.cc:434] P c16ca1e74a494b4494e1336651ba270b: ending tablet copy session 505085ec6165464ab1bacc6ce8d730e3-1ae77e6af0ba4a53ad1c172127fd0362 on tablet 1ae77e6af0ba4a53ad1c172127fd0362 with peer 505085ec6165464ab1bacc6ce8d730e3
I20260710 13:19:51.774700  7380 raft_consensus.cc:1217] T cf27c790ef9148d8b0c958031524ee98 P 505085ec6165464ab1bacc6ce8d730e3 [term 1 LEARNER]: Deduplicated request from leader. Original: 1.1->[1.2-1.2]   Dedup: 1.2->[]
I20260710 13:19:51.783452  7380 raft_consensus.cc:1217] T 94d9069ec6fe4b42967b994e835f0e7f P 505085ec6165464ab1bacc6ce8d730e3 [term 1 LEARNER]: Deduplicated request from leader. Original: 1.1->[1.2-1.2]   Dedup: 1.2->[]
I20260710 13:19:51.859882  7380 raft_consensus.cc:1217] T 5ba71711723447b1aab8baacbd689dd1 P 505085ec6165464ab1bacc6ce8d730e3 [term 1 LEARNER]: Deduplicated request from leader. Original: 1.1->[1.2-1.2]   Dedup: 1.2->[]
I20260710 13:19:51.889206  7380 raft_consensus.cc:1217] T 1ae77e6af0ba4a53ad1c172127fd0362 P 505085ec6165464ab1bacc6ce8d730e3 [term 1 LEARNER]: Deduplicated request from leader. Original: 1.1->[1.2-1.2]   Dedup: 1.2->[]
I20260710 13:19:52.216713  7532 raft_consensus.cc:1064] T 94d9069ec6fe4b42967b994e835f0e7f P c16ca1e74a494b4494e1336651ba270b: attempting to promote NON_VOTER 505085ec6165464ab1bacc6ce8d730e3 to VOTER
I20260710 13:19:52.219543  7532 consensus_queue.cc:237] T 94d9069ec6fe4b42967b994e835f0e7f P c16ca1e74a494b4494e1336651ba270b [LEADER]: Queue going to LEADER mode. State: All replicated index: 0, Majority replicated index: 2, Committed index: 2, Last appended: 1.2, Last appended by leader: 0, Current term: 1, Majority size: 3, State: 0, Mode: LEADER, active raft config: opid_index: 3 OBSOLETE_local: false peers { permanent_uuid: "17a7ff3817f644589160a082bf7f309a" member_type: VOTER last_known_addr { host: "127.5.172.193" port: 34203 } } peers { permanent_uuid: "c16ca1e74a494b4494e1336651ba270b" member_type: VOTER last_known_addr { host: "127.5.172.194" port: 45593 } } peers { permanent_uuid: "d7714e9059b64521911ee5f74bae759f" member_type: VOTER last_known_addr { host: "127.5.172.195" port: 44377 } attrs { replace: true } } peers { permanent_uuid: "505085ec6165464ab1bacc6ce8d730e3" member_type: VOTER last_known_addr { host: "127.5.172.196" port: 34815 } attrs { promote: false } }
I20260710 13:19:52.226982  7379 raft_consensus.cc:1275] T 94d9069ec6fe4b42967b994e835f0e7f P 505085ec6165464ab1bacc6ce8d730e3 [term 1 LEARNER]: Refusing update from remote peer c16ca1e74a494b4494e1336651ba270b: Log matching property violated. Preceding OpId in replica: term: 1 index: 2. Preceding OpId from leader: term: 1 index: 3. (index mismatch)
I20260710 13:19:52.229190  7083 raft_consensus.cc:1275] T 94d9069ec6fe4b42967b994e835f0e7f P d7714e9059b64521911ee5f74bae759f [term 1 FOLLOWER]: Refusing update from remote peer c16ca1e74a494b4494e1336651ba270b: Log matching property violated. Preceding OpId in replica: term: 1 index: 2. Preceding OpId from leader: term: 1 index: 3. (index mismatch)
I20260710 13:19:52.230158  7506 consensus_queue.cc:1048] T 94d9069ec6fe4b42967b994e835f0e7f P c16ca1e74a494b4494e1336651ba270b [LEADER]: Connected to new peer: Peer: permanent_uuid: "505085ec6165464ab1bacc6ce8d730e3" member_type: VOTER last_known_addr { host: "127.5.172.196" port: 34815 } attrs { promote: false }, Status: LMP_MISMATCH, Last received: 0.0, Next index: 3, Last known committed idx: 2, Time since last communication: 0.000s
I20260710 13:19:52.231676  7505 consensus_queue.cc:1048] T 94d9069ec6fe4b42967b994e835f0e7f P c16ca1e74a494b4494e1336651ba270b [LEADER]: Connected to new peer: Peer: permanent_uuid: "d7714e9059b64521911ee5f74bae759f" member_type: VOTER last_known_addr { host: "127.5.172.195" port: 44377 } attrs { replace: true }, Status: LMP_MISMATCH, Last received: 0.0, Next index: 3, Last known committed idx: 2, Time since last communication: 0.001s
I20260710 13:19:52.231590  6938 raft_consensus.cc:1275] T 94d9069ec6fe4b42967b994e835f0e7f P 17a7ff3817f644589160a082bf7f309a [term 1 FOLLOWER]: Refusing update from remote peer c16ca1e74a494b4494e1336651ba270b: Log matching property violated. Preceding OpId in replica: term: 1 index: 2. Preceding OpId from leader: term: 1 index: 3. (index mismatch)
I20260710 13:19:52.234414  7505 consensus_queue.cc:1048] T 94d9069ec6fe4b42967b994e835f0e7f P c16ca1e74a494b4494e1336651ba270b [LEADER]: Connected to new peer: Peer: permanent_uuid: "17a7ff3817f644589160a082bf7f309a" member_type: VOTER last_known_addr { host: "127.5.172.193" port: 34203 }, Status: LMP_MISMATCH, Last received: 0.0, Next index: 3, Last known committed idx: 2, Time since last communication: 0.000s
I20260710 13:19:52.255376  7505 raft_consensus.cc:2955] T 94d9069ec6fe4b42967b994e835f0e7f P c16ca1e74a494b4494e1336651ba270b [term 1 LEADER]: Committing config change with OpId 1.3: config changed from index 2 to 3, 505085ec6165464ab1bacc6ce8d730e3 (127.5.172.196) changed from NON_VOTER to VOTER. New config: { opid_index: 3 OBSOLETE_local: false peers { permanent_uuid: "17a7ff3817f644589160a082bf7f309a" member_type: VOTER last_known_addr { host: "127.5.172.193" port: 34203 } } peers { permanent_uuid: "c16ca1e74a494b4494e1336651ba270b" member_type: VOTER last_known_addr { host: "127.5.172.194" port: 45593 } } peers { permanent_uuid: "d7714e9059b64521911ee5f74bae759f" member_type: VOTER last_known_addr { host: "127.5.172.195" port: 44377 } attrs { replace: true } } peers { permanent_uuid: "505085ec6165464ab1bacc6ce8d730e3" member_type: VOTER last_known_addr { host: "127.5.172.196" port: 34815 } attrs { promote: false } } }
I20260710 13:19:52.264983  6936 raft_consensus.cc:2955] T 94d9069ec6fe4b42967b994e835f0e7f P 17a7ff3817f644589160a082bf7f309a [term 1 FOLLOWER]: Committing config change with OpId 1.3: config changed from index 2 to 3, 505085ec6165464ab1bacc6ce8d730e3 (127.5.172.196) changed from NON_VOTER to VOTER. New config: { opid_index: 3 OBSOLETE_local: false peers { permanent_uuid: "17a7ff3817f644589160a082bf7f309a" member_type: VOTER last_known_addr { host: "127.5.172.193" port: 34203 } } peers { permanent_uuid: "c16ca1e74a494b4494e1336651ba270b" member_type: VOTER last_known_addr { host: "127.5.172.194" port: 45593 } } peers { permanent_uuid: "d7714e9059b64521911ee5f74bae759f" member_type: VOTER last_known_addr { host: "127.5.172.195" port: 44377 } attrs { replace: true } } peers { permanent_uuid: "505085ec6165464ab1bacc6ce8d730e3" member_type: VOTER last_known_addr { host: "127.5.172.196" port: 34815 } attrs { promote: false } } }
I20260710 13:19:52.272816  7379 raft_consensus.cc:2955] T 94d9069ec6fe4b42967b994e835f0e7f P 505085ec6165464ab1bacc6ce8d730e3 [term 1 FOLLOWER]: Committing config change with OpId 1.3: config changed from index 2 to 3, 505085ec6165464ab1bacc6ce8d730e3 (127.5.172.196) changed from NON_VOTER to VOTER. New config: { opid_index: 3 OBSOLETE_local: false peers { permanent_uuid: "17a7ff3817f644589160a082bf7f309a" member_type: VOTER last_known_addr { host: "127.5.172.193" port: 34203 } } peers { permanent_uuid: "c16ca1e74a494b4494e1336651ba270b" member_type: VOTER last_known_addr { host: "127.5.172.194" port: 45593 } } peers { permanent_uuid: "d7714e9059b64521911ee5f74bae759f" member_type: VOTER last_known_addr { host: "127.5.172.195" port: 44377 } attrs { replace: true } } peers { permanent_uuid: "505085ec6165464ab1bacc6ce8d730e3" member_type: VOTER last_known_addr { host: "127.5.172.196" port: 34815 } attrs { promote: false } } }
I20260710 13:19:52.286031  7515 raft_consensus.cc:1064] T 5ba71711723447b1aab8baacbd689dd1 P 17a7ff3817f644589160a082bf7f309a: attempting to promote NON_VOTER 505085ec6165464ab1bacc6ce8d730e3 to VOTER
I20260710 13:19:52.288930  7515 consensus_queue.cc:237] T 5ba71711723447b1aab8baacbd689dd1 P 17a7ff3817f644589160a082bf7f309a [LEADER]: Queue going to LEADER mode. State: All replicated index: 0, Majority replicated index: 2, Committed index: 2, Last appended: 1.2, Last appended by leader: 0, Current term: 1, Majority size: 3, State: 0, Mode: LEADER, active raft config: opid_index: 3 OBSOLETE_local: false peers { permanent_uuid: "17a7ff3817f644589160a082bf7f309a" member_type: VOTER last_known_addr { host: "127.5.172.193" port: 34203 } } peers { permanent_uuid: "c16ca1e74a494b4494e1336651ba270b" member_type: VOTER last_known_addr { host: "127.5.172.194" port: 45593 } attrs { replace: true } } peers { permanent_uuid: "d7714e9059b64521911ee5f74bae759f" member_type: VOTER last_known_addr { host: "127.5.172.195" port: 44377 } } peers { permanent_uuid: "505085ec6165464ab1bacc6ce8d730e3" member_type: VOTER last_known_addr { host: "127.5.172.196" port: 34815 } attrs { promote: false } }
I20260710 13:19:52.311633  6833 catalog_manager.cc:5697] T 94d9069ec6fe4b42967b994e835f0e7f P c16ca1e74a494b4494e1336651ba270b reported cstate change: config changed from index 2 to 3, 505085ec6165464ab1bacc6ce8d730e3 (127.5.172.196) changed from NON_VOTER to VOTER. New cstate: current_term: 1 leader_uuid: "c16ca1e74a494b4494e1336651ba270b" committed_config { opid_index: 3 OBSOLETE_local: false peers { permanent_uuid: "17a7ff3817f644589160a082bf7f309a" member_type: VOTER last_known_addr { host: "127.5.172.193" port: 34203 } health_report { overall_health: HEALTHY } } peers { permanent_uuid: "c16ca1e74a494b4494e1336651ba270b" member_type: VOTER last_known_addr { host: "127.5.172.194" port: 45593 } health_report { overall_health: HEALTHY } } peers { permanent_uuid: "d7714e9059b64521911ee5f74bae759f" member_type: VOTER last_known_addr { host: "127.5.172.195" port: 44377 } attrs { replace: true } health_report { overall_health: UNKNOWN } } peers { permanent_uuid: "505085ec6165464ab1bacc6ce8d730e3" member_type: VOTER last_known_addr { host: "127.5.172.196" port: 34815 } attrs { promote: false } health_report { overall_health: HEALTHY } } }
I20260710 13:19:52.320914  7380 raft_consensus.cc:1275] T 5ba71711723447b1aab8baacbd689dd1 P 505085ec6165464ab1bacc6ce8d730e3 [term 1 LEARNER]: Refusing update from remote peer 17a7ff3817f644589160a082bf7f309a: Log matching property violated. Preceding OpId in replica: term: 1 index: 2. Preceding OpId from leader: term: 1 index: 3. (index mismatch)
I20260710 13:19:52.322570  7527 consensus_queue.cc:1048] T 5ba71711723447b1aab8baacbd689dd1 P 17a7ff3817f644589160a082bf7f309a [LEADER]: Connected to new peer: Peer: permanent_uuid: "505085ec6165464ab1bacc6ce8d730e3" member_type: VOTER last_known_addr { host: "127.5.172.196" port: 34815 } attrs { promote: false }, Status: LMP_MISMATCH, Last received: 0.0, Next index: 3, Last known committed idx: 2, Time since last communication: 0.000s
I20260710 13:19:52.343693  7531 raft_consensus.cc:1064] T cf27c790ef9148d8b0c958031524ee98 P d7714e9059b64521911ee5f74bae759f: attempting to promote NON_VOTER 505085ec6165464ab1bacc6ce8d730e3 to VOTER
I20260710 13:19:52.346525  7531 consensus_queue.cc:237] T cf27c790ef9148d8b0c958031524ee98 P d7714e9059b64521911ee5f74bae759f [LEADER]: Queue going to LEADER mode. State: All replicated index: 0, Majority replicated index: 2, Committed index: 2, Last appended: 1.2, Last appended by leader: 0, Current term: 1, Majority size: 3, State: 0, Mode: LEADER, active raft config: opid_index: 3 OBSOLETE_local: false peers { permanent_uuid: "17a7ff3817f644589160a082bf7f309a" member_type: VOTER last_known_addr { host: "127.5.172.193" port: 34203 } } peers { permanent_uuid: "c16ca1e74a494b4494e1336651ba270b" member_type: VOTER last_known_addr { host: "127.5.172.194" port: 45593 } attrs { replace: true } } peers { permanent_uuid: "d7714e9059b64521911ee5f74bae759f" member_type: VOTER last_known_addr { host: "127.5.172.195" port: 44377 } } peers { permanent_uuid: "505085ec6165464ab1bacc6ce8d730e3" member_type: VOTER last_known_addr { host: "127.5.172.196" port: 34815 } attrs { promote: false } }
I20260710 13:19:52.354418  7013 raft_consensus.cc:1275] T 5ba71711723447b1aab8baacbd689dd1 P c16ca1e74a494b4494e1336651ba270b [term 1 FOLLOWER]: Refusing update from remote peer 17a7ff3817f644589160a082bf7f309a: Log matching property violated. Preceding OpId in replica: term: 1 index: 2. Preceding OpId from leader: term: 1 index: 3. (index mismatch)
I20260710 13:19:52.355996  7085 raft_consensus.cc:1275] T 5ba71711723447b1aab8baacbd689dd1 P d7714e9059b64521911ee5f74bae759f [term 1 FOLLOWER]: Refusing update from remote peer 17a7ff3817f644589160a082bf7f309a: Log matching property violated. Preceding OpId in replica: term: 1 index: 2. Preceding OpId from leader: term: 1 index: 3. (index mismatch)
I20260710 13:19:52.356873  7271 consensus_queue.cc:1048] T 5ba71711723447b1aab8baacbd689dd1 P 17a7ff3817f644589160a082bf7f309a [LEADER]: Connected to new peer: Peer: permanent_uuid: "c16ca1e74a494b4494e1336651ba270b" member_type: VOTER last_known_addr { host: "127.5.172.194" port: 45593 } attrs { replace: true }, Status: LMP_MISMATCH, Last received: 0.0, Next index: 3, Last known committed idx: 2, Time since last communication: 0.000s
I20260710 13:19:52.365605  7012 consensus_queue.cc:237] T 94d9069ec6fe4b42967b994e835f0e7f P c16ca1e74a494b4494e1336651ba270b [LEADER]: Queue going to LEADER mode. State: All replicated index: 0, Majority replicated index: 3, Committed index: 3, Last appended: 1.3, Last appended by leader: 0, Current term: 1, Majority size: 2, State: 0, Mode: LEADER, active raft config: opid_index: 4 OBSOLETE_local: false peers { permanent_uuid: "17a7ff3817f644589160a082bf7f309a" member_type: VOTER last_known_addr { host: "127.5.172.193" port: 34203 } } peers { permanent_uuid: "c16ca1e74a494b4494e1336651ba270b" member_type: VOTER last_known_addr { host: "127.5.172.194" port: 45593 } } peers { permanent_uuid: "505085ec6165464ab1bacc6ce8d730e3" member_type: VOTER last_known_addr { host: "127.5.172.196" port: 34815 } attrs { promote: false } }
I20260710 13:19:52.367660  7547 consensus_queue.cc:1048] T 5ba71711723447b1aab8baacbd689dd1 P 17a7ff3817f644589160a082bf7f309a [LEADER]: Connected to new peer: Peer: permanent_uuid: "d7714e9059b64521911ee5f74bae759f" member_type: VOTER last_known_addr { host: "127.5.172.195" port: 44377 }, Status: LMP_MISMATCH, Last received: 0.0, Next index: 3, Last known committed idx: 2, Time since last communication: 0.001s
I20260710 13:19:52.385504  6936 raft_consensus.cc:1275] T 94d9069ec6fe4b42967b994e835f0e7f P 17a7ff3817f644589160a082bf7f309a [term 1 FOLLOWER]: Refusing update from remote peer c16ca1e74a494b4494e1336651ba270b: Log matching property violated. Preceding OpId in replica: term: 1 index: 3. Preceding OpId from leader: term: 1 index: 4. (index mismatch)
I20260710 13:19:52.387369  7533 consensus_queue.cc:1048] T 94d9069ec6fe4b42967b994e835f0e7f P c16ca1e74a494b4494e1336651ba270b [LEADER]: Connected to new peer: Peer: permanent_uuid: "17a7ff3817f644589160a082bf7f309a" member_type: VOTER last_known_addr { host: "127.5.172.193" port: 34203 }, Status: LMP_MISMATCH, Last received: 0.0, Next index: 4, Last known committed idx: 3, Time since last communication: 0.000s
I20260710 13:19:52.402215  7533 raft_consensus.cc:1064] T 1ae77e6af0ba4a53ad1c172127fd0362 P c16ca1e74a494b4494e1336651ba270b: attempting to promote NON_VOTER 505085ec6165464ab1bacc6ce8d730e3 to VOTER
I20260710 13:19:52.405921  7533 consensus_queue.cc:237] T 1ae77e6af0ba4a53ad1c172127fd0362 P c16ca1e74a494b4494e1336651ba270b [LEADER]: Queue going to LEADER mode. State: All replicated index: 0, Majority replicated index: 2, Committed index: 2, Last appended: 1.2, Last appended by leader: 0, Current term: 1, Majority size: 3, State: 0, Mode: LEADER, active raft config: opid_index: 3 OBSOLETE_local: false peers { permanent_uuid: "17a7ff3817f644589160a082bf7f309a" member_type: VOTER last_known_addr { host: "127.5.172.193" port: 34203 } attrs { replace: true } } peers { permanent_uuid: "c16ca1e74a494b4494e1336651ba270b" member_type: VOTER last_known_addr { host: "127.5.172.194" port: 45593 } } peers { permanent_uuid: "d7714e9059b64521911ee5f74bae759f" member_type: VOTER last_known_addr { host: "127.5.172.195" port: 44377 } } peers { permanent_uuid: "505085ec6165464ab1bacc6ce8d730e3" member_type: VOTER last_known_addr { host: "127.5.172.196" port: 34815 } attrs { promote: false } }
I20260710 13:19:52.413631  7378 raft_consensus.cc:1275] T 94d9069ec6fe4b42967b994e835f0e7f P 505085ec6165464ab1bacc6ce8d730e3 [term 1 FOLLOWER]: Refusing update from remote peer c16ca1e74a494b4494e1336651ba270b: Log matching property violated. Preceding OpId in replica: term: 1 index: 3. Preceding OpId from leader: term: 1 index: 4. (index mismatch)
I20260710 13:19:52.419886  7532 consensus_queue.cc:1048] T 94d9069ec6fe4b42967b994e835f0e7f P c16ca1e74a494b4494e1336651ba270b [LEADER]: Connected to new peer: Peer: permanent_uuid: "505085ec6165464ab1bacc6ce8d730e3" member_type: VOTER last_known_addr { host: "127.5.172.196" port: 34815 } attrs { promote: false }, Status: LMP_MISMATCH, Last received: 0.0, Next index: 4, Last known committed idx: 3, Time since last communication: 0.001s
I20260710 13:19:52.424575  6938 raft_consensus.cc:2955] T 94d9069ec6fe4b42967b994e835f0e7f P 17a7ff3817f644589160a082bf7f309a [term 1 FOLLOWER]: Committing config change with OpId 1.4: config changed from index 3 to 4, VOTER d7714e9059b64521911ee5f74bae759f (127.5.172.195) evicted. New config: { opid_index: 4 OBSOLETE_local: false peers { permanent_uuid: "17a7ff3817f644589160a082bf7f309a" member_type: VOTER last_known_addr { host: "127.5.172.193" port: 34203 } } peers { permanent_uuid: "c16ca1e74a494b4494e1336651ba270b" member_type: VOTER last_known_addr { host: "127.5.172.194" port: 45593 } } peers { permanent_uuid: "505085ec6165464ab1bacc6ce8d730e3" member_type: VOTER last_known_addr { host: "127.5.172.196" port: 34815 } attrs { promote: false } } }
I20260710 13:19:52.426007  7506 raft_consensus.cc:2955] T 94d9069ec6fe4b42967b994e835f0e7f P c16ca1e74a494b4494e1336651ba270b [term 1 LEADER]: Committing config change with OpId 1.4: config changed from index 3 to 4, VOTER d7714e9059b64521911ee5f74bae759f (127.5.172.195) evicted. New config: { opid_index: 4 OBSOLETE_local: false peers { permanent_uuid: "17a7ff3817f644589160a082bf7f309a" member_type: VOTER last_known_addr { host: "127.5.172.193" port: 34203 } } peers { permanent_uuid: "c16ca1e74a494b4494e1336651ba270b" member_type: VOTER last_known_addr { host: "127.5.172.194" port: 45593 } } peers { permanent_uuid: "505085ec6165464ab1bacc6ce8d730e3" member_type: VOTER last_known_addr { host: "127.5.172.196" port: 34815 } attrs { promote: false } } }
I20260710 13:19:52.433525  7379 raft_consensus.cc:2955] T 94d9069ec6fe4b42967b994e835f0e7f P 505085ec6165464ab1bacc6ce8d730e3 [term 1 FOLLOWER]: Committing config change with OpId 1.4: config changed from index 3 to 4, VOTER d7714e9059b64521911ee5f74bae759f (127.5.172.195) evicted. New config: { opid_index: 4 OBSOLETE_local: false peers { permanent_uuid: "17a7ff3817f644589160a082bf7f309a" member_type: VOTER last_known_addr { host: "127.5.172.193" port: 34203 } } peers { permanent_uuid: "c16ca1e74a494b4494e1336651ba270b" member_type: VOTER last_known_addr { host: "127.5.172.194" port: 45593 } } peers { permanent_uuid: "505085ec6165464ab1bacc6ce8d730e3" member_type: VOTER last_known_addr { host: "127.5.172.196" port: 34815 } attrs { promote: false } } }
I20260710 13:19:52.448796  7378 raft_consensus.cc:1275] T cf27c790ef9148d8b0c958031524ee98 P 505085ec6165464ab1bacc6ce8d730e3 [term 1 LEARNER]: Refusing update from remote peer d7714e9059b64521911ee5f74bae759f: Log matching property violated. Preceding OpId in replica: term: 1 index: 2. Preceding OpId from leader: term: 1 index: 3. (index mismatch)
I20260710 13:19:52.449270  6936 raft_consensus.cc:1275] T cf27c790ef9148d8b0c958031524ee98 P 17a7ff3817f644589160a082bf7f309a [term 1 FOLLOWER]: Refusing update from remote peer d7714e9059b64521911ee5f74bae759f: Log matching property violated. Preceding OpId in replica: term: 1 index: 2. Preceding OpId from leader: term: 1 index: 3. (index mismatch)
I20260710 13:19:52.451471  7531 consensus_queue.cc:1048] T cf27c790ef9148d8b0c958031524ee98 P d7714e9059b64521911ee5f74bae759f [LEADER]: Connected to new peer: Peer: permanent_uuid: "17a7ff3817f644589160a082bf7f309a" member_type: VOTER last_known_addr { host: "127.5.172.193" port: 34203 }, Status: LMP_MISMATCH, Last received: 0.0, Next index: 3, Last known committed idx: 2, Time since last communication: 0.007s
I20260710 13:19:52.465912  7495 consensus_queue.cc:1048] T cf27c790ef9148d8b0c958031524ee98 P d7714e9059b64521911ee5f74bae759f [LEADER]: Connected to new peer: Peer: permanent_uuid: "505085ec6165464ab1bacc6ce8d730e3" member_type: VOTER last_known_addr { host: "127.5.172.196" port: 34815 } attrs { promote: false }, Status: LMP_MISMATCH, Last received: 0.0, Next index: 3, Last known committed idx: 2, Time since last communication: 0.001s
I20260710 13:19:52.470570  7013 raft_consensus.cc:1275] T cf27c790ef9148d8b0c958031524ee98 P c16ca1e74a494b4494e1336651ba270b [term 1 FOLLOWER]: Refusing update from remote peer d7714e9059b64521911ee5f74bae759f: Log matching property violated. Preceding OpId in replica: term: 1 index: 2. Preceding OpId from leader: term: 1 index: 3. (index mismatch)
I20260710 13:19:52.470013  7271 raft_consensus.cc:2955] T 5ba71711723447b1aab8baacbd689dd1 P 17a7ff3817f644589160a082bf7f309a [term 1 LEADER]: Committing config change with OpId 1.3: config changed from index 2 to 3, 505085ec6165464ab1bacc6ce8d730e3 (127.5.172.196) changed from NON_VOTER to VOTER. New config: { opid_index: 3 OBSOLETE_local: false peers { permanent_uuid: "17a7ff3817f644589160a082bf7f309a" member_type: VOTER last_known_addr { host: "127.5.172.193" port: 34203 } } peers { permanent_uuid: "c16ca1e74a494b4494e1336651ba270b" member_type: VOTER last_known_addr { host: "127.5.172.194" port: 45593 } attrs { replace: true } } peers { permanent_uuid: "d7714e9059b64521911ee5f74bae759f" member_type: VOTER last_known_addr { host: "127.5.172.195" port: 44377 } } peers { permanent_uuid: "505085ec6165464ab1bacc6ce8d730e3" member_type: VOTER last_known_addr { host: "127.5.172.196" port: 34815 } attrs { promote: false } } }
I20260710 13:19:52.473304  6831 catalog_manager.cc:5697] T 94d9069ec6fe4b42967b994e835f0e7f P 17a7ff3817f644589160a082bf7f309a reported cstate change: config changed from index 3 to 4, VOTER d7714e9059b64521911ee5f74bae759f (127.5.172.195) evicted. New cstate: current_term: 1 leader_uuid: "c16ca1e74a494b4494e1336651ba270b" committed_config { opid_index: 4 OBSOLETE_local: false peers { permanent_uuid: "17a7ff3817f644589160a082bf7f309a" member_type: VOTER last_known_addr { host: "127.5.172.193" port: 34203 } } peers { permanent_uuid: "c16ca1e74a494b4494e1336651ba270b" member_type: VOTER last_known_addr { host: "127.5.172.194" port: 45593 } } peers { permanent_uuid: "505085ec6165464ab1bacc6ce8d730e3" member_type: VOTER last_known_addr { host: "127.5.172.196" port: 34815 } attrs { promote: false } } }
I20260710 13:19:52.477643  6820 catalog_manager.cc:5210] ChangeConfig:REMOVE_PEER RPC for tablet 94d9069ec6fe4b42967b994e835f0e7f with cas_config_opid_index 3: ChangeConfig:REMOVE_PEER succeeded (attempt 1)
I20260710 13:19:52.480180  7085 raft_consensus.cc:2955] T 5ba71711723447b1aab8baacbd689dd1 P d7714e9059b64521911ee5f74bae759f [term 1 FOLLOWER]: Committing config change with OpId 1.3: config changed from index 2 to 3, 505085ec6165464ab1bacc6ce8d730e3 (127.5.172.196) changed from NON_VOTER to VOTER. New config: { opid_index: 3 OBSOLETE_local: false peers { permanent_uuid: "17a7ff3817f644589160a082bf7f309a" member_type: VOTER last_known_addr { host: "127.5.172.193" port: 34203 } } peers { permanent_uuid: "c16ca1e74a494b4494e1336651ba270b" member_type: VOTER last_known_addr { host: "127.5.172.194" port: 45593 } attrs { replace: true } } peers { permanent_uuid: "d7714e9059b64521911ee5f74bae759f" member_type: VOTER last_known_addr { host: "127.5.172.195" port: 44377 } } peers { permanent_uuid: "505085ec6165464ab1bacc6ce8d730e3" member_type: VOTER last_known_addr { host: "127.5.172.196" port: 34815 } attrs { promote: false } } }
I20260710 13:19:52.500967  7495 consensus_queue.cc:1048] T cf27c790ef9148d8b0c958031524ee98 P d7714e9059b64521911ee5f74bae759f [LEADER]: Connected to new peer: Peer: permanent_uuid: "c16ca1e74a494b4494e1336651ba270b" member_type: VOTER last_known_addr { host: "127.5.172.194" port: 45593 } attrs { replace: true }, Status: LMP_MISMATCH, Last received: 0.0, Next index: 3, Last known committed idx: 2, Time since last communication: 0.001s
I20260710 13:19:52.520536  7378 raft_consensus.cc:1275] T 1ae77e6af0ba4a53ad1c172127fd0362 P 505085ec6165464ab1bacc6ce8d730e3 [term 1 LEARNER]: Refusing update from remote peer c16ca1e74a494b4494e1336651ba270b: Log matching property violated. Preceding OpId in replica: term: 1 index: 2. Preceding OpId from leader: term: 1 index: 3. (index mismatch)
I20260710 13:19:52.524835  7012 raft_consensus.cc:2955] T 5ba71711723447b1aab8baacbd689dd1 P c16ca1e74a494b4494e1336651ba270b [term 1 FOLLOWER]: Committing config change with OpId 1.3: config changed from index 2 to 3, 505085ec6165464ab1bacc6ce8d730e3 (127.5.172.196) changed from NON_VOTER to VOTER. New config: { opid_index: 3 OBSOLETE_local: false peers { permanent_uuid: "17a7ff3817f644589160a082bf7f309a" member_type: VOTER last_known_addr { host: "127.5.172.193" port: 34203 } } peers { permanent_uuid: "c16ca1e74a494b4494e1336651ba270b" member_type: VOTER last_known_addr { host: "127.5.172.194" port: 45593 } attrs { replace: true } } peers { permanent_uuid: "d7714e9059b64521911ee5f74bae759f" member_type: VOTER last_known_addr { host: "127.5.172.195" port: 44377 } } peers { permanent_uuid: "505085ec6165464ab1bacc6ce8d730e3" member_type: VOTER last_known_addr { host: "127.5.172.196" port: 34815 } attrs { promote: false } } }
I20260710 13:19:52.531510  7085 raft_consensus.cc:1275] T 1ae77e6af0ba4a53ad1c172127fd0362 P d7714e9059b64521911ee5f74bae759f [term 1 FOLLOWER]: Refusing update from remote peer c16ca1e74a494b4494e1336651ba270b: Log matching property violated. Preceding OpId in replica: term: 1 index: 2. Preceding OpId from leader: term: 1 index: 3. (index mismatch)
I20260710 13:19:52.522719  7505 consensus_queue.cc:1048] T 1ae77e6af0ba4a53ad1c172127fd0362 P c16ca1e74a494b4494e1336651ba270b [LEADER]: Connected to new peer: Peer: permanent_uuid: "505085ec6165464ab1bacc6ce8d730e3" member_type: VOTER last_known_addr { host: "127.5.172.196" port: 34815 } attrs { promote: false }, Status: LMP_MISMATCH, Last received: 0.0, Next index: 3, Last known committed idx: 2, Time since last communication: 0.012s
I20260710 13:19:52.529909  7378 raft_consensus.cc:2955] T 5ba71711723447b1aab8baacbd689dd1 P 505085ec6165464ab1bacc6ce8d730e3 [term 1 FOLLOWER]: Committing config change with OpId 1.3: config changed from index 2 to 3, 505085ec6165464ab1bacc6ce8d730e3 (127.5.172.196) changed from NON_VOTER to VOTER. New config: { opid_index: 3 OBSOLETE_local: false peers { permanent_uuid: "17a7ff3817f644589160a082bf7f309a" member_type: VOTER last_known_addr { host: "127.5.172.193" port: 34203 } } peers { permanent_uuid: "c16ca1e74a494b4494e1336651ba270b" member_type: VOTER last_known_addr { host: "127.5.172.194" port: 45593 } attrs { replace: true } } peers { permanent_uuid: "d7714e9059b64521911ee5f74bae759f" member_type: VOTER last_known_addr { host: "127.5.172.195" port: 44377 } } peers { permanent_uuid: "505085ec6165464ab1bacc6ce8d730e3" member_type: VOTER last_known_addr { host: "127.5.172.196" port: 34815 } attrs { promote: false } } }
I20260710 13:19:52.556098  6938 raft_consensus.cc:1275] T 1ae77e6af0ba4a53ad1c172127fd0362 P 17a7ff3817f644589160a082bf7f309a [term 1 FOLLOWER]: Refusing update from remote peer c16ca1e74a494b4494e1336651ba270b: Log matching property violated. Preceding OpId in replica: term: 1 index: 2. Preceding OpId from leader: term: 1 index: 3. (index mismatch)
I20260710 13:19:52.557389  7071 tablet_service.cc:1558] Processing DeleteTablet for tablet 94d9069ec6fe4b42967b994e835f0e7f with delete_type TABLET_DATA_TOMBSTONED (TS d7714e9059b64521911ee5f74bae759f not found in new config with opid_index 4) from {username='slave'} at 127.0.0.1:52320
I20260710 13:19:52.565757  6834 catalog_manager.cc:5697] T 5ba71711723447b1aab8baacbd689dd1 P d7714e9059b64521911ee5f74bae759f reported cstate change: config changed from index 2 to 3, 505085ec6165464ab1bacc6ce8d730e3 (127.5.172.196) changed from NON_VOTER to VOTER. New cstate: current_term: 1 leader_uuid: "17a7ff3817f644589160a082bf7f309a" committed_config { opid_index: 3 OBSOLETE_local: false peers { permanent_uuid: "17a7ff3817f644589160a082bf7f309a" member_type: VOTER last_known_addr { host: "127.5.172.193" port: 34203 } } peers { permanent_uuid: "c16ca1e74a494b4494e1336651ba270b" member_type: VOTER last_known_addr { host: "127.5.172.194" port: 45593 } attrs { replace: true } } peers { permanent_uuid: "d7714e9059b64521911ee5f74bae759f" member_type: VOTER last_known_addr { host: "127.5.172.195" port: 44377 } } peers { permanent_uuid: "505085ec6165464ab1bacc6ce8d730e3" member_type: VOTER last_known_addr { host: "127.5.172.196" port: 34815 } attrs { promote: false } } }
I20260710 13:19:52.567335  7542 raft_consensus.cc:2955] T cf27c790ef9148d8b0c958031524ee98 P d7714e9059b64521911ee5f74bae759f [term 1 LEADER]: Committing config change with OpId 1.3: config changed from index 2 to 3, 505085ec6165464ab1bacc6ce8d730e3 (127.5.172.196) changed from NON_VOTER to VOTER. New config: { opid_index: 3 OBSOLETE_local: false peers { permanent_uuid: "17a7ff3817f644589160a082bf7f309a" member_type: VOTER last_known_addr { host: "127.5.172.193" port: 34203 } } peers { permanent_uuid: "c16ca1e74a494b4494e1336651ba270b" member_type: VOTER last_known_addr { host: "127.5.172.194" port: 45593 } attrs { replace: true } } peers { permanent_uuid: "d7714e9059b64521911ee5f74bae759f" member_type: VOTER last_known_addr { host: "127.5.172.195" port: 44377 } } peers { permanent_uuid: "505085ec6165464ab1bacc6ce8d730e3" member_type: VOTER last_known_addr { host: "127.5.172.196" port: 34815 } attrs { promote: false } } }
I20260710 13:19:52.570286  7532 consensus_queue.cc:1048] T 1ae77e6af0ba4a53ad1c172127fd0362 P c16ca1e74a494b4494e1336651ba270b [LEADER]: Connected to new peer: Peer: permanent_uuid: "17a7ff3817f644589160a082bf7f309a" member_type: VOTER last_known_addr { host: "127.5.172.193" port: 34203 } attrs { replace: true }, Status: LMP_MISMATCH, Last received: 0.0, Next index: 3, Last known committed idx: 2, Time since last communication: 0.001s
I20260710 13:19:52.576357  7555 consensus_queue.cc:1048] T 1ae77e6af0ba4a53ad1c172127fd0362 P c16ca1e74a494b4494e1336651ba270b [LEADER]: Connected to new peer: Peer: permanent_uuid: "d7714e9059b64521911ee5f74bae759f" member_type: VOTER last_known_addr { host: "127.5.172.195" port: 44377 }, Status: LMP_MISMATCH, Last received: 0.0, Next index: 3, Last known committed idx: 2, Time since last communication: 0.001s
I20260710 13:19:52.600351  7013 raft_consensus.cc:2955] T cf27c790ef9148d8b0c958031524ee98 P c16ca1e74a494b4494e1336651ba270b [term 1 FOLLOWER]: Committing config change with OpId 1.3: config changed from index 2 to 3, 505085ec6165464ab1bacc6ce8d730e3 (127.5.172.196) changed from NON_VOTER to VOTER. New config: { opid_index: 3 OBSOLETE_local: false peers { permanent_uuid: "17a7ff3817f644589160a082bf7f309a" member_type: VOTER last_known_addr { host: "127.5.172.193" port: 34203 } } peers { permanent_uuid: "c16ca1e74a494b4494e1336651ba270b" member_type: VOTER last_known_addr { host: "127.5.172.194" port: 45593 } attrs { replace: true } } peers { permanent_uuid: "d7714e9059b64521911ee5f74bae759f" member_type: VOTER last_known_addr { host: "127.5.172.195" port: 44377 } } peers { permanent_uuid: "505085ec6165464ab1bacc6ce8d730e3" member_type: VOTER last_known_addr { host: "127.5.172.196" port: 34815 } attrs { promote: false } } }
I20260710 13:19:52.626468  7557 tablet_replica.cc:333] T 94d9069ec6fe4b42967b994e835f0e7f P d7714e9059b64521911ee5f74bae759f: stopping tablet replica
I20260710 13:19:52.627699  7557 raft_consensus.cc:2243] T 94d9069ec6fe4b42967b994e835f0e7f P d7714e9059b64521911ee5f74bae759f [term 1 FOLLOWER]: Raft consensus shutting down.
I20260710 13:19:52.629474  7557 pending_rounds.cc:70] T 94d9069ec6fe4b42967b994e835f0e7f P d7714e9059b64521911ee5f74bae759f: Trying to abort 1 pending ops.
