I20260710 13:19:56.276341  7732 tablet_replica.cc:333] T 4bc50cfb445648bcb8ba2f8deab11e68 P b0911473d64045c0b3aced8f822aa77b: stopping tablet replica
I20260710 13:19:56.277834  7732 raft_consensus.cc:2243] T 4bc50cfb445648bcb8ba2f8deab11e68 P b0911473d64045c0b3aced8f822aa77b [term 1 FOLLOWER]: Raft consensus shutting down.
I20260710 13:19:56.278277  7425 raft_consensus.cc:1275] T 6b9fc1e845394a1cb61215355039e6a6 P c8fb754536c6481c881ad41cdd21be3b [term 1 FOLLOWER]: Refusing update from remote peer b0911473d64045c0b3aced8f822aa77b: Log matching property violated. Preceding OpId in replica: term: 1 index: 3. Preceding OpId from leader: term: 1 index: 4. (index mismatch)
I20260710 13:19:56.280812  7730 consensus_queue.cc:1048] T 6b9fc1e845394a1cb61215355039e6a6 P b0911473d64045c0b3aced8f822aa77b [LEADER]: Connected to new peer: Peer: permanent_uuid: "c8fb754536c6481c881ad41cdd21be3b" member_type: VOTER last_known_addr { host: "127.5.195.68" port: 39475 } attrs { promote: false }, Status: LMP_MISMATCH, Last received: 0.0, Next index: 4, Last known committed idx: 3, Time since last communication: 0.000s
I20260710 13:19:56.282028  6896 catalog_manager.cc:5210] ChangeConfig:REMOVE_PEER RPC for tablet 6b9fc1e845394a1cb61215355039e6a6 with cas_config_opid_index 3: ChangeConfig:REMOVE_PEER succeeded (attempt 1)
I20260710 13:19:56.287016  7426 raft_consensus.cc:1275] T 754ebca410d54ab884adf97484903a87 P c8fb754536c6481c881ad41cdd21be3b [term 1 LEARNER]: Refusing update from remote peer 1ddc4e12e1a443b3ba52f9d5e57ed8e1: Log matching property violated. Preceding OpId in replica: term: 1 index: 2. Preceding OpId from leader: term: 1 index: 3. (index mismatch)
I20260710 13:19:56.287660  6910 catalog_manager.cc:5697] T 6b9fc1e845394a1cb61215355039e6a6 P 5a324e6c78584e8dad370a78cd80572d reported cstate change: config changed from index 3 to 4, VOTER 1ddc4e12e1a443b3ba52f9d5e57ed8e1 (127.5.195.66) evicted. New cstate: current_term: 1 leader_uuid: "b0911473d64045c0b3aced8f822aa77b" committed_config { opid_index: 4 OBSOLETE_local: false peers { permanent_uuid: "b0911473d64045c0b3aced8f822aa77b" member_type: VOTER last_known_addr { host: "127.5.195.65" port: 39613 } } peers { permanent_uuid: "5a324e6c78584e8dad370a78cd80572d" member_type: VOTER last_known_addr { host: "127.5.195.67" port: 41671 } } peers { permanent_uuid: "c8fb754536c6481c881ad41cdd21be3b" member_type: VOTER last_known_addr { host: "127.5.195.68" port: 39475 } attrs { promote: false } } }
I20260710 13:19:56.288496  7717 consensus_queue.cc:1048] T 754ebca410d54ab884adf97484903a87 P 1ddc4e12e1a443b3ba52f9d5e57ed8e1 [LEADER]: Connected to new peer: Peer: permanent_uuid: "c8fb754536c6481c881ad41cdd21be3b" member_type: VOTER last_known_addr { host: "127.5.195.68" port: 39475 } attrs { promote: false }, Status: LMP_MISMATCH, Last received: 0.0, Next index: 3, Last known committed idx: 2, Time since last communication: 0.000s
I20260710 13:19:56.292200  7425 raft_consensus.cc:2955] T 6b9fc1e845394a1cb61215355039e6a6 P c8fb754536c6481c881ad41cdd21be3b [term 1 FOLLOWER]: Committing config change with OpId 1.4: config changed from index 3 to 4, VOTER 1ddc4e12e1a443b3ba52f9d5e57ed8e1 (127.5.195.66) evicted. New config: { opid_index: 4 OBSOLETE_local: false peers { permanent_uuid: "b0911473d64045c0b3aced8f822aa77b" member_type: VOTER last_known_addr { host: "127.5.195.65" port: 39613 } } peers { permanent_uuid: "5a324e6c78584e8dad370a78cd80572d" member_type: VOTER last_known_addr { host: "127.5.195.67" port: 41671 } } peers { permanent_uuid: "c8fb754536c6481c881ad41cdd21be3b" member_type: VOTER last_known_addr { host: "127.5.195.68" port: 39475 } attrs { promote: false } } }
I20260710 13:19:56.294891  7161 raft_consensus.cc:1275] T 754ebca410d54ab884adf97484903a87 P 5a324e6c78584e8dad370a78cd80572d [term 1 FOLLOWER]: Refusing update from remote peer 1ddc4e12e1a443b3ba52f9d5e57ed8e1: Log matching property violated. Preceding OpId in replica: term: 1 index: 2. Preceding OpId from leader: term: 1 index: 3. (index mismatch)
I20260710 13:19:56.297793  7732 raft_consensus.cc:2272] T 4bc50cfb445648bcb8ba2f8deab11e68 P b0911473d64045c0b3aced8f822aa77b [term 1 FOLLOWER]: Raft consensus is shut down!
I20260710 13:19:56.298836  7681 consensus_queue.cc:1048] T 754ebca410d54ab884adf97484903a87 P 1ddc4e12e1a443b3ba52f9d5e57ed8e1 [LEADER]: Connected to new peer: Peer: permanent_uuid: "5a324e6c78584e8dad370a78cd80572d" member_type: VOTER last_known_addr { host: "127.5.195.67" port: 41671 }, Status: LMP_MISMATCH, Last received: 0.0, Next index: 3, Last known committed idx: 2, Time since last communication: 0.000s
I20260710 13:19:56.318012  7732 ts_tablet_manager.cc:1916] T 4bc50cfb445648bcb8ba2f8deab11e68 P b0911473d64045c0b3aced8f822aa77b: Deleting tablet data with delete state TABLET_DATA_TOMBSTONED
I20260710 13:19:56.322991  7009 raft_consensus.cc:1275] T 754ebca410d54ab884adf97484903a87 P b0911473d64045c0b3aced8f822aa77b [term 1 FOLLOWER]: Refusing update from remote peer 1ddc4e12e1a443b3ba52f9d5e57ed8e1: Log matching property violated. Preceding OpId in replica: term: 1 index: 2. Preceding OpId from leader: term: 1 index: 3. (index mismatch)
I20260710 13:19:56.324672  7074 tablet_service.cc:1558] Processing DeleteTablet for tablet 6b9fc1e845394a1cb61215355039e6a6 with delete_type TABLET_DATA_TOMBSTONED (TS 1ddc4e12e1a443b3ba52f9d5e57ed8e1 not found in new config with opid_index 4) from {username='slave'} at 127.0.0.1:48140
I20260710 13:19:56.331254  7717 consensus_queue.cc:1048] T 754ebca410d54ab884adf97484903a87 P 1ddc4e12e1a443b3ba52f9d5e57ed8e1 [LEADER]: Connected to new peer: Peer: permanent_uuid: "b0911473d64045c0b3aced8f822aa77b" member_type: VOTER last_known_addr { host: "127.5.195.65" port: 39613 } attrs { replace: true }, Status: LMP_MISMATCH, Last received: 0.0, Next index: 3, Last known committed idx: 2, Time since last communication: 0.000s
I20260710 13:19:56.332885  7737 tablet_replica.cc:333] T 6b9fc1e845394a1cb61215355039e6a6 P 1ddc4e12e1a443b3ba52f9d5e57ed8e1: stopping tablet replica
I20260710 13:19:56.333966  7737 raft_consensus.cc:2243] T 6b9fc1e845394a1cb61215355039e6a6 P 1ddc4e12e1a443b3ba52f9d5e57ed8e1 [term 1 FOLLOWER]: Raft consensus shutting down.
I20260710 13:19:56.334156  7732 ts_tablet_manager.cc:1929] T 4bc50cfb445648bcb8ba2f8deab11e68 P b0911473d64045c0b3aced8f822aa77b: tablet deleted with delete type TABLET_DATA_TOMBSTONED: last-logged OpId 1.3
I20260710 13:19:56.333434  7716 raft_consensus.cc:2955] T 754ebca410d54ab884adf97484903a87 P 1ddc4e12e1a443b3ba52f9d5e57ed8e1 [term 1 LEADER]: Committing config change with OpId 1.3: config changed from index 2 to 3, c8fb754536c6481c881ad41cdd21be3b (127.5.195.68) changed from NON_VOTER to VOTER. New config: { opid_index: 3 OBSOLETE_local: false peers { permanent_uuid: "b0911473d64045c0b3aced8f822aa77b" member_type: VOTER last_known_addr { host: "127.5.195.65" port: 39613 } attrs { replace: true } } peers { permanent_uuid: "1ddc4e12e1a443b3ba52f9d5e57ed8e1" member_type: VOTER last_known_addr { host: "127.5.195.66" port: 36851 } } peers { permanent_uuid: "5a324e6c78584e8dad370a78cd80572d" member_type: VOTER last_known_addr { host: "127.5.195.67" port: 41671 } } peers { permanent_uuid: "c8fb754536c6481c881ad41cdd21be3b" member_type: VOTER last_known_addr { host: "127.5.195.68" port: 39475 } attrs { promote: false } } }
I20260710 13:19:56.334627  7732 log.cc:1199] T 4bc50cfb445648bcb8ba2f8deab11e68 P b0911473d64045c0b3aced8f822aa77b: Deleting WAL directory at /tmp/dist-test-task0hQPon/test-tmp/auto_leader_rebalancer-test.0.LeaderRebalancerTest.AddTserver.1783689556331130-5901-0/minicluster-data/ts-0-root/wals/4bc50cfb445648bcb8ba2f8deab11e68
I20260710 13:19:56.334769  7737 raft_consensus.cc:2272] T 6b9fc1e845394a1cb61215355039e6a6 P 1ddc4e12e1a443b3ba52f9d5e57ed8e1 [term 1 FOLLOWER]: Raft consensus is shut down!
I20260710 13:19:56.339360  6896 catalog_manager.cc:5028] TS b0911473d64045c0b3aced8f822aa77b (127.5.195.65:39613): tablet 4bc50cfb445648bcb8ba2f8deab11e68 (table test-workload [id=0be12c8c5f944209b69fa725ed9c59fe]) successfully deleted
I20260710 13:19:56.341744  7426 raft_consensus.cc:2955] T 754ebca410d54ab884adf97484903a87 P c8fb754536c6481c881ad41cdd21be3b [term 1 FOLLOWER]: Committing config change with OpId 1.3: config changed from index 2 to 3, c8fb754536c6481c881ad41cdd21be3b (127.5.195.68) changed from NON_VOTER to VOTER. New config: { opid_index: 3 OBSOLETE_local: false peers { permanent_uuid: "b0911473d64045c0b3aced8f822aa77b" member_type: VOTER last_known_addr { host: "127.5.195.65" port: 39613 } attrs { replace: true } } peers { permanent_uuid: "1ddc4e12e1a443b3ba52f9d5e57ed8e1" member_type: VOTER last_known_addr { host: "127.5.195.66" port: 36851 } } peers { permanent_uuid: "5a324e6c78584e8dad370a78cd80572d" member_type: VOTER last_known_addr { host: "127.5.195.67" port: 41671 } } peers { permanent_uuid: "c8fb754536c6481c881ad41cdd21be3b" member_type: VOTER last_known_addr { host: "127.5.195.68" port: 39475 } attrs { promote: false } } }
I20260710 13:19:56.345357  7737 ts_tablet_manager.cc:1916] T 6b9fc1e845394a1cb61215355039e6a6 P 1ddc4e12e1a443b3ba52f9d5e57ed8e1: Deleting tablet data with delete state TABLET_DATA_TOMBSTONED
I20260710 13:19:56.347442  7730 raft_consensus.cc:1064] T cf183081e8624fb99fa3c267ba7f3a40 P b0911473d64045c0b3aced8f822aa77b: attempting to promote NON_VOTER c8fb754536c6481c881ad41cdd21be3b to VOTER
I20260710 13:19:56.349800  7730 consensus_queue.cc:237] T cf183081e8624fb99fa3c267ba7f3a40 P b0911473d64045c0b3aced8f822aa77b [LEADER]: Queue going to LEADER mode. State: All replicated index: 0, Majority replicated index: 2, Committed index: 2, Last appended: 1.2, Last appended by leader: 0, Current term: 1, Majority size: 3, State: 0, Mode: LEADER, active raft config: opid_index: 3 OBSOLETE_local: false peers { permanent_uuid: "b0911473d64045c0b3aced8f822aa77b" member_type: VOTER last_known_addr { host: "127.5.195.65" port: 39613 } } peers { permanent_uuid: "1ddc4e12e1a443b3ba52f9d5e57ed8e1" member_type: VOTER last_known_addr { host: "127.5.195.66" port: 36851 } } peers { permanent_uuid: "5a324e6c78584e8dad370a78cd80572d" member_type: VOTER last_known_addr { host: "127.5.195.67" port: 41671 } attrs { replace: true } } peers { permanent_uuid: "c8fb754536c6481c881ad41cdd21be3b" member_type: VOTER last_known_addr { host: "127.5.195.68" port: 39475 } attrs { promote: false } }
I20260710 13:19:56.343685  7009 raft_consensus.cc:2955] T 754ebca410d54ab884adf97484903a87 P b0911473d64045c0b3aced8f822aa77b [term 1 FOLLOWER]: Committing config change with OpId 1.3: config changed from index 2 to 3, c8fb754536c6481c881ad41cdd21be3b (127.5.195.68) changed from NON_VOTER to VOTER. New config: { opid_index: 3 OBSOLETE_local: false peers { permanent_uuid: "b0911473d64045c0b3aced8f822aa77b" member_type: VOTER last_known_addr { host: "127.5.195.65" port: 39613 } attrs { replace: true } } peers { permanent_uuid: "1ddc4e12e1a443b3ba52f9d5e57ed8e1" member_type: VOTER last_known_addr { host: "127.5.195.66" port: 36851 } } peers { permanent_uuid: "5a324e6c78584e8dad370a78cd80572d" member_type: VOTER last_known_addr { host: "127.5.195.67" port: 41671 } } peers { permanent_uuid: "c8fb754536c6481c881ad41cdd21be3b" member_type: VOTER last_known_addr { host: "127.5.195.68" port: 39475 } attrs { promote: false } } }
I20260710 13:19:56.355852  7161 raft_consensus.cc:2955] T 754ebca410d54ab884adf97484903a87 P 5a324e6c78584e8dad370a78cd80572d [term 1 FOLLOWER]: Committing config change with OpId 1.3: config changed from index 2 to 3, c8fb754536c6481c881ad41cdd21be3b (127.5.195.68) changed from NON_VOTER to VOTER. New config: { opid_index: 3 OBSOLETE_local: false peers { permanent_uuid: "b0911473d64045c0b3aced8f822aa77b" member_type: VOTER last_known_addr { host: "127.5.195.65" port: 39613 } attrs { replace: true } } peers { permanent_uuid: "1ddc4e12e1a443b3ba52f9d5e57ed8e1" member_type: VOTER last_known_addr { host: "127.5.195.66" port: 36851 } } peers { permanent_uuid: "5a324e6c78584e8dad370a78cd80572d" member_type: VOTER last_known_addr { host: "127.5.195.67" port: 41671 } } peers { permanent_uuid: "c8fb754536c6481c881ad41cdd21be3b" member_type: VOTER last_known_addr { host: "127.5.195.68" port: 39475 } attrs { promote: false } } }
I20260710 13:19:56.362628  6908 catalog_manager.cc:5697] T 754ebca410d54ab884adf97484903a87 P c8fb754536c6481c881ad41cdd21be3b reported cstate change: config changed from index 2 to 3, c8fb754536c6481c881ad41cdd21be3b (127.5.195.68) changed from NON_VOTER to VOTER. New cstate: current_term: 1 leader_uuid: "1ddc4e12e1a443b3ba52f9d5e57ed8e1" committed_config { opid_index: 3 OBSOLETE_local: false peers { permanent_uuid: "b0911473d64045c0b3aced8f822aa77b" member_type: VOTER last_known_addr { host: "127.5.195.65" port: 39613 } attrs { replace: true } } peers { permanent_uuid: "1ddc4e12e1a443b3ba52f9d5e57ed8e1" member_type: VOTER last_known_addr { host: "127.5.195.66" port: 36851 } } peers { permanent_uuid: "5a324e6c78584e8dad370a78cd80572d" member_type: VOTER last_known_addr { host: "127.5.195.67" port: 41671 } } peers { permanent_uuid: "c8fb754536c6481c881ad41cdd21be3b" member_type: VOTER last_known_addr { host: "127.5.195.68" port: 39475 } attrs { promote: false } } }
I20260710 13:19:56.371433  7737 ts_tablet_manager.cc:1929] T 6b9fc1e845394a1cb61215355039e6a6 P 1ddc4e12e1a443b3ba52f9d5e57ed8e1: tablet deleted with delete type TABLET_DATA_TOMBSTONED: last-logged OpId 1.3
I20260710 13:19:56.372015  7737 log.cc:1199] T 6b9fc1e845394a1cb61215355039e6a6 P 1ddc4e12e1a443b3ba52f9d5e57ed8e1: Deleting WAL directory at /tmp/dist-test-task0hQPon/test-tmp/auto_leader_rebalancer-test.0.LeaderRebalancerTest.AddTserver.1783689556331130-5901-0/minicluster-data/ts-1-root/wals/6b9fc1e845394a1cb61215355039e6a6
I20260710 13:19:56.373987  6895 catalog_manager.cc:5028] TS 1ddc4e12e1a443b3ba52f9d5e57ed8e1 (127.5.195.66:36851): tablet 6b9fc1e845394a1cb61215355039e6a6 (table test-workload [id=0be12c8c5f944209b69fa725ed9c59fe]) successfully deleted
I20260710 13:19:56.376544  7426 raft_consensus.cc:1275] T cf183081e8624fb99fa3c267ba7f3a40 P c8fb754536c6481c881ad41cdd21be3b [term 1 LEARNER]: Refusing update from remote peer b0911473d64045c0b3aced8f822aa77b: Log matching property violated. Preceding OpId in replica: term: 1 index: 2. Preceding OpId from leader: term: 1 index: 3. (index mismatch)
I20260710 13:19:56.378192  7161 raft_consensus.cc:1275] T cf183081e8624fb99fa3c267ba7f3a40 P 5a324e6c78584e8dad370a78cd80572d [term 1 FOLLOWER]: Refusing update from remote peer b0911473d64045c0b3aced8f822aa77b: Log matching property violated. Preceding OpId in replica: term: 1 index: 2. Preceding OpId from leader: term: 1 index: 3. (index mismatch)
I20260710 13:19:56.379000  7700 consensus_queue.cc:1048] T cf183081e8624fb99fa3c267ba7f3a40 P b0911473d64045c0b3aced8f822aa77b [LEADER]: Connected to new peer: Peer: permanent_uuid: "c8fb754536c6481c881ad41cdd21be3b" member_type: VOTER last_known_addr { host: "127.5.195.68" port: 39475 } attrs { promote: false }, Status: LMP_MISMATCH, Last received: 0.0, Next index: 3, Last known committed idx: 2, Time since last communication: 0.000s
I20260710 13:19:56.381210  7730 consensus_queue.cc:1048] T cf183081e8624fb99fa3c267ba7f3a40 P b0911473d64045c0b3aced8f822aa77b [LEADER]: Connected to new peer: Peer: permanent_uuid: "5a324e6c78584e8dad370a78cd80572d" member_type: VOTER last_known_addr { host: "127.5.195.67" port: 41671 } attrs { replace: true }, Status: LMP_MISMATCH, Last received: 0.0, Next index: 3, Last known committed idx: 2, Time since last communication: 0.000s
I20260710 13:19:56.385080  7085 consensus_queue.cc:237] T 754ebca410d54ab884adf97484903a87 P 1ddc4e12e1a443b3ba52f9d5e57ed8e1 [LEADER]: Queue going to LEADER mode. State: All replicated index: 0, Majority replicated index: 3, Committed index: 3, Last appended: 1.3, Last appended by leader: 0, Current term: 1, Majority size: 2, State: 0, Mode: LEADER, active raft config: opid_index: 4 OBSOLETE_local: false peers { permanent_uuid: "1ddc4e12e1a443b3ba52f9d5e57ed8e1" member_type: VOTER last_known_addr { host: "127.5.195.66" port: 36851 } } peers { permanent_uuid: "5a324e6c78584e8dad370a78cd80572d" member_type: VOTER last_known_addr { host: "127.5.195.67" port: 41671 } } peers { permanent_uuid: "c8fb754536c6481c881ad41cdd21be3b" member_type: VOTER last_known_addr { host: "127.5.195.68" port: 39475 } attrs { promote: false } }
I20260710 13:19:56.388350  7084 raft_consensus.cc:1275] T cf183081e8624fb99fa3c267ba7f3a40 P 1ddc4e12e1a443b3ba52f9d5e57ed8e1 [term 1 FOLLOWER]: Refusing update from remote peer b0911473d64045c0b3aced8f822aa77b: Log matching property violated. Preceding OpId in replica: term: 1 index: 2. Preceding OpId from leader: term: 1 index: 3. (index mismatch)
I20260710 13:19:56.392289  7718 consensus_queue.cc:1048] T cf183081e8624fb99fa3c267ba7f3a40 P b0911473d64045c0b3aced8f822aa77b [LEADER]: Connected to new peer: Peer: permanent_uuid: "1ddc4e12e1a443b3ba52f9d5e57ed8e1" member_type: VOTER last_known_addr { host: "127.5.195.66" port: 36851 }, Status: LMP_MISMATCH, Last received: 0.0, Next index: 3, Last known committed idx: 2, Time since last communication: 0.001s
I20260710 13:19:56.397290  7426 raft_consensus.cc:1275] T 754ebca410d54ab884adf97484903a87 P c8fb754536c6481c881ad41cdd21be3b [term 1 FOLLOWER]: Refusing update from remote peer 1ddc4e12e1a443b3ba52f9d5e57ed8e1: Log matching property violated. Preceding OpId in replica: term: 1 index: 3. Preceding OpId from leader: term: 1 index: 4. (index mismatch)
I20260710 13:19:56.402207  7717 consensus_queue.cc:1048] T 754ebca410d54ab884adf97484903a87 P 1ddc4e12e1a443b3ba52f9d5e57ed8e1 [LEADER]: Connected to new peer: Peer: permanent_uuid: "c8fb754536c6481c881ad41cdd21be3b" member_type: VOTER last_known_addr { host: "127.5.195.68" port: 39475 } attrs { promote: false }, Status: LMP_MISMATCH, Last received: 0.0, Next index: 4, Last known committed idx: 3, Time since last communication: 0.001s
I20260710 13:19:56.412436  7159 raft_consensus.cc:1275] T 754ebca410d54ab884adf97484903a87 P 5a324e6c78584e8dad370a78cd80572d [term 1 FOLLOWER]: Refusing update from remote peer 1ddc4e12e1a443b3ba52f9d5e57ed8e1: Log matching property violated. Preceding OpId in replica: term: 1 index: 3. Preceding OpId from leader: term: 1 index: 4. (index mismatch)
I20260710 13:19:56.414772  7734 raft_consensus.cc:2955] T 754ebca410d54ab884adf97484903a87 P 1ddc4e12e1a443b3ba52f9d5e57ed8e1 [term 1 LEADER]: Committing config change with OpId 1.4: config changed from index 3 to 4, VOTER b0911473d64045c0b3aced8f822aa77b (127.5.195.65) evicted. New config: { opid_index: 4 OBSOLETE_local: false peers { permanent_uuid: "1ddc4e12e1a443b3ba52f9d5e57ed8e1" member_type: VOTER last_known_addr { host: "127.5.195.66" port: 36851 } } peers { permanent_uuid: "5a324e6c78584e8dad370a78cd80572d" member_type: VOTER last_known_addr { host: "127.5.195.67" port: 41671 } } peers { permanent_uuid: "c8fb754536c6481c881ad41cdd21be3b" member_type: VOTER last_known_addr { host: "127.5.195.68" port: 39475 } attrs { promote: false } } }
I20260710 13:19:56.426295  7730 raft_consensus.cc:2955] T cf183081e8624fb99fa3c267ba7f3a40 P b0911473d64045c0b3aced8f822aa77b [term 1 LEADER]: Committing config change with OpId 1.3: config changed from index 2 to 3, c8fb754536c6481c881ad41cdd21be3b (127.5.195.68) changed from NON_VOTER to VOTER. New config: { opid_index: 3 OBSOLETE_local: false peers { permanent_uuid: "b0911473d64045c0b3aced8f822aa77b" member_type: VOTER last_known_addr { host: "127.5.195.65" port: 39613 } } peers { permanent_uuid: "1ddc4e12e1a443b3ba52f9d5e57ed8e1" member_type: VOTER last_known_addr { host: "127.5.195.66" port: 36851 } } peers { permanent_uuid: "5a324e6c78584e8dad370a78cd80572d" member_type: VOTER last_known_addr { host: "127.5.195.67" port: 41671 } attrs { replace: true } } peers { permanent_uuid: "c8fb754536c6481c881ad41cdd21be3b" member_type: VOTER last_known_addr { host: "127.5.195.68" port: 39475 } attrs { promote: false } } }
I20260710 13:19:56.427590  7716 consensus_queue.cc:1048] T 754ebca410d54ab884adf97484903a87 P 1ddc4e12e1a443b3ba52f9d5e57ed8e1 [LEADER]: Connected to new peer: Peer: permanent_uuid: "5a324e6c78584e8dad370a78cd80572d" member_type: VOTER last_known_addr { host: "127.5.195.67" port: 41671 }, Status: LMP_MISMATCH, Last received: 0.0, Next index: 4, Last known committed idx: 3, Time since last communication: 0.000s
I20260710 13:19:56.429564  6895 catalog_manager.cc:5210] ChangeConfig:REMOVE_PEER RPC for tablet 754ebca410d54ab884adf97484903a87 with cas_config_opid_index 3: ChangeConfig:REMOVE_PEER succeeded (attempt 1)
I20260710 13:19:56.430457  7426 raft_consensus.cc:2955] T 754ebca410d54ab884adf97484903a87 P c8fb754536c6481c881ad41cdd21be3b [term 1 FOLLOWER]: Committing config change with OpId 1.4: config changed from index 3 to 4, VOTER b0911473d64045c0b3aced8f822aa77b (127.5.195.65) evicted. New config: { opid_index: 4 OBSOLETE_local: false peers { permanent_uuid: "1ddc4e12e1a443b3ba52f9d5e57ed8e1" member_type: VOTER last_known_addr { host: "127.5.195.66" port: 36851 } } peers { permanent_uuid: "5a324e6c78584e8dad370a78cd80572d" member_type: VOTER last_known_addr { host: "127.5.195.67" port: 41671 } } peers { permanent_uuid: "c8fb754536c6481c881ad41cdd21be3b" member_type: VOTER last_known_addr { host: "127.5.195.68" port: 39475 } attrs { promote: false } } }
I20260710 13:19:56.432439  7161 raft_consensus.cc:2955] T 754ebca410d54ab884adf97484903a87 P 5a324e6c78584e8dad370a78cd80572d [term 1 FOLLOWER]: Committing config change with OpId 1.4: config changed from index 3 to 4, VOTER b0911473d64045c0b3aced8f822aa77b (127.5.195.65) evicted. New config: { opid_index: 4 OBSOLETE_local: false peers { permanent_uuid: "1ddc4e12e1a443b3ba52f9d5e57ed8e1" member_type: VOTER last_known_addr { host: "127.5.195.66" port: 36851 } } peers { permanent_uuid: "5a324e6c78584e8dad370a78cd80572d" member_type: VOTER last_known_addr { host: "127.5.195.67" port: 41671 } } peers { permanent_uuid: "c8fb754536c6481c881ad41cdd21be3b" member_type: VOTER last_known_addr { host: "127.5.195.68" port: 39475 } attrs { promote: false } } }
I20260710 13:19:56.438951  7425 raft_consensus.cc:2955] T cf183081e8624fb99fa3c267ba7f3a40 P c8fb754536c6481c881ad41cdd21be3b [term 1 FOLLOWER]: Committing config change with OpId 1.3: config changed from index 2 to 3, c8fb754536c6481c881ad41cdd21be3b (127.5.195.68) changed from NON_VOTER to VOTER. New config: { opid_index: 3 OBSOLETE_local: false peers { permanent_uuid: "b0911473d64045c0b3aced8f822aa77b" member_type: VOTER last_known_addr { host: "127.5.195.65" port: 39613 } } peers { permanent_uuid: "1ddc4e12e1a443b3ba52f9d5e57ed8e1" member_type: VOTER last_known_addr { host: "127.5.195.66" port: 36851 } } peers { permanent_uuid: "5a324e6c78584e8dad370a78cd80572d" member_type: VOTER last_known_addr { host: "127.5.195.67" port: 41671 } attrs { replace: true } } peers { permanent_uuid: "c8fb754536c6481c881ad41cdd21be3b" member_type: VOTER last_known_addr { host: "127.5.195.68" port: 39475 } attrs { promote: false } } }
I20260710 13:19:56.442761  6910 catalog_manager.cc:5697] T 754ebca410d54ab884adf97484903a87 P 1ddc4e12e1a443b3ba52f9d5e57ed8e1 reported cstate change: config changed from index 3 to 4, VOTER b0911473d64045c0b3aced8f822aa77b (127.5.195.65) evicted. New cstate: current_term: 1 leader_uuid: "1ddc4e12e1a443b3ba52f9d5e57ed8e1" committed_config { opid_index: 4 OBSOLETE_local: false peers { permanent_uuid: "1ddc4e12e1a443b3ba52f9d5e57ed8e1" member_type: VOTER last_known_addr { host: "127.5.195.66" port: 36851 } health_report { overall_health: HEALTHY } } peers { permanent_uuid: "5a324e6c78584e8dad370a78cd80572d" member_type: VOTER last_known_addr { host: "127.5.195.67" port: 41671 } health_report { overall_health: UNKNOWN } } peers { permanent_uuid: "c8fb754536c6481c881ad41cdd21be3b" member_type: VOTER last_known_addr { host: "127.5.195.68" port: 39475 } attrs { promote: false } health_report { overall_health: HEALTHY } } }
I20260710 13:19:56.450498  7161 raft_consensus.cc:2955] T cf183081e8624fb99fa3c267ba7f3a40 P 5a324e6c78584e8dad370a78cd80572d [term 1 FOLLOWER]: Committing config change with OpId 1.3: config changed from index 2 to 3, c8fb754536c6481c881ad41cdd21be3b (127.5.195.68) changed from NON_VOTER to VOTER. New config: { opid_index: 3 OBSOLETE_local: false peers { permanent_uuid: "b0911473d64045c0b3aced8f822aa77b" member_type: VOTER last_known_addr { host: "127.5.195.65" port: 39613 } } peers { permanent_uuid: "1ddc4e12e1a443b3ba52f9d5e57ed8e1" member_type: VOTER last_known_addr { host: "127.5.195.66" port: 36851 } } peers { permanent_uuid: "5a324e6c78584e8dad370a78cd80572d" member_type: VOTER last_known_addr { host: "127.5.195.67" port: 41671 } attrs { replace: true } } peers { permanent_uuid: "c8fb754536c6481c881ad41cdd21be3b" member_type: VOTER last_known_addr { host: "127.5.195.68" port: 39475 } attrs { promote: false } } }
I20260710 13:19:56.454628  6995 tablet_service.cc:1558] Processing DeleteTablet for tablet 754ebca410d54ab884adf97484903a87 with delete_type TABLET_DATA_TOMBSTONED (TS b0911473d64045c0b3aced8f822aa77b not found in new config with opid_index 4) from {username='slave'} at 127.0.0.1:33920
I20260710 13:19:56.455673  7732 tablet_replica.cc:333] T 754ebca410d54ab884adf97484903a87 P b0911473d64045c0b3aced8f822aa77b: stopping tablet replica
I20260710 13:19:56.456559  7732 raft_consensus.cc:2243] T 754ebca410d54ab884adf97484903a87 P b0911473d64045c0b3aced8f822aa77b [term 1 FOLLOWER]: Raft consensus shutting down.
I20260710 13:19:56.457181  7732 raft_consensus.cc:2272] T 754ebca410d54ab884adf97484903a87 P b0911473d64045c0b3aced8f822aa77b [term 1 FOLLOWER]: Raft consensus is shut down!
I20260710 13:19:56.461073  6910 catalog_manager.cc:5697] T cf183081e8624fb99fa3c267ba7f3a40 P b0911473d64045c0b3aced8f822aa77b reported cstate change: config changed from index 2 to 3, c8fb754536c6481c881ad41cdd21be3b (127.5.195.68) changed from NON_VOTER to VOTER. New cstate: current_term: 1 leader_uuid: "b0911473d64045c0b3aced8f822aa77b" committed_config { opid_index: 3 OBSOLETE_local: false peers { permanent_uuid: "b0911473d64045c0b3aced8f822aa77b" member_type: VOTER last_known_addr { host: "127.5.195.65" port: 39613 } health_report { overall_health: HEALTHY } } peers { permanent_uuid: "1ddc4e12e1a443b3ba52f9d5e57ed8e1" member_type: VOTER last_known_addr { host: "127.5.195.66" port: 36851 } health_report { overall_health: UNKNOWN } } peers { permanent_uuid: "5a324e6c78584e8dad370a78cd80572d" member_type: VOTER last_known_addr { host: "127.5.195.67" port: 41671 } attrs { replace: true } health_report { overall_health: HEALTHY } } peers { permanent_uuid: "c8fb754536c6481c881ad41cdd21be3b" member_type: VOTER last_known_addr { host: "127.5.195.68" port: 39475 } attrs { promote: false } health_report { overall_health: HEALTHY } } }
I20260710 13:19:56.465111  7085 raft_consensus.cc:2955] T cf183081e8624fb99fa3c267ba7f3a40 P 1ddc4e12e1a443b3ba52f9d5e57ed8e1 [term 1 FOLLOWER]: Committing config change with OpId 1.3: config changed from index 2 to 3, c8fb754536c6481c881ad41cdd21be3b (127.5.195.68) changed from NON_VOTER to VOTER. New config: { opid_index: 3 OBSOLETE_local: false peers { permanent_uuid: "b0911473d64045c0b3aced8f822aa77b" member_type: VOTER last_known_addr { host: "127.5.195.65" port: 39613 } } peers { permanent_uuid: "1ddc4e12e1a443b3ba52f9d5e57ed8e1" member_type: VOTER last_known_addr { host: "127.5.195.66" port: 36851 } } peers { permanent_uuid: "5a324e6c78584e8dad370a78cd80572d" member_type: VOTER last_known_addr { host: "127.5.195.67" port: 41671 } attrs { replace: true } } peers { permanent_uuid: "c8fb754536c6481c881ad41cdd21be3b" member_type: VOTER last_known_addr { host: "127.5.195.68" port: 39475 } attrs { promote: false } } }
I20260710 13:19:56.476634  7732 ts_tablet_manager.cc:1916] T 754ebca410d54ab884adf97484903a87 P b0911473d64045c0b3aced8f822aa77b: Deleting tablet data with delete state TABLET_DATA_TOMBSTONED
I20260710 13:19:56.487318  7009 consensus_queue.cc:237] T cf183081e8624fb99fa3c267ba7f3a40 P b0911473d64045c0b3aced8f822aa77b [LEADER]: Queue going to LEADER mode. State: All replicated index: 0, Majority replicated index: 3, Committed index: 3, Last appended: 1.3, Last appended by leader: 0, Current term: 1, Majority size: 2, State: 0, Mode: LEADER, active raft config: opid_index: 4 OBSOLETE_local: false peers { permanent_uuid: "b0911473d64045c0b3aced8f822aa77b" member_type: VOTER last_known_addr { host: "127.5.195.65" port: 39613 } } peers { permanent_uuid: "1ddc4e12e1a443b3ba52f9d5e57ed8e1" member_type: VOTER last_known_addr { host: "127.5.195.66" port: 36851 } } peers { permanent_uuid: "c8fb754536c6481c881ad41cdd21be3b" member_type: VOTER last_known_addr { host: "127.5.195.68" port: 39475 } attrs { promote: false } }
I20260710 13:19:56.497221  7425 raft_consensus.cc:1275] T cf183081e8624fb99fa3c267ba7f3a40 P c8fb754536c6481c881ad41cdd21be3b [term 1 FOLLOWER]: Refusing update from remote peer b0911473d64045c0b3aced8f822aa77b: Log matching property violated. Preceding OpId in replica: term: 1 index: 3. Preceding OpId from leader: term: 1 index: 4. (index mismatch)
I20260710 13:19:56.497960  7084 raft_consensus.cc:1275] T cf183081e8624fb99fa3c267ba7f3a40 P 1ddc4e12e1a443b3ba52f9d5e57ed8e1 [term 1 FOLLOWER]: Refusing update from remote peer b0911473d64045c0b3aced8f822aa77b: Log matching property violated. Preceding OpId in replica: term: 1 index: 3. Preceding OpId from leader: term: 1 index: 4. (index mismatch)
I20260710 13:19:56.498992  7730 consensus_queue.cc:1048] T cf183081e8624fb99fa3c267ba7f3a40 P b0911473d64045c0b3aced8f822aa77b [LEADER]: Connected to new peer: Peer: permanent_uuid: "c8fb754536c6481c881ad41cdd21be3b" member_type: VOTER last_known_addr { host: "127.5.195.68" port: 39475 } attrs { promote: false }, Status: LMP_MISMATCH, Last received: 0.0, Next index: 4, Last known committed idx: 3, Time since last communication: 0.001s
I20260710 13:19:56.502902  7698 consensus_queue.cc:1048] T cf183081e8624fb99fa3c267ba7f3a40 P b0911473d64045c0b3aced8f822aa77b [LEADER]: Connected to new peer: Peer: permanent_uuid: "1ddc4e12e1a443b3ba52f9d5e57ed8e1" member_type: VOTER last_known_addr { host: "127.5.195.66" port: 36851 }, Status: LMP_MISMATCH, Last received: 0.0, Next index: 4, Last known committed idx: 3, Time since last communication: 0.000s
I20260710 13:19:56.508301  7425 raft_consensus.cc:2955] T cf183081e8624fb99fa3c267ba7f3a40 P c8fb754536c6481c881ad41cdd21be3b [term 1 FOLLOWER]: Committing config change with OpId 1.4: config changed from index 3 to 4, VOTER 5a324e6c78584e8dad370a78cd80572d (127.5.195.67) evicted. New config: { opid_index: 4 OBSOLETE_local: false peers { permanent_uuid: "b0911473d64045c0b3aced8f822aa77b" member_type: VOTER last_known_addr { host: "127.5.195.65" port: 39613 } } peers { permanent_uuid: "1ddc4e12e1a443b3ba52f9d5e57ed8e1" member_type: VOTER last_known_addr { host: "127.5.195.66" port: 36851 } } peers { permanent_uuid: "c8fb754536c6481c881ad41cdd21be3b" member_type: VOTER last_known_addr { host: "127.5.195.68" port: 39475 } attrs { promote: false } } }
I20260710 13:19:56.509387  7700 raft_consensus.cc:2955] T cf183081e8624fb99fa3c267ba7f3a40 P b0911473d64045c0b3aced8f822aa77b [term 1 LEADER]: Committing config change with OpId 1.4: config changed from index 3 to 4, VOTER 5a324e6c78584e8dad370a78cd80572d (127.5.195.67) evicted. New config: { opid_index: 4 OBSOLETE_local: false peers { permanent_uuid: "b0911473d64045c0b3aced8f822aa77b" member_type: VOTER last_known_addr { host: "127.5.195.65" port: 39613 } } peers { permanent_uuid: "1ddc4e12e1a443b3ba52f9d5e57ed8e1" member_type: VOTER last_known_addr { host: "127.5.195.66" port: 36851 } } peers { permanent_uuid: "c8fb754536c6481c881ad41cdd21be3b" member_type: VOTER last_known_addr { host: "127.5.195.68" port: 39475 } attrs { promote: false } } }
I20260710 13:19:56.522562  7732 ts_tablet_manager.cc:1929] T 754ebca410d54ab884adf97484903a87 P b0911473d64045c0b3aced8f822aa77b: tablet deleted with delete type TABLET_DATA_TOMBSTONED: last-logged OpId 1.3
I20260710 13:19:56.523114  7732 log.cc:1199] T 754ebca410d54ab884adf97484903a87 P b0911473d64045c0b3aced8f822aa77b: Deleting WAL directory at /tmp/dist-test-task0hQPon/test-tmp/auto_leader_rebalancer-test.0.LeaderRebalancerTest.AddTserver.1783689556331130-5901-0/minicluster-data/ts-0-root/wals/754ebca410d54ab884adf97484903a87
I20260710 13:19:56.524706  6896 catalog_manager.cc:5028] TS b0911473d64045c0b3aced8f822aa77b (127.5.195.65:39613): tablet 754ebca410d54ab884adf97484903a87 (table test-workload [id=0be12c8c5f944209b69fa725ed9c59fe]) successfully deleted
I20260710 13:19:56.530274  6896 catalog_manager.cc:5210] ChangeConfig:REMOVE_PEER RPC for tablet cf183081e8624fb99fa3c267ba7f3a40 with cas_config_opid_index 3: ChangeConfig:REMOVE_PEER succeeded (attempt 1)
I20260710 13:19:56.536242  6907 catalog_manager.cc:5697] T cf183081e8624fb99fa3c267ba7f3a40 P b0911473d64045c0b3aced8f822aa77b reported cstate change: config changed from index 3 to 4, VOTER 5a324e6c78584e8dad370a78cd80572d (127.5.195.67) evicted. New cstate: current_term: 1 leader_uuid: "b0911473d64045c0b3aced8f822aa77b" committed_config { opid_index: 4 OBSOLETE_local: false peers { permanent_uuid: "b0911473d64045c0b3aced8f822aa77b" member_type: VOTER last_known_addr { host: "127.5.195.65" port: 39613 } health_report { overall_health: HEALTHY } } peers { permanent_uuid: "1ddc4e12e1a443b3ba52f9d5e57ed8e1" member_type: VOTER last_known_addr { host: "127.5.195.66" port: 36851 } health_report { overall_health: UNKNOWN } } peers { permanent_uuid: "c8fb754536c6481c881ad41cdd21be3b" member_type: VOTER last_known_addr { host: "127.5.195.68" port: 39475 } attrs { promote: false } health_report { overall_health: HEALTHY } } }
I20260710 13:19:56.539551  7085 raft_consensus.cc:2955] T cf183081e8624fb99fa3c267ba7f3a40 P 1ddc4e12e1a443b3ba52f9d5e57ed8e1 [term 1 FOLLOWER]: Committing config change with OpId 1.4: config changed from index 3 to 4, VOTER 5a324e6c78584e8dad370a78cd80572d (127.5.195.67) evicted. New config: { opid_index: 4 OBSOLETE_local: false peers { permanent_uuid: "b0911473d64045c0b3aced8f822aa77b" member_type: VOTER last_known_addr { host: "127.5.195.65" port: 39613 } } peers { permanent_uuid: "1ddc4e12e1a443b3ba52f9d5e57ed8e1" member_type: VOTER last_known_addr { host: "127.5.195.66" port: 36851 } } peers { permanent_uuid: "c8fb754536c6481c881ad41cdd21be3b" member_type: VOTER last_known_addr { host: "127.5.195.68" port: 39475 } attrs { promote: false } } }
I20260710 13:19:56.546403  7145 tablet_service.cc:1558] Processing DeleteTablet for tablet cf183081e8624fb99fa3c267ba7f3a40 with delete_type TABLET_DATA_TOMBSTONED (TS 5a324e6c78584e8dad370a78cd80572d not found in new config with opid_index 4) from {username='slave'} at 127.0.0.1:50546
I20260710 13:19:56.548731  7745 tablet_replica.cc:333] T cf183081e8624fb99fa3c267ba7f3a40 P 5a324e6c78584e8dad370a78cd80572d: stopping tablet replica
I20260710 13:19:56.549665  7745 raft_consensus.cc:2243] T cf183081e8624fb99fa3c267ba7f3a40 P 5a324e6c78584e8dad370a78cd80572d [term 1 FOLLOWER]: Raft consensus shutting down.
I20260710 13:19:56.551059  7745 raft_consensus.cc:2272] T cf183081e8624fb99fa3c267ba7f3a40 P 5a324e6c78584e8dad370a78cd80572d [term 1 FOLLOWER]: Raft consensus is shut down!
I20260710 13:19:56.554394  7745 ts_tablet_manager.cc:1916] T cf183081e8624fb99fa3c267ba7f3a40 P 5a324e6c78584e8dad370a78cd80572d: Deleting tablet data with delete state TABLET_DATA_TOMBSTONED
I20260710 13:19:56.564815  7745 ts_tablet_manager.cc:1929] T cf183081e8624fb99fa3c267ba7f3a40 P 5a324e6c78584e8dad370a78cd80572d: tablet deleted with delete type TABLET_DATA_TOMBSTONED: last-logged OpId 1.3
I20260710 13:19:56.565084  7745 log.cc:1199] T cf183081e8624fb99fa3c267ba7f3a40 P 5a324e6c78584e8dad370a78cd80572d: Deleting WAL directory at /tmp/dist-test-task0hQPon/test-tmp/auto_leader_rebalancer-test.0.LeaderRebalancerTest.AddTserver.1783689556331130-5901-0/minicluster-data/ts-2-root/wals/cf183081e8624fb99fa3c267ba7f3a40
I20260710 13:19:56.566337  6895 catalog_manager.cc:5028] TS 5a324e6c78584e8dad370a78cd80572d (127.5.195.67:41671): tablet cf183081e8624fb99fa3c267ba7f3a40 (table test-workload [id=0be12c8c5f944209b69fa725ed9c59fe]) successfully deleted
I20260710 13:19:57.578454  7085 consensus_queue.cc:237] T 98e4f58714764510bc56964cea5503ee P 1ddc4e12e1a443b3ba52f9d5e57ed8e1 [LEADER]: Queue going to LEADER mode. State: All replicated index: 0, Majority replicated index: 1, Committed index: 1, Last appended: 1.1, Last appended by leader: 0, Current term: 1, Majority size: 2, State: 0, Mode: LEADER, active raft config: opid_index: 2 OBSOLETE_local: false peers { permanent_uuid: "b0911473d64045c0b3aced8f822aa77b" member_type: VOTER last_known_addr { host: "127.5.195.65" port: 39613 } } peers { permanent_uuid: "1ddc4e12e1a443b3ba52f9d5e57ed8e1" member_type: VOTER last_known_addr { host: "127.5.195.66" port: 36851 } } peers { permanent_uuid: "5a324e6c78584e8dad370a78cd80572d" member_type: VOTER last_known_addr { host: "127.5.195.67" port: 41671 } attrs { replace: true } } peers { permanent_uuid: "c8fb754536c6481c881ad41cdd21be3b" member_type: NON_VOTER last_known_addr { host: "127.5.195.68" port: 39475 } attrs { promote: true } }
I20260710 13:19:57.585259  7159 raft_consensus.cc:1275] T 98e4f58714764510bc56964cea5503ee P 5a324e6c78584e8dad370a78cd80572d [term 1 FOLLOWER]: Refusing update from remote peer 1ddc4e12e1a443b3ba52f9d5e57ed8e1: Log matching property violated. Preceding OpId in replica: term: 1 index: 1. Preceding OpId from leader: term: 1 index: 2. (index mismatch)
I20260710 13:19:57.585788  7011 raft_consensus.cc:1275] T 98e4f58714764510bc56964cea5503ee P b0911473d64045c0b3aced8f822aa77b [term 1 FOLLOWER]: Refusing update from remote peer 1ddc4e12e1a443b3ba52f9d5e57ed8e1: Log matching property violated. Preceding OpId in replica: term: 1 index: 1. Preceding OpId from leader: term: 1 index: 2. (index mismatch)
W20260710 13:19:57.586546  7050 consensus_peers.cc:597] T 98e4f58714764510bc56964cea5503ee P 1ddc4e12e1a443b3ba52f9d5e57ed8e1 -> Peer c8fb754536c6481c881ad41cdd21be3b (127.5.195.68:39475): Couldn't send request to peer c8fb754536c6481c881ad41cdd21be3b. Error code: TABLET_NOT_FOUND (6). Status: Not found: Tablet not found: 98e4f58714764510bc56964cea5503ee. This is attempt 1: this message will repeat every 5th retry.
I20260710 13:19:57.586848  7717 consensus_queue.cc:1048] T 98e4f58714764510bc56964cea5503ee P 1ddc4e12e1a443b3ba52f9d5e57ed8e1 [LEADER]: Connected to new peer: Peer: permanent_uuid: "5a324e6c78584e8dad370a78cd80572d" member_type: VOTER last_known_addr { host: "127.5.195.67" port: 41671 } attrs { replace: true }, Status: LMP_MISMATCH, Last received: 0.0, Next index: 2, Last known committed idx: 1, Time since last communication: 0.001s
I20260710 13:19:57.587760  7749 consensus_queue.cc:1048] T 98e4f58714764510bc56964cea5503ee P 1ddc4e12e1a443b3ba52f9d5e57ed8e1 [LEADER]: Connected to new peer: Peer: permanent_uuid: "b0911473d64045c0b3aced8f822aa77b" member_type: VOTER last_known_addr { host: "127.5.195.65" port: 39613 }, Status: LMP_MISMATCH, Last received: 0.0, Next index: 2, Last known committed idx: 1, Time since last communication: 0.000s
I20260710 13:19:57.594956  7716 raft_consensus.cc:2955] T 98e4f58714764510bc56964cea5503ee P 1ddc4e12e1a443b3ba52f9d5e57ed8e1 [term 1 LEADER]: Committing config change with OpId 1.2: config changed from index -1 to 2, NON_VOTER c8fb754536c6481c881ad41cdd21be3b (127.5.195.68) added. New config: { opid_index: 2 OBSOLETE_local: false peers { permanent_uuid: "b0911473d64045c0b3aced8f822aa77b" member_type: VOTER last_known_addr { host: "127.5.195.65" port: 39613 } } peers { permanent_uuid: "1ddc4e12e1a443b3ba52f9d5e57ed8e1" member_type: VOTER last_known_addr { host: "127.5.195.66" port: 36851 } } peers { permanent_uuid: "5a324e6c78584e8dad370a78cd80572d" member_type: VOTER last_known_addr { host: "127.5.195.67" port: 41671 } attrs { replace: true } } peers { permanent_uuid: "c8fb754536c6481c881ad41cdd21be3b" member_type: NON_VOTER last_known_addr { host: "127.5.195.68" port: 39475 } attrs { promote: true } } }
I20260710 13:19:57.596447  7011 raft_consensus.cc:2955] T 98e4f58714764510bc56964cea5503ee P b0911473d64045c0b3aced8f822aa77b [term 1 FOLLOWER]: Committing config change with OpId 1.2: config changed from index -1 to 2, NON_VOTER c8fb754536c6481c881ad41cdd21be3b (127.5.195.68) added. New config: { opid_index: 2 OBSOLETE_local: false peers { permanent_uuid: "b0911473d64045c0b3aced8f822aa77b" member_type: VOTER last_known_addr { host: "127.5.195.65" port: 39613 } } peers { permanent_uuid: "1ddc4e12e1a443b3ba52f9d5e57ed8e1" member_type: VOTER last_known_addr { host: "127.5.195.66" port: 36851 } } peers { permanent_uuid: "5a324e6c78584e8dad370a78cd80572d" member_type: VOTER last_known_addr { host: "127.5.195.67" port: 41671 } attrs { replace: true } } peers { permanent_uuid: "c8fb754536c6481c881ad41cdd21be3b" member_type: NON_VOTER last_known_addr { host: "127.5.195.68" port: 39475 } attrs { promote: true } } }
I20260710 13:19:57.596325  7159 raft_consensus.cc:2955] T 98e4f58714764510bc56964cea5503ee P 5a324e6c78584e8dad370a78cd80572d [term 1 FOLLOWER]: Committing config change with OpId 1.2: config changed from index -1 to 2, NON_VOTER c8fb754536c6481c881ad41cdd21be3b (127.5.195.68) added. New config: { opid_index: 2 OBSOLETE_local: false peers { permanent_uuid: "b0911473d64045c0b3aced8f822aa77b" member_type: VOTER last_known_addr { host: "127.5.195.65" port: 39613 } } peers { permanent_uuid: "1ddc4e12e1a443b3ba52f9d5e57ed8e1" member_type: VOTER last_known_addr { host: "127.5.195.66" port: 36851 } } peers { permanent_uuid: "5a324e6c78584e8dad370a78cd80572d" member_type: VOTER last_known_addr { host: "127.5.195.67" port: 41671 } attrs { replace: true } } peers { permanent_uuid: "c8fb754536c6481c881ad41cdd21be3b" member_type: NON_VOTER last_known_addr { host: "127.5.195.68" port: 39475 } attrs { promote: true } } }
I20260710 13:19:57.608956  6908 catalog_manager.cc:5697] T 98e4f58714764510bc56964cea5503ee P b0911473d64045c0b3aced8f822aa77b reported cstate change: config changed from index -1 to 2, NON_VOTER c8fb754536c6481c881ad41cdd21be3b (127.5.195.68) added. New cstate: current_term: 1 leader_uuid: "1ddc4e12e1a443b3ba52f9d5e57ed8e1" committed_config { opid_index: 2 OBSOLETE_local: false peers { permanent_uuid: "b0911473d64045c0b3aced8f822aa77b" member_type: VOTER last_known_addr { host: "127.5.195.65" port: 39613 } } peers { permanent_uuid: "1ddc4e12e1a443b3ba52f9d5e57ed8e1" member_type: VOTER last_known_addr { host: "127.5.195.66" port: 36851 } } peers { permanent_uuid: "5a324e6c78584e8dad370a78cd80572d" member_type: VOTER last_known_addr { host: "127.5.195.67" port: 41671 } attrs { replace: true } } peers { permanent_uuid: "c8fb754536c6481c881ad41cdd21be3b" member_type: NON_VOTER last_known_addr { host: "127.5.195.68" port: 39475 } attrs { promote: true } } }
I20260710 13:19:57.611763  7011 consensus_queue.cc:237] T 0ddfe0c4962445ccab3c460940c678f8 P b0911473d64045c0b3aced8f822aa77b [LEADER]: Queue going to LEADER mode. State: All replicated index: 0, Majority replicated index: 1, Committed index: 1, Last appended: 1.1, Last appended by leader: 0, Current term: 1, Majority size: 2, State: 0, Mode: LEADER, active raft config: opid_index: 2 OBSOLETE_local: false peers { permanent_uuid: "b0911473d64045c0b3aced8f822aa77b" member_type: VOTER last_known_addr { host: "127.5.195.65" port: 39613 } } peers { permanent_uuid: "1ddc4e12e1a443b3ba52f9d5e57ed8e1" member_type: VOTER last_known_addr { host: "127.5.195.66" port: 36851 } attrs { replace: true } } peers { permanent_uuid: "5a324e6c78584e8dad370a78cd80572d" member_type: VOTER last_known_addr { host: "127.5.195.67" port: 41671 } } peers { permanent_uuid: "c8fb754536c6481c881ad41cdd21be3b" member_type: NON_VOTER last_known_addr { host: "127.5.195.68" port: 39475 } attrs { promote: true } }
W20260710 13:19:57.620257  6975 consensus_peers.cc:597] T 0ddfe0c4962445ccab3c460940c678f8 P b0911473d64045c0b3aced8f822aa77b -> Peer c8fb754536c6481c881ad41cdd21be3b (127.5.195.68:39475): Couldn't send request to peer c8fb754536c6481c881ad41cdd21be3b. Error code: TABLET_NOT_FOUND (6). Status: Not found: Tablet not found: 0ddfe0c4962445ccab3c460940c678f8. This is attempt 1: this message will repeat every 5th retry.
I20260710 13:19:57.620337  7085 raft_consensus.cc:1275] T 0ddfe0c4962445ccab3c460940c678f8 P 1ddc4e12e1a443b3ba52f9d5e57ed8e1 [term 1 FOLLOWER]: Refusing update from remote peer b0911473d64045c0b3aced8f822aa77b: Log matching property violated. Preceding OpId in replica: term: 1 index: 1. Preceding OpId from leader: term: 1 index: 2. (index mismatch)
I20260710 13:19:57.620687  7159 raft_consensus.cc:1275] T 0ddfe0c4962445ccab3c460940c678f8 P 5a324e6c78584e8dad370a78cd80572d [term 1 FOLLOWER]: Refusing update from remote peer b0911473d64045c0b3aced8f822aa77b: Log matching property violated. Preceding OpId in replica: term: 1 index: 1. Preceding OpId from leader: term: 1 index: 2. (index mismatch)
I20260710 13:19:57.622970  7744 consensus_queue.cc:1048] T 0ddfe0c4962445ccab3c460940c678f8 P b0911473d64045c0b3aced8f822aa77b [LEADER]: Connected to new peer: Peer: permanent_uuid: "1ddc4e12e1a443b3ba52f9d5e57ed8e1" member_type: VOTER last_known_addr { host: "127.5.195.66" port: 36851 } attrs { replace: true }, Status: LMP_MISMATCH, Last received: 0.0, Next index: 2, Last known committed idx: 1, Time since last communication: 0.001s
I20260710 13:19:57.625398  7700 consensus_queue.cc:1048] T 0ddfe0c4962445ccab3c460940c678f8 P b0911473d64045c0b3aced8f822aa77b [LEADER]: Connected to new peer: Peer: permanent_uuid: "5a324e6c78584e8dad370a78cd80572d" member_type: VOTER last_known_addr { host: "127.5.195.67" port: 41671 }, Status: LMP_MISMATCH, Last received: 0.0, Next index: 2, Last known committed idx: 1, Time since last communication: 0.001s
I20260710 13:19:57.634985  7744 raft_consensus.cc:2955] T 0ddfe0c4962445ccab3c460940c678f8 P b0911473d64045c0b3aced8f822aa77b [term 1 LEADER]: Committing config change with OpId 1.2: config changed from index -1 to 2, NON_VOTER c8fb754536c6481c881ad41cdd21be3b (127.5.195.68) added. New config: { opid_index: 2 OBSOLETE_local: false peers { permanent_uuid: "b0911473d64045c0b3aced8f822aa77b" member_type: VOTER last_known_addr { host: "127.5.195.65" port: 39613 } } peers { permanent_uuid: "1ddc4e12e1a443b3ba52f9d5e57ed8e1" member_type: VOTER last_known_addr { host: "127.5.195.66" port: 36851 } attrs { replace: true } } peers { permanent_uuid: "5a324e6c78584e8dad370a78cd80572d" member_type: VOTER last_known_addr { host: "127.5.195.67" port: 41671 } } peers { permanent_uuid: "c8fb754536c6481c881ad41cdd21be3b" member_type: NON_VOTER last_known_addr { host: "127.5.195.68" port: 39475 } attrs { promote: true } } }
I20260710 13:19:57.637763  7085 raft_consensus.cc:2955] T 0ddfe0c4962445ccab3c460940c678f8 P 1ddc4e12e1a443b3ba52f9d5e57ed8e1 [term 1 FOLLOWER]: Committing config change with OpId 1.2: config changed from index -1 to 2, NON_VOTER c8fb754536c6481c881ad41cdd21be3b (127.5.195.68) added. New config: { opid_index: 2 OBSOLETE_local: false peers { permanent_uuid: "b0911473d64045c0b3aced8f822aa77b" member_type: VOTER last_known_addr { host: "127.5.195.65" port: 39613 } } peers { permanent_uuid: "1ddc4e12e1a443b3ba52f9d5e57ed8e1" member_type: VOTER last_known_addr { host: "127.5.195.66" port: 36851 } attrs { replace: true } } peers { permanent_uuid: "5a324e6c78584e8dad370a78cd80572d" member_type: VOTER last_known_addr { host: "127.5.195.67" port: 41671 } } peers { permanent_uuid: "c8fb754536c6481c881ad41cdd21be3b" member_type: NON_VOTER last_known_addr { host: "127.5.195.68" port: 39475 } attrs { promote: true } } }
I20260710 13:19:57.642719  7159 raft_consensus.cc:2955] T 0ddfe0c4962445ccab3c460940c678f8 P 5a324e6c78584e8dad370a78cd80572d [term 1 FOLLOWER]: Committing config change with OpId 1.2: config changed from index -1 to 2, NON_VOTER c8fb754536c6481c881ad41cdd21be3b (127.5.195.68) added. New config: { opid_index: 2 OBSOLETE_local: false peers { permanent_uuid: "b0911473d64045c0b3aced8f822aa77b" member_type: VOTER last_known_addr { host: "127.5.195.65" port: 39613 } } peers { permanent_uuid: "1ddc4e12e1a443b3ba52f9d5e57ed8e1" member_type: VOTER last_known_addr { host: "127.5.195.66" port: 36851 } attrs { replace: true } } peers { permanent_uuid: "5a324e6c78584e8dad370a78cd80572d" member_type: VOTER last_known_addr { host: "127.5.195.67" port: 41671 } } peers { permanent_uuid: "c8fb754536c6481c881ad41cdd21be3b" member_type: NON_VOTER last_known_addr { host: "127.5.195.68" port: 39475 } attrs { promote: true } } }
I20260710 13:19:57.655459  6907 catalog_manager.cc:5697] T 0ddfe0c4962445ccab3c460940c678f8 P 1ddc4e12e1a443b3ba52f9d5e57ed8e1 reported cstate change: config changed from index -1 to 2, NON_VOTER c8fb754536c6481c881ad41cdd21be3b (127.5.195.68) added. New cstate: current_term: 1 leader_uuid: "b0911473d64045c0b3aced8f822aa77b" committed_config { opid_index: 2 OBSOLETE_local: false peers { permanent_uuid: "b0911473d64045c0b3aced8f822aa77b" member_type: VOTER last_known_addr { host: "127.5.195.65" port: 39613 } } peers { permanent_uuid: "1ddc4e12e1a443b3ba52f9d5e57ed8e1" member_type: VOTER last_known_addr { host: "127.5.195.66" port: 36851 } attrs { replace: true } } peers { permanent_uuid: "5a324e6c78584e8dad370a78cd80572d" member_type: VOTER last_known_addr { host: "127.5.195.67" port: 41671 } } peers { permanent_uuid: "c8fb754536c6481c881ad41cdd21be3b" member_type: NON_VOTER last_known_addr { host: "127.5.195.68" port: 39475 } attrs { promote: true } } }
I20260710 13:19:58.129155  7762 ts_tablet_manager.cc:933] T 0ddfe0c4962445ccab3c460940c678f8 P c8fb754536c6481c881ad41cdd21be3b: Initiating tablet copy from peer b0911473d64045c0b3aced8f822aa77b (127.5.195.65:39613)
