I20260710 13:19:49.149513 12768 raft_consensus.cc:2955] T c4d11cd3905a43a68d61be50172cdb27 P ed52fcca1de847f8976712c73ab71500 [term 1 LEADER]: Committing config change with OpId 1.3: config changed from index 2 to 3, cd6fde5ba0bd4a4387ba18b85a86bc70 (127.10.217.4) changed from NON_VOTER to VOTER. New config: { opid_index: 3 OBSOLETE_local: false peers { permanent_uuid: "0dbe03d9ddee43f28b8f755acf904b0d" member_type: VOTER last_known_addr { host: "127.10.217.1" port: 33067 } } peers { permanent_uuid: "e2585ec7b6674224b823a48c8585fe6b" member_type: VOTER last_known_addr { host: "127.10.217.2" port: 37553 } attrs { replace: true } } peers { permanent_uuid: "ed52fcca1de847f8976712c73ab71500" member_type: VOTER last_known_addr { host: "127.10.217.3" port: 41293 } } peers { permanent_uuid: "cd6fde5ba0bd4a4387ba18b85a86bc70" member_type: VOTER last_known_addr { host: "127.10.217.4" port: 35683 } attrs { promote: false } } }
I20260710 13:19:49.192914 12310 raft_consensus.cc:2955] T c4d11cd3905a43a68d61be50172cdb27 P e2585ec7b6674224b823a48c8585fe6b [term 1 FOLLOWER]: Committing config change with OpId 1.3: config changed from index 2 to 3, cd6fde5ba0bd4a4387ba18b85a86bc70 (127.10.217.4) changed from NON_VOTER to VOTER. New config: { opid_index: 3 OBSOLETE_local: false peers { permanent_uuid: "0dbe03d9ddee43f28b8f755acf904b0d" member_type: VOTER last_known_addr { host: "127.10.217.1" port: 33067 } } peers { permanent_uuid: "e2585ec7b6674224b823a48c8585fe6b" member_type: VOTER last_known_addr { host: "127.10.217.2" port: 37553 } attrs { replace: true } } peers { permanent_uuid: "ed52fcca1de847f8976712c73ab71500" member_type: VOTER last_known_addr { host: "127.10.217.3" port: 41293 } } peers { permanent_uuid: "cd6fde5ba0bd4a4387ba18b85a86bc70" member_type: VOTER last_known_addr { host: "127.10.217.4" port: 35683 } attrs { promote: false } } }
I20260710 13:19:49.195559 12658 raft_consensus.cc:2955] T c4d11cd3905a43a68d61be50172cdb27 P cd6fde5ba0bd4a4387ba18b85a86bc70 [term 1 FOLLOWER]: Committing config change with OpId 1.3: config changed from index 2 to 3, cd6fde5ba0bd4a4387ba18b85a86bc70 (127.10.217.4) changed from NON_VOTER to VOTER. New config: { opid_index: 3 OBSOLETE_local: false peers { permanent_uuid: "0dbe03d9ddee43f28b8f755acf904b0d" member_type: VOTER last_known_addr { host: "127.10.217.1" port: 33067 } } peers { permanent_uuid: "e2585ec7b6674224b823a48c8585fe6b" member_type: VOTER last_known_addr { host: "127.10.217.2" port: 37553 } attrs { replace: true } } peers { permanent_uuid: "ed52fcca1de847f8976712c73ab71500" member_type: VOTER last_known_addr { host: "127.10.217.3" port: 41293 } } peers { permanent_uuid: "cd6fde5ba0bd4a4387ba18b85a86bc70" member_type: VOTER last_known_addr { host: "127.10.217.4" port: 35683 } attrs { promote: false } } }
I20260710 13:19:49.204406 12134 catalog_manager.cc:5697] T c4d11cd3905a43a68d61be50172cdb27 P ed52fcca1de847f8976712c73ab71500 reported cstate change: config changed from index 2 to 3, cd6fde5ba0bd4a4387ba18b85a86bc70 (127.10.217.4) changed from NON_VOTER to VOTER. New cstate: current_term: 1 leader_uuid: "ed52fcca1de847f8976712c73ab71500" committed_config { opid_index: 3 OBSOLETE_local: false peers { permanent_uuid: "0dbe03d9ddee43f28b8f755acf904b0d" member_type: VOTER last_known_addr { host: "127.10.217.1" port: 33067 } health_report { overall_health: UNKNOWN } } peers { permanent_uuid: "e2585ec7b6674224b823a48c8585fe6b" member_type: VOTER last_known_addr { host: "127.10.217.2" port: 37553 } attrs { replace: true } health_report { overall_health: HEALTHY } } peers { permanent_uuid: "ed52fcca1de847f8976712c73ab71500" member_type: VOTER last_known_addr { host: "127.10.217.3" port: 41293 } health_report { overall_health: HEALTHY } } peers { permanent_uuid: "cd6fde5ba0bd4a4387ba18b85a86bc70" member_type: VOTER last_known_addr { host: "127.10.217.4" port: 35683 } attrs { promote: false } health_report { overall_health: HEALTHY } } }
I20260710 13:19:49.223888 12236 raft_consensus.cc:2955] T c4d11cd3905a43a68d61be50172cdb27 P 0dbe03d9ddee43f28b8f755acf904b0d [term 1 FOLLOWER]: Committing config change with OpId 1.3: config changed from index 2 to 3, cd6fde5ba0bd4a4387ba18b85a86bc70 (127.10.217.4) changed from NON_VOTER to VOTER. New config: { opid_index: 3 OBSOLETE_local: false peers { permanent_uuid: "0dbe03d9ddee43f28b8f755acf904b0d" member_type: VOTER last_known_addr { host: "127.10.217.1" port: 33067 } } peers { permanent_uuid: "e2585ec7b6674224b823a48c8585fe6b" member_type: VOTER last_known_addr { host: "127.10.217.2" port: 37553 } attrs { replace: true } } peers { permanent_uuid: "ed52fcca1de847f8976712c73ab71500" member_type: VOTER last_known_addr { host: "127.10.217.3" port: 41293 } } peers { permanent_uuid: "cd6fde5ba0bd4a4387ba18b85a86bc70" member_type: VOTER last_known_addr { host: "127.10.217.4" port: 35683 } attrs { promote: false } } }
I20260710 13:19:49.234886 12384 consensus_queue.cc:237] T c4d11cd3905a43a68d61be50172cdb27 P ed52fcca1de847f8976712c73ab71500 [LEADER]: Queue going to LEADER mode. State: All replicated index: 0, Majority replicated index: 3, Committed index: 3, Last appended: 1.3, Last appended by leader: 0, Current term: 1, Majority size: 2, State: 0, Mode: LEADER, active raft config: opid_index: 4 OBSOLETE_local: false peers { permanent_uuid: "0dbe03d9ddee43f28b8f755acf904b0d" member_type: VOTER last_known_addr { host: "127.10.217.1" port: 33067 } } peers { permanent_uuid: "ed52fcca1de847f8976712c73ab71500" member_type: VOTER last_known_addr { host: "127.10.217.3" port: 41293 } } peers { permanent_uuid: "cd6fde5ba0bd4a4387ba18b85a86bc70" member_type: VOTER last_known_addr { host: "127.10.217.4" port: 35683 } attrs { promote: false } }
I20260710 13:19:49.241997 12236 raft_consensus.cc:1275] T c4d11cd3905a43a68d61be50172cdb27 P 0dbe03d9ddee43f28b8f755acf904b0d [term 1 FOLLOWER]: Refusing update from remote peer ed52fcca1de847f8976712c73ab71500: Log matching property violated. Preceding OpId in replica: term: 1 index: 3. Preceding OpId from leader: term: 1 index: 4. (index mismatch)
I20260710 13:19:49.243310 12738 consensus_queue.cc:1048] T c4d11cd3905a43a68d61be50172cdb27 P ed52fcca1de847f8976712c73ab71500 [LEADER]: Connected to new peer: Peer: permanent_uuid: "0dbe03d9ddee43f28b8f755acf904b0d" member_type: VOTER last_known_addr { host: "127.10.217.1" port: 33067 }, Status: LMP_MISMATCH, Last received: 0.0, Next index: 4, Last known committed idx: 3, Time since last communication: 0.000s
I20260710 13:19:49.243014 12658 raft_consensus.cc:1275] T c4d11cd3905a43a68d61be50172cdb27 P cd6fde5ba0bd4a4387ba18b85a86bc70 [term 1 FOLLOWER]: Refusing update from remote peer ed52fcca1de847f8976712c73ab71500: Log matching property violated. Preceding OpId in replica: term: 1 index: 3. Preceding OpId from leader: term: 1 index: 4. (index mismatch)
I20260710 13:19:49.247076 12738 consensus_queue.cc:1048] T c4d11cd3905a43a68d61be50172cdb27 P ed52fcca1de847f8976712c73ab71500 [LEADER]: Connected to new peer: Peer: permanent_uuid: "cd6fde5ba0bd4a4387ba18b85a86bc70" member_type: VOTER last_known_addr { host: "127.10.217.4" port: 35683 } attrs { promote: false }, Status: LMP_MISMATCH, Last received: 0.0, Next index: 4, Last known committed idx: 3, Time since last communication: 0.000s
I20260710 13:19:49.251968 12768 raft_consensus.cc:2955] T c4d11cd3905a43a68d61be50172cdb27 P ed52fcca1de847f8976712c73ab71500 [term 1 LEADER]: Committing config change with OpId 1.4: config changed from index 3 to 4, VOTER e2585ec7b6674224b823a48c8585fe6b (127.10.217.2) evicted. New config: { opid_index: 4 OBSOLETE_local: false peers { permanent_uuid: "0dbe03d9ddee43f28b8f755acf904b0d" member_type: VOTER last_known_addr { host: "127.10.217.1" port: 33067 } } peers { permanent_uuid: "ed52fcca1de847f8976712c73ab71500" member_type: VOTER last_known_addr { host: "127.10.217.3" port: 41293 } } peers { permanent_uuid: "cd6fde5ba0bd4a4387ba18b85a86bc70" member_type: VOTER last_known_addr { host: "127.10.217.4" port: 35683 } attrs { promote: false } } }
I20260710 13:19:49.255967 12657 raft_consensus.cc:2955] T c4d11cd3905a43a68d61be50172cdb27 P cd6fde5ba0bd4a4387ba18b85a86bc70 [term 1 FOLLOWER]: Committing config change with OpId 1.4: config changed from index 3 to 4, VOTER e2585ec7b6674224b823a48c8585fe6b (127.10.217.2) evicted. New config: { opid_index: 4 OBSOLETE_local: false peers { permanent_uuid: "0dbe03d9ddee43f28b8f755acf904b0d" member_type: VOTER last_known_addr { host: "127.10.217.1" port: 33067 } } peers { permanent_uuid: "ed52fcca1de847f8976712c73ab71500" member_type: VOTER last_known_addr { host: "127.10.217.3" port: 41293 } } peers { permanent_uuid: "cd6fde5ba0bd4a4387ba18b85a86bc70" member_type: VOTER last_known_addr { host: "127.10.217.4" port: 35683 } attrs { promote: false } } }
I20260710 13:19:49.262977 12121 catalog_manager.cc:5210] ChangeConfig:REMOVE_PEER RPC for tablet c4d11cd3905a43a68d61be50172cdb27 with cas_config_opid_index 3: ChangeConfig:REMOVE_PEER succeeded (attempt 1)
I20260710 13:19:49.262820 12236 raft_consensus.cc:2955] T c4d11cd3905a43a68d61be50172cdb27 P 0dbe03d9ddee43f28b8f755acf904b0d [term 1 FOLLOWER]: Committing config change with OpId 1.4: config changed from index 3 to 4, VOTER e2585ec7b6674224b823a48c8585fe6b (127.10.217.2) evicted. New config: { opid_index: 4 OBSOLETE_local: false peers { permanent_uuid: "0dbe03d9ddee43f28b8f755acf904b0d" member_type: VOTER last_known_addr { host: "127.10.217.1" port: 33067 } } peers { permanent_uuid: "ed52fcca1de847f8976712c73ab71500" member_type: VOTER last_known_addr { host: "127.10.217.3" port: 41293 } } peers { permanent_uuid: "cd6fde5ba0bd4a4387ba18b85a86bc70" member_type: VOTER last_known_addr { host: "127.10.217.4" port: 35683 } attrs { promote: false } } }
I20260710 13:19:49.271201 12133 catalog_manager.cc:5697] T c4d11cd3905a43a68d61be50172cdb27 P ed52fcca1de847f8976712c73ab71500 reported cstate change: config changed from index 3 to 4, VOTER e2585ec7b6674224b823a48c8585fe6b (127.10.217.2) evicted. New cstate: current_term: 1 leader_uuid: "ed52fcca1de847f8976712c73ab71500" committed_config { opid_index: 4 OBSOLETE_local: false peers { permanent_uuid: "0dbe03d9ddee43f28b8f755acf904b0d" member_type: VOTER last_known_addr { host: "127.10.217.1" port: 33067 } health_report { overall_health: HEALTHY } } peers { permanent_uuid: "ed52fcca1de847f8976712c73ab71500" member_type: VOTER last_known_addr { host: "127.10.217.3" port: 41293 } health_report { overall_health: HEALTHY } } peers { permanent_uuid: "cd6fde5ba0bd4a4387ba18b85a86bc70" member_type: VOTER last_known_addr { host: "127.10.217.4" port: 35683 } attrs { promote: false } health_report { overall_health: HEALTHY } } }
I20260710 13:19:49.280826 12295 tablet_service.cc:1558] Processing DeleteTablet for tablet c4d11cd3905a43a68d61be50172cdb27 with delete_type TABLET_DATA_TOMBSTONED (TS e2585ec7b6674224b823a48c8585fe6b not found in new config with opid_index 4) from {username='slave'} at 127.0.0.1:55862
I20260710 13:19:49.285171 12830 tablet_replica.cc:333] T c4d11cd3905a43a68d61be50172cdb27 P e2585ec7b6674224b823a48c8585fe6b: stopping tablet replica
I20260710 13:19:49.289587 12830 raft_consensus.cc:2243] T c4d11cd3905a43a68d61be50172cdb27 P e2585ec7b6674224b823a48c8585fe6b [term 1 FOLLOWER]: Raft consensus shutting down.
I20260710 13:19:49.290234 12830 raft_consensus.cc:2272] T c4d11cd3905a43a68d61be50172cdb27 P e2585ec7b6674224b823a48c8585fe6b [term 1 FOLLOWER]: Raft consensus is shut down!
I20260710 13:19:49.292765 12830 ts_tablet_manager.cc:1916] T c4d11cd3905a43a68d61be50172cdb27 P e2585ec7b6674224b823a48c8585fe6b: Deleting tablet data with delete state TABLET_DATA_TOMBSTONED
I20260710 13:19:49.306644 12830 ts_tablet_manager.cc:1929] T c4d11cd3905a43a68d61be50172cdb27 P e2585ec7b6674224b823a48c8585fe6b: tablet deleted with delete type TABLET_DATA_TOMBSTONED: last-logged OpId 1.3
I20260710 13:19:49.307035 12830 log.cc:1199] T c4d11cd3905a43a68d61be50172cdb27 P e2585ec7b6674224b823a48c8585fe6b: Deleting WAL directory at /tmp/dist-test-taskczEhRs/test-tmp/auto_leader_rebalancer-test.0.LeaderRebalancerTest.AddTserver.1783689555314433-11108-0/minicluster-data/ts-1-root/wals/c4d11cd3905a43a68d61be50172cdb27
I20260710 13:19:49.308640 12120 catalog_manager.cc:5028] TS e2585ec7b6674224b823a48c8585fe6b (127.10.217.2:37553): tablet c4d11cd3905a43a68d61be50172cdb27 (table test-workload [id=03d497e53f074bc8b9f2624f6bd943c4]) successfully deleted
I20260710 13:19:50.313186 12385 consensus_queue.cc:237] T 5b88fbb5bb2d4b1e9176a0fdcf5693a6 P ed52fcca1de847f8976712c73ab71500 [LEADER]: Queue going to LEADER mode. State: All replicated index: 0, Majority replicated index: 1, Committed index: 1, Last appended: 1.1, Last appended by leader: 0, Current term: 1, Majority size: 2, State: 0, Mode: LEADER, active raft config: opid_index: 2 OBSOLETE_local: false peers { permanent_uuid: "ed52fcca1de847f8976712c73ab71500" member_type: VOTER last_known_addr { host: "127.10.217.3" port: 41293 } } peers { permanent_uuid: "0dbe03d9ddee43f28b8f755acf904b0d" member_type: VOTER last_known_addr { host: "127.10.217.1" port: 33067 } attrs { replace: true } } peers { permanent_uuid: "e2585ec7b6674224b823a48c8585fe6b" member_type: VOTER last_known_addr { host: "127.10.217.2" port: 37553 } } peers { permanent_uuid: "cd6fde5ba0bd4a4387ba18b85a86bc70" member_type: NON_VOTER last_known_addr { host: "127.10.217.4" port: 35683 } attrs { promote: true } }
I20260710 13:19:50.319808 12234 raft_consensus.cc:1275] T 5b88fbb5bb2d4b1e9176a0fdcf5693a6 P 0dbe03d9ddee43f28b8f755acf904b0d [term 1 FOLLOWER]: Refusing update from remote peer ed52fcca1de847f8976712c73ab71500: Log matching property violated. Preceding OpId in replica: term: 1 index: 1. Preceding OpId from leader: term: 1 index: 2. (index mismatch)
W20260710 13:19:50.320626 12349 consensus_peers.cc:597] T 5b88fbb5bb2d4b1e9176a0fdcf5693a6 P ed52fcca1de847f8976712c73ab71500 -> Peer cd6fde5ba0bd4a4387ba18b85a86bc70 (127.10.217.4:35683): Couldn't send request to peer cd6fde5ba0bd4a4387ba18b85a86bc70. Error code: TABLET_NOT_FOUND (6). Status: Not found: Tablet not found: 5b88fbb5bb2d4b1e9176a0fdcf5693a6. This is attempt 1: this message will repeat every 5th retry.
I20260710 13:19:50.321267 12310 raft_consensus.cc:1275] T 5b88fbb5bb2d4b1e9176a0fdcf5693a6 P e2585ec7b6674224b823a48c8585fe6b [term 1 FOLLOWER]: Refusing update from remote peer ed52fcca1de847f8976712c73ab71500: Log matching property violated. Preceding OpId in replica: term: 1 index: 1. Preceding OpId from leader: term: 1 index: 2. (index mismatch)
I20260710 13:19:50.324301 12803 consensus_queue.cc:1048] T 5b88fbb5bb2d4b1e9176a0fdcf5693a6 P ed52fcca1de847f8976712c73ab71500 [LEADER]: Connected to new peer: Peer: permanent_uuid: "e2585ec7b6674224b823a48c8585fe6b" member_type: VOTER last_known_addr { host: "127.10.217.2" port: 37553 }, Status: LMP_MISMATCH, Last received: 0.0, Next index: 2, Last known committed idx: 1, Time since last communication: 0.000s
I20260710 13:19:50.326191 12803 consensus_queue.cc:1048] T 5b88fbb5bb2d4b1e9176a0fdcf5693a6 P ed52fcca1de847f8976712c73ab71500 [LEADER]: Connected to new peer: Peer: permanent_uuid: "0dbe03d9ddee43f28b8f755acf904b0d" member_type: VOTER last_known_addr { host: "127.10.217.1" port: 33067 } attrs { replace: true }, Status: LMP_MISMATCH, Last received: 0.0, Next index: 2, Last known committed idx: 1, Time since last communication: 0.000s
I20260710 13:19:50.332525 12834 raft_consensus.cc:2955] T 5b88fbb5bb2d4b1e9176a0fdcf5693a6 P ed52fcca1de847f8976712c73ab71500 [term 1 LEADER]: Committing config change with OpId 1.2: config changed from index -1 to 2, NON_VOTER cd6fde5ba0bd4a4387ba18b85a86bc70 (127.10.217.4) added. New config: { opid_index: 2 OBSOLETE_local: false peers { permanent_uuid: "ed52fcca1de847f8976712c73ab71500" member_type: VOTER last_known_addr { host: "127.10.217.3" port: 41293 } } peers { permanent_uuid: "0dbe03d9ddee43f28b8f755acf904b0d" member_type: VOTER last_known_addr { host: "127.10.217.1" port: 33067 } attrs { replace: true } } peers { permanent_uuid: "e2585ec7b6674224b823a48c8585fe6b" member_type: VOTER last_known_addr { host: "127.10.217.2" port: 37553 } } peers { permanent_uuid: "cd6fde5ba0bd4a4387ba18b85a86bc70" member_type: NON_VOTER last_known_addr { host: "127.10.217.4" port: 35683 } attrs { promote: true } } }
I20260710 13:19:50.334167 12310 raft_consensus.cc:2955] T 5b88fbb5bb2d4b1e9176a0fdcf5693a6 P e2585ec7b6674224b823a48c8585fe6b [term 1 FOLLOWER]: Committing config change with OpId 1.2: config changed from index -1 to 2, NON_VOTER cd6fde5ba0bd4a4387ba18b85a86bc70 (127.10.217.4) added. New config: { opid_index: 2 OBSOLETE_local: false peers { permanent_uuid: "ed52fcca1de847f8976712c73ab71500" member_type: VOTER last_known_addr { host: "127.10.217.3" port: 41293 } } peers { permanent_uuid: "0dbe03d9ddee43f28b8f755acf904b0d" member_type: VOTER last_known_addr { host: "127.10.217.1" port: 33067 } attrs { replace: true } } peers { permanent_uuid: "e2585ec7b6674224b823a48c8585fe6b" member_type: VOTER last_known_addr { host: "127.10.217.2" port: 37553 } } peers { permanent_uuid: "cd6fde5ba0bd4a4387ba18b85a86bc70" member_type: NON_VOTER last_known_addr { host: "127.10.217.4" port: 35683 } attrs { promote: true } } }
I20260710 13:19:50.334867 12234 raft_consensus.cc:2955] T 5b88fbb5bb2d4b1e9176a0fdcf5693a6 P 0dbe03d9ddee43f28b8f755acf904b0d [term 1 FOLLOWER]: Committing config change with OpId 1.2: config changed from index -1 to 2, NON_VOTER cd6fde5ba0bd4a4387ba18b85a86bc70 (127.10.217.4) added. New config: { opid_index: 2 OBSOLETE_local: false peers { permanent_uuid: "ed52fcca1de847f8976712c73ab71500" member_type: VOTER last_known_addr { host: "127.10.217.3" port: 41293 } } peers { permanent_uuid: "0dbe03d9ddee43f28b8f755acf904b0d" member_type: VOTER last_known_addr { host: "127.10.217.1" port: 33067 } attrs { replace: true } } peers { permanent_uuid: "e2585ec7b6674224b823a48c8585fe6b" member_type: VOTER last_known_addr { host: "127.10.217.2" port: 37553 } } peers { permanent_uuid: "cd6fde5ba0bd4a4387ba18b85a86bc70" member_type: NON_VOTER last_known_addr { host: "127.10.217.4" port: 35683 } attrs { promote: true } } }
I20260710 13:19:50.346323 12236 consensus_queue.cc:237] T b004953aabdf4440ace984674016a966 P 0dbe03d9ddee43f28b8f755acf904b0d [LEADER]: Queue going to LEADER mode. State: All replicated index: 0, Majority replicated index: 1, Committed index: 1, Last appended: 1.1, Last appended by leader: 0, Current term: 1, Majority size: 2, State: 0, Mode: LEADER, active raft config: opid_index: 2 OBSOLETE_local: false peers { permanent_uuid: "0dbe03d9ddee43f28b8f755acf904b0d" member_type: VOTER last_known_addr { host: "127.10.217.1" port: 33067 } } peers { permanent_uuid: "e2585ec7b6674224b823a48c8585fe6b" member_type: VOTER last_known_addr { host: "127.10.217.2" port: 37553 } } peers { permanent_uuid: "ed52fcca1de847f8976712c73ab71500" member_type: VOTER last_known_addr { host: "127.10.217.3" port: 41293 } attrs { replace: true } } peers { permanent_uuid: "cd6fde5ba0bd4a4387ba18b85a86bc70" member_type: NON_VOTER last_known_addr { host: "127.10.217.4" port: 35683 } attrs { promote: true } }
I20260710 13:19:50.346668 12134 catalog_manager.cc:5697] T 5b88fbb5bb2d4b1e9176a0fdcf5693a6 P ed52fcca1de847f8976712c73ab71500 reported cstate change: config changed from index -1 to 2, NON_VOTER cd6fde5ba0bd4a4387ba18b85a86bc70 (127.10.217.4) added. New cstate: current_term: 1 leader_uuid: "ed52fcca1de847f8976712c73ab71500" committed_config { opid_index: 2 OBSOLETE_local: false peers { permanent_uuid: "ed52fcca1de847f8976712c73ab71500" member_type: VOTER last_known_addr { host: "127.10.217.3" port: 41293 } health_report { overall_health: HEALTHY } } peers { permanent_uuid: "0dbe03d9ddee43f28b8f755acf904b0d" member_type: VOTER last_known_addr { host: "127.10.217.1" port: 33067 } attrs { replace: true } health_report { overall_health: HEALTHY } } peers { permanent_uuid: "e2585ec7b6674224b823a48c8585fe6b" member_type: VOTER last_known_addr { host: "127.10.217.2" port: 37553 } health_report { overall_health: HEALTHY } } peers { permanent_uuid: "cd6fde5ba0bd4a4387ba18b85a86bc70" member_type: NON_VOTER last_known_addr { host: "127.10.217.4" port: 35683 } attrs { promote: true } health_report { overall_health: UNKNOWN } } }
I20260710 13:19:50.358016 12385 raft_consensus.cc:1275] T b004953aabdf4440ace984674016a966 P ed52fcca1de847f8976712c73ab71500 [term 1 FOLLOWER]: Refusing update from remote peer 0dbe03d9ddee43f28b8f755acf904b0d: Log matching property violated. Preceding OpId in replica: term: 1 index: 1. Preceding OpId from leader: term: 1 index: 2. (index mismatch)
I20260710 13:19:50.358433 12310 raft_consensus.cc:1275] T b004953aabdf4440ace984674016a966 P e2585ec7b6674224b823a48c8585fe6b [term 1 FOLLOWER]: Refusing update from remote peer 0dbe03d9ddee43f28b8f755acf904b0d: Log matching property violated. Preceding OpId in replica: term: 1 index: 1. Preceding OpId from leader: term: 1 index: 2. (index mismatch)
W20260710 13:19:50.358603 12200 consensus_peers.cc:597] T b004953aabdf4440ace984674016a966 P 0dbe03d9ddee43f28b8f755acf904b0d -> Peer cd6fde5ba0bd4a4387ba18b85a86bc70 (127.10.217.4:35683): Couldn't send request to peer cd6fde5ba0bd4a4387ba18b85a86bc70. Error code: TABLET_NOT_FOUND (6). Status: Not found: Tablet not found: b004953aabdf4440ace984674016a966. This is attempt 1: this message will repeat every 5th retry.
I20260710 13:19:50.359464 12801 consensus_queue.cc:1048] T b004953aabdf4440ace984674016a966 P 0dbe03d9ddee43f28b8f755acf904b0d [LEADER]: Connected to new peer: Peer: permanent_uuid: "ed52fcca1de847f8976712c73ab71500" member_type: VOTER last_known_addr { host: "127.10.217.3" port: 41293 } attrs { replace: true }, Status: LMP_MISMATCH, Last received: 0.0, Next index: 2, Last known committed idx: 1, Time since last communication: 0.000s
I20260710 13:19:50.361049 12840 consensus_queue.cc:1048] T b004953aabdf4440ace984674016a966 P 0dbe03d9ddee43f28b8f755acf904b0d [LEADER]: Connected to new peer: Peer: permanent_uuid: "e2585ec7b6674224b823a48c8585fe6b" member_type: VOTER last_known_addr { host: "127.10.217.2" port: 37553 }, Status: LMP_MISMATCH, Last received: 0.0, Next index: 2, Last known committed idx: 1, Time since last communication: 0.001s
I20260710 13:19:50.377003 12801 raft_consensus.cc:2955] T b004953aabdf4440ace984674016a966 P 0dbe03d9ddee43f28b8f755acf904b0d [term 1 LEADER]: Committing config change with OpId 1.2: config changed from index -1 to 2, NON_VOTER cd6fde5ba0bd4a4387ba18b85a86bc70 (127.10.217.4) added. New config: { opid_index: 2 OBSOLETE_local: false peers { permanent_uuid: "0dbe03d9ddee43f28b8f755acf904b0d" member_type: VOTER last_known_addr { host: "127.10.217.1" port: 33067 } } peers { permanent_uuid: "e2585ec7b6674224b823a48c8585fe6b" member_type: VOTER last_known_addr { host: "127.10.217.2" port: 37553 } } peers { permanent_uuid: "ed52fcca1de847f8976712c73ab71500" member_type: VOTER last_known_addr { host: "127.10.217.3" port: 41293 } attrs { replace: true } } peers { permanent_uuid: "cd6fde5ba0bd4a4387ba18b85a86bc70" member_type: NON_VOTER last_known_addr { host: "127.10.217.4" port: 35683 } attrs { promote: true } } }
I20260710 13:19:50.379141 12310 raft_consensus.cc:2955] T b004953aabdf4440ace984674016a966 P e2585ec7b6674224b823a48c8585fe6b [term 1 FOLLOWER]: Committing config change with OpId 1.2: config changed from index -1 to 2, NON_VOTER cd6fde5ba0bd4a4387ba18b85a86bc70 (127.10.217.4) added. New config: { opid_index: 2 OBSOLETE_local: false peers { permanent_uuid: "0dbe03d9ddee43f28b8f755acf904b0d" member_type: VOTER last_known_addr { host: "127.10.217.1" port: 33067 } } peers { permanent_uuid: "e2585ec7b6674224b823a48c8585fe6b" member_type: VOTER last_known_addr { host: "127.10.217.2" port: 37553 } } peers { permanent_uuid: "ed52fcca1de847f8976712c73ab71500" member_type: VOTER last_known_addr { host: "127.10.217.3" port: 41293 } attrs { replace: true } } peers { permanent_uuid: "cd6fde5ba0bd4a4387ba18b85a86bc70" member_type: NON_VOTER last_known_addr { host: "127.10.217.4" port: 35683 } attrs { promote: true } } }
I20260710 13:19:50.390690 12236 consensus_queue.cc:237] T 3f38eaa361d34cebbc2b3a674f13439b P 0dbe03d9ddee43f28b8f755acf904b0d [LEADER]: Queue going to LEADER mode. State: All replicated index: 0, Majority replicated index: 1, Committed index: 1, Last appended: 1.1, Last appended by leader: 0, Current term: 1, Majority size: 2, State: 0, Mode: LEADER, active raft config: opid_index: 2 OBSOLETE_local: false peers { permanent_uuid: "0dbe03d9ddee43f28b8f755acf904b0d" member_type: VOTER last_known_addr { host: "127.10.217.1" port: 33067 } } peers { permanent_uuid: "e2585ec7b6674224b823a48c8585fe6b" member_type: VOTER last_known_addr { host: "127.10.217.2" port: 37553 } attrs { replace: true } } peers { permanent_uuid: "ed52fcca1de847f8976712c73ab71500" member_type: VOTER last_known_addr { host: "127.10.217.3" port: 41293 } } peers { permanent_uuid: "cd6fde5ba0bd4a4387ba18b85a86bc70" member_type: NON_VOTER last_known_addr { host: "127.10.217.4" port: 35683 } attrs { promote: true } }
I20260710 13:19:50.391943 12385 raft_consensus.cc:2955] T b004953aabdf4440ace984674016a966 P ed52fcca1de847f8976712c73ab71500 [term 1 FOLLOWER]: Committing config change with OpId 1.2: config changed from index -1 to 2, NON_VOTER cd6fde5ba0bd4a4387ba18b85a86bc70 (127.10.217.4) added. New config: { opid_index: 2 OBSOLETE_local: false peers { permanent_uuid: "0dbe03d9ddee43f28b8f755acf904b0d" member_type: VOTER last_known_addr { host: "127.10.217.1" port: 33067 } } peers { permanent_uuid: "e2585ec7b6674224b823a48c8585fe6b" member_type: VOTER last_known_addr { host: "127.10.217.2" port: 37553 } } peers { permanent_uuid: "ed52fcca1de847f8976712c73ab71500" member_type: VOTER last_known_addr { host: "127.10.217.3" port: 41293 } attrs { replace: true } } peers { permanent_uuid: "cd6fde5ba0bd4a4387ba18b85a86bc70" member_type: NON_VOTER last_known_addr { host: "127.10.217.4" port: 35683 } attrs { promote: true } } }
I20260710 13:19:50.393765 12134 catalog_manager.cc:5697] T b004953aabdf4440ace984674016a966 P e2585ec7b6674224b823a48c8585fe6b reported cstate change: config changed from index -1 to 2, NON_VOTER cd6fde5ba0bd4a4387ba18b85a86bc70 (127.10.217.4) added. New cstate: current_term: 1 leader_uuid: "0dbe03d9ddee43f28b8f755acf904b0d" committed_config { opid_index: 2 OBSOLETE_local: false peers { permanent_uuid: "0dbe03d9ddee43f28b8f755acf904b0d" member_type: VOTER last_known_addr { host: "127.10.217.1" port: 33067 } } peers { permanent_uuid: "e2585ec7b6674224b823a48c8585fe6b" member_type: VOTER last_known_addr { host: "127.10.217.2" port: 37553 } } peers { permanent_uuid: "ed52fcca1de847f8976712c73ab71500" member_type: VOTER last_known_addr { host: "127.10.217.3" port: 41293 } attrs { replace: true } } peers { permanent_uuid: "cd6fde5ba0bd4a4387ba18b85a86bc70" member_type: NON_VOTER last_known_addr { host: "127.10.217.4" port: 35683 } attrs { promote: true } } }
W20260710 13:19:50.413976 12200 consensus_peers.cc:597] T 3f38eaa361d34cebbc2b3a674f13439b P 0dbe03d9ddee43f28b8f755acf904b0d -> Peer cd6fde5ba0bd4a4387ba18b85a86bc70 (127.10.217.4:35683): Couldn't send request to peer cd6fde5ba0bd4a4387ba18b85a86bc70. Error code: TABLET_NOT_FOUND (6). Status: Not found: Tablet not found: 3f38eaa361d34cebbc2b3a674f13439b. This is attempt 1: this message will repeat every 5th retry.
I20260710 13:19:50.415084 12385 raft_consensus.cc:1275] T 3f38eaa361d34cebbc2b3a674f13439b P ed52fcca1de847f8976712c73ab71500 [term 1 FOLLOWER]: Refusing update from remote peer 0dbe03d9ddee43f28b8f755acf904b0d: Log matching property violated. Preceding OpId in replica: term: 1 index: 1. Preceding OpId from leader: term: 1 index: 2. (index mismatch)
I20260710 13:19:50.416244 12310 raft_consensus.cc:1275] T 3f38eaa361d34cebbc2b3a674f13439b P e2585ec7b6674224b823a48c8585fe6b [term 1 FOLLOWER]: Refusing update from remote peer 0dbe03d9ddee43f28b8f755acf904b0d: Log matching property violated. Preceding OpId in replica: term: 1 index: 1. Preceding OpId from leader: term: 1 index: 2. (index mismatch)
I20260710 13:19:50.416627 12840 consensus_queue.cc:1048] T 3f38eaa361d34cebbc2b3a674f13439b P 0dbe03d9ddee43f28b8f755acf904b0d [LEADER]: Connected to new peer: Peer: permanent_uuid: "ed52fcca1de847f8976712c73ab71500" member_type: VOTER last_known_addr { host: "127.10.217.3" port: 41293 }, Status: LMP_MISMATCH, Last received: 0.0, Next index: 2, Last known committed idx: 1, Time since last communication: 0.000s
I20260710 13:19:50.418208 12845 consensus_queue.cc:1048] T 3f38eaa361d34cebbc2b3a674f13439b P 0dbe03d9ddee43f28b8f755acf904b0d [LEADER]: Connected to new peer: Peer: permanent_uuid: "e2585ec7b6674224b823a48c8585fe6b" member_type: VOTER last_known_addr { host: "127.10.217.2" port: 37553 } attrs { replace: true }, Status: LMP_MISMATCH, Last received: 0.0, Next index: 2, Last known committed idx: 1, Time since last communication: 0.001s
I20260710 13:19:50.424962 12840 raft_consensus.cc:2955] T 3f38eaa361d34cebbc2b3a674f13439b P 0dbe03d9ddee43f28b8f755acf904b0d [term 1 LEADER]: Committing config change with OpId 1.2: config changed from index -1 to 2, NON_VOTER cd6fde5ba0bd4a4387ba18b85a86bc70 (127.10.217.4) added. New config: { opid_index: 2 OBSOLETE_local: false peers { permanent_uuid: "0dbe03d9ddee43f28b8f755acf904b0d" member_type: VOTER last_known_addr { host: "127.10.217.1" port: 33067 } } peers { permanent_uuid: "e2585ec7b6674224b823a48c8585fe6b" member_type: VOTER last_known_addr { host: "127.10.217.2" port: 37553 } attrs { replace: true } } peers { permanent_uuid: "ed52fcca1de847f8976712c73ab71500" member_type: VOTER last_known_addr { host: "127.10.217.3" port: 41293 } } peers { permanent_uuid: "cd6fde5ba0bd4a4387ba18b85a86bc70" member_type: NON_VOTER last_known_addr { host: "127.10.217.4" port: 35683 } attrs { promote: true } } }
I20260710 13:19:50.426743 12385 raft_consensus.cc:2955] T 3f38eaa361d34cebbc2b3a674f13439b P ed52fcca1de847f8976712c73ab71500 [term 1 FOLLOWER]: Committing config change with OpId 1.2: config changed from index -1 to 2, NON_VOTER cd6fde5ba0bd4a4387ba18b85a86bc70 (127.10.217.4) added. New config: { opid_index: 2 OBSOLETE_local: false peers { permanent_uuid: "0dbe03d9ddee43f28b8f755acf904b0d" member_type: VOTER last_known_addr { host: "127.10.217.1" port: 33067 } } peers { permanent_uuid: "e2585ec7b6674224b823a48c8585fe6b" member_type: VOTER last_known_addr { host: "127.10.217.2" port: 37553 } attrs { replace: true } } peers { permanent_uuid: "ed52fcca1de847f8976712c73ab71500" member_type: VOTER last_known_addr { host: "127.10.217.3" port: 41293 } } peers { permanent_uuid: "cd6fde5ba0bd4a4387ba18b85a86bc70" member_type: NON_VOTER last_known_addr { host: "127.10.217.4" port: 35683 } attrs { promote: true } } }
I20260710 13:19:50.427835 12310 raft_consensus.cc:2955] T 3f38eaa361d34cebbc2b3a674f13439b P e2585ec7b6674224b823a48c8585fe6b [term 1 FOLLOWER]: Committing config change with OpId 1.2: config changed from index -1 to 2, NON_VOTER cd6fde5ba0bd4a4387ba18b85a86bc70 (127.10.217.4) added. New config: { opid_index: 2 OBSOLETE_local: false peers { permanent_uuid: "0dbe03d9ddee43f28b8f755acf904b0d" member_type: VOTER last_known_addr { host: "127.10.217.1" port: 33067 } } peers { permanent_uuid: "e2585ec7b6674224b823a48c8585fe6b" member_type: VOTER last_known_addr { host: "127.10.217.2" port: 37553 } attrs { replace: true } } peers { permanent_uuid: "ed52fcca1de847f8976712c73ab71500" member_type: VOTER last_known_addr { host: "127.10.217.3" port: 41293 } } peers { permanent_uuid: "cd6fde5ba0bd4a4387ba18b85a86bc70" member_type: NON_VOTER last_known_addr { host: "127.10.217.4" port: 35683 } attrs { promote: true } } }
I20260710 13:19:50.437994 12133 catalog_manager.cc:5697] T 3f38eaa361d34cebbc2b3a674f13439b P ed52fcca1de847f8976712c73ab71500 reported cstate change: config changed from index -1 to 2, NON_VOTER cd6fde5ba0bd4a4387ba18b85a86bc70 (127.10.217.4) added. New cstate: current_term: 1 leader_uuid: "0dbe03d9ddee43f28b8f755acf904b0d" committed_config { opid_index: 2 OBSOLETE_local: false peers { permanent_uuid: "0dbe03d9ddee43f28b8f755acf904b0d" member_type: VOTER last_known_addr { host: "127.10.217.1" port: 33067 } } peers { permanent_uuid: "e2585ec7b6674224b823a48c8585fe6b" member_type: VOTER last_known_addr { host: "127.10.217.2" port: 37553 } attrs { replace: true } } peers { permanent_uuid: "ed52fcca1de847f8976712c73ab71500" member_type: VOTER last_known_addr { host: "127.10.217.3" port: 41293 } } peers { permanent_uuid: "cd6fde5ba0bd4a4387ba18b85a86bc70" member_type: NON_VOTER last_known_addr { host: "127.10.217.4" port: 35683 } attrs { promote: true } } }
I20260710 13:19:50.444953 12385 consensus_queue.cc:237] T fa4ba861b24c4c8a80c0143c3c997be7 P ed52fcca1de847f8976712c73ab71500 [LEADER]: Queue going to LEADER mode. State: All replicated index: 0, Majority replicated index: 1, Committed index: 1, Last appended: 1.1, Last appended by leader: 0, Current term: 1, Majority size: 2, State: 0, Mode: LEADER, active raft config: opid_index: 2 OBSOLETE_local: false peers { permanent_uuid: "0dbe03d9ddee43f28b8f755acf904b0d" member_type: VOTER last_known_addr { host: "127.10.217.1" port: 33067 } attrs { replace: true } } peers { permanent_uuid: "e2585ec7b6674224b823a48c8585fe6b" member_type: VOTER last_known_addr { host: "127.10.217.2" port: 37553 } } peers { permanent_uuid: "ed52fcca1de847f8976712c73ab71500" member_type: VOTER last_known_addr { host: "127.10.217.3" port: 41293 } } peers { permanent_uuid: "cd6fde5ba0bd4a4387ba18b85a86bc70" member_type: NON_VOTER last_known_addr { host: "127.10.217.4" port: 35683 } attrs { promote: true } }
W20260710 13:19:50.454528 12349 consensus_peers.cc:597] T fa4ba861b24c4c8a80c0143c3c997be7 P ed52fcca1de847f8976712c73ab71500 -> Peer cd6fde5ba0bd4a4387ba18b85a86bc70 (127.10.217.4:35683): Couldn't send request to peer cd6fde5ba0bd4a4387ba18b85a86bc70. Error code: TABLET_NOT_FOUND (6). Status: Not found: Tablet not found: fa4ba861b24c4c8a80c0143c3c997be7. This is attempt 1: this message will repeat every 5th retry.
I20260710 13:19:50.456065 12310 raft_consensus.cc:1275] T fa4ba861b24c4c8a80c0143c3c997be7 P e2585ec7b6674224b823a48c8585fe6b [term 1 FOLLOWER]: Refusing update from remote peer ed52fcca1de847f8976712c73ab71500: Log matching property violated. Preceding OpId in replica: term: 1 index: 1. Preceding OpId from leader: term: 1 index: 2. (index mismatch)
I20260710 13:19:50.457471 12236 raft_consensus.cc:1275] T fa4ba861b24c4c8a80c0143c3c997be7 P 0dbe03d9ddee43f28b8f755acf904b0d [term 1 FOLLOWER]: Refusing update from remote peer ed52fcca1de847f8976712c73ab71500: Log matching property violated. Preceding OpId in replica: term: 1 index: 1. Preceding OpId from leader: term: 1 index: 2. (index mismatch)
I20260710 13:19:50.457419 12834 consensus_queue.cc:1048] T fa4ba861b24c4c8a80c0143c3c997be7 P ed52fcca1de847f8976712c73ab71500 [LEADER]: Connected to new peer: Peer: permanent_uuid: "e2585ec7b6674224b823a48c8585fe6b" member_type: VOTER last_known_addr { host: "127.10.217.2" port: 37553 }, Status: LMP_MISMATCH, Last received: 0.0, Next index: 2, Last known committed idx: 1, Time since last communication: 0.001s
I20260710 13:19:50.458956 12768 consensus_queue.cc:1048] T fa4ba861b24c4c8a80c0143c3c997be7 P ed52fcca1de847f8976712c73ab71500 [LEADER]: Connected to new peer: Peer: permanent_uuid: "0dbe03d9ddee43f28b8f755acf904b0d" member_type: VOTER last_known_addr { host: "127.10.217.1" port: 33067 } attrs { replace: true }, Status: LMP_MISMATCH, Last received: 0.0, Next index: 2, Last known committed idx: 1, Time since last communication: 0.000s
I20260710 13:19:50.471410 12768 raft_consensus.cc:2955] T fa4ba861b24c4c8a80c0143c3c997be7 P ed52fcca1de847f8976712c73ab71500 [term 1 LEADER]: Committing config change with OpId 1.2: config changed from index -1 to 2, NON_VOTER cd6fde5ba0bd4a4387ba18b85a86bc70 (127.10.217.4) added. New config: { opid_index: 2 OBSOLETE_local: false peers { permanent_uuid: "0dbe03d9ddee43f28b8f755acf904b0d" member_type: VOTER last_known_addr { host: "127.10.217.1" port: 33067 } attrs { replace: true } } peers { permanent_uuid: "e2585ec7b6674224b823a48c8585fe6b" member_type: VOTER last_known_addr { host: "127.10.217.2" port: 37553 } } peers { permanent_uuid: "ed52fcca1de847f8976712c73ab71500" member_type: VOTER last_known_addr { host: "127.10.217.3" port: 41293 } } peers { permanent_uuid: "cd6fde5ba0bd4a4387ba18b85a86bc70" member_type: NON_VOTER last_known_addr { host: "127.10.217.4" port: 35683 } attrs { promote: true } } }
I20260710 13:19:50.474784 12310 raft_consensus.cc:2955] T fa4ba861b24c4c8a80c0143c3c997be7 P e2585ec7b6674224b823a48c8585fe6b [term 1 FOLLOWER]: Committing config change with OpId 1.2: config changed from index -1 to 2, NON_VOTER cd6fde5ba0bd4a4387ba18b85a86bc70 (127.10.217.4) added. New config: { opid_index: 2 OBSOLETE_local: false peers { permanent_uuid: "0dbe03d9ddee43f28b8f755acf904b0d" member_type: VOTER last_known_addr { host: "127.10.217.1" port: 33067 } attrs { replace: true } } peers { permanent_uuid: "e2585ec7b6674224b823a48c8585fe6b" member_type: VOTER last_known_addr { host: "127.10.217.2" port: 37553 } } peers { permanent_uuid: "ed52fcca1de847f8976712c73ab71500" member_type: VOTER last_known_addr { host: "127.10.217.3" port: 41293 } } peers { permanent_uuid: "cd6fde5ba0bd4a4387ba18b85a86bc70" member_type: NON_VOTER last_known_addr { host: "127.10.217.4" port: 35683 } attrs { promote: true } } }
I20260710 13:19:50.477051 12236 raft_consensus.cc:2955] T fa4ba861b24c4c8a80c0143c3c997be7 P 0dbe03d9ddee43f28b8f755acf904b0d [term 1 FOLLOWER]: Committing config change with OpId 1.2: config changed from index -1 to 2, NON_VOTER cd6fde5ba0bd4a4387ba18b85a86bc70 (127.10.217.4) added. New config: { opid_index: 2 OBSOLETE_local: false peers { permanent_uuid: "0dbe03d9ddee43f28b8f755acf904b0d" member_type: VOTER last_known_addr { host: "127.10.217.1" port: 33067 } attrs { replace: true } } peers { permanent_uuid: "e2585ec7b6674224b823a48c8585fe6b" member_type: VOTER last_known_addr { host: "127.10.217.2" port: 37553 } } peers { permanent_uuid: "ed52fcca1de847f8976712c73ab71500" member_type: VOTER last_known_addr { host: "127.10.217.3" port: 41293 } } peers { permanent_uuid: "cd6fde5ba0bd4a4387ba18b85a86bc70" member_type: NON_VOTER last_known_addr { host: "127.10.217.4" port: 35683 } attrs { promote: true } } }
I20260710 13:19:50.485790 12131 catalog_manager.cc:5697] T fa4ba861b24c4c8a80c0143c3c997be7 P ed52fcca1de847f8976712c73ab71500 reported cstate change: config changed from index -1 to 2, NON_VOTER cd6fde5ba0bd4a4387ba18b85a86bc70 (127.10.217.4) added. New cstate: current_term: 1 leader_uuid: "ed52fcca1de847f8976712c73ab71500" committed_config { opid_index: 2 OBSOLETE_local: false peers { permanent_uuid: "0dbe03d9ddee43f28b8f755acf904b0d" member_type: VOTER last_known_addr { host: "127.10.217.1" port: 33067 } attrs { replace: true } health_report { overall_health: HEALTHY } } peers { permanent_uuid: "e2585ec7b6674224b823a48c8585fe6b" member_type: VOTER last_known_addr { host: "127.10.217.2" port: 37553 } health_report { overall_health: HEALTHY } } peers { permanent_uuid: "ed52fcca1de847f8976712c73ab71500" member_type: VOTER last_known_addr { host: "127.10.217.3" port: 41293 } health_report { overall_health: HEALTHY } } peers { permanent_uuid: "cd6fde5ba0bd4a4387ba18b85a86bc70" member_type: NON_VOTER last_known_addr { host: "127.10.217.4" port: 35683 } attrs { promote: true } health_report { overall_health: UNKNOWN } } }
I20260710 13:19:50.744685 12852 ts_tablet_manager.cc:933] T 5b88fbb5bb2d4b1e9176a0fdcf5693a6 P cd6fde5ba0bd4a4387ba18b85a86bc70: Initiating tablet copy from peer ed52fcca1de847f8976712c73ab71500 (127.10.217.3:41293)
I20260710 13:19:50.747030 12852 tablet_copy_client.cc:323] T 5b88fbb5bb2d4b1e9176a0fdcf5693a6 P cd6fde5ba0bd4a4387ba18b85a86bc70: tablet copy: Beginning tablet copy session from remote peer at address 127.10.217.3:41293
I20260710 13:19:50.748652 12395 tablet_copy_service.cc:140] P ed52fcca1de847f8976712c73ab71500: Received BeginTabletCopySession request for tablet 5b88fbb5bb2d4b1e9176a0fdcf5693a6 from peer cd6fde5ba0bd4a4387ba18b85a86bc70 ({username='slave'} at 127.0.0.1:47512)
I20260710 13:19:50.749140 12395 tablet_copy_service.cc:161] P ed52fcca1de847f8976712c73ab71500: Beginning new tablet copy session on tablet 5b88fbb5bb2d4b1e9176a0fdcf5693a6 from peer cd6fde5ba0bd4a4387ba18b85a86bc70 at {username='slave'} at 127.0.0.1:47512: session id = cd6fde5ba0bd4a4387ba18b85a86bc70-5b88fbb5bb2d4b1e9176a0fdcf5693a6
I20260710 13:19:50.754109 12395 tablet_copy_source_session.cc:215] T 5b88fbb5bb2d4b1e9176a0fdcf5693a6 P ed52fcca1de847f8976712c73ab71500: Tablet Copy: opened 0 blocks and 1 log segments
I20260710 13:19:50.756882 12852 data_dirs.cc:400] Could only allocate 1 dirs of requested 3 for tablet 5b88fbb5bb2d4b1e9176a0fdcf5693a6. 1 dirs total, 0 dirs full, 0 dirs failed
I20260710 13:19:50.769393 12852 tablet_copy_client.cc:806] T 5b88fbb5bb2d4b1e9176a0fdcf5693a6 P cd6fde5ba0bd4a4387ba18b85a86bc70: tablet copy: Starting download of 0 data blocks...
I20260710 13:19:50.769922 12852 tablet_copy_client.cc:670] T 5b88fbb5bb2d4b1e9176a0fdcf5693a6 P cd6fde5ba0bd4a4387ba18b85a86bc70: tablet copy: Starting download of 1 WAL segments...
I20260710 13:19:50.773372 12852 tablet_copy_client.cc:538] T 5b88fbb5bb2d4b1e9176a0fdcf5693a6 P cd6fde5ba0bd4a4387ba18b85a86bc70: tablet copy: Tablet Copy complete. Replacing tablet superblock.
I20260710 13:19:50.780190 12852 tablet_bootstrap.cc:492] T 5b88fbb5bb2d4b1e9176a0fdcf5693a6 P cd6fde5ba0bd4a4387ba18b85a86bc70: Bootstrap starting.
I20260710 13:19:50.795656 12852 tablet_bootstrap.cc:492] T 5b88fbb5bb2d4b1e9176a0fdcf5693a6 P cd6fde5ba0bd4a4387ba18b85a86bc70: Bootstrap replayed 1/1 log segments. Stats: ops{read=2 overwritten=0 applied=2 ignored=0} inserts{seen=0 ignored=0} mutations{seen=0 ignored=0} orphaned_commits=0. Pending: 0 replicates
I20260710 13:19:50.796449 12852 tablet_bootstrap.cc:492] T 5b88fbb5bb2d4b1e9176a0fdcf5693a6 P cd6fde5ba0bd4a4387ba18b85a86bc70: Bootstrap complete.
I20260710 13:19:50.796981 12852 ts_tablet_manager.cc:1403] T 5b88fbb5bb2d4b1e9176a0fdcf5693a6 P cd6fde5ba0bd4a4387ba18b85a86bc70: Time spent bootstrapping tablet: real 0.017s	user 0.011s	sys 0.007s
I20260710 13:19:50.799057 12852 raft_consensus.cc:359] T 5b88fbb5bb2d4b1e9176a0fdcf5693a6 P cd6fde5ba0bd4a4387ba18b85a86bc70 [term 1 LEARNER]: Replica starting. Triggering 0 pending ops. Active config: opid_index: 2 OBSOLETE_local: false peers { permanent_uuid: "ed52fcca1de847f8976712c73ab71500" member_type: VOTER last_known_addr { host: "127.10.217.3" port: 41293 } } peers { permanent_uuid: "0dbe03d9ddee43f28b8f755acf904b0d" member_type: VOTER last_known_addr { host: "127.10.217.1" port: 33067 } attrs { replace: true } } peers { permanent_uuid: "e2585ec7b6674224b823a48c8585fe6b" member_type: VOTER last_known_addr { host: "127.10.217.2" port: 37553 } } peers { permanent_uuid: "cd6fde5ba0bd4a4387ba18b85a86bc70" member_type: NON_VOTER last_known_addr { host: "127.10.217.4" port: 35683 } attrs { promote: true } }
I20260710 13:19:50.799671 12852 raft_consensus.cc:740] T 5b88fbb5bb2d4b1e9176a0fdcf5693a6 P cd6fde5ba0bd4a4387ba18b85a86bc70 [term 1 LEARNER]: Becoming Follower/Learner. State: Replica: cd6fde5ba0bd4a4387ba18b85a86bc70, State: Initialized, Role: LEARNER
I20260710 13:19:50.800240 12852 consensus_queue.cc:260] T 5b88fbb5bb2d4b1e9176a0fdcf5693a6 P cd6fde5ba0bd4a4387ba18b85a86bc70 [NON_LEADER]: Queue going to NON_LEADER mode. State: All replicated index: 0, Majority replicated index: 0, Committed index: 2, Last appended: 1.2, Last appended by leader: 2, Current term: 0, Majority size: -1, State: 0, Mode: NON_LEADER, active raft config: opid_index: 2 OBSOLETE_local: false peers { permanent_uuid: "ed52fcca1de847f8976712c73ab71500" member_type: VOTER last_known_addr { host: "127.10.217.3" port: 41293 } } peers { permanent_uuid: "0dbe03d9ddee43f28b8f755acf904b0d" member_type: VOTER last_known_addr { host: "127.10.217.1" port: 33067 } attrs { replace: true } } peers { permanent_uuid: "e2585ec7b6674224b823a48c8585fe6b" member_type: VOTER last_known_addr { host: "127.10.217.2" port: 37553 } } peers { permanent_uuid: "cd6fde5ba0bd4a4387ba18b85a86bc70" member_type: NON_VOTER last_known_addr { host: "127.10.217.4" port: 35683 } attrs { promote: true } }
I20260710 13:19:50.803043 12852 ts_tablet_manager.cc:1434] T 5b88fbb5bb2d4b1e9176a0fdcf5693a6 P cd6fde5ba0bd4a4387ba18b85a86bc70: Time spent starting tablet: real 0.006s	user 0.005s	sys 0.000s
I20260710 13:19:50.804980 12395 tablet_copy_service.cc:342] P ed52fcca1de847f8976712c73ab71500: Request end of tablet copy session cd6fde5ba0bd4a4387ba18b85a86bc70-5b88fbb5bb2d4b1e9176a0fdcf5693a6 received from {username='slave'} at 127.0.0.1:47512
I20260710 13:19:50.805373 12395 tablet_copy_service.cc:434] P ed52fcca1de847f8976712c73ab71500: ending tablet copy session cd6fde5ba0bd4a4387ba18b85a86bc70-5b88fbb5bb2d4b1e9176a0fdcf5693a6 on tablet 5b88fbb5bb2d4b1e9176a0fdcf5693a6 with peer cd6fde5ba0bd4a4387ba18b85a86bc70
I20260710 13:19:50.808727 12856 ts_tablet_manager.cc:933] T 3f38eaa361d34cebbc2b3a674f13439b P cd6fde5ba0bd4a4387ba18b85a86bc70: Initiating tablet copy from peer 0dbe03d9ddee43f28b8f755acf904b0d (127.10.217.1:33067)
I20260710 13:19:50.810537 12856 tablet_copy_client.cc:323] T 3f38eaa361d34cebbc2b3a674f13439b P cd6fde5ba0bd4a4387ba18b85a86bc70: tablet copy: Beginning tablet copy session from remote peer at address 127.10.217.1:33067
I20260710 13:19:50.811908 12246 tablet_copy_service.cc:140] P 0dbe03d9ddee43f28b8f755acf904b0d: Received BeginTabletCopySession request for tablet 3f38eaa361d34cebbc2b3a674f13439b from peer cd6fde5ba0bd4a4387ba18b85a86bc70 ({username='slave'} at 127.0.0.1:49494)
I20260710 13:19:50.812554 12246 tablet_copy_service.cc:161] P 0dbe03d9ddee43f28b8f755acf904b0d: Beginning new tablet copy session on tablet 3f38eaa361d34cebbc2b3a674f13439b from peer cd6fde5ba0bd4a4387ba18b85a86bc70 at {username='slave'} at 127.0.0.1:49494: session id = cd6fde5ba0bd4a4387ba18b85a86bc70-3f38eaa361d34cebbc2b3a674f13439b
I20260710 13:19:50.819051 12246 tablet_copy_source_session.cc:215] T 3f38eaa361d34cebbc2b3a674f13439b P 0dbe03d9ddee43f28b8f755acf904b0d: Tablet Copy: opened 0 blocks and 1 log segments
I20260710 13:19:50.824824 12856 data_dirs.cc:400] Could only allocate 1 dirs of requested 3 for tablet 3f38eaa361d34cebbc2b3a674f13439b. 1 dirs total, 0 dirs full, 0 dirs failed
I20260710 13:19:50.836756 12856 tablet_copy_client.cc:806] T 3f38eaa361d34cebbc2b3a674f13439b P cd6fde5ba0bd4a4387ba18b85a86bc70: tablet copy: Starting download of 0 data blocks...
I20260710 13:19:50.837318 12856 tablet_copy_client.cc:670] T 3f38eaa361d34cebbc2b3a674f13439b P cd6fde5ba0bd4a4387ba18b85a86bc70: tablet copy: Starting download of 1 WAL segments...
I20260710 13:19:50.840750 12856 tablet_copy_client.cc:538] T 3f38eaa361d34cebbc2b3a674f13439b P cd6fde5ba0bd4a4387ba18b85a86bc70: tablet copy: Tablet Copy complete. Replacing tablet superblock.
I20260710 13:19:50.846766 12856 tablet_bootstrap.cc:492] T 3f38eaa361d34cebbc2b3a674f13439b P cd6fde5ba0bd4a4387ba18b85a86bc70: Bootstrap starting.
I20260710 13:19:50.864575 12856 tablet_bootstrap.cc:492] T 3f38eaa361d34cebbc2b3a674f13439b P cd6fde5ba0bd4a4387ba18b85a86bc70: Bootstrap replayed 1/1 log segments. Stats: ops{read=2 overwritten=0 applied=2 ignored=0} inserts{seen=0 ignored=0} mutations{seen=0 ignored=0} orphaned_commits=0. Pending: 0 replicates
I20260710 13:19:50.865322 12856 tablet_bootstrap.cc:492] T 3f38eaa361d34cebbc2b3a674f13439b P cd6fde5ba0bd4a4387ba18b85a86bc70: Bootstrap complete.
I20260710 13:19:50.865859 12856 ts_tablet_manager.cc:1403] T 3f38eaa361d34cebbc2b3a674f13439b P cd6fde5ba0bd4a4387ba18b85a86bc70: Time spent bootstrapping tablet: real 0.019s	user 0.018s	sys 0.000s
I20260710 13:19:50.868464 12856 raft_consensus.cc:359] T 3f38eaa361d34cebbc2b3a674f13439b P cd6fde5ba0bd4a4387ba18b85a86bc70 [term 1 LEARNER]: Replica starting. Triggering 0 pending ops. Active config: opid_index: 2 OBSOLETE_local: false peers { permanent_uuid: "0dbe03d9ddee43f28b8f755acf904b0d" member_type: VOTER last_known_addr { host: "127.10.217.1" port: 33067 } } peers { permanent_uuid: "e2585ec7b6674224b823a48c8585fe6b" member_type: VOTER last_known_addr { host: "127.10.217.2" port: 37553 } attrs { replace: true } } peers { permanent_uuid: "ed52fcca1de847f8976712c73ab71500" member_type: VOTER last_known_addr { host: "127.10.217.3" port: 41293 } } peers { permanent_uuid: "cd6fde5ba0bd4a4387ba18b85a86bc70" member_type: NON_VOTER last_known_addr { host: "127.10.217.4" port: 35683 } attrs { promote: true } }
I20260710 13:19:50.869145 12856 raft_consensus.cc:740] T 3f38eaa361d34cebbc2b3a674f13439b P cd6fde5ba0bd4a4387ba18b85a86bc70 [term 1 LEARNER]: Becoming Follower/Learner. State: Replica: cd6fde5ba0bd4a4387ba18b85a86bc70, State: Initialized, Role: LEARNER
I20260710 13:19:50.869688 12856 consensus_queue.cc:260] T 3f38eaa361d34cebbc2b3a674f13439b P cd6fde5ba0bd4a4387ba18b85a86bc70 [NON_LEADER]: Queue going to NON_LEADER mode. State: All replicated index: 0, Majority replicated index: 0, Committed index: 2, Last appended: 1.2, Last appended by leader: 2, Current term: 0, Majority size: -1, State: 0, Mode: NON_LEADER, active raft config: opid_index: 2 OBSOLETE_local: false peers { permanent_uuid: "0dbe03d9ddee43f28b8f755acf904b0d" member_type: VOTER last_known_addr { host: "127.10.217.1" port: 33067 } } peers { permanent_uuid: "e2585ec7b6674224b823a48c8585fe6b" member_type: VOTER last_known_addr { host: "127.10.217.2" port: 37553 } attrs { replace: true } } peers { permanent_uuid: "ed52fcca1de847f8976712c73ab71500" member_type: VOTER last_known_addr { host: "127.10.217.3" port: 41293 } } peers { permanent_uuid: "cd6fde5ba0bd4a4387ba18b85a86bc70" member_type: NON_VOTER last_known_addr { host: "127.10.217.4" port: 35683 } attrs { promote: true } }
