I20260710 13:19:33.383047  7100 consensus_queue.cc:260] T b1f3b1a0e0dd42c283f8d6bf3965e847 P 273c67b49c614c2fa4304b3e98dc33b1 [NON_LEADER]: Queue going to NON_LEADER mode. State: All replicated index: 0, Majority replicated index: 0, Committed index: 0, Last appended: 0.0, Last appended by leader: 0, Current term: 0, Majority size: -1, State: 0, Mode: NON_LEADER, active raft config: opid_index: -1 OBSOLETE_local: false peers { permanent_uuid: "604405abcb36469ca17cebf0b8a00d92" member_type: VOTER last_known_addr { host: "127.5.171.1" port: 42761 } } peers { permanent_uuid: "ad7a8681f1834dca9ad5cc111dbc4c9d" member_type: VOTER last_known_addr { host: "127.5.171.2" port: 37019 } } peers { permanent_uuid: "273c67b49c614c2fa4304b3e98dc33b1" member_type: VOTER last_known_addr { host: "127.5.171.3" port: 45047 } }
I20260710 13:19:33.381462  6973 tablet_service.cc:1917] Received RequestConsensusVote() RPC: tablet_id: "a2a778ed99114c3183ed6353d95ba170" candidate_uuid: "273c67b49c614c2fa4304b3e98dc33b1" candidate_term: 1 candidate_status { last_received { term: 0 index: 0 } } ignore_live_leader: false dest_uuid: "ad7a8681f1834dca9ad5cc111dbc4c9d"
I20260710 13:19:33.384261  7093 tablet_bootstrap.cc:654] T bd7dd715fcda4e5a9b9063f1111c42fc P ad7a8681f1834dca9ad5cc111dbc4c9d: Neither blocks nor log segments found. Creating new log.
W20260710 13:19:33.385767  7017 leader_election.cc:343] T a2a778ed99114c3183ed6353d95ba170 P 273c67b49c614c2fa4304b3e98dc33b1 [CANDIDATE]: Term 1 election: Tablet error from VoteRequest() call to peer ad7a8681f1834dca9ad5cc111dbc4c9d (127.5.171.2:37019): Illegal state: must be running to vote when last-logged opid is not known
I20260710 13:19:33.395134  7100 ts_tablet_manager.cc:1434] T b1f3b1a0e0dd42c283f8d6bf3965e847 P 273c67b49c614c2fa4304b3e98dc33b1: Time spent starting tablet: real 0.020s	user 0.007s	sys 0.000s
I20260710 13:19:33.396425  7092 tablet_bootstrap.cc:492] T bd7dd715fcda4e5a9b9063f1111c42fc P 604405abcb36469ca17cebf0b8a00d92: No bootstrap required, opened a new log
I20260710 13:19:33.396463  7100 tablet_bootstrap.cc:492] T d2133fcb26694971a2916ce3fad0680d P 273c67b49c614c2fa4304b3e98dc33b1: Bootstrap starting.
I20260710 13:19:33.396981  7092 ts_tablet_manager.cc:1403] T bd7dd715fcda4e5a9b9063f1111c42fc P 604405abcb36469ca17cebf0b8a00d92: Time spent bootstrapping tablet: real 0.090s	user 0.008s	sys 0.017s
I20260710 13:19:33.398381  7172 raft_consensus.cc:493] T adf3567269ad41aeba2d1ec6d7ba010f P ad7a8681f1834dca9ad5cc111dbc4c9d [term 0 FOLLOWER]: Starting pre-election (no leader contacted us within the election timeout)
I20260710 13:19:33.399150  7172 raft_consensus.cc:515] T adf3567269ad41aeba2d1ec6d7ba010f P ad7a8681f1834dca9ad5cc111dbc4c9d [term 0 FOLLOWER]: Starting pre-election with config: opid_index: -1 OBSOLETE_local: false peers { permanent_uuid: "604405abcb36469ca17cebf0b8a00d92" member_type: VOTER last_known_addr { host: "127.5.171.1" port: 42761 } } peers { permanent_uuid: "ad7a8681f1834dca9ad5cc111dbc4c9d" member_type: VOTER last_known_addr { host: "127.5.171.2" port: 37019 } } peers { permanent_uuid: "273c67b49c614c2fa4304b3e98dc33b1" member_type: VOTER last_known_addr { host: "127.5.171.3" port: 45047 } }
I20260710 13:19:33.401093  7172 leader_election.cc:290] T adf3567269ad41aeba2d1ec6d7ba010f P ad7a8681f1834dca9ad5cc111dbc4c9d [CANDIDATE]: Term 1 pre-election: Requested pre-vote from peers 604405abcb36469ca17cebf0b8a00d92 (127.5.171.1:42761), 273c67b49c614c2fa4304b3e98dc33b1 (127.5.171.3:45047)
I20260710 13:19:33.386770  7123 consensus_queue.cc:1048] T 29ec45b5881b49d7ae44184eb9d59519 P ad7a8681f1834dca9ad5cc111dbc4c9d [LEADER]: Connected to new peer: Peer: permanent_uuid: "604405abcb36469ca17cebf0b8a00d92" member_type: VOTER last_known_addr { host: "127.5.171.1" port: 42761 }, Status: LMP_MISMATCH, Last received: 0.0, Next index: 1, Last known committed idx: 0, Time since last communication: 0.016s
I20260710 13:19:33.408918  7092 raft_consensus.cc:359] T bd7dd715fcda4e5a9b9063f1111c42fc P 604405abcb36469ca17cebf0b8a00d92 [term 0 FOLLOWER]: Replica starting. Triggering 0 pending ops. Active config: opid_index: -1 OBSOLETE_local: false peers { permanent_uuid: "604405abcb36469ca17cebf0b8a00d92" member_type: VOTER last_known_addr { host: "127.5.171.1" port: 42761 } } peers { permanent_uuid: "ad7a8681f1834dca9ad5cc111dbc4c9d" member_type: VOTER last_known_addr { host: "127.5.171.2" port: 37019 } } peers { permanent_uuid: "273c67b49c614c2fa4304b3e98dc33b1" member_type: VOTER last_known_addr { host: "127.5.171.3" port: 45047 } }
I20260710 13:19:33.409822  7092 raft_consensus.cc:385] T bd7dd715fcda4e5a9b9063f1111c42fc P 604405abcb36469ca17cebf0b8a00d92 [term 0 FOLLOWER]: Consensus starting up: Expiring failure detector timer to make a prompt election more likely
I20260710 13:19:33.410223  7092 raft_consensus.cc:740] T bd7dd715fcda4e5a9b9063f1111c42fc P 604405abcb36469ca17cebf0b8a00d92 [term 0 FOLLOWER]: Becoming Follower/Learner. State: Replica: 604405abcb36469ca17cebf0b8a00d92, State: Initialized, Role: FOLLOWER
I20260710 13:19:33.410980  7092 consensus_queue.cc:260] T bd7dd715fcda4e5a9b9063f1111c42fc P 604405abcb36469ca17cebf0b8a00d92 [NON_LEADER]: Queue going to NON_LEADER mode. State: All replicated index: 0, Majority replicated index: 0, Committed index: 0, Last appended: 0.0, Last appended by leader: 0, Current term: 0, Majority size: -1, State: 0, Mode: NON_LEADER, active raft config: opid_index: -1 OBSOLETE_local: false peers { permanent_uuid: "604405abcb36469ca17cebf0b8a00d92" member_type: VOTER last_known_addr { host: "127.5.171.1" port: 42761 } } peers { permanent_uuid: "ad7a8681f1834dca9ad5cc111dbc4c9d" member_type: VOTER last_known_addr { host: "127.5.171.2" port: 37019 } } peers { permanent_uuid: "273c67b49c614c2fa4304b3e98dc33b1" member_type: VOTER last_known_addr { host: "127.5.171.3" port: 45047 } }
I20260710 13:19:33.417459  7092 ts_tablet_manager.cc:1434] T bd7dd715fcda4e5a9b9063f1111c42fc P 604405abcb36469ca17cebf0b8a00d92: Time spent starting tablet: real 0.020s	user 0.007s	sys 0.000s
I20260710 13:19:33.419374  6902 tablet_service.cc:1917] Received RequestConsensusVote() RPC: tablet_id: "adf3567269ad41aeba2d1ec6d7ba010f" candidate_uuid: "ad7a8681f1834dca9ad5cc111dbc4c9d" candidate_term: 1 candidate_status { last_received { term: 0 index: 0 } } ignore_live_leader: false dest_uuid: "604405abcb36469ca17cebf0b8a00d92" is_pre_election: true
I20260710 13:19:33.420130  7053 tablet_service.cc:1917] Received RequestConsensusVote() RPC: tablet_id: "adf3567269ad41aeba2d1ec6d7ba010f" candidate_uuid: "ad7a8681f1834dca9ad5cc111dbc4c9d" candidate_term: 1 candidate_status { last_received { term: 0 index: 0 } } ignore_live_leader: false dest_uuid: "273c67b49c614c2fa4304b3e98dc33b1" is_pre_election: true
I20260710 13:19:33.405560  6800 catalog_manager.cc:5697] T 3b0ce7a8368540009c54a6718e348841 P ad7a8681f1834dca9ad5cc111dbc4c9d reported cstate change: term changed from 0 to 1, leader changed from <none> to ad7a8681f1834dca9ad5cc111dbc4c9d (127.5.171.2). New cstate: current_term: 1 leader_uuid: "ad7a8681f1834dca9ad5cc111dbc4c9d" committed_config { opid_index: -1 OBSOLETE_local: false peers { permanent_uuid: "604405abcb36469ca17cebf0b8a00d92" member_type: VOTER last_known_addr { host: "127.5.171.1" port: 42761 } health_report { overall_health: UNKNOWN } } peers { permanent_uuid: "ad7a8681f1834dca9ad5cc111dbc4c9d" member_type: VOTER last_known_addr { host: "127.5.171.2" port: 37019 } health_report { overall_health: HEALTHY } } peers { permanent_uuid: "273c67b49c614c2fa4304b3e98dc33b1" member_type: VOTER last_known_addr { host: "127.5.171.3" port: 45047 } health_report { overall_health: UNKNOWN } } }
I20260710 13:19:33.424690  6902 raft_consensus.cc:2468] T adf3567269ad41aeba2d1ec6d7ba010f P 604405abcb36469ca17cebf0b8a00d92 [term 0 FOLLOWER]: Leader pre-election vote request: Granting yes vote for candidate ad7a8681f1834dca9ad5cc111dbc4c9d in term 0.
I20260710 13:19:33.418895  7147 consensus_queue.cc:1048] T a75ebea0a4c74fd4b4783f033a39df96 P 604405abcb36469ca17cebf0b8a00d92 [LEADER]: Connected to new peer: Peer: permanent_uuid: "ad7a8681f1834dca9ad5cc111dbc4c9d" member_type: VOTER last_known_addr { host: "127.5.171.2" port: 37019 }, Status: LMP_MISMATCH, Last received: 0.0, Next index: 1, Last known committed idx: 0, Time since last communication: 0.007s
I20260710 13:19:33.425894  6942 leader_election.cc:304] T adf3567269ad41aeba2d1ec6d7ba010f P ad7a8681f1834dca9ad5cc111dbc4c9d [CANDIDATE]: Term 1 pre-election: Election decided. Result: candidate won. Election summary: received 2 responses out of 3 voters: 2 yes votes; 0 no votes. yes voters: 604405abcb36469ca17cebf0b8a00d92, ad7a8681f1834dca9ad5cc111dbc4c9d; no voters: 
I20260710 13:19:33.426729  7123 raft_consensus.cc:2804] T adf3567269ad41aeba2d1ec6d7ba010f P ad7a8681f1834dca9ad5cc111dbc4c9d [term 0 FOLLOWER]: Leader pre-election won for term 1
I20260710 13:19:33.427057  7123 raft_consensus.cc:493] T adf3567269ad41aeba2d1ec6d7ba010f P ad7a8681f1834dca9ad5cc111dbc4c9d [term 0 FOLLOWER]: Starting leader election (no leader contacted us within the election timeout)
I20260710 13:19:33.427382  7123 raft_consensus.cc:3060] T adf3567269ad41aeba2d1ec6d7ba010f P ad7a8681f1834dca9ad5cc111dbc4c9d [term 0 FOLLOWER]: Advancing to term 1
I20260710 13:19:33.428781  6868 leader_election.cc:304] T d2133fcb26694971a2916ce3fad0680d P 604405abcb36469ca17cebf0b8a00d92 [CANDIDATE]: Term 1 pre-election: Election decided. Result: candidate won. Election summary: received 3 responses out of 3 voters: 2 yes votes; 1 no votes. yes voters: 604405abcb36469ca17cebf0b8a00d92, ad7a8681f1834dca9ad5cc111dbc4c9d; no voters: 273c67b49c614c2fa4304b3e98dc33b1
I20260710 13:19:33.429672  7149 consensus_queue.cc:1048] T 8ae679736b304125a59f6766e1787f94 P 604405abcb36469ca17cebf0b8a00d92 [LEADER]: Connected to new peer: Peer: permanent_uuid: "ad7a8681f1834dca9ad5cc111dbc4c9d" member_type: VOTER last_known_addr { host: "127.5.171.2" port: 37019 }, Status: LMP_MISMATCH, Last received: 0.0, Next index: 1, Last known committed idx: 0, Time since last communication: 0.000s
I20260710 13:19:33.430552  7096 consensus_queue.cc:1048] T d30fede54f2d4a2da630df202f4baccd P 604405abcb36469ca17cebf0b8a00d92 [LEADER]: Connected to new peer: Peer: permanent_uuid: "ad7a8681f1834dca9ad5cc111dbc4c9d" member_type: VOTER last_known_addr { host: "127.5.171.2" port: 37019 }, Status: LMP_MISMATCH, Last received: 0.0, Next index: 1, Last known committed idx: 0, Time since last communication: 0.000s
I20260710 13:19:33.431752  7096 raft_consensus.cc:2804] T d2133fcb26694971a2916ce3fad0680d P 604405abcb36469ca17cebf0b8a00d92 [term 0 FOLLOWER]: Leader pre-election won for term 1
I20260710 13:19:33.432055  7096 raft_consensus.cc:493] T d2133fcb26694971a2916ce3fad0680d P 604405abcb36469ca17cebf0b8a00d92 [term 0 FOLLOWER]: Starting leader election (no leader contacted us within the election timeout)
I20260710 13:19:33.432359  7096 raft_consensus.cc:3060] T d2133fcb26694971a2916ce3fad0680d P 604405abcb36469ca17cebf0b8a00d92 [term 0 FOLLOWER]: Advancing to term 1
W20260710 13:19:33.437358  6943 leader_election.cc:343] T adf3567269ad41aeba2d1ec6d7ba010f P ad7a8681f1834dca9ad5cc111dbc4c9d [CANDIDATE]: Term 1 pre-election: Tablet error from VoteRequest() call to peer 273c67b49c614c2fa4304b3e98dc33b1 (127.5.171.3:45047): Illegal state: must be running to vote when last-logged opid is not known
I20260710 13:19:33.436723  7174 raft_consensus.cc:2749] T ae0ca32bbf8843778f4e69d2ac4c56ba P 273c67b49c614c2fa4304b3e98dc33b1 [term 1 FOLLOWER]: Leader pre-election lost for term 2. Reason: could not achieve majority
I20260710 13:19:33.441469  7147 consensus_queue.cc:1048] T 286867e384ee42f8a1dd654f31317a95 P 604405abcb36469ca17cebf0b8a00d92 [LEADER]: Connected to new peer: Peer: permanent_uuid: "ad7a8681f1834dca9ad5cc111dbc4c9d" member_type: VOTER last_known_addr { host: "127.5.171.2" port: 37019 }, Status: LMP_MISMATCH, Last received: 0.0, Next index: 1, Last known committed idx: 0, Time since last communication: 0.001s
I20260710 13:19:33.425593  6800 catalog_manager.cc:5697] T 29ec45b5881b49d7ae44184eb9d59519 P ad7a8681f1834dca9ad5cc111dbc4c9d reported cstate change: term changed from 0 to 1, leader changed from <none> to ad7a8681f1834dca9ad5cc111dbc4c9d (127.5.171.2). New cstate: current_term: 1 leader_uuid: "ad7a8681f1834dca9ad5cc111dbc4c9d" committed_config { opid_index: -1 OBSOLETE_local: false peers { permanent_uuid: "604405abcb36469ca17cebf0b8a00d92" member_type: VOTER last_known_addr { host: "127.5.171.1" port: 42761 } health_report { overall_health: UNKNOWN } } peers { permanent_uuid: "ad7a8681f1834dca9ad5cc111dbc4c9d" member_type: VOTER last_known_addr { host: "127.5.171.2" port: 37019 } health_report { overall_health: HEALTHY } } peers { permanent_uuid: "273c67b49c614c2fa4304b3e98dc33b1" member_type: VOTER last_known_addr { host: "127.5.171.3" port: 45047 } health_report { overall_health: UNKNOWN } } }
I20260710 13:19:33.443871  7172 consensus_queue.cc:1048] T 0dcebb7408c0481baf2f88ab7fce4d52 P ad7a8681f1834dca9ad5cc111dbc4c9d [LEADER]: Connected to new peer: Peer: permanent_uuid: "273c67b49c614c2fa4304b3e98dc33b1" member_type: VOTER last_known_addr { host: "127.5.171.3" port: 45047 }, Status: LMP_MISMATCH, Last received: 0.0, Next index: 1, Last known committed idx: 0, Time since last communication: 0.000s
I20260710 13:19:33.449129  6901 tablet_service.cc:1917] Received RequestConsensusVote() RPC: tablet_id: "a2a778ed99114c3183ed6353d95ba170" candidate_uuid: "273c67b49c614c2fa4304b3e98dc33b1" candidate_term: 1 candidate_status { last_received { term: 0 index: 0 } } ignore_live_leader: false dest_uuid: "604405abcb36469ca17cebf0b8a00d92"
I20260710 13:19:33.449527  6901 raft_consensus.cc:3060] T a2a778ed99114c3183ed6353d95ba170 P 604405abcb36469ca17cebf0b8a00d92 [term 0 FOLLOWER]: Advancing to term 1
I20260710 13:19:33.449254  7123 raft_consensus.cc:515] T adf3567269ad41aeba2d1ec6d7ba010f P ad7a8681f1834dca9ad5cc111dbc4c9d [term 1 FOLLOWER]: Starting leader election with config: opid_index: -1 OBSOLETE_local: false peers { permanent_uuid: "604405abcb36469ca17cebf0b8a00d92" member_type: VOTER last_known_addr { host: "127.5.171.1" port: 42761 } } peers { permanent_uuid: "ad7a8681f1834dca9ad5cc111dbc4c9d" member_type: VOTER last_known_addr { host: "127.5.171.2" port: 37019 } } peers { permanent_uuid: "273c67b49c614c2fa4304b3e98dc33b1" member_type: VOTER last_known_addr { host: "127.5.171.3" port: 45047 } }
W20260710 13:19:33.450178  6868 leader_election.cc:343] T a2a778ed99114c3183ed6353d95ba170 P 604405abcb36469ca17cebf0b8a00d92 [CANDIDATE]: Term 1 pre-election: Tablet error from VoteRequest() call to peer ad7a8681f1834dca9ad5cc111dbc4c9d (127.5.171.2:37019): Illegal state: must be running to vote when last-logged opid is not known
I20260710 13:19:33.451341  7123 leader_election.cc:290] T adf3567269ad41aeba2d1ec6d7ba010f P ad7a8681f1834dca9ad5cc111dbc4c9d [CANDIDATE]: Term 1 election: Requested vote from peers 604405abcb36469ca17cebf0b8a00d92 (127.5.171.1:42761), 273c67b49c614c2fa4304b3e98dc33b1 (127.5.171.3:45047)
I20260710 13:19:33.453918  7147 consensus_queue.cc:1048] T ab0aab818a954754bc53916cbab6f56c P 604405abcb36469ca17cebf0b8a00d92 [LEADER]: Connected to new peer: Peer: permanent_uuid: "ad7a8681f1834dca9ad5cc111dbc4c9d" member_type: VOTER last_known_addr { host: "127.5.171.2" port: 37019 }, Status: LMP_MISMATCH, Last received: 0.0, Next index: 1, Last known committed idx: 0, Time since last communication: 0.002s
I20260710 13:19:33.456776  6902 tablet_service.cc:1917] Received RequestConsensusVote() RPC: tablet_id: "adf3567269ad41aeba2d1ec6d7ba010f" candidate_uuid: "ad7a8681f1834dca9ad5cc111dbc4c9d" candidate_term: 1 candidate_status { last_received { term: 0 index: 0 } } ignore_live_leader: false dest_uuid: "604405abcb36469ca17cebf0b8a00d92"
I20260710 13:19:33.457314  6902 raft_consensus.cc:3060] T adf3567269ad41aeba2d1ec6d7ba010f P 604405abcb36469ca17cebf0b8a00d92 [term 0 FOLLOWER]: Advancing to term 1
I20260710 13:19:33.464231  7147 consensus_queue.cc:1048] T 8ae679736b304125a59f6766e1787f94 P 604405abcb36469ca17cebf0b8a00d92 [LEADER]: Connected to new peer: Peer: permanent_uuid: "273c67b49c614c2fa4304b3e98dc33b1" member_type: VOTER last_known_addr { host: "127.5.171.3" port: 45047 }, Status: LMP_MISMATCH, Last received: 0.0, Next index: 1, Last known committed idx: 0, Time since last communication: 0.002s
I20260710 13:19:33.467926  7046 tablet_service.cc:1917] Received RequestConsensusVote() RPC: tablet_id: "adf3567269ad41aeba2d1ec6d7ba010f" candidate_uuid: "ad7a8681f1834dca9ad5cc111dbc4c9d" candidate_term: 1 candidate_status { last_received { term: 0 index: 0 } } ignore_live_leader: false dest_uuid: "273c67b49c614c2fa4304b3e98dc33b1"
I20260710 13:19:33.471698  7092 tablet_bootstrap.cc:492] T a840043651e443d2946512cba10b25fb P 604405abcb36469ca17cebf0b8a00d92: Bootstrap starting.
I20260710 13:19:33.467043  6868 leader_election.cc:304] T a2a778ed99114c3183ed6353d95ba170 P 604405abcb36469ca17cebf0b8a00d92 [CANDIDATE]: Term 1 pre-election: Election decided. Result: candidate lost. Election summary: received 3 responses out of 3 voters: 1 yes votes; 2 no votes. yes voters: 604405abcb36469ca17cebf0b8a00d92; no voters: 273c67b49c614c2fa4304b3e98dc33b1, ad7a8681f1834dca9ad5cc111dbc4c9d
I20260710 13:19:33.493696  6902 raft_consensus.cc:2468] T adf3567269ad41aeba2d1ec6d7ba010f P 604405abcb36469ca17cebf0b8a00d92 [term 1 FOLLOWER]: Leader election vote request: Granting yes vote for candidate ad7a8681f1834dca9ad5cc111dbc4c9d in term 1.
I20260710 13:19:33.504175  6942 leader_election.cc:304] T adf3567269ad41aeba2d1ec6d7ba010f P ad7a8681f1834dca9ad5cc111dbc4c9d [CANDIDATE]: Term 1 election: Election decided. Result: candidate won. Election summary: received 2 responses out of 3 voters: 2 yes votes; 0 no votes. yes voters: 604405abcb36469ca17cebf0b8a00d92, ad7a8681f1834dca9ad5cc111dbc4c9d; no voters: 
I20260710 13:19:33.505975  7176 raft_consensus.cc:2804] T adf3567269ad41aeba2d1ec6d7ba010f P ad7a8681f1834dca9ad5cc111dbc4c9d [term 1 FOLLOWER]: Leader election won for term 1
I20260710 13:19:33.506511  7176 raft_consensus.cc:697] T adf3567269ad41aeba2d1ec6d7ba010f P ad7a8681f1834dca9ad5cc111dbc4c9d [term 1 LEADER]: Becoming Leader. State: Replica: ad7a8681f1834dca9ad5cc111dbc4c9d, State: Running, Role: LEADER
I20260710 13:19:33.507359  7176 consensus_queue.cc:237] T adf3567269ad41aeba2d1ec6d7ba010f P ad7a8681f1834dca9ad5cc111dbc4c9d [LEADER]: Queue going to LEADER mode. State: All replicated index: 0, Majority replicated index: 0, Committed index: 0, Last appended: 0.0, Last appended by leader: 0, Current term: 1, Majority size: 2, State: 0, Mode: LEADER, active raft config: opid_index: -1 OBSOLETE_local: false peers { permanent_uuid: "604405abcb36469ca17cebf0b8a00d92" member_type: VOTER last_known_addr { host: "127.5.171.1" port: 42761 } } peers { permanent_uuid: "ad7a8681f1834dca9ad5cc111dbc4c9d" member_type: VOTER last_known_addr { host: "127.5.171.2" port: 37019 } } peers { permanent_uuid: "273c67b49c614c2fa4304b3e98dc33b1" member_type: VOTER last_known_addr { host: "127.5.171.3" port: 45047 } }
I20260710 13:19:33.500916  7096 raft_consensus.cc:515] T d2133fcb26694971a2916ce3fad0680d P 604405abcb36469ca17cebf0b8a00d92 [term 1 FOLLOWER]: Starting leader election with config: opid_index: -1 OBSOLETE_local: false peers { permanent_uuid: "604405abcb36469ca17cebf0b8a00d92" member_type: VOTER last_known_addr { host: "127.5.171.1" port: 42761 } } peers { permanent_uuid: "ad7a8681f1834dca9ad5cc111dbc4c9d" member_type: VOTER last_known_addr { host: "127.5.171.2" port: 37019 } } peers { permanent_uuid: "273c67b49c614c2fa4304b3e98dc33b1" member_type: VOTER last_known_addr { host: "127.5.171.3" port: 45047 } }
I20260710 13:19:33.531607  6799 catalog_manager.cc:5697] T ce1357ac79674c13abf2857de6defe0a P 604405abcb36469ca17cebf0b8a00d92 reported cstate change: term changed from 0 to 1, leader changed from <none> to 604405abcb36469ca17cebf0b8a00d92 (127.5.171.1). New cstate: current_term: 1 leader_uuid: "604405abcb36469ca17cebf0b8a00d92" committed_config { opid_index: -1 OBSOLETE_local: false peers { permanent_uuid: "604405abcb36469ca17cebf0b8a00d92" member_type: VOTER last_known_addr { host: "127.5.171.1" port: 42761 } health_report { overall_health: HEALTHY } } peers { permanent_uuid: "ad7a8681f1834dca9ad5cc111dbc4c9d" member_type: VOTER last_known_addr { host: "127.5.171.2" port: 37019 } health_report { overall_health: UNKNOWN } } peers { permanent_uuid: "273c67b49c614c2fa4304b3e98dc33b1" member_type: VOTER last_known_addr { host: "127.5.171.3" port: 45047 } health_report { overall_health: UNKNOWN } } }
W20260710 13:19:33.535291  7197 log.cc:927] Time spent T a75ebea0a4c74fd4b4783f033a39df96 P 273c67b49c614c2fa4304b3e98dc33b1: Append to log took a long time: real 0.081s	user 0.004s	sys 0.000s
I20260710 13:19:33.538717  7100 tablet_bootstrap.cc:654] T d2133fcb26694971a2916ce3fad0680d P 273c67b49c614c2fa4304b3e98dc33b1: Neither blocks nor log segments found. Creating new log.
W20260710 13:19:33.540864  6943 leader_election.cc:343] T adf3567269ad41aeba2d1ec6d7ba010f P ad7a8681f1834dca9ad5cc111dbc4c9d [CANDIDATE]: Term 1 election: Tablet error from VoteRequest() call to peer 273c67b49c614c2fa4304b3e98dc33b1 (127.5.171.3:45047): Illegal state: must be running to vote when last-logged opid is not known
I20260710 13:19:33.545696  6901 raft_consensus.cc:2468] T a2a778ed99114c3183ed6353d95ba170 P 604405abcb36469ca17cebf0b8a00d92 [term 1 FOLLOWER]: Leader election vote request: Granting yes vote for candidate 273c67b49c614c2fa4304b3e98dc33b1 in term 1.
I20260710 13:19:33.546247  7149 raft_consensus.cc:2749] T a2a778ed99114c3183ed6353d95ba170 P 604405abcb36469ca17cebf0b8a00d92 [term 1 FOLLOWER]: Leader pre-election lost for term 1. Reason: could not achieve majority
W20260710 13:19:33.547369  7201 log.cc:927] Time spent T 50e61e45540544aaa20b6d3eab36e8a4 P 604405abcb36469ca17cebf0b8a00d92: Append to log took a long time: real 0.081s	user 0.001s	sys 0.000s
I20260710 13:19:33.548890  7123 consensus_queue.cc:1048] T 29ec45b5881b49d7ae44184eb9d59519 P ad7a8681f1834dca9ad5cc111dbc4c9d [LEADER]: Connected to new peer: Peer: permanent_uuid: "273c67b49c614c2fa4304b3e98dc33b1" member_type: VOTER last_known_addr { host: "127.5.171.3" port: 45047 }, Status: LMP_MISMATCH, Last received: 0.0, Next index: 1, Last known committed idx: 0, Time since last communication: 0.001s
I20260710 13:19:33.555470  7096 leader_election.cc:290] T d2133fcb26694971a2916ce3fad0680d P 604405abcb36469ca17cebf0b8a00d92 [CANDIDATE]: Term 1 election: Requested vote from peers ad7a8681f1834dca9ad5cc111dbc4c9d (127.5.171.2:37019), 273c67b49c614c2fa4304b3e98dc33b1 (127.5.171.3:45047)
I20260710 13:19:33.560901  7016 leader_election.cc:304] T a2a778ed99114c3183ed6353d95ba170 P 273c67b49c614c2fa4304b3e98dc33b1 [CANDIDATE]: Term 1 election: Election decided. Result: candidate won. Election summary: received 3 responses out of 3 voters: 2 yes votes; 1 no votes. yes voters: 273c67b49c614c2fa4304b3e98dc33b1, 604405abcb36469ca17cebf0b8a00d92; no voters: ad7a8681f1834dca9ad5cc111dbc4c9d
I20260710 13:19:33.562263  7174 raft_consensus.cc:2804] T a2a778ed99114c3183ed6353d95ba170 P 273c67b49c614c2fa4304b3e98dc33b1 [term 1 FOLLOWER]: Leader election won for term 1
I20260710 13:19:33.562923  7174 raft_consensus.cc:697] T a2a778ed99114c3183ed6353d95ba170 P 273c67b49c614c2fa4304b3e98dc33b1 [term 1 LEADER]: Becoming Leader. State: Replica: 273c67b49c614c2fa4304b3e98dc33b1, State: Running, Role: LEADER
I20260710 13:19:33.564106  7174 consensus_queue.cc:237] T a2a778ed99114c3183ed6353d95ba170 P 273c67b49c614c2fa4304b3e98dc33b1 [LEADER]: Queue going to LEADER mode. State: All replicated index: 0, Majority replicated index: 0, Committed index: 0, Last appended: 0.0, Last appended by leader: 0, Current term: 1, Majority size: 2, State: 0, Mode: LEADER, active raft config: opid_index: -1 OBSOLETE_local: false peers { permanent_uuid: "604405abcb36469ca17cebf0b8a00d92" member_type: VOTER last_known_addr { host: "127.5.171.1" port: 42761 } } peers { permanent_uuid: "ad7a8681f1834dca9ad5cc111dbc4c9d" member_type: VOTER last_known_addr { host: "127.5.171.2" port: 37019 } } peers { permanent_uuid: "273c67b49c614c2fa4304b3e98dc33b1" member_type: VOTER last_known_addr { host: "127.5.171.3" port: 45047 } }
I20260710 13:19:33.574045  7050 tablet_service.cc:1917] Received RequestConsensusVote() RPC: tablet_id: "d2133fcb26694971a2916ce3fad0680d" candidate_uuid: "604405abcb36469ca17cebf0b8a00d92" candidate_term: 1 candidate_status { last_received { term: 0 index: 0 } } ignore_live_leader: false dest_uuid: "273c67b49c614c2fa4304b3e98dc33b1"
W20260710 13:19:33.575740  6868 leader_election.cc:343] T d2133fcb26694971a2916ce3fad0680d P 604405abcb36469ca17cebf0b8a00d92 [CANDIDATE]: Term 1 election: Tablet error from VoteRequest() call to peer 273c67b49c614c2fa4304b3e98dc33b1 (127.5.171.3:45047): Illegal state: must be running to vote when last-logged opid is not known
I20260710 13:19:33.594749  6974 tablet_service.cc:1917] Received RequestConsensusVote() RPC: tablet_id: "d2133fcb26694971a2916ce3fad0680d" candidate_uuid: "604405abcb36469ca17cebf0b8a00d92" candidate_term: 1 candidate_status { last_received { term: 0 index: 0 } } ignore_live_leader: false dest_uuid: "ad7a8681f1834dca9ad5cc111dbc4c9d"
I20260710 13:19:33.595458  6974 raft_consensus.cc:3060] T d2133fcb26694971a2916ce3fad0680d P ad7a8681f1834dca9ad5cc111dbc4c9d [term 0 FOLLOWER]: Advancing to term 1
I20260710 13:19:33.651139  7092 tablet_bootstrap.cc:654] T a840043651e443d2946512cba10b25fb P 604405abcb36469ca17cebf0b8a00d92: Neither blocks nor log segments found. Creating new log.
I20260710 13:19:33.642321  7123 consensus_queue.cc:1048] T 3b0ce7a8368540009c54a6718e348841 P ad7a8681f1834dca9ad5cc111dbc4c9d [LEADER]: Connected to new peer: Peer: permanent_uuid: "604405abcb36469ca17cebf0b8a00d92" member_type: VOTER last_known_addr { host: "127.5.171.1" port: 42761 }, Status: LMP_MISMATCH, Last received: 0.0, Next index: 1, Last known committed idx: 0, Time since last communication: 0.010s
I20260710 13:19:33.660952  6974 raft_consensus.cc:2468] T d2133fcb26694971a2916ce3fad0680d P ad7a8681f1834dca9ad5cc111dbc4c9d [term 1 FOLLOWER]: Leader election vote request: Granting yes vote for candidate 604405abcb36469ca17cebf0b8a00d92 in term 1.
I20260710 13:19:33.668251  6868 leader_election.cc:304] T d2133fcb26694971a2916ce3fad0680d P 604405abcb36469ca17cebf0b8a00d92 [CANDIDATE]: Term 1 election: Election decided. Result: candidate won. Election summary: received 3 responses out of 3 voters: 2 yes votes; 1 no votes. yes voters: 604405abcb36469ca17cebf0b8a00d92, ad7a8681f1834dca9ad5cc111dbc4c9d; no voters: 273c67b49c614c2fa4304b3e98dc33b1
I20260710 13:19:33.672302  7149 raft_consensus.cc:2804] T d2133fcb26694971a2916ce3fad0680d P 604405abcb36469ca17cebf0b8a00d92 [term 1 FOLLOWER]: Leader election won for term 1
I20260710 13:19:33.672845  7149 raft_consensus.cc:697] T d2133fcb26694971a2916ce3fad0680d P 604405abcb36469ca17cebf0b8a00d92 [term 1 LEADER]: Becoming Leader. State: Replica: 604405abcb36469ca17cebf0b8a00d92, State: Running, Role: LEADER
I20260710 13:19:33.673804  7149 consensus_queue.cc:237] T d2133fcb26694971a2916ce3fad0680d P 604405abcb36469ca17cebf0b8a00d92 [LEADER]: Queue going to LEADER mode. State: All replicated index: 0, Majority replicated index: 0, Committed index: 0, Last appended: 0.0, Last appended by leader: 0, Current term: 1, Majority size: 2, State: 0, Mode: LEADER, active raft config: opid_index: -1 OBSOLETE_local: false peers { permanent_uuid: "604405abcb36469ca17cebf0b8a00d92" member_type: VOTER last_known_addr { host: "127.5.171.1" port: 42761 } } peers { permanent_uuid: "ad7a8681f1834dca9ad5cc111dbc4c9d" member_type: VOTER last_known_addr { host: "127.5.171.2" port: 37019 } } peers { permanent_uuid: "273c67b49c614c2fa4304b3e98dc33b1" member_type: VOTER last_known_addr { host: "127.5.171.3" port: 45047 } }
I20260710 13:19:33.679322  7100 tablet_bootstrap.cc:492] T d2133fcb26694971a2916ce3fad0680d P 273c67b49c614c2fa4304b3e98dc33b1: No bootstrap required, opened a new log
I20260710 13:19:33.679742  7100 ts_tablet_manager.cc:1403] T d2133fcb26694971a2916ce3fad0680d P 273c67b49c614c2fa4304b3e98dc33b1: Time spent bootstrapping tablet: real 0.283s	user 0.020s	sys 0.011s
I20260710 13:19:33.720206  7149 raft_consensus.cc:493] T bd7dd715fcda4e5a9b9063f1111c42fc P 604405abcb36469ca17cebf0b8a00d92 [term 0 FOLLOWER]: Starting pre-election (no leader contacted us within the election timeout)
I20260710 13:19:33.729339  7149 raft_consensus.cc:515] T bd7dd715fcda4e5a9b9063f1111c42fc P 604405abcb36469ca17cebf0b8a00d92 [term 0 FOLLOWER]: Starting pre-election with config: opid_index: -1 OBSOLETE_local: false peers { permanent_uuid: "604405abcb36469ca17cebf0b8a00d92" member_type: VOTER last_known_addr { host: "127.5.171.1" port: 42761 } } peers { permanent_uuid: "ad7a8681f1834dca9ad5cc111dbc4c9d" member_type: VOTER last_known_addr { host: "127.5.171.2" port: 37019 } } peers { permanent_uuid: "273c67b49c614c2fa4304b3e98dc33b1" member_type: VOTER last_known_addr { host: "127.5.171.3" port: 45047 } }
I20260710 13:19:33.721624  7093 tablet_bootstrap.cc:492] T bd7dd715fcda4e5a9b9063f1111c42fc P ad7a8681f1834dca9ad5cc111dbc4c9d: No bootstrap required, opened a new log
I20260710 13:19:33.731313  7093 ts_tablet_manager.cc:1403] T bd7dd715fcda4e5a9b9063f1111c42fc P ad7a8681f1834dca9ad5cc111dbc4c9d: Time spent bootstrapping tablet: real 0.412s	user 0.025s	sys 0.022s
I20260710 13:19:33.732930  7092 tablet_bootstrap.cc:492] T a840043651e443d2946512cba10b25fb P 604405abcb36469ca17cebf0b8a00d92: No bootstrap required, opened a new log
I20260710 13:19:33.733467  7092 ts_tablet_manager.cc:1403] T a840043651e443d2946512cba10b25fb P 604405abcb36469ca17cebf0b8a00d92: Time spent bootstrapping tablet: real 0.262s	user 0.017s	sys 0.011s
I20260710 13:19:33.734031  7100 raft_consensus.cc:359] T d2133fcb26694971a2916ce3fad0680d P 273c67b49c614c2fa4304b3e98dc33b1 [term 0 FOLLOWER]: Replica starting. Triggering 0 pending ops. Active config: opid_index: -1 OBSOLETE_local: false peers { permanent_uuid: "604405abcb36469ca17cebf0b8a00d92" member_type: VOTER last_known_addr { host: "127.5.171.1" port: 42761 } } peers { permanent_uuid: "ad7a8681f1834dca9ad5cc111dbc4c9d" member_type: VOTER last_known_addr { host: "127.5.171.2" port: 37019 } } peers { permanent_uuid: "273c67b49c614c2fa4304b3e98dc33b1" member_type: VOTER last_known_addr { host: "127.5.171.3" port: 45047 } }
I20260710 13:19:33.734772  7100 raft_consensus.cc:385] T d2133fcb26694971a2916ce3fad0680d P 273c67b49c614c2fa4304b3e98dc33b1 [term 0 FOLLOWER]: Consensus starting up: Expiring failure detector timer to make a prompt election more likely
I20260710 13:19:33.735098  7100 raft_consensus.cc:740] T d2133fcb26694971a2916ce3fad0680d P 273c67b49c614c2fa4304b3e98dc33b1 [term 0 FOLLOWER]: Becoming Follower/Learner. State: Replica: 273c67b49c614c2fa4304b3e98dc33b1, State: Initialized, Role: FOLLOWER
I20260710 13:19:33.735934  7100 consensus_queue.cc:260] T d2133fcb26694971a2916ce3fad0680d P 273c67b49c614c2fa4304b3e98dc33b1 [NON_LEADER]: Queue going to NON_LEADER mode. State: All replicated index: 0, Majority replicated index: 0, Committed index: 0, Last appended: 0.0, Last appended by leader: 0, Current term: 0, Majority size: -1, State: 0, Mode: NON_LEADER, active raft config: opid_index: -1 OBSOLETE_local: false peers { permanent_uuid: "604405abcb36469ca17cebf0b8a00d92" member_type: VOTER last_known_addr { host: "127.5.171.1" port: 42761 } } peers { permanent_uuid: "ad7a8681f1834dca9ad5cc111dbc4c9d" member_type: VOTER last_known_addr { host: "127.5.171.2" port: 37019 } } peers { permanent_uuid: "273c67b49c614c2fa4304b3e98dc33b1" member_type: VOTER last_known_addr { host: "127.5.171.3" port: 45047 } }
I20260710 13:19:33.737022  7092 raft_consensus.cc:359] T a840043651e443d2946512cba10b25fb P 604405abcb36469ca17cebf0b8a00d92 [term 0 FOLLOWER]: Replica starting. Triggering 0 pending ops. Active config: opid_index: -1 OBSOLETE_local: false peers { permanent_uuid: "604405abcb36469ca17cebf0b8a00d92" member_type: VOTER last_known_addr { host: "127.5.171.1" port: 42761 } } peers { permanent_uuid: "ad7a8681f1834dca9ad5cc111dbc4c9d" member_type: VOTER last_known_addr { host: "127.5.171.2" port: 37019 } } peers { permanent_uuid: "273c67b49c614c2fa4304b3e98dc33b1" member_type: VOTER last_known_addr { host: "127.5.171.3" port: 45047 } }
I20260710 13:19:33.737635  7092 raft_consensus.cc:385] T a840043651e443d2946512cba10b25fb P 604405abcb36469ca17cebf0b8a00d92 [term 0 FOLLOWER]: Consensus starting up: Expiring failure detector timer to make a prompt election more likely
I20260710 13:19:33.737917  7092 raft_consensus.cc:740] T a840043651e443d2946512cba10b25fb P 604405abcb36469ca17cebf0b8a00d92 [term 0 FOLLOWER]: Becoming Follower/Learner. State: Replica: 604405abcb36469ca17cebf0b8a00d92, State: Initialized, Role: FOLLOWER
I20260710 13:19:33.732357  6974 tablet_service.cc:1917] Received RequestConsensusVote() RPC: tablet_id: "bd7dd715fcda4e5a9b9063f1111c42fc" candidate_uuid: "604405abcb36469ca17cebf0b8a00d92" candidate_term: 1 candidate_status { last_received { term: 0 index: 0 } } ignore_live_leader: false dest_uuid: "ad7a8681f1834dca9ad5cc111dbc4c9d" is_pre_election: true
I20260710 13:19:33.738564  7092 consensus_queue.cc:260] T a840043651e443d2946512cba10b25fb P 604405abcb36469ca17cebf0b8a00d92 [NON_LEADER]: Queue going to NON_LEADER mode. State: All replicated index: 0, Majority replicated index: 0, Committed index: 0, Last appended: 0.0, Last appended by leader: 0, Current term: 0, Majority size: -1, State: 0, Mode: NON_LEADER, active raft config: opid_index: -1 OBSOLETE_local: false peers { permanent_uuid: "604405abcb36469ca17cebf0b8a00d92" member_type: VOTER last_known_addr { host: "127.5.171.1" port: 42761 } } peers { permanent_uuid: "ad7a8681f1834dca9ad5cc111dbc4c9d" member_type: VOTER last_known_addr { host: "127.5.171.2" port: 37019 } } peers { permanent_uuid: "273c67b49c614c2fa4304b3e98dc33b1" member_type: VOTER last_known_addr { host: "127.5.171.3" port: 45047 } }
I20260710 13:19:33.741322  7092 ts_tablet_manager.cc:1434] T a840043651e443d2946512cba10b25fb P 604405abcb36469ca17cebf0b8a00d92: Time spent starting tablet: real 0.008s	user 0.006s	sys 0.000s
I20260710 13:19:33.742163  7092 tablet_bootstrap.cc:492] T ea8a58a478f64eac9608ad900442e1ce P 604405abcb36469ca17cebf0b8a00d92: Bootstrap starting.
I20260710 13:19:33.743686  7093 raft_consensus.cc:359] T bd7dd715fcda4e5a9b9063f1111c42fc P ad7a8681f1834dca9ad5cc111dbc4c9d [term 0 FOLLOWER]: Replica starting. Triggering 0 pending ops. Active config: opid_index: -1 OBSOLETE_local: false peers { permanent_uuid: "604405abcb36469ca17cebf0b8a00d92" member_type: VOTER last_known_addr { host: "127.5.171.1" port: 42761 } } peers { permanent_uuid: "ad7a8681f1834dca9ad5cc111dbc4c9d" member_type: VOTER last_known_addr { host: "127.5.171.2" port: 37019 } } peers { permanent_uuid: "273c67b49c614c2fa4304b3e98dc33b1" member_type: VOTER last_known_addr { host: "127.5.171.3" port: 45047 } }
I20260710 13:19:33.744166  7048 tablet_service.cc:1917] Received RequestConsensusVote() RPC: tablet_id: "bd7dd715fcda4e5a9b9063f1111c42fc" candidate_uuid: "604405abcb36469ca17cebf0b8a00d92" candidate_term: 1 candidate_status { last_received { term: 0 index: 0 } } ignore_live_leader: false dest_uuid: "273c67b49c614c2fa4304b3e98dc33b1" is_pre_election: true
I20260710 13:19:33.744975  7093 raft_consensus.cc:385] T bd7dd715fcda4e5a9b9063f1111c42fc P ad7a8681f1834dca9ad5cc111dbc4c9d [term 0 FOLLOWER]: Consensus starting up: Expiring failure detector timer to make a prompt election more likely
I20260710 13:19:33.745103  7048 raft_consensus.cc:2468] T bd7dd715fcda4e5a9b9063f1111c42fc P 273c67b49c614c2fa4304b3e98dc33b1 [term 0 FOLLOWER]: Leader pre-election vote request: Granting yes vote for candidate 604405abcb36469ca17cebf0b8a00d92 in term 0.
I20260710 13:19:33.745333  7093 raft_consensus.cc:740] T bd7dd715fcda4e5a9b9063f1111c42fc P ad7a8681f1834dca9ad5cc111dbc4c9d [term 0 FOLLOWER]: Becoming Follower/Learner. State: Replica: ad7a8681f1834dca9ad5cc111dbc4c9d, State: Initialized, Role: FOLLOWER
I20260710 13:19:33.746094  7093 consensus_queue.cc:260] T bd7dd715fcda4e5a9b9063f1111c42fc P ad7a8681f1834dca9ad5cc111dbc4c9d [NON_LEADER]: Queue going to NON_LEADER mode. State: All replicated index: 0, Majority replicated index: 0, Committed index: 0, Last appended: 0.0, Last appended by leader: 0, Current term: 0, Majority size: -1, State: 0, Mode: NON_LEADER, active raft config: opid_index: -1 OBSOLETE_local: false peers { permanent_uuid: "604405abcb36469ca17cebf0b8a00d92" member_type: VOTER last_known_addr { host: "127.5.171.1" port: 42761 } } peers { permanent_uuid: "ad7a8681f1834dca9ad5cc111dbc4c9d" member_type: VOTER last_known_addr { host: "127.5.171.2" port: 37019 } } peers { permanent_uuid: "273c67b49c614c2fa4304b3e98dc33b1" member_type: VOTER last_known_addr { host: "127.5.171.3" port: 45047 } }
I20260710 13:19:33.746331  6868 leader_election.cc:304] T bd7dd715fcda4e5a9b9063f1111c42fc P 604405abcb36469ca17cebf0b8a00d92 [CANDIDATE]: Term 1 pre-election: Election decided. Result: candidate won. Election summary: received 2 responses out of 3 voters: 2 yes votes; 0 no votes. yes voters: 273c67b49c614c2fa4304b3e98dc33b1, 604405abcb36469ca17cebf0b8a00d92; no voters: 
I20260710 13:19:33.747345  7143 raft_consensus.cc:2804] T bd7dd715fcda4e5a9b9063f1111c42fc P 604405abcb36469ca17cebf0b8a00d92 [term 0 FOLLOWER]: Leader pre-election won for term 1
I20260710 13:19:33.747670  7143 raft_consensus.cc:493] T bd7dd715fcda4e5a9b9063f1111c42fc P 604405abcb36469ca17cebf0b8a00d92 [term 0 FOLLOWER]: Starting leader election (no leader contacted us within the election timeout)
I20260710 13:19:33.743317  7149 leader_election.cc:290] T bd7dd715fcda4e5a9b9063f1111c42fc P 604405abcb36469ca17cebf0b8a00d92 [CANDIDATE]: Term 1 pre-election: Requested pre-vote from peers ad7a8681f1834dca9ad5cc111dbc4c9d (127.5.171.2:37019), 273c67b49c614c2fa4304b3e98dc33b1 (127.5.171.3:45047)
I20260710 13:19:33.748117  7143 raft_consensus.cc:3060] T bd7dd715fcda4e5a9b9063f1111c42fc P 604405abcb36469ca17cebf0b8a00d92 [term 0 FOLLOWER]: Advancing to term 1
I20260710 13:19:33.748181  6974 raft_consensus.cc:2468] T bd7dd715fcda4e5a9b9063f1111c42fc P ad7a8681f1834dca9ad5cc111dbc4c9d [term 0 FOLLOWER]: Leader pre-election vote request: Granting yes vote for candidate 604405abcb36469ca17cebf0b8a00d92 in term 0.
I20260710 13:19:33.748188  7093 ts_tablet_manager.cc:1434] T bd7dd715fcda4e5a9b9063f1111c42fc P ad7a8681f1834dca9ad5cc111dbc4c9d: Time spent starting tablet: real 0.014s	user 0.005s	sys 0.001s
I20260710 13:19:33.750660  7093 tablet_bootstrap.cc:492] T 8922129a4153463ba0861408aa9b8f23 P ad7a8681f1834dca9ad5cc111dbc4c9d: Bootstrap starting.
I20260710 13:19:33.749861  6800 catalog_manager.cc:5697] T adf3567269ad41aeba2d1ec6d7ba010f P ad7a8681f1834dca9ad5cc111dbc4c9d reported cstate change: term changed from 0 to 1, leader changed from <none> to ad7a8681f1834dca9ad5cc111dbc4c9d (127.5.171.2). New cstate: current_term: 1 leader_uuid: "ad7a8681f1834dca9ad5cc111dbc4c9d" committed_config { opid_index: -1 OBSOLETE_local: false peers { permanent_uuid: "604405abcb36469ca17cebf0b8a00d92" member_type: VOTER last_known_addr { host: "127.5.171.1" port: 42761 } health_report { overall_health: UNKNOWN } } peers { permanent_uuid: "ad7a8681f1834dca9ad5cc111dbc4c9d" member_type: VOTER last_known_addr { host: "127.5.171.2" port: 37019 } health_report { overall_health: HEALTHY } } peers { permanent_uuid: "273c67b49c614c2fa4304b3e98dc33b1" member_type: VOTER last_known_addr { host: "127.5.171.3" port: 45047 } health_report { overall_health: UNKNOWN } } }
I20260710 13:19:33.739311  7170 consensus_queue.cc:1048] T 3b0ce7a8368540009c54a6718e348841 P ad7a8681f1834dca9ad5cc111dbc4c9d [LEADER]: Connected to new peer: Peer: permanent_uuid: "273c67b49c614c2fa4304b3e98dc33b1" member_type: VOTER last_known_addr { host: "127.5.171.3" port: 45047 }, Status: LMP_MISMATCH, Last received: 0.0, Next index: 1, Last known committed idx: 0, Time since last communication: 0.013s
I20260710 13:19:33.754156  7174 raft_consensus.cc:493] T d2133fcb26694971a2916ce3fad0680d P 273c67b49c614c2fa4304b3e98dc33b1 [term 0 FOLLOWER]: Starting pre-election (no leader contacted us within the election timeout)
I20260710 13:19:33.754635  7174 raft_consensus.cc:515] T d2133fcb26694971a2916ce3fad0680d P 273c67b49c614c2fa4304b3e98dc33b1 [term 0 FOLLOWER]: Starting pre-election with config: opid_index: -1 OBSOLETE_local: false peers { permanent_uuid: "604405abcb36469ca17cebf0b8a00d92" member_type: VOTER last_known_addr { host: "127.5.171.1" port: 42761 } } peers { permanent_uuid: "ad7a8681f1834dca9ad5cc111dbc4c9d" member_type: VOTER last_known_addr { host: "127.5.171.2" port: 37019 } } peers { permanent_uuid: "273c67b49c614c2fa4304b3e98dc33b1" member_type: VOTER last_known_addr { host: "127.5.171.3" port: 45047 } }
I20260710 13:19:33.756531  7174 leader_election.cc:290] T d2133fcb26694971a2916ce3fad0680d P 273c67b49c614c2fa4304b3e98dc33b1 [CANDIDATE]: Term 1 pre-election: Requested pre-vote from peers 604405abcb36469ca17cebf0b8a00d92 (127.5.171.1:42761), ad7a8681f1834dca9ad5cc111dbc4c9d (127.5.171.2:37019)
I20260710 13:19:33.757550  6974 tablet_service.cc:1917] Received RequestConsensusVote() RPC: tablet_id: "d2133fcb26694971a2916ce3fad0680d" candidate_uuid: "273c67b49c614c2fa4304b3e98dc33b1" candidate_term: 1 candidate_status { last_received { term: 0 index: 0 } } ignore_live_leader: false dest_uuid: "ad7a8681f1834dca9ad5cc111dbc4c9d" is_pre_election: true
I20260710 13:19:33.758277  6974 raft_consensus.cc:2393] T d2133fcb26694971a2916ce3fad0680d P ad7a8681f1834dca9ad5cc111dbc4c9d [term 1 FOLLOWER]: Leader pre-election vote request: Denying vote to candidate 273c67b49c614c2fa4304b3e98dc33b1 in current term 1: Already voted for candidate 604405abcb36469ca17cebf0b8a00d92 in this term.
I20260710 13:19:33.737906  7100 ts_tablet_manager.cc:1434] T d2133fcb26694971a2916ce3fad0680d P 273c67b49c614c2fa4304b3e98dc33b1: Time spent starting tablet: real 0.058s	user 0.005s	sys 0.005s
I20260710 13:19:33.760288  7093 tablet_bootstrap.cc:654] T 8922129a4153463ba0861408aa9b8f23 P ad7a8681f1834dca9ad5cc111dbc4c9d: Neither blocks nor log segments found. Creating new log.
I20260710 13:19:33.760425  7100 tablet_bootstrap.cc:492] T 8922129a4153463ba0861408aa9b8f23 P 273c67b49c614c2fa4304b3e98dc33b1: Bootstrap starting.
I20260710 13:19:33.760118  7143 raft_consensus.cc:515] T bd7dd715fcda4e5a9b9063f1111c42fc P 604405abcb36469ca17cebf0b8a00d92 [term 1 FOLLOWER]: Starting leader election with config: opid_index: -1 OBSOLETE_local: false peers { permanent_uuid: "604405abcb36469ca17cebf0b8a00d92" member_type: VOTER last_known_addr { host: "127.5.171.1" port: 42761 } } peers { permanent_uuid: "ad7a8681f1834dca9ad5cc111dbc4c9d" member_type: VOTER last_known_addr { host: "127.5.171.2" port: 37019 } } peers { permanent_uuid: "273c67b49c614c2fa4304b3e98dc33b1" member_type: VOTER last_known_addr { host: "127.5.171.3" port: 45047 } }
I20260710 13:19:33.762297  7143 leader_election.cc:290] T bd7dd715fcda4e5a9b9063f1111c42fc P 604405abcb36469ca17cebf0b8a00d92 [CANDIDATE]: Term 1 election: Requested vote from peers ad7a8681f1834dca9ad5cc111dbc4c9d (127.5.171.2:37019), 273c67b49c614c2fa4304b3e98dc33b1 (127.5.171.3:45047)
I20260710 13:19:33.763649  6974 tablet_service.cc:1917] Received RequestConsensusVote() RPC: tablet_id: "bd7dd715fcda4e5a9b9063f1111c42fc" candidate_uuid: "604405abcb36469ca17cebf0b8a00d92" candidate_term: 1 candidate_status { last_received { term: 0 index: 0 } } ignore_live_leader: false dest_uuid: "ad7a8681f1834dca9ad5cc111dbc4c9d"
I20260710 13:19:33.764142  6974 raft_consensus.cc:3060] T bd7dd715fcda4e5a9b9063f1111c42fc P ad7a8681f1834dca9ad5cc111dbc4c9d [term 0 FOLLOWER]: Advancing to term 1
I20260710 13:19:33.767705  7092 tablet_bootstrap.cc:654] T ea8a58a478f64eac9608ad900442e1ce P 604405abcb36469ca17cebf0b8a00d92: Neither blocks nor log segments found. Creating new log.
I20260710 13:19:33.769434  6799 catalog_manager.cc:5697] T d2133fcb26694971a2916ce3fad0680d P 604405abcb36469ca17cebf0b8a00d92 reported cstate change: term changed from 0 to 1, leader changed from <none> to 604405abcb36469ca17cebf0b8a00d92 (127.5.171.1). New cstate: current_term: 1 leader_uuid: "604405abcb36469ca17cebf0b8a00d92" committed_config { opid_index: -1 OBSOLETE_local: false peers { permanent_uuid: "604405abcb36469ca17cebf0b8a00d92" member_type: VOTER last_known_addr { host: "127.5.171.1" port: 42761 } health_report { overall_health: HEALTHY } } peers { permanent_uuid: "ad7a8681f1834dca9ad5cc111dbc4c9d" member_type: VOTER last_known_addr { host: "127.5.171.2" port: 37019 } health_report { overall_health: UNKNOWN } } peers { permanent_uuid: "273c67b49c614c2fa4304b3e98dc33b1" member_type: VOTER last_known_addr { host: "127.5.171.3" port: 45047 } health_report { overall_health: UNKNOWN } } }
I20260710 13:19:33.771123  6974 raft_consensus.cc:2468] T bd7dd715fcda4e5a9b9063f1111c42fc P ad7a8681f1834dca9ad5cc111dbc4c9d [term 1 FOLLOWER]: Leader election vote request: Granting yes vote for candidate 604405abcb36469ca17cebf0b8a00d92 in term 1.
I20260710 13:19:33.764289  7049 tablet_service.cc:1917] Received RequestConsensusVote() RPC: tablet_id: "bd7dd715fcda4e5a9b9063f1111c42fc" candidate_uuid: "604405abcb36469ca17cebf0b8a00d92" candidate_term: 1 candidate_status { last_received { term: 0 index: 0 } } ignore_live_leader: false dest_uuid: "273c67b49c614c2fa4304b3e98dc33b1"
I20260710 13:19:33.772486  7049 raft_consensus.cc:3060] T bd7dd715fcda4e5a9b9063f1111c42fc P 273c67b49c614c2fa4304b3e98dc33b1 [term 0 FOLLOWER]: Advancing to term 1
I20260710 13:19:33.772673  7100 tablet_bootstrap.cc:654] T 8922129a4153463ba0861408aa9b8f23 P 273c67b49c614c2fa4304b3e98dc33b1: Neither blocks nor log segments found. Creating new log.
I20260710 13:19:33.764720  6901 tablet_service.cc:1917] Received RequestConsensusVote() RPC: tablet_id: "d2133fcb26694971a2916ce3fad0680d" candidate_uuid: "273c67b49c614c2fa4304b3e98dc33b1" candidate_term: 1 candidate_status { last_received { term: 0 index: 0 } } ignore_live_leader: false dest_uuid: "604405abcb36469ca17cebf0b8a00d92" is_pre_election: true
I20260710 13:19:33.778302  7016 leader_election.cc:304] T d2133fcb26694971a2916ce3fad0680d P 273c67b49c614c2fa4304b3e98dc33b1 [CANDIDATE]: Term 1 pre-election: Election decided. Result: candidate lost. Election summary: received 3 responses out of 3 voters: 1 yes votes; 2 no votes. yes voters: 273c67b49c614c2fa4304b3e98dc33b1; no voters: 604405abcb36469ca17cebf0b8a00d92, ad7a8681f1834dca9ad5cc111dbc4c9d
I20260710 13:19:33.778478  6868 leader_election.cc:304] T bd7dd715fcda4e5a9b9063f1111c42fc P 604405abcb36469ca17cebf0b8a00d92 [CANDIDATE]: Term 1 election: Election decided. Result: candidate won. Election summary: received 2 responses out of 3 voters: 2 yes votes; 0 no votes. yes voters: 604405abcb36469ca17cebf0b8a00d92, ad7a8681f1834dca9ad5cc111dbc4c9d; no voters: 
I20260710 13:19:33.779472  7174 raft_consensus.cc:3060] T d2133fcb26694971a2916ce3fad0680d P 273c67b49c614c2fa4304b3e98dc33b1 [term 0 FOLLOWER]: Advancing to term 1
I20260710 13:19:33.779465  7143 raft_consensus.cc:2804] T bd7dd715fcda4e5a9b9063f1111c42fc P 604405abcb36469ca17cebf0b8a00d92 [term 1 FOLLOWER]: Leader election won for term 1
I20260710 13:19:33.782922  7049 raft_consensus.cc:2468] T bd7dd715fcda4e5a9b9063f1111c42fc P 273c67b49c614c2fa4304b3e98dc33b1 [term 1 FOLLOWER]: Leader election vote request: Granting yes vote for candidate 604405abcb36469ca17cebf0b8a00d92 in term 1.
I20260710 13:19:33.791303  7175 raft_consensus.cc:493] T b1f3b1a0e0dd42c283f8d6bf3965e847 P 273c67b49c614c2fa4304b3e98dc33b1 [term 0 FOLLOWER]: Starting pre-election (no leader contacted us within the election timeout)
I20260710 13:19:33.791769  7175 raft_consensus.cc:515] T b1f3b1a0e0dd42c283f8d6bf3965e847 P 273c67b49c614c2fa4304b3e98dc33b1 [term 0 FOLLOWER]: Starting pre-election with config: opid_index: -1 OBSOLETE_local: false peers { permanent_uuid: "604405abcb36469ca17cebf0b8a00d92" member_type: VOTER last_known_addr { host: "127.5.171.1" port: 42761 } } peers { permanent_uuid: "ad7a8681f1834dca9ad5cc111dbc4c9d" member_type: VOTER last_known_addr { host: "127.5.171.2" port: 37019 } } peers { permanent_uuid: "273c67b49c614c2fa4304b3e98dc33b1" member_type: VOTER last_known_addr { host: "127.5.171.3" port: 45047 } }
I20260710 13:19:33.794354  7175 leader_election.cc:290] T b1f3b1a0e0dd42c283f8d6bf3965e847 P 273c67b49c614c2fa4304b3e98dc33b1 [CANDIDATE]: Term 1 pre-election: Requested pre-vote from peers 604405abcb36469ca17cebf0b8a00d92 (127.5.171.1:42761), ad7a8681f1834dca9ad5cc111dbc4c9d (127.5.171.2:37019)
I20260710 13:19:33.796569  6901 tablet_service.cc:1917] Received RequestConsensusVote() RPC: tablet_id: "b1f3b1a0e0dd42c283f8d6bf3965e847" candidate_uuid: "273c67b49c614c2fa4304b3e98dc33b1" candidate_term: 1 candidate_status { last_received { term: 0 index: 0 } } ignore_live_leader: false dest_uuid: "604405abcb36469ca17cebf0b8a00d92" is_pre_election: true
I20260710 13:19:33.797686  6974 tablet_service.cc:1917] Received RequestConsensusVote() RPC: tablet_id: "b1f3b1a0e0dd42c283f8d6bf3965e847" candidate_uuid: "273c67b49c614c2fa4304b3e98dc33b1" candidate_term: 1 candidate_status { last_received { term: 0 index: 0 } } ignore_live_leader: false dest_uuid: "ad7a8681f1834dca9ad5cc111dbc4c9d" is_pre_election: true
W20260710 13:19:33.798990  7017 leader_election.cc:343] T b1f3b1a0e0dd42c283f8d6bf3965e847 P 273c67b49c614c2fa4304b3e98dc33b1 [CANDIDATE]: Term 1 pre-election: Tablet error from VoteRequest() call to peer ad7a8681f1834dca9ad5cc111dbc4c9d (127.5.171.2:37019): Illegal state: must be running to vote when last-logged opid is not known
