I20260710 13:19:42.289183  7577 tablet_copy_client.cc:323] T ffd9db9c20d24c9981ac90fc45fd5a96 P c5aa519e56844f9e9944d65d3086575d: tablet copy: Beginning tablet copy session from remote peer at address 127.5.181.195:37509
I20260710 13:19:42.290735  7139 tablet_copy_service.cc:140] P bf29899135de4dfdb56c02183d6cd299: Received BeginTabletCopySession request for tablet ffd9db9c20d24c9981ac90fc45fd5a96 from peer c5aa519e56844f9e9944d65d3086575d ({username='slave'} at 127.0.0.1:55204)
I20260710 13:19:42.291174  7139 tablet_copy_service.cc:161] P bf29899135de4dfdb56c02183d6cd299: Beginning new tablet copy session on tablet ffd9db9c20d24c9981ac90fc45fd5a96 from peer c5aa519e56844f9e9944d65d3086575d at {username='slave'} at 127.0.0.1:55204: session id = c5aa519e56844f9e9944d65d3086575d-ffd9db9c20d24c9981ac90fc45fd5a96
I20260710 13:19:42.295801  7139 tablet_copy_source_session.cc:215] T ffd9db9c20d24c9981ac90fc45fd5a96 P bf29899135de4dfdb56c02183d6cd299: Tablet Copy: opened 0 blocks and 1 log segments
I20260710 13:19:42.298411  7577 data_dirs.cc:400] Could only allocate 1 dirs of requested 3 for tablet ffd9db9c20d24c9981ac90fc45fd5a96. 1 dirs total, 0 dirs full, 0 dirs failed
I20260710 13:19:42.309547  7577 tablet_copy_client.cc:806] T ffd9db9c20d24c9981ac90fc45fd5a96 P c5aa519e56844f9e9944d65d3086575d: tablet copy: Starting download of 0 data blocks...
I20260710 13:19:42.310115  7577 tablet_copy_client.cc:670] T ffd9db9c20d24c9981ac90fc45fd5a96 P c5aa519e56844f9e9944d65d3086575d: tablet copy: Starting download of 1 WAL segments...
I20260710 13:19:42.313592  7577 tablet_copy_client.cc:538] T ffd9db9c20d24c9981ac90fc45fd5a96 P c5aa519e56844f9e9944d65d3086575d: tablet copy: Tablet Copy complete. Replacing tablet superblock.
I20260710 13:19:42.319186  7577 tablet_bootstrap.cc:492] T ffd9db9c20d24c9981ac90fc45fd5a96 P c5aa519e56844f9e9944d65d3086575d: Bootstrap starting.
I20260710 13:19:42.333415  7577 tablet_bootstrap.cc:492] T ffd9db9c20d24c9981ac90fc45fd5a96 P c5aa519e56844f9e9944d65d3086575d: Bootstrap replayed 1/1 log segments. Stats: ops{read=2 overwritten=0 applied=2 ignored=0} inserts{seen=0 ignored=0} mutations{seen=0 ignored=0} orphaned_commits=0. Pending: 0 replicates
I20260710 13:19:42.334061  7577 tablet_bootstrap.cc:492] T ffd9db9c20d24c9981ac90fc45fd5a96 P c5aa519e56844f9e9944d65d3086575d: Bootstrap complete.
I20260710 13:19:42.334607  7577 ts_tablet_manager.cc:1403] T ffd9db9c20d24c9981ac90fc45fd5a96 P c5aa519e56844f9e9944d65d3086575d: Time spent bootstrapping tablet: real 0.016s	user 0.016s	sys 0.000s
I20260710 13:19:42.336922  7577 raft_consensus.cc:359] T ffd9db9c20d24c9981ac90fc45fd5a96 P c5aa519e56844f9e9944d65d3086575d [term 1 LEARNER]: Replica starting. Triggering 0 pending ops. Active config: opid_index: 2 OBSOLETE_local: false peers { permanent_uuid: "6a868b850c644991886e353b14aae8fc" member_type: VOTER last_known_addr { host: "127.5.181.193" port: 46857 } } peers { permanent_uuid: "c000063274fc4d409ae0f71972c293a1" member_type: VOTER last_known_addr { host: "127.5.181.194" port: 37375 } attrs { replace: true } } peers { permanent_uuid: "bf29899135de4dfdb56c02183d6cd299" member_type: VOTER last_known_addr { host: "127.5.181.195" port: 37509 } } peers { permanent_uuid: "c5aa519e56844f9e9944d65d3086575d" member_type: NON_VOTER last_known_addr { host: "127.5.181.196" port: 38471 } attrs { promote: true } }
I20260710 13:19:42.337484  7577 raft_consensus.cc:740] T ffd9db9c20d24c9981ac90fc45fd5a96 P c5aa519e56844f9e9944d65d3086575d [term 1 LEARNER]: Becoming Follower/Learner. State: Replica: c5aa519e56844f9e9944d65d3086575d, State: Initialized, Role: LEARNER
I20260710 13:19:42.337945  7577 consensus_queue.cc:260] T ffd9db9c20d24c9981ac90fc45fd5a96 P c5aa519e56844f9e9944d65d3086575d [NON_LEADER]: Queue going to NON_LEADER mode. State: All replicated index: 0, Majority replicated index: 0, Committed index: 2, Last appended: 1.2, Last appended by leader: 2, Current term: 0, Majority size: -1, State: 0, Mode: NON_LEADER, active raft config: opid_index: 2 OBSOLETE_local: false peers { permanent_uuid: "6a868b850c644991886e353b14aae8fc" member_type: VOTER last_known_addr { host: "127.5.181.193" port: 46857 } } peers { permanent_uuid: "c000063274fc4d409ae0f71972c293a1" member_type: VOTER last_known_addr { host: "127.5.181.194" port: 37375 } attrs { replace: true } } peers { permanent_uuid: "bf29899135de4dfdb56c02183d6cd299" member_type: VOTER last_known_addr { host: "127.5.181.195" port: 37509 } } peers { permanent_uuid: "c5aa519e56844f9e9944d65d3086575d" member_type: NON_VOTER last_known_addr { host: "127.5.181.196" port: 38471 } attrs { promote: true } }
I20260710 13:19:42.340516  7577 ts_tablet_manager.cc:1434] T ffd9db9c20d24c9981ac90fc45fd5a96 P c5aa519e56844f9e9944d65d3086575d: Time spent starting tablet: real 0.006s	user 0.005s	sys 0.000s
I20260710 13:19:42.342242  7139 tablet_copy_service.cc:342] P bf29899135de4dfdb56c02183d6cd299: Request end of tablet copy session c5aa519e56844f9e9944d65d3086575d-ffd9db9c20d24c9981ac90fc45fd5a96 received from {username='slave'} at 127.0.0.1:55204
I20260710 13:19:42.342620  7139 tablet_copy_service.cc:434] P bf29899135de4dfdb56c02183d6cd299: ending tablet copy session c5aa519e56844f9e9944d65d3086575d-ffd9db9c20d24c9981ac90fc45fd5a96 on tablet ffd9db9c20d24c9981ac90fc45fd5a96 with peer c5aa519e56844f9e9944d65d3086575d
I20260710 13:19:42.432852  7577 ts_tablet_manager.cc:933] T bd50924de1e242e7921ed618c29172b2 P c5aa519e56844f9e9944d65d3086575d: Initiating tablet copy from peer c000063274fc4d409ae0f71972c293a1 (127.5.181.194:37375)
I20260710 13:19:42.434392  7577 tablet_copy_client.cc:323] T bd50924de1e242e7921ed618c29172b2 P c5aa519e56844f9e9944d65d3086575d: tablet copy: Beginning tablet copy session from remote peer at address 127.5.181.194:37375
I20260710 13:19:42.435851  7065 tablet_copy_service.cc:140] P c000063274fc4d409ae0f71972c293a1: Received BeginTabletCopySession request for tablet bd50924de1e242e7921ed618c29172b2 from peer c5aa519e56844f9e9944d65d3086575d ({username='slave'} at 127.0.0.1:39174)
I20260710 13:19:42.436353  7065 tablet_copy_service.cc:161] P c000063274fc4d409ae0f71972c293a1: Beginning new tablet copy session on tablet bd50924de1e242e7921ed618c29172b2 from peer c5aa519e56844f9e9944d65d3086575d at {username='slave'} at 127.0.0.1:39174: session id = c5aa519e56844f9e9944d65d3086575d-bd50924de1e242e7921ed618c29172b2
I20260710 13:19:42.443432  7065 tablet_copy_source_session.cc:215] T bd50924de1e242e7921ed618c29172b2 P c000063274fc4d409ae0f71972c293a1: Tablet Copy: opened 0 blocks and 1 log segments
I20260710 13:19:42.446595  7577 data_dirs.cc:400] Could only allocate 1 dirs of requested 3 for tablet bd50924de1e242e7921ed618c29172b2. 1 dirs total, 0 dirs full, 0 dirs failed
I20260710 13:19:42.461445  7577 tablet_copy_client.cc:806] T bd50924de1e242e7921ed618c29172b2 P c5aa519e56844f9e9944d65d3086575d: tablet copy: Starting download of 0 data blocks...
I20260710 13:19:42.462950  7577 tablet_copy_client.cc:670] T bd50924de1e242e7921ed618c29172b2 P c5aa519e56844f9e9944d65d3086575d: tablet copy: Starting download of 1 WAL segments...
I20260710 13:19:42.466240  7577 tablet_copy_client.cc:538] T bd50924de1e242e7921ed618c29172b2 P c5aa519e56844f9e9944d65d3086575d: tablet copy: Tablet Copy complete. Replacing tablet superblock.
I20260710 13:19:42.477438  7577 tablet_bootstrap.cc:492] T bd50924de1e242e7921ed618c29172b2 P c5aa519e56844f9e9944d65d3086575d: Bootstrap starting.
I20260710 13:19:42.480893  7583 ts_tablet_manager.cc:933] T 9c78b4691885432984d1407010cb2d91 P c5aa519e56844f9e9944d65d3086575d: Initiating tablet copy from peer c000063274fc4d409ae0f71972c293a1 (127.5.181.194:37375)
I20260710 13:19:42.488866  7583 tablet_copy_client.cc:323] T 9c78b4691885432984d1407010cb2d91 P c5aa519e56844f9e9944d65d3086575d: tablet copy: Beginning tablet copy session from remote peer at address 127.5.181.194:37375
I20260710 13:19:42.489049  7582 ts_tablet_manager.cc:933] T b42fa25a255a4683a17b16755cafda38 P c5aa519e56844f9e9944d65d3086575d: Initiating tablet copy from peer 6a868b850c644991886e353b14aae8fc (127.5.181.193:46857)
I20260710 13:19:42.490721  7065 tablet_copy_service.cc:140] P c000063274fc4d409ae0f71972c293a1: Received BeginTabletCopySession request for tablet 9c78b4691885432984d1407010cb2d91 from peer c5aa519e56844f9e9944d65d3086575d ({username='slave'} at 127.0.0.1:39174)
I20260710 13:19:42.491262  7065 tablet_copy_service.cc:161] P c000063274fc4d409ae0f71972c293a1: Beginning new tablet copy session on tablet 9c78b4691885432984d1407010cb2d91 from peer c5aa519e56844f9e9944d65d3086575d at {username='slave'} at 127.0.0.1:39174: session id = c5aa519e56844f9e9944d65d3086575d-9c78b4691885432984d1407010cb2d91
I20260710 13:19:42.503345  7582 tablet_copy_client.cc:323] T b42fa25a255a4683a17b16755cafda38 P c5aa519e56844f9e9944d65d3086575d: tablet copy: Beginning tablet copy session from remote peer at address 127.5.181.193:46857
I20260710 13:19:42.505014  7065 tablet_copy_source_session.cc:215] T 9c78b4691885432984d1407010cb2d91 P c000063274fc4d409ae0f71972c293a1: Tablet Copy: opened 0 blocks and 1 log segments
I20260710 13:19:42.505318  6989 tablet_copy_service.cc:140] P 6a868b850c644991886e353b14aae8fc: Received BeginTabletCopySession request for tablet b42fa25a255a4683a17b16755cafda38 from peer c5aa519e56844f9e9944d65d3086575d ({username='slave'} at 127.0.0.1:43164)
I20260710 13:19:42.505862  6989 tablet_copy_service.cc:161] P 6a868b850c644991886e353b14aae8fc: Beginning new tablet copy session on tablet b42fa25a255a4683a17b16755cafda38 from peer c5aa519e56844f9e9944d65d3086575d at {username='slave'} at 127.0.0.1:43164: session id = c5aa519e56844f9e9944d65d3086575d-b42fa25a255a4683a17b16755cafda38
I20260710 13:19:42.508322  7583 data_dirs.cc:400] Could only allocate 1 dirs of requested 3 for tablet 9c78b4691885432984d1407010cb2d91. 1 dirs total, 0 dirs full, 0 dirs failed
I20260710 13:19:42.508934  7577 tablet_bootstrap.cc:492] T bd50924de1e242e7921ed618c29172b2 P c5aa519e56844f9e9944d65d3086575d: Bootstrap replayed 1/1 log segments. Stats: ops{read=2 overwritten=0 applied=2 ignored=0} inserts{seen=0 ignored=0} mutations{seen=0 ignored=0} orphaned_commits=0. Pending: 0 replicates
I20260710 13:19:42.509763  7577 tablet_bootstrap.cc:492] T bd50924de1e242e7921ed618c29172b2 P c5aa519e56844f9e9944d65d3086575d: Bootstrap complete.
I20260710 13:19:42.510397  7577 ts_tablet_manager.cc:1403] T bd50924de1e242e7921ed618c29172b2 P c5aa519e56844f9e9944d65d3086575d: Time spent bootstrapping tablet: real 0.033s	user 0.014s	sys 0.015s
I20260710 13:19:42.513244  7577 raft_consensus.cc:359] T bd50924de1e242e7921ed618c29172b2 P c5aa519e56844f9e9944d65d3086575d [term 1 LEARNER]: Replica starting. Triggering 0 pending ops. Active config: opid_index: 2 OBSOLETE_local: false peers { permanent_uuid: "6a868b850c644991886e353b14aae8fc" member_type: VOTER last_known_addr { host: "127.5.181.193" port: 46857 } } peers { permanent_uuid: "c000063274fc4d409ae0f71972c293a1" member_type: VOTER last_known_addr { host: "127.5.181.194" port: 37375 } } peers { permanent_uuid: "bf29899135de4dfdb56c02183d6cd299" member_type: VOTER last_known_addr { host: "127.5.181.195" port: 37509 } attrs { replace: true } } peers { permanent_uuid: "c5aa519e56844f9e9944d65d3086575d" member_type: NON_VOTER last_known_addr { host: "127.5.181.196" port: 38471 } attrs { promote: true } }
I20260710 13:19:42.514875  7577 raft_consensus.cc:740] T bd50924de1e242e7921ed618c29172b2 P c5aa519e56844f9e9944d65d3086575d [term 1 LEARNER]: Becoming Follower/Learner. State: Replica: c5aa519e56844f9e9944d65d3086575d, State: Initialized, Role: LEARNER
I20260710 13:19:42.515580  7577 consensus_queue.cc:260] T bd50924de1e242e7921ed618c29172b2 P c5aa519e56844f9e9944d65d3086575d [NON_LEADER]: Queue going to NON_LEADER mode. State: All replicated index: 0, Majority replicated index: 0, Committed index: 2, Last appended: 1.2, Last appended by leader: 2, Current term: 0, Majority size: -1, State: 0, Mode: NON_LEADER, active raft config: opid_index: 2 OBSOLETE_local: false peers { permanent_uuid: "6a868b850c644991886e353b14aae8fc" member_type: VOTER last_known_addr { host: "127.5.181.193" port: 46857 } } peers { permanent_uuid: "c000063274fc4d409ae0f71972c293a1" member_type: VOTER last_known_addr { host: "127.5.181.194" port: 37375 } } peers { permanent_uuid: "bf29899135de4dfdb56c02183d6cd299" member_type: VOTER last_known_addr { host: "127.5.181.195" port: 37509 } attrs { replace: true } } peers { permanent_uuid: "c5aa519e56844f9e9944d65d3086575d" member_type: NON_VOTER last_known_addr { host: "127.5.181.196" port: 38471 } attrs { promote: true } }
I20260710 13:19:42.513945  6989 tablet_copy_source_session.cc:215] T b42fa25a255a4683a17b16755cafda38 P 6a868b850c644991886e353b14aae8fc: Tablet Copy: opened 0 blocks and 1 log segments
I20260710 13:19:42.518761  7577 ts_tablet_manager.cc:1434] T bd50924de1e242e7921ed618c29172b2 P c5aa519e56844f9e9944d65d3086575d: Time spent starting tablet: real 0.008s	user 0.005s	sys 0.001s
I20260710 13:19:42.521739  7582 data_dirs.cc:400] Could only allocate 1 dirs of requested 3 for tablet b42fa25a255a4683a17b16755cafda38. 1 dirs total, 0 dirs full, 0 dirs failed
I20260710 13:19:42.523043  7065 tablet_copy_service.cc:342] P c000063274fc4d409ae0f71972c293a1: Request end of tablet copy session c5aa519e56844f9e9944d65d3086575d-bd50924de1e242e7921ed618c29172b2 received from {username='slave'} at 127.0.0.1:39174
I20260710 13:19:42.523480  7065 tablet_copy_service.cc:434] P c000063274fc4d409ae0f71972c293a1: ending tablet copy session c5aa519e56844f9e9944d65d3086575d-bd50924de1e242e7921ed618c29172b2 on tablet bd50924de1e242e7921ed618c29172b2 with peer c5aa519e56844f9e9944d65d3086575d
I20260710 13:19:42.528896  7583 tablet_copy_client.cc:806] T 9c78b4691885432984d1407010cb2d91 P c5aa519e56844f9e9944d65d3086575d: tablet copy: Starting download of 0 data blocks...
I20260710 13:19:42.529979  7583 tablet_copy_client.cc:670] T 9c78b4691885432984d1407010cb2d91 P c5aa519e56844f9e9944d65d3086575d: tablet copy: Starting download of 1 WAL segments...
I20260710 13:19:42.535427  7583 tablet_copy_client.cc:538] T 9c78b4691885432984d1407010cb2d91 P c5aa519e56844f9e9944d65d3086575d: tablet copy: Tablet Copy complete. Replacing tablet superblock.
I20260710 13:19:42.539275  7582 tablet_copy_client.cc:806] T b42fa25a255a4683a17b16755cafda38 P c5aa519e56844f9e9944d65d3086575d: tablet copy: Starting download of 0 data blocks...
I20260710 13:19:42.539865  7582 tablet_copy_client.cc:670] T b42fa25a255a4683a17b16755cafda38 P c5aa519e56844f9e9944d65d3086575d: tablet copy: Starting download of 1 WAL segments...
I20260710 13:19:42.542686  7583 tablet_bootstrap.cc:492] T 9c78b4691885432984d1407010cb2d91 P c5aa519e56844f9e9944d65d3086575d: Bootstrap starting.
I20260710 13:19:42.543555  7582 tablet_copy_client.cc:538] T b42fa25a255a4683a17b16755cafda38 P c5aa519e56844f9e9944d65d3086575d: tablet copy: Tablet Copy complete. Replacing tablet superblock.
I20260710 13:19:42.551733  7582 tablet_bootstrap.cc:492] T b42fa25a255a4683a17b16755cafda38 P c5aa519e56844f9e9944d65d3086575d: Bootstrap starting.
I20260710 13:19:42.558216  7583 tablet_bootstrap.cc:492] T 9c78b4691885432984d1407010cb2d91 P c5aa519e56844f9e9944d65d3086575d: Bootstrap replayed 1/1 log segments. Stats: ops{read=2 overwritten=0 applied=2 ignored=0} inserts{seen=0 ignored=0} mutations{seen=0 ignored=0} orphaned_commits=0. Pending: 0 replicates
I20260710 13:19:42.559072  7583 tablet_bootstrap.cc:492] T 9c78b4691885432984d1407010cb2d91 P c5aa519e56844f9e9944d65d3086575d: Bootstrap complete.
I20260710 13:19:42.559703  7583 ts_tablet_manager.cc:1403] T 9c78b4691885432984d1407010cb2d91 P c5aa519e56844f9e9944d65d3086575d: Time spent bootstrapping tablet: real 0.017s	user 0.013s	sys 0.004s
I20260710 13:19:42.562305  7583 raft_consensus.cc:359] T 9c78b4691885432984d1407010cb2d91 P c5aa519e56844f9e9944d65d3086575d [term 1 LEARNER]: Replica starting. Triggering 0 pending ops. Active config: opid_index: 2 OBSOLETE_local: false peers { permanent_uuid: "6a868b850c644991886e353b14aae8fc" member_type: VOTER last_known_addr { host: "127.5.181.193" port: 46857 } attrs { replace: true } } peers { permanent_uuid: "c000063274fc4d409ae0f71972c293a1" member_type: VOTER last_known_addr { host: "127.5.181.194" port: 37375 } } peers { permanent_uuid: "bf29899135de4dfdb56c02183d6cd299" member_type: VOTER last_known_addr { host: "127.5.181.195" port: 37509 } } peers { permanent_uuid: "c5aa519e56844f9e9944d65d3086575d" member_type: NON_VOTER last_known_addr { host: "127.5.181.196" port: 38471 } attrs { promote: true } }
I20260710 13:19:42.562954  7583 raft_consensus.cc:740] T 9c78b4691885432984d1407010cb2d91 P c5aa519e56844f9e9944d65d3086575d [term 1 LEARNER]: Becoming Follower/Learner. State: Replica: c5aa519e56844f9e9944d65d3086575d, State: Initialized, Role: LEARNER
I20260710 13:19:42.563428  7583 consensus_queue.cc:260] T 9c78b4691885432984d1407010cb2d91 P c5aa519e56844f9e9944d65d3086575d [NON_LEADER]: Queue going to NON_LEADER mode. State: All replicated index: 0, Majority replicated index: 0, Committed index: 2, Last appended: 1.2, Last appended by leader: 2, Current term: 0, Majority size: -1, State: 0, Mode: NON_LEADER, active raft config: opid_index: 2 OBSOLETE_local: false peers { permanent_uuid: "6a868b850c644991886e353b14aae8fc" member_type: VOTER last_known_addr { host: "127.5.181.193" port: 46857 } attrs { replace: true } } peers { permanent_uuid: "c000063274fc4d409ae0f71972c293a1" member_type: VOTER last_known_addr { host: "127.5.181.194" port: 37375 } } peers { permanent_uuid: "bf29899135de4dfdb56c02183d6cd299" member_type: VOTER last_known_addr { host: "127.5.181.195" port: 37509 } } peers { permanent_uuid: "c5aa519e56844f9e9944d65d3086575d" member_type: NON_VOTER last_known_addr { host: "127.5.181.196" port: 38471 } attrs { promote: true } }
I20260710 13:19:42.565485  7583 ts_tablet_manager.cc:1434] T 9c78b4691885432984d1407010cb2d91 P c5aa519e56844f9e9944d65d3086575d: Time spent starting tablet: real 0.005s	user 0.002s	sys 0.000s
I20260710 13:19:42.567409  7065 tablet_copy_service.cc:342] P c000063274fc4d409ae0f71972c293a1: Request end of tablet copy session c5aa519e56844f9e9944d65d3086575d-9c78b4691885432984d1407010cb2d91 received from {username='slave'} at 127.0.0.1:39174
I20260710 13:19:42.567807  7065 tablet_copy_service.cc:434] P c000063274fc4d409ae0f71972c293a1: ending tablet copy session c5aa519e56844f9e9944d65d3086575d-9c78b4691885432984d1407010cb2d91 on tablet 9c78b4691885432984d1407010cb2d91 with peer c5aa519e56844f9e9944d65d3086575d
I20260710 13:19:42.583297  7582 tablet_bootstrap.cc:492] T b42fa25a255a4683a17b16755cafda38 P c5aa519e56844f9e9944d65d3086575d: Bootstrap replayed 1/1 log segments. Stats: ops{read=2 overwritten=0 applied=2 ignored=0} inserts{seen=0 ignored=0} mutations{seen=0 ignored=0} orphaned_commits=0. Pending: 0 replicates
I20260710 13:19:42.583967  7582 tablet_bootstrap.cc:492] T b42fa25a255a4683a17b16755cafda38 P c5aa519e56844f9e9944d65d3086575d: Bootstrap complete.
I20260710 13:19:42.584470  7582 ts_tablet_manager.cc:1403] T b42fa25a255a4683a17b16755cafda38 P c5aa519e56844f9e9944d65d3086575d: Time spent bootstrapping tablet: real 0.033s	user 0.013s	sys 0.011s
I20260710 13:19:42.586467  7582 raft_consensus.cc:359] T b42fa25a255a4683a17b16755cafda38 P c5aa519e56844f9e9944d65d3086575d [term 1 LEARNER]: Replica starting. Triggering 0 pending ops. Active config: opid_index: 2 OBSOLETE_local: false peers { permanent_uuid: "6a868b850c644991886e353b14aae8fc" member_type: VOTER last_known_addr { host: "127.5.181.193" port: 46857 } } peers { permanent_uuid: "c000063274fc4d409ae0f71972c293a1" member_type: VOTER last_known_addr { host: "127.5.181.194" port: 37375 } attrs { replace: true } } peers { permanent_uuid: "bf29899135de4dfdb56c02183d6cd299" member_type: VOTER last_known_addr { host: "127.5.181.195" port: 37509 } } peers { permanent_uuid: "c5aa519e56844f9e9944d65d3086575d" member_type: NON_VOTER last_known_addr { host: "127.5.181.196" port: 38471 } attrs { promote: true } }
I20260710 13:19:42.587014  7582 raft_consensus.cc:740] T b42fa25a255a4683a17b16755cafda38 P c5aa519e56844f9e9944d65d3086575d [term 1 LEARNER]: Becoming Follower/Learner. State: Replica: c5aa519e56844f9e9944d65d3086575d, State: Initialized, Role: LEARNER
I20260710 13:19:42.587463  7582 consensus_queue.cc:260] T b42fa25a255a4683a17b16755cafda38 P c5aa519e56844f9e9944d65d3086575d [NON_LEADER]: Queue going to NON_LEADER mode. State: All replicated index: 0, Majority replicated index: 0, Committed index: 2, Last appended: 1.2, Last appended by leader: 2, Current term: 0, Majority size: -1, State: 0, Mode: NON_LEADER, active raft config: opid_index: 2 OBSOLETE_local: false peers { permanent_uuid: "6a868b850c644991886e353b14aae8fc" member_type: VOTER last_known_addr { host: "127.5.181.193" port: 46857 } } peers { permanent_uuid: "c000063274fc4d409ae0f71972c293a1" member_type: VOTER last_known_addr { host: "127.5.181.194" port: 37375 } attrs { replace: true } } peers { permanent_uuid: "bf29899135de4dfdb56c02183d6cd299" member_type: VOTER last_known_addr { host: "127.5.181.195" port: 37509 } } peers { permanent_uuid: "c5aa519e56844f9e9944d65d3086575d" member_type: NON_VOTER last_known_addr { host: "127.5.181.196" port: 38471 } attrs { promote: true } }
I20260710 13:19:42.589350  7582 ts_tablet_manager.cc:1434] T b42fa25a255a4683a17b16755cafda38 P c5aa519e56844f9e9944d65d3086575d: Time spent starting tablet: real 0.005s	user 0.004s	sys 0.000s
I20260710 13:19:42.590970  6989 tablet_copy_service.cc:342] P 6a868b850c644991886e353b14aae8fc: Request end of tablet copy session c5aa519e56844f9e9944d65d3086575d-b42fa25a255a4683a17b16755cafda38 received from {username='slave'} at 127.0.0.1:43164
I20260710 13:19:42.591364  6989 tablet_copy_service.cc:434] P 6a868b850c644991886e353b14aae8fc: ending tablet copy session c5aa519e56844f9e9944d65d3086575d-b42fa25a255a4683a17b16755cafda38 on tablet b42fa25a255a4683a17b16755cafda38 with peer c5aa519e56844f9e9944d65d3086575d
I20260710 13:19:42.853440  7388 raft_consensus.cc:1217] T b42fa25a255a4683a17b16755cafda38 P c5aa519e56844f9e9944d65d3086575d [term 1 LEARNER]: Deduplicated request from leader. Original: 1.1->[1.2-1.2]   Dedup: 1.2->[]
I20260710 13:19:42.854611  7389 raft_consensus.cc:1217] T ffd9db9c20d24c9981ac90fc45fd5a96 P c5aa519e56844f9e9944d65d3086575d [term 1 LEARNER]: Deduplicated request from leader. Original: 1.1->[1.2-1.2]   Dedup: 1.2->[]
I20260710 13:19:42.934861  7389 raft_consensus.cc:1217] T bd50924de1e242e7921ed618c29172b2 P c5aa519e56844f9e9944d65d3086575d [term 1 LEARNER]: Deduplicated request from leader. Original: 1.1->[1.2-1.2]   Dedup: 1.2->[]
I20260710 13:19:43.079960  7389 raft_consensus.cc:1217] T 9c78b4691885432984d1407010cb2d91 P c5aa519e56844f9e9944d65d3086575d [term 1 LEARNER]: Deduplicated request from leader. Original: 1.1->[1.2-1.2]   Dedup: 1.2->[]
I20260710 13:19:43.318652  7590 raft_consensus.cc:1064] T b42fa25a255a4683a17b16755cafda38 P 6a868b850c644991886e353b14aae8fc: attempting to promote NON_VOTER c5aa519e56844f9e9944d65d3086575d to VOTER
I20260710 13:19:43.320456  7590 consensus_queue.cc:237] T b42fa25a255a4683a17b16755cafda38 P 6a868b850c644991886e353b14aae8fc [LEADER]: Queue going to LEADER mode. State: All replicated index: 0, Majority replicated index: 2, Committed index: 2, Last appended: 1.2, Last appended by leader: 0, Current term: 1, Majority size: 3, State: 0, Mode: LEADER, active raft config: opid_index: 3 OBSOLETE_local: false peers { permanent_uuid: "6a868b850c644991886e353b14aae8fc" member_type: VOTER last_known_addr { host: "127.5.181.193" port: 46857 } } peers { permanent_uuid: "c000063274fc4d409ae0f71972c293a1" member_type: VOTER last_known_addr { host: "127.5.181.194" port: 37375 } attrs { replace: true } } peers { permanent_uuid: "bf29899135de4dfdb56c02183d6cd299" member_type: VOTER last_known_addr { host: "127.5.181.195" port: 37509 } } peers { permanent_uuid: "c5aa519e56844f9e9944d65d3086575d" member_type: VOTER last_known_addr { host: "127.5.181.196" port: 38471 } attrs { promote: false } }
I20260710 13:19:43.326977  7129 raft_consensus.cc:1275] T b42fa25a255a4683a17b16755cafda38 P bf29899135de4dfdb56c02183d6cd299 [term 1 FOLLOWER]: Refusing update from remote peer 6a868b850c644991886e353b14aae8fc: Log matching property violated. Preceding OpId in replica: term: 1 index: 2. Preceding OpId from leader: term: 1 index: 3. (index mismatch)
I20260710 13:19:43.327512  7389 raft_consensus.cc:1275] T b42fa25a255a4683a17b16755cafda38 P c5aa519e56844f9e9944d65d3086575d [term 1 LEARNER]: Refusing update from remote peer 6a868b850c644991886e353b14aae8fc: Log matching property violated. Preceding OpId in replica: term: 1 index: 2. Preceding OpId from leader: term: 1 index: 3. (index mismatch)
I20260710 13:19:43.328590  7055 raft_consensus.cc:1275] T b42fa25a255a4683a17b16755cafda38 P c000063274fc4d409ae0f71972c293a1 [term 1 FOLLOWER]: Refusing update from remote peer 6a868b850c644991886e353b14aae8fc: Log matching property violated. Preceding OpId in replica: term: 1 index: 2. Preceding OpId from leader: term: 1 index: 3. (index mismatch)
I20260710 13:19:43.328707  7596 consensus_queue.cc:1048] T b42fa25a255a4683a17b16755cafda38 P 6a868b850c644991886e353b14aae8fc [LEADER]: Connected to new peer: Peer: permanent_uuid: "bf29899135de4dfdb56c02183d6cd299" member_type: VOTER last_known_addr { host: "127.5.181.195" port: 37509 }, Status: LMP_MISMATCH, Last received: 0.0, Next index: 3, Last known committed idx: 2, Time since last communication: 0.000s
I20260710 13:19:43.329488  7573 consensus_queue.cc:1048] T b42fa25a255a4683a17b16755cafda38 P 6a868b850c644991886e353b14aae8fc [LEADER]: Connected to new peer: Peer: permanent_uuid: "c5aa519e56844f9e9944d65d3086575d" member_type: VOTER last_known_addr { host: "127.5.181.196" port: 38471 } attrs { promote: false }, Status: LMP_MISMATCH, Last received: 0.0, Next index: 3, Last known committed idx: 2, Time since last communication: 0.000s
I20260710 13:19:43.330477  7590 consensus_queue.cc:1048] T b42fa25a255a4683a17b16755cafda38 P 6a868b850c644991886e353b14aae8fc [LEADER]: Connected to new peer: Peer: permanent_uuid: "c000063274fc4d409ae0f71972c293a1" member_type: VOTER last_known_addr { host: "127.5.181.194" port: 37375 } attrs { replace: true }, Status: LMP_MISMATCH, Last received: 0.0, Next index: 3, Last known committed idx: 2, Time since last communication: 0.000s
I20260710 13:19:43.350978  7590 raft_consensus.cc:2955] T b42fa25a255a4683a17b16755cafda38 P 6a868b850c644991886e353b14aae8fc [term 1 LEADER]: Committing config change with OpId 1.3: config changed from index 2 to 3, c5aa519e56844f9e9944d65d3086575d (127.5.181.196) changed from NON_VOTER to VOTER. New config: { opid_index: 3 OBSOLETE_local: false peers { permanent_uuid: "6a868b850c644991886e353b14aae8fc" member_type: VOTER last_known_addr { host: "127.5.181.193" port: 46857 } } peers { permanent_uuid: "c000063274fc4d409ae0f71972c293a1" member_type: VOTER last_known_addr { host: "127.5.181.194" port: 37375 } attrs { replace: true } } peers { permanent_uuid: "bf29899135de4dfdb56c02183d6cd299" member_type: VOTER last_known_addr { host: "127.5.181.195" port: 37509 } } peers { permanent_uuid: "c5aa519e56844f9e9944d65d3086575d" member_type: VOTER last_known_addr { host: "127.5.181.196" port: 38471 } attrs { promote: false } } }
I20260710 13:19:43.353268  7055 raft_consensus.cc:2955] T b42fa25a255a4683a17b16755cafda38 P c000063274fc4d409ae0f71972c293a1 [term 1 FOLLOWER]: Committing config change with OpId 1.3: config changed from index 2 to 3, c5aa519e56844f9e9944d65d3086575d (127.5.181.196) changed from NON_VOTER to VOTER. New config: { opid_index: 3 OBSOLETE_local: false peers { permanent_uuid: "6a868b850c644991886e353b14aae8fc" member_type: VOTER last_known_addr { host: "127.5.181.193" port: 46857 } } peers { permanent_uuid: "c000063274fc4d409ae0f71972c293a1" member_type: VOTER last_known_addr { host: "127.5.181.194" port: 37375 } attrs { replace: true } } peers { permanent_uuid: "bf29899135de4dfdb56c02183d6cd299" member_type: VOTER last_known_addr { host: "127.5.181.195" port: 37509 } } peers { permanent_uuid: "c5aa519e56844f9e9944d65d3086575d" member_type: VOTER last_known_addr { host: "127.5.181.196" port: 38471 } attrs { promote: false } } }
I20260710 13:19:43.354171  7129 raft_consensus.cc:2955] T b42fa25a255a4683a17b16755cafda38 P bf29899135de4dfdb56c02183d6cd299 [term 1 FOLLOWER]: Committing config change with OpId 1.3: config changed from index 2 to 3, c5aa519e56844f9e9944d65d3086575d (127.5.181.196) changed from NON_VOTER to VOTER. New config: { opid_index: 3 OBSOLETE_local: false peers { permanent_uuid: "6a868b850c644991886e353b14aae8fc" member_type: VOTER last_known_addr { host: "127.5.181.193" port: 46857 } } peers { permanent_uuid: "c000063274fc4d409ae0f71972c293a1" member_type: VOTER last_known_addr { host: "127.5.181.194" port: 37375 } attrs { replace: true } } peers { permanent_uuid: "bf29899135de4dfdb56c02183d6cd299" member_type: VOTER last_known_addr { host: "127.5.181.195" port: 37509 } } peers { permanent_uuid: "c5aa519e56844f9e9944d65d3086575d" member_type: VOTER last_known_addr { host: "127.5.181.196" port: 38471 } attrs { promote: false } } }
I20260710 13:19:43.367645  7389 raft_consensus.cc:2955] T b42fa25a255a4683a17b16755cafda38 P c5aa519e56844f9e9944d65d3086575d [term 1 FOLLOWER]: Committing config change with OpId 1.3: config changed from index 2 to 3, c5aa519e56844f9e9944d65d3086575d (127.5.181.196) changed from NON_VOTER to VOTER. New config: { opid_index: 3 OBSOLETE_local: false peers { permanent_uuid: "6a868b850c644991886e353b14aae8fc" member_type: VOTER last_known_addr { host: "127.5.181.193" port: 46857 } } peers { permanent_uuid: "c000063274fc4d409ae0f71972c293a1" member_type: VOTER last_known_addr { host: "127.5.181.194" port: 37375 } attrs { replace: true } } peers { permanent_uuid: "bf29899135de4dfdb56c02183d6cd299" member_type: VOTER last_known_addr { host: "127.5.181.195" port: 37509 } } peers { permanent_uuid: "c5aa519e56844f9e9944d65d3086575d" member_type: VOTER last_known_addr { host: "127.5.181.196" port: 38471 } attrs { promote: false } } }
I20260710 13:19:43.370728  6874 catalog_manager.cc:5697] T b42fa25a255a4683a17b16755cafda38 P bf29899135de4dfdb56c02183d6cd299 reported cstate change: config changed from index 2 to 3, c5aa519e56844f9e9944d65d3086575d (127.5.181.196) changed from NON_VOTER to VOTER. New cstate: current_term: 1 leader_uuid: "6a868b850c644991886e353b14aae8fc" committed_config { opid_index: 3 OBSOLETE_local: false peers { permanent_uuid: "6a868b850c644991886e353b14aae8fc" member_type: VOTER last_known_addr { host: "127.5.181.193" port: 46857 } } peers { permanent_uuid: "c000063274fc4d409ae0f71972c293a1" member_type: VOTER last_known_addr { host: "127.5.181.194" port: 37375 } attrs { replace: true } } peers { permanent_uuid: "bf29899135de4dfdb56c02183d6cd299" member_type: VOTER last_known_addr { host: "127.5.181.195" port: 37509 } } peers { permanent_uuid: "c5aa519e56844f9e9944d65d3086575d" member_type: VOTER last_known_addr { host: "127.5.181.196" port: 38471 } attrs { promote: false } } }
I20260710 13:19:43.394793  6980 consensus_queue.cc:237] T b42fa25a255a4683a17b16755cafda38 P 6a868b850c644991886e353b14aae8fc [LEADER]: Queue going to LEADER mode. State: All replicated index: 0, Majority replicated index: 3, Committed index: 3, Last appended: 1.3, Last appended by leader: 0, Current term: 1, Majority size: 2, State: 0, Mode: LEADER, active raft config: opid_index: 4 OBSOLETE_local: false peers { permanent_uuid: "6a868b850c644991886e353b14aae8fc" member_type: VOTER last_known_addr { host: "127.5.181.193" port: 46857 } } peers { permanent_uuid: "bf29899135de4dfdb56c02183d6cd299" member_type: VOTER last_known_addr { host: "127.5.181.195" port: 37509 } } peers { permanent_uuid: "c5aa519e56844f9e9944d65d3086575d" member_type: VOTER last_known_addr { host: "127.5.181.196" port: 38471 } attrs { promote: false } }
I20260710 13:19:43.399348  7129 raft_consensus.cc:1275] T b42fa25a255a4683a17b16755cafda38 P bf29899135de4dfdb56c02183d6cd299 [term 1 FOLLOWER]: Refusing update from remote peer 6a868b850c644991886e353b14aae8fc: Log matching property violated. Preceding OpId in replica: term: 1 index: 3. Preceding OpId from leader: term: 1 index: 4. (index mismatch)
I20260710 13:19:43.400046  7389 raft_consensus.cc:1275] T b42fa25a255a4683a17b16755cafda38 P c5aa519e56844f9e9944d65d3086575d [term 1 FOLLOWER]: Refusing update from remote peer 6a868b850c644991886e353b14aae8fc: Log matching property violated. Preceding OpId in replica: term: 1 index: 3. Preceding OpId from leader: term: 1 index: 4. (index mismatch)
I20260710 13:19:43.400593  7596 consensus_queue.cc:1048] T b42fa25a255a4683a17b16755cafda38 P 6a868b850c644991886e353b14aae8fc [LEADER]: Connected to new peer: Peer: permanent_uuid: "bf29899135de4dfdb56c02183d6cd299" member_type: VOTER last_known_addr { host: "127.5.181.195" port: 37509 }, Status: LMP_MISMATCH, Last received: 0.0, Next index: 4, Last known committed idx: 3, Time since last communication: 0.000s
I20260710 13:19:43.403779  7596 consensus_queue.cc:1048] T b42fa25a255a4683a17b16755cafda38 P 6a868b850c644991886e353b14aae8fc [LEADER]: Connected to new peer: Peer: permanent_uuid: "c5aa519e56844f9e9944d65d3086575d" member_type: VOTER last_known_addr { host: "127.5.181.196" port: 38471 } attrs { promote: false }, Status: LMP_MISMATCH, Last received: 0.0, Next index: 4, Last known committed idx: 3, Time since last communication: 0.000s
I20260710 13:19:43.409775  7573 raft_consensus.cc:2955] T b42fa25a255a4683a17b16755cafda38 P 6a868b850c644991886e353b14aae8fc [term 1 LEADER]: Committing config change with OpId 1.4: config changed from index 3 to 4, VOTER c000063274fc4d409ae0f71972c293a1 (127.5.181.194) evicted. New config: { opid_index: 4 OBSOLETE_local: false peers { permanent_uuid: "6a868b850c644991886e353b14aae8fc" member_type: VOTER last_known_addr { host: "127.5.181.193" port: 46857 } } peers { permanent_uuid: "bf29899135de4dfdb56c02183d6cd299" member_type: VOTER last_known_addr { host: "127.5.181.195" port: 37509 } } peers { permanent_uuid: "c5aa519e56844f9e9944d65d3086575d" member_type: VOTER last_known_addr { host: "127.5.181.196" port: 38471 } attrs { promote: false } } }
I20260710 13:19:43.416477  7389 raft_consensus.cc:2955] T b42fa25a255a4683a17b16755cafda38 P c5aa519e56844f9e9944d65d3086575d [term 1 FOLLOWER]: Committing config change with OpId 1.4: config changed from index 3 to 4, VOTER c000063274fc4d409ae0f71972c293a1 (127.5.181.194) evicted. New config: { opid_index: 4 OBSOLETE_local: false peers { permanent_uuid: "6a868b850c644991886e353b14aae8fc" member_type: VOTER last_known_addr { host: "127.5.181.193" port: 46857 } } peers { permanent_uuid: "bf29899135de4dfdb56c02183d6cd299" member_type: VOTER last_known_addr { host: "127.5.181.195" port: 37509 } } peers { permanent_uuid: "c5aa519e56844f9e9944d65d3086575d" member_type: VOTER last_known_addr { host: "127.5.181.196" port: 38471 } attrs { promote: false } } }
I20260710 13:19:43.418112  6863 catalog_manager.cc:5210] ChangeConfig:REMOVE_PEER RPC for tablet b42fa25a255a4683a17b16755cafda38 with cas_config_opid_index 3: ChangeConfig:REMOVE_PEER succeeded (attempt 1)
I20260710 13:19:43.418416  7129 raft_consensus.cc:2955] T b42fa25a255a4683a17b16755cafda38 P bf29899135de4dfdb56c02183d6cd299 [term 1 FOLLOWER]: Committing config change with OpId 1.4: config changed from index 3 to 4, VOTER c000063274fc4d409ae0f71972c293a1 (127.5.181.194) evicted. New config: { opid_index: 4 OBSOLETE_local: false peers { permanent_uuid: "6a868b850c644991886e353b14aae8fc" member_type: VOTER last_known_addr { host: "127.5.181.193" port: 46857 } } peers { permanent_uuid: "bf29899135de4dfdb56c02183d6cd299" member_type: VOTER last_known_addr { host: "127.5.181.195" port: 37509 } } peers { permanent_uuid: "c5aa519e56844f9e9944d65d3086575d" member_type: VOTER last_known_addr { host: "127.5.181.196" port: 38471 } attrs { promote: false } } }
I20260710 13:19:43.422575  6877 catalog_manager.cc:5697] T b42fa25a255a4683a17b16755cafda38 P 6a868b850c644991886e353b14aae8fc reported cstate change: config changed from index 3 to 4, VOTER c000063274fc4d409ae0f71972c293a1 (127.5.181.194) evicted. New cstate: current_term: 1 leader_uuid: "6a868b850c644991886e353b14aae8fc" committed_config { opid_index: 4 OBSOLETE_local: false peers { permanent_uuid: "6a868b850c644991886e353b14aae8fc" member_type: VOTER last_known_addr { host: "127.5.181.193" port: 46857 } health_report { overall_health: HEALTHY } } peers { permanent_uuid: "bf29899135de4dfdb56c02183d6cd299" member_type: VOTER last_known_addr { host: "127.5.181.195" port: 37509 } health_report { overall_health: HEALTHY } } peers { permanent_uuid: "c5aa519e56844f9e9944d65d3086575d" member_type: VOTER last_known_addr { host: "127.5.181.196" port: 38471 } attrs { promote: false } health_report { overall_health: HEALTHY } } }
I20260710 13:19:43.434170  7043 tablet_service.cc:1558] Processing DeleteTablet for tablet b42fa25a255a4683a17b16755cafda38 with delete_type TABLET_DATA_TOMBSTONED (TS c000063274fc4d409ae0f71972c293a1 not found in new config with opid_index 4) from {username='slave'} at 127.0.0.1:39154
I20260710 13:19:43.436357  7604 tablet_replica.cc:333] T b42fa25a255a4683a17b16755cafda38 P c000063274fc4d409ae0f71972c293a1: stopping tablet replica
I20260710 13:19:43.437330  7604 raft_consensus.cc:2243] T b42fa25a255a4683a17b16755cafda38 P c000063274fc4d409ae0f71972c293a1 [term 1 FOLLOWER]: Raft consensus shutting down.
I20260710 13:19:43.438036  7604 raft_consensus.cc:2272] T b42fa25a255a4683a17b16755cafda38 P c000063274fc4d409ae0f71972c293a1 [term 1 FOLLOWER]: Raft consensus is shut down!
I20260710 13:19:43.441700  7604 ts_tablet_manager.cc:1916] T b42fa25a255a4683a17b16755cafda38 P c000063274fc4d409ae0f71972c293a1: Deleting tablet data with delete state TABLET_DATA_TOMBSTONED
I20260710 13:19:43.457140  7604 ts_tablet_manager.cc:1929] T b42fa25a255a4683a17b16755cafda38 P c000063274fc4d409ae0f71972c293a1: tablet deleted with delete type TABLET_DATA_TOMBSTONED: last-logged OpId 1.3
I20260710 13:19:43.457633  7604 log.cc:1199] T b42fa25a255a4683a17b16755cafda38 P c000063274fc4d409ae0f71972c293a1: Deleting WAL directory at /tmp/dist-test-tasku7wqvt/test-tmp/auto_leader_rebalancer-test.0.LeaderRebalancerTest.AddTserver.1783689546564178-5847-0/minicluster-data/ts-1-root/wals/b42fa25a255a4683a17b16755cafda38
I20260710 13:19:43.459488  6865 catalog_manager.cc:5028] TS c000063274fc4d409ae0f71972c293a1 (127.5.181.194:37375): tablet b42fa25a255a4683a17b16755cafda38 (table test-workload [id=7e264338472e4c13aaf5ef2af0d000b2]) successfully deleted
I20260710 13:19:43.461383  7605 raft_consensus.cc:1064] T ffd9db9c20d24c9981ac90fc45fd5a96 P bf29899135de4dfdb56c02183d6cd299: attempting to promote NON_VOTER c5aa519e56844f9e9944d65d3086575d to VOTER
I20260710 13:19:43.463852  7605 consensus_queue.cc:237] T ffd9db9c20d24c9981ac90fc45fd5a96 P bf29899135de4dfdb56c02183d6cd299 [LEADER]: Queue going to LEADER mode. State: All replicated index: 0, Majority replicated index: 2, Committed index: 2, Last appended: 1.2, Last appended by leader: 0, Current term: 1, Majority size: 3, State: 0, Mode: LEADER, active raft config: opid_index: 3 OBSOLETE_local: false peers { permanent_uuid: "6a868b850c644991886e353b14aae8fc" member_type: VOTER last_known_addr { host: "127.5.181.193" port: 46857 } } peers { permanent_uuid: "c000063274fc4d409ae0f71972c293a1" member_type: VOTER last_known_addr { host: "127.5.181.194" port: 37375 } attrs { replace: true } } peers { permanent_uuid: "bf29899135de4dfdb56c02183d6cd299" member_type: VOTER last_known_addr { host: "127.5.181.195" port: 37509 } } peers { permanent_uuid: "c5aa519e56844f9e9944d65d3086575d" member_type: VOTER last_known_addr { host: "127.5.181.196" port: 38471 } attrs { promote: false } }
I20260710 13:19:43.471097  6980 raft_consensus.cc:1275] T ffd9db9c20d24c9981ac90fc45fd5a96 P 6a868b850c644991886e353b14aae8fc [term 1 FOLLOWER]: Refusing update from remote peer bf29899135de4dfdb56c02183d6cd299: Log matching property violated. Preceding OpId in replica: term: 1 index: 2. Preceding OpId from leader: term: 1 index: 3. (index mismatch)
I20260710 13:19:43.473016  7593 consensus_queue.cc:1048] T ffd9db9c20d24c9981ac90fc45fd5a96 P bf29899135de4dfdb56c02183d6cd299 [LEADER]: Connected to new peer: Peer: permanent_uuid: "6a868b850c644991886e353b14aae8fc" member_type: VOTER last_known_addr { host: "127.5.181.193" port: 46857 }, Status: LMP_MISMATCH, Last received: 0.0, Next index: 3, Last known committed idx: 2, Time since last communication: 0.000s
I20260710 13:19:43.473484  7055 raft_consensus.cc:1275] T ffd9db9c20d24c9981ac90fc45fd5a96 P c000063274fc4d409ae0f71972c293a1 [term 1 FOLLOWER]: Refusing update from remote peer bf29899135de4dfdb56c02183d6cd299: Log matching property violated. Preceding OpId in replica: term: 1 index: 2. Preceding OpId from leader: term: 1 index: 3. (index mismatch)
I20260710 13:19:43.475037  7593 consensus_queue.cc:1048] T ffd9db9c20d24c9981ac90fc45fd5a96 P bf29899135de4dfdb56c02183d6cd299 [LEADER]: Connected to new peer: Peer: permanent_uuid: "c000063274fc4d409ae0f71972c293a1" member_type: VOTER last_known_addr { host: "127.5.181.194" port: 37375 } attrs { replace: true }, Status: LMP_MISMATCH, Last received: 0.0, Next index: 3, Last known committed idx: 2, Time since last communication: 0.000s
I20260710 13:19:43.471268  7389 raft_consensus.cc:1275] T ffd9db9c20d24c9981ac90fc45fd5a96 P c5aa519e56844f9e9944d65d3086575d [term 1 LEARNER]: Refusing update from remote peer bf29899135de4dfdb56c02183d6cd299: Log matching property violated. Preceding OpId in replica: term: 1 index: 2. Preceding OpId from leader: term: 1 index: 3. (index mismatch)
I20260710 13:19:43.479084  7593 consensus_queue.cc:1048] T ffd9db9c20d24c9981ac90fc45fd5a96 P bf29899135de4dfdb56c02183d6cd299 [LEADER]: Connected to new peer: Peer: permanent_uuid: "c5aa519e56844f9e9944d65d3086575d" member_type: VOTER last_known_addr { host: "127.5.181.196" port: 38471 } attrs { promote: false }, Status: LMP_MISMATCH, Last received: 0.0, Next index: 3, Last known committed idx: 2, Time since last communication: 0.000s
I20260710 13:19:43.498598  7593 raft_consensus.cc:2955] T ffd9db9c20d24c9981ac90fc45fd5a96 P bf29899135de4dfdb56c02183d6cd299 [term 1 LEADER]: Committing config change with OpId 1.3: config changed from index 2 to 3, c5aa519e56844f9e9944d65d3086575d (127.5.181.196) changed from NON_VOTER to VOTER. New config: { opid_index: 3 OBSOLETE_local: false peers { permanent_uuid: "6a868b850c644991886e353b14aae8fc" member_type: VOTER last_known_addr { host: "127.5.181.193" port: 46857 } } peers { permanent_uuid: "c000063274fc4d409ae0f71972c293a1" member_type: VOTER last_known_addr { host: "127.5.181.194" port: 37375 } attrs { replace: true } } peers { permanent_uuid: "bf29899135de4dfdb56c02183d6cd299" member_type: VOTER last_known_addr { host: "127.5.181.195" port: 37509 } } peers { permanent_uuid: "c5aa519e56844f9e9944d65d3086575d" member_type: VOTER last_known_addr { host: "127.5.181.196" port: 38471 } attrs { promote: false } } }
I20260710 13:19:43.504225  6977 raft_consensus.cc:2955] T ffd9db9c20d24c9981ac90fc45fd5a96 P 6a868b850c644991886e353b14aae8fc [term 1 FOLLOWER]: Committing config change with OpId 1.3: config changed from index 2 to 3, c5aa519e56844f9e9944d65d3086575d (127.5.181.196) changed from NON_VOTER to VOTER. New config: { opid_index: 3 OBSOLETE_local: false peers { permanent_uuid: "6a868b850c644991886e353b14aae8fc" member_type: VOTER last_known_addr { host: "127.5.181.193" port: 46857 } } peers { permanent_uuid: "c000063274fc4d409ae0f71972c293a1" member_type: VOTER last_known_addr { host: "127.5.181.194" port: 37375 } attrs { replace: true } } peers { permanent_uuid: "bf29899135de4dfdb56c02183d6cd299" member_type: VOTER last_known_addr { host: "127.5.181.195" port: 37509 } } peers { permanent_uuid: "c5aa519e56844f9e9944d65d3086575d" member_type: VOTER last_known_addr { host: "127.5.181.196" port: 38471 } attrs { promote: false } } }
I20260710 13:19:43.507431  7569 raft_consensus.cc:1064] T bd50924de1e242e7921ed618c29172b2 P c000063274fc4d409ae0f71972c293a1: attempting to promote NON_VOTER c5aa519e56844f9e9944d65d3086575d to VOTER
I20260710 13:19:43.509835  7569 consensus_queue.cc:237] T bd50924de1e242e7921ed618c29172b2 P c000063274fc4d409ae0f71972c293a1 [LEADER]: Queue going to LEADER mode. State: All replicated index: 0, Majority replicated index: 2, Committed index: 2, Last appended: 1.2, Last appended by leader: 0, Current term: 1, Majority size: 3, State: 0, Mode: LEADER, active raft config: opid_index: 3 OBSOLETE_local: false peers { permanent_uuid: "6a868b850c644991886e353b14aae8fc" member_type: VOTER last_known_addr { host: "127.5.181.193" port: 46857 } } peers { permanent_uuid: "c000063274fc4d409ae0f71972c293a1" member_type: VOTER last_known_addr { host: "127.5.181.194" port: 37375 } } peers { permanent_uuid: "bf29899135de4dfdb56c02183d6cd299" member_type: VOTER last_known_addr { host: "127.5.181.195" port: 37509 } attrs { replace: true } } peers { permanent_uuid: "c5aa519e56844f9e9944d65d3086575d" member_type: VOTER last_known_addr { host: "127.5.181.196" port: 38471 } attrs { promote: false } }
I20260710 13:19:43.516520  7388 raft_consensus.cc:2955] T ffd9db9c20d24c9981ac90fc45fd5a96 P c5aa519e56844f9e9944d65d3086575d [term 1 FOLLOWER]: Committing config change with OpId 1.3: config changed from index 2 to 3, c5aa519e56844f9e9944d65d3086575d (127.5.181.196) changed from NON_VOTER to VOTER. New config: { opid_index: 3 OBSOLETE_local: false peers { permanent_uuid: "6a868b850c644991886e353b14aae8fc" member_type: VOTER last_known_addr { host: "127.5.181.193" port: 46857 } } peers { permanent_uuid: "c000063274fc4d409ae0f71972c293a1" member_type: VOTER last_known_addr { host: "127.5.181.194" port: 37375 } attrs { replace: true } } peers { permanent_uuid: "bf29899135de4dfdb56c02183d6cd299" member_type: VOTER last_known_addr { host: "127.5.181.195" port: 37509 } } peers { permanent_uuid: "c5aa519e56844f9e9944d65d3086575d" member_type: VOTER last_known_addr { host: "127.5.181.196" port: 38471 } attrs { promote: false } } }
I20260710 13:19:43.517612  6878 catalog_manager.cc:5697] T ffd9db9c20d24c9981ac90fc45fd5a96 P 6a868b850c644991886e353b14aae8fc reported cstate change: config changed from index 2 to 3, c5aa519e56844f9e9944d65d3086575d (127.5.181.196) changed from NON_VOTER to VOTER. New cstate: current_term: 1 leader_uuid: "bf29899135de4dfdb56c02183d6cd299" committed_config { opid_index: 3 OBSOLETE_local: false peers { permanent_uuid: "6a868b850c644991886e353b14aae8fc" member_type: VOTER last_known_addr { host: "127.5.181.193" port: 46857 } } peers { permanent_uuid: "c000063274fc4d409ae0f71972c293a1" member_type: VOTER last_known_addr { host: "127.5.181.194" port: 37375 } attrs { replace: true } } peers { permanent_uuid: "bf29899135de4dfdb56c02183d6cd299" member_type: VOTER last_known_addr { host: "127.5.181.195" port: 37509 } } peers { permanent_uuid: "c5aa519e56844f9e9944d65d3086575d" member_type: VOTER last_known_addr { host: "127.5.181.196" port: 38471 } attrs { promote: false } } }
I20260710 13:19:43.520903  7055 raft_consensus.cc:2955] T ffd9db9c20d24c9981ac90fc45fd5a96 P c000063274fc4d409ae0f71972c293a1 [term 1 FOLLOWER]: Committing config change with OpId 1.3: config changed from index 2 to 3, c5aa519e56844f9e9944d65d3086575d (127.5.181.196) changed from NON_VOTER to VOTER. New config: { opid_index: 3 OBSOLETE_local: false peers { permanent_uuid: "6a868b850c644991886e353b14aae8fc" member_type: VOTER last_known_addr { host: "127.5.181.193" port: 46857 } } peers { permanent_uuid: "c000063274fc4d409ae0f71972c293a1" member_type: VOTER last_known_addr { host: "127.5.181.194" port: 37375 } attrs { replace: true } } peers { permanent_uuid: "bf29899135de4dfdb56c02183d6cd299" member_type: VOTER last_known_addr { host: "127.5.181.195" port: 37509 } } peers { permanent_uuid: "c5aa519e56844f9e9944d65d3086575d" member_type: VOTER last_known_addr { host: "127.5.181.196" port: 38471 } attrs { promote: false } } }
I20260710 13:19:43.534184  7129 raft_consensus.cc:1275] T bd50924de1e242e7921ed618c29172b2 P bf29899135de4dfdb56c02183d6cd299 [term 1 FOLLOWER]: Refusing update from remote peer c000063274fc4d409ae0f71972c293a1: Log matching property violated. Preceding OpId in replica: term: 1 index: 2. Preceding OpId from leader: term: 1 index: 3. (index mismatch)
I20260710 13:19:43.534196  7126 consensus_queue.cc:237] T ffd9db9c20d24c9981ac90fc45fd5a96 P bf29899135de4dfdb56c02183d6cd299 [LEADER]: Queue going to LEADER mode. State: All replicated index: 0, Majority replicated index: 3, Committed index: 3, Last appended: 1.3, Last appended by leader: 0, Current term: 1, Majority size: 2, State: 0, Mode: LEADER, active raft config: opid_index: 4 OBSOLETE_local: false peers { permanent_uuid: "6a868b850c644991886e353b14aae8fc" member_type: VOTER last_known_addr { host: "127.5.181.193" port: 46857 } } peers { permanent_uuid: "bf29899135de4dfdb56c02183d6cd299" member_type: VOTER last_known_addr { host: "127.5.181.195" port: 37509 } } peers { permanent_uuid: "c5aa519e56844f9e9944d65d3086575d" member_type: VOTER last_known_addr { host: "127.5.181.196" port: 38471 } attrs { promote: false } }
I20260710 13:19:43.536255  6979 raft_consensus.cc:1275] T bd50924de1e242e7921ed618c29172b2 P 6a868b850c644991886e353b14aae8fc [term 1 FOLLOWER]: Refusing update from remote peer c000063274fc4d409ae0f71972c293a1: Log matching property violated. Preceding OpId in replica: term: 1 index: 2. Preceding OpId from leader: term: 1 index: 3. (index mismatch)
