I20260710 13:19:23.625142 16912 consensus_queue.cc:260] T f10a21997ca34347b65bdac8704f799f P 543b00cf147a478faab59e14fcb60e14 [NON_LEADER]: Queue going to NON_LEADER mode. State: All replicated index: 0, Majority replicated index: 1, Committed index: 1, Last appended: 1.1, Last appended by leader: 1, Current term: 1, Majority size: -1, State: 0, Mode: NON_LEADER, active raft config: opid_index: -1 OBSOLETE_local: false peers { permanent_uuid: "543b00cf147a478faab59e14fcb60e14" member_type: VOTER last_known_addr { host: "127.15.233.65" port: 36369 } } peers { permanent_uuid: "0e814e902ebc4a3d840b619d49520d66" member_type: VOTER last_known_addr { host: "127.15.233.67" port: 43197 } } peers { permanent_uuid: "ee78c0f93bc54ccfbedf9c457e6143fe" member_type: VOTER last_known_addr { host: "127.15.233.66" port: 40761 } }
I20260710 13:19:23.626178 16912 raft_consensus.cc:3060] T f10a21997ca34347b65bdac8704f799f P 543b00cf147a478faab59e14fcb60e14 [term 1 FOLLOWER]: Advancing to term 2
I20260710 13:19:23.628628 16986 raft_consensus.cc:2468] T f10a21997ca34347b65bdac8704f799f P ee78c0f93bc54ccfbedf9c457e6143fe [term 2 FOLLOWER]: Leader election vote request: Granting yes vote for candidate 0e814e902ebc4a3d840b619d49520d66 in term 2.
I20260710 13:19:23.629483 17027 leader_election.cc:304] T f10a21997ca34347b65bdac8704f799f P 0e814e902ebc4a3d840b619d49520d66 [CANDIDATE]: Term 2 election: Election decided. Result: candidate won. Election summary: received 2 responses out of 3 voters: 2 yes votes; 0 no votes. yes voters: 0e814e902ebc4a3d840b619d49520d66, ee78c0f93bc54ccfbedf9c457e6143fe; no voters: 
I20260710 13:19:23.630056 17188 raft_consensus.cc:2804] T f10a21997ca34347b65bdac8704f799f P 0e814e902ebc4a3d840b619d49520d66 [term 2 FOLLOWER]: Leader election won for term 2
I20260710 13:19:23.630401 17188 raft_consensus.cc:697] T f10a21997ca34347b65bdac8704f799f P 0e814e902ebc4a3d840b619d49520d66 [term 2 LEADER]: Becoming Leader. State: Replica: 0e814e902ebc4a3d840b619d49520d66, State: Running, Role: LEADER
I20260710 13:19:23.630512 16912 raft_consensus.cc:2468] T f10a21997ca34347b65bdac8704f799f P 543b00cf147a478faab59e14fcb60e14 [term 2 FOLLOWER]: Leader election vote request: Granting yes vote for candidate 0e814e902ebc4a3d840b619d49520d66 in term 2.
I20260710 13:19:23.631146 17188 consensus_queue.cc:237] T f10a21997ca34347b65bdac8704f799f P 0e814e902ebc4a3d840b619d49520d66 [LEADER]: Queue going to LEADER mode. State: All replicated index: 0, Majority replicated index: 1, Committed index: 1, Last appended: 1.1, Last appended by leader: 1, Current term: 2, Majority size: 2, State: 0, Mode: LEADER, active raft config: opid_index: -1 OBSOLETE_local: false peers { permanent_uuid: "543b00cf147a478faab59e14fcb60e14" member_type: VOTER last_known_addr { host: "127.15.233.65" port: 36369 } } peers { permanent_uuid: "0e814e902ebc4a3d840b619d49520d66" member_type: VOTER last_known_addr { host: "127.15.233.67" port: 43197 } } peers { permanent_uuid: "ee78c0f93bc54ccfbedf9c457e6143fe" member_type: VOTER last_known_addr { host: "127.15.233.66" port: 40761 } }
I20260710 13:19:23.637542 16812 catalog_manager.cc:5697] T f10a21997ca34347b65bdac8704f799f P 0e814e902ebc4a3d840b619d49520d66 reported cstate change: term changed from 1 to 2, leader changed from 543b00cf147a478faab59e14fcb60e14 (127.15.233.65) to 0e814e902ebc4a3d840b619d49520d66 (127.15.233.67). New cstate: current_term: 2 leader_uuid: "0e814e902ebc4a3d840b619d49520d66" committed_config { opid_index: -1 OBSOLETE_local: false peers { permanent_uuid: "543b00cf147a478faab59e14fcb60e14" member_type: VOTER last_known_addr { host: "127.15.233.65" port: 36369 } health_report { overall_health: UNKNOWN } } peers { permanent_uuid: "0e814e902ebc4a3d840b619d49520d66" member_type: VOTER last_known_addr { host: "127.15.233.67" port: 43197 } health_report { overall_health: HEALTHY } } peers { permanent_uuid: "ee78c0f93bc54ccfbedf9c457e6143fe" member_type: VOTER last_known_addr { host: "127.15.233.66" port: 40761 } health_report { overall_health: UNKNOWN } } }
I20260710 13:19:23.870364 16986 raft_consensus.cc:1275] T 4264fff8572342fca8bff35320cb33a9 P ee78c0f93bc54ccfbedf9c457e6143fe [term 3 FOLLOWER]: Refusing update from remote peer 0e814e902ebc4a3d840b619d49520d66: Log matching property violated. Preceding OpId in replica: term: 2 index: 2. Preceding OpId from leader: term: 3 index: 3. (index mismatch)
I20260710 13:19:23.871474 17188 consensus_queue.cc:1048] T 4264fff8572342fca8bff35320cb33a9 P 0e814e902ebc4a3d840b619d49520d66 [LEADER]: Connected to new peer: Peer: permanent_uuid: "ee78c0f93bc54ccfbedf9c457e6143fe" member_type: VOTER last_known_addr { host: "127.15.233.66" port: 40761 }, Status: LMP_MISMATCH, Last received: 0.0, Next index: 3, Last known committed idx: 2, Time since last communication: 0.000s
I20260710 13:19:23.883510 16912 raft_consensus.cc:1275] T 4264fff8572342fca8bff35320cb33a9 P 543b00cf147a478faab59e14fcb60e14 [term 3 FOLLOWER]: Refusing update from remote peer 0e814e902ebc4a3d840b619d49520d66: Log matching property violated. Preceding OpId in replica: term: 2 index: 2. Preceding OpId from leader: term: 3 index: 3. (index mismatch)
I20260710 13:19:23.885555 17192 consensus_queue.cc:1048] T 4264fff8572342fca8bff35320cb33a9 P 0e814e902ebc4a3d840b619d49520d66 [LEADER]: Connected to new peer: Peer: permanent_uuid: "543b00cf147a478faab59e14fcb60e14" member_type: VOTER last_known_addr { host: "127.15.233.65" port: 36369 }, Status: LMP_MISMATCH, Last received: 0.0, Next index: 3, Last known committed idx: 2, Time since last communication: 0.000s
I20260710 13:19:24.087203 16912 raft_consensus.cc:1275] T f10a21997ca34347b65bdac8704f799f P 543b00cf147a478faab59e14fcb60e14 [term 2 FOLLOWER]: Refusing update from remote peer 0e814e902ebc4a3d840b619d49520d66: Log matching property violated. Preceding OpId in replica: term: 1 index: 1. Preceding OpId from leader: term: 2 index: 2. (index mismatch)
I20260710 13:19:24.088393 17192 consensus_queue.cc:1048] T f10a21997ca34347b65bdac8704f799f P 0e814e902ebc4a3d840b619d49520d66 [LEADER]: Connected to new peer: Peer: permanent_uuid: "543b00cf147a478faab59e14fcb60e14" member_type: VOTER last_known_addr { host: "127.15.233.65" port: 36369 }, Status: LMP_MISMATCH, Last received: 0.0, Next index: 2, Last known committed idx: 1, Time since last communication: 0.000s
I20260710 13:19:24.097244 16986 raft_consensus.cc:1275] T f10a21997ca34347b65bdac8704f799f P ee78c0f93bc54ccfbedf9c457e6143fe [term 2 FOLLOWER]: Refusing update from remote peer 0e814e902ebc4a3d840b619d49520d66: Log matching property violated. Preceding OpId in replica: term: 1 index: 1. Preceding OpId from leader: term: 2 index: 2. (index mismatch)
I20260710 13:19:24.098445 17192 consensus_queue.cc:1048] T f10a21997ca34347b65bdac8704f799f P 0e814e902ebc4a3d840b619d49520d66 [LEADER]: Connected to new peer: Peer: permanent_uuid: "ee78c0f93bc54ccfbedf9c457e6143fe" member_type: VOTER last_known_addr { host: "127.15.233.66" port: 40761 }, Status: LMP_MISMATCH, Last received: 0.0, Next index: 2, Last known committed idx: 1, Time since last communication: 0.000s
I20260710 13:19:24.428154 16293 auto_leader_rebalancer.cc:141] leader rebalance for table test-workload
I20260710 13:19:24.438457 17063 tablet_service.cc:2072] Received LeaderStepDown RPC: tablet_id: "f10a21997ca34347b65bdac8704f799f"
dest_uuid: "0e814e902ebc4a3d840b619d49520d66"
mode: GRACEFUL
new_leader_uuid: "543b00cf147a478faab59e14fcb60e14"
 from {username='slave'} at 127.0.0.1:41038
I20260710 13:19:24.438905 17063 raft_consensus.cc:606] T f10a21997ca34347b65bdac8704f799f P 0e814e902ebc4a3d840b619d49520d66 [term 2 LEADER]: Received request to transfer leadership to TS 543b00cf147a478faab59e14fcb60e14
I20260710 13:19:24.443187 17063 tablet_service.cc:2072] Received LeaderStepDown RPC: tablet_id: "4264fff8572342fca8bff35320cb33a9"
dest_uuid: "0e814e902ebc4a3d840b619d49520d66"
mode: GRACEFUL
new_leader_uuid: "543b00cf147a478faab59e14fcb60e14"
 from {username='slave'} at 127.0.0.1:41038
I20260710 13:19:24.443666 17063 raft_consensus.cc:606] T 4264fff8572342fca8bff35320cb33a9 P 0e814e902ebc4a3d840b619d49520d66 [term 3 LEADER]: Received request to transfer leadership to TS 543b00cf147a478faab59e14fcb60e14
I20260710 13:19:24.454658 16986 tablet_service.cc:2072] Received LeaderStepDown RPC: tablet_id: "3a211ec868b547fb83f21eca88c57b82"
dest_uuid: "ee78c0f93bc54ccfbedf9c457e6143fe"
mode: GRACEFUL
new_leader_uuid: "543b00cf147a478faab59e14fcb60e14"
 from {username='slave'} at 127.0.0.1:42800
I20260710 13:19:24.455102 16986 raft_consensus.cc:606] T 3a211ec868b547fb83f21eca88c57b82 P ee78c0f93bc54ccfbedf9c457e6143fe [term 1 LEADER]: Received request to transfer leadership to TS 543b00cf147a478faab59e14fcb60e14
I20260710 13:19:24.459204 16986 tablet_service.cc:2072] Received LeaderStepDown RPC: tablet_id: "a0988757ba11415196a3f1fd1a08833a"
dest_uuid: "ee78c0f93bc54ccfbedf9c457e6143fe"
mode: GRACEFUL
new_leader_uuid: "543b00cf147a478faab59e14fcb60e14"
 from {username='slave'} at 127.0.0.1:42800
I20260710 13:19:24.459614 16986 raft_consensus.cc:606] T a0988757ba11415196a3f1fd1a08833a P ee78c0f93bc54ccfbedf9c457e6143fe [term 1 LEADER]: Received request to transfer leadership to TS 543b00cf147a478faab59e14fcb60e14
I20260710 13:19:24.463546 16986 tablet_service.cc:2072] Received LeaderStepDown RPC: tablet_id: "186b6730d52e4ec6af98626cff4229fb"
dest_uuid: "ee78c0f93bc54ccfbedf9c457e6143fe"
mode: GRACEFUL
new_leader_uuid: "543b00cf147a478faab59e14fcb60e14"
 from {username='slave'} at 127.0.0.1:42800
I20260710 13:19:24.463927 16986 raft_consensus.cc:606] T 186b6730d52e4ec6af98626cff4229fb P ee78c0f93bc54ccfbedf9c457e6143fe [term 2 LEADER]: Received request to transfer leadership to TS 543b00cf147a478faab59e14fcb60e14
I20260710 13:19:24.496126 17145 raft_consensus.cc:993] T 3a211ec868b547fb83f21eca88c57b82 P ee78c0f93bc54ccfbedf9c457e6143fe: : Instructing follower 543b00cf147a478faab59e14fcb60e14 to start an election
I20260710 13:19:24.496490 17207 raft_consensus.cc:1081] T 3a211ec868b547fb83f21eca88c57b82 P ee78c0f93bc54ccfbedf9c457e6143fe [term 1 LEADER]: Signalling peer 543b00cf147a478faab59e14fcb60e14 to start an election
I20260710 13:19:24.497743 16912 tablet_service.cc:2044] Received Run Leader Election RPC: tablet_id: "3a211ec868b547fb83f21eca88c57b82"
dest_uuid: "543b00cf147a478faab59e14fcb60e14"
 from {username='slave'} at 127.0.0.1:35000
I20260710 13:19:24.498157 16912 raft_consensus.cc:493] T 3a211ec868b547fb83f21eca88c57b82 P 543b00cf147a478faab59e14fcb60e14 [term 1 FOLLOWER]: Starting forced leader election (received explicit request)
I20260710 13:19:24.498431 16912 raft_consensus.cc:3060] T 3a211ec868b547fb83f21eca88c57b82 P 543b00cf147a478faab59e14fcb60e14 [term 1 FOLLOWER]: Advancing to term 2
I20260710 13:19:24.503448 16912 raft_consensus.cc:515] T 3a211ec868b547fb83f21eca88c57b82 P 543b00cf147a478faab59e14fcb60e14 [term 2 FOLLOWER]: Starting forced leader election with config: opid_index: -1 OBSOLETE_local: false peers { permanent_uuid: "543b00cf147a478faab59e14fcb60e14" member_type: VOTER last_known_addr { host: "127.15.233.65" port: 36369 } } peers { permanent_uuid: "ee78c0f93bc54ccfbedf9c457e6143fe" member_type: VOTER last_known_addr { host: "127.15.233.66" port: 40761 } } peers { permanent_uuid: "0e814e902ebc4a3d840b619d49520d66" member_type: VOTER last_known_addr { host: "127.15.233.67" port: 43197 } }
I20260710 13:19:24.504956 16912 leader_election.cc:290] T 3a211ec868b547fb83f21eca88c57b82 P 543b00cf147a478faab59e14fcb60e14 [CANDIDATE]: Term 2 election: Requested vote from peers ee78c0f93bc54ccfbedf9c457e6143fe (127.15.233.66:40761), 0e814e902ebc4a3d840b619d49520d66 (127.15.233.67:43197)
I20260710 13:19:24.505519 16986 tablet_service.cc:1917] Received RequestConsensusVote() RPC: tablet_id: "3a211ec868b547fb83f21eca88c57b82" candidate_uuid: "543b00cf147a478faab59e14fcb60e14" candidate_term: 2 candidate_status { last_received { term: 1 index: 1 } } ignore_live_leader: true dest_uuid: "ee78c0f93bc54ccfbedf9c457e6143fe"
I20260710 13:19:24.505807 17063 tablet_service.cc:1917] Received RequestConsensusVote() RPC: tablet_id: "3a211ec868b547fb83f21eca88c57b82" candidate_uuid: "543b00cf147a478faab59e14fcb60e14" candidate_term: 2 candidate_status { last_received { term: 1 index: 1 } } ignore_live_leader: true dest_uuid: "0e814e902ebc4a3d840b619d49520d66"
I20260710 13:19:24.506043 16986 raft_consensus.cc:3055] T 3a211ec868b547fb83f21eca88c57b82 P ee78c0f93bc54ccfbedf9c457e6143fe [term 1 LEADER]: Stepping down as leader of term 1
I20260710 13:19:24.506261 17063 raft_consensus.cc:3060] T 3a211ec868b547fb83f21eca88c57b82 P 0e814e902ebc4a3d840b619d49520d66 [term 1 FOLLOWER]: Advancing to term 2
I20260710 13:19:24.506337 16986 raft_consensus.cc:740] T 3a211ec868b547fb83f21eca88c57b82 P ee78c0f93bc54ccfbedf9c457e6143fe [term 1 LEADER]: Becoming Follower/Learner. State: Replica: ee78c0f93bc54ccfbedf9c457e6143fe, State: Running, Role: LEADER
I20260710 13:19:24.507085 16986 consensus_queue.cc:260] T 3a211ec868b547fb83f21eca88c57b82 P ee78c0f93bc54ccfbedf9c457e6143fe [NON_LEADER]: Queue going to NON_LEADER mode. State: All replicated index: 0, Majority replicated index: 1, Committed index: 1, Last appended: 1.1, Last appended by leader: 1, Current term: 1, Majority size: -1, State: 0, Mode: NON_LEADER, active raft config: opid_index: -1 OBSOLETE_local: false peers { permanent_uuid: "543b00cf147a478faab59e14fcb60e14" member_type: VOTER last_known_addr { host: "127.15.233.65" port: 36369 } } peers { permanent_uuid: "ee78c0f93bc54ccfbedf9c457e6143fe" member_type: VOTER last_known_addr { host: "127.15.233.66" port: 40761 } } peers { permanent_uuid: "0e814e902ebc4a3d840b619d49520d66" member_type: VOTER last_known_addr { host: "127.15.233.67" port: 43197 } }
I20260710 13:19:24.508121 16986 raft_consensus.cc:3060] T 3a211ec868b547fb83f21eca88c57b82 P ee78c0f93bc54ccfbedf9c457e6143fe [term 1 FOLLOWER]: Advancing to term 2
I20260710 13:19:24.511564 17192 raft_consensus.cc:993] T 4264fff8572342fca8bff35320cb33a9 P 0e814e902ebc4a3d840b619d49520d66: : Instructing follower 543b00cf147a478faab59e14fcb60e14 to start an election
I20260710 13:19:24.512029 17063 raft_consensus.cc:2468] T 3a211ec868b547fb83f21eca88c57b82 P 0e814e902ebc4a3d840b619d49520d66 [term 2 FOLLOWER]: Leader election vote request: Granting yes vote for candidate 543b00cf147a478faab59e14fcb60e14 in term 2.
I20260710 13:19:24.512032 17201 raft_consensus.cc:1081] T 4264fff8572342fca8bff35320cb33a9 P 0e814e902ebc4a3d840b619d49520d66 [term 3 LEADER]: Signalling peer 543b00cf147a478faab59e14fcb60e14 to start an election
I20260710 13:19:24.513833 16986 raft_consensus.cc:2468] T 3a211ec868b547fb83f21eca88c57b82 P ee78c0f93bc54ccfbedf9c457e6143fe [term 2 FOLLOWER]: Leader election vote request: Granting yes vote for candidate 543b00cf147a478faab59e14fcb60e14 in term 2.
I20260710 13:19:24.513898 16912 tablet_service.cc:2044] Received Run Leader Election RPC: tablet_id: "4264fff8572342fca8bff35320cb33a9"
dest_uuid: "543b00cf147a478faab59e14fcb60e14"
 from {username='slave'} at 127.0.0.1:34986
I20260710 13:19:24.514467 16912 raft_consensus.cc:493] T 4264fff8572342fca8bff35320cb33a9 P 543b00cf147a478faab59e14fcb60e14 [term 3 FOLLOWER]: Starting forced leader election (received explicit request)
I20260710 13:19:24.514863 16912 raft_consensus.cc:3060] T 4264fff8572342fca8bff35320cb33a9 P 543b00cf147a478faab59e14fcb60e14 [term 3 FOLLOWER]: Advancing to term 4
I20260710 13:19:24.514854 16878 leader_election.cc:304] T 3a211ec868b547fb83f21eca88c57b82 P 543b00cf147a478faab59e14fcb60e14 [CANDIDATE]: Term 2 election: Election decided. Result: candidate won. Election summary: received 2 responses out of 3 voters: 2 yes votes; 0 no votes. yes voters: 0e814e902ebc4a3d840b619d49520d66, 543b00cf147a478faab59e14fcb60e14; no voters: 
I20260710 13:19:24.515728 17120 raft_consensus.cc:2804] T 3a211ec868b547fb83f21eca88c57b82 P 543b00cf147a478faab59e14fcb60e14 [term 2 FOLLOWER]: Leader election won for term 2
I20260710 13:19:24.516777 17120 raft_consensus.cc:697] T 3a211ec868b547fb83f21eca88c57b82 P 543b00cf147a478faab59e14fcb60e14 [term 2 LEADER]: Becoming Leader. State: Replica: 543b00cf147a478faab59e14fcb60e14, State: Running, Role: LEADER
I20260710 13:19:24.517565 17120 consensus_queue.cc:237] T 3a211ec868b547fb83f21eca88c57b82 P 543b00cf147a478faab59e14fcb60e14 [LEADER]: Queue going to LEADER mode. State: All replicated index: 0, Majority replicated index: 1, Committed index: 1, Last appended: 1.1, Last appended by leader: 1, Current term: 2, Majority size: 2, State: 0, Mode: LEADER, active raft config: opid_index: -1 OBSOLETE_local: false peers { permanent_uuid: "543b00cf147a478faab59e14fcb60e14" member_type: VOTER last_known_addr { host: "127.15.233.65" port: 36369 } } peers { permanent_uuid: "ee78c0f93bc54ccfbedf9c457e6143fe" member_type: VOTER last_known_addr { host: "127.15.233.66" port: 40761 } } peers { permanent_uuid: "0e814e902ebc4a3d840b619d49520d66" member_type: VOTER last_known_addr { host: "127.15.233.67" port: 43197 } }
I20260710 13:19:24.521107 16912 raft_consensus.cc:515] T 4264fff8572342fca8bff35320cb33a9 P 543b00cf147a478faab59e14fcb60e14 [term 4 FOLLOWER]: Starting forced leader election with config: opid_index: -1 OBSOLETE_local: false peers { permanent_uuid: "543b00cf147a478faab59e14fcb60e14" member_type: VOTER last_known_addr { host: "127.15.233.65" port: 36369 } } peers { permanent_uuid: "ee78c0f93bc54ccfbedf9c457e6143fe" member_type: VOTER last_known_addr { host: "127.15.233.66" port: 40761 } } peers { permanent_uuid: "0e814e902ebc4a3d840b619d49520d66" member_type: VOTER last_known_addr { host: "127.15.233.67" port: 43197 } }
I20260710 13:19:24.523092 16912 leader_election.cc:290] T 4264fff8572342fca8bff35320cb33a9 P 543b00cf147a478faab59e14fcb60e14 [CANDIDATE]: Term 4 election: Requested vote from peers ee78c0f93bc54ccfbedf9c457e6143fe (127.15.233.66:40761), 0e814e902ebc4a3d840b619d49520d66 (127.15.233.67:43197)
I20260710 13:19:24.524021 17063 tablet_service.cc:1917] Received RequestConsensusVote() RPC: tablet_id: "4264fff8572342fca8bff35320cb33a9" candidate_uuid: "543b00cf147a478faab59e14fcb60e14" candidate_term: 4 candidate_status { last_received { term: 3 index: 3 } } ignore_live_leader: true dest_uuid: "0e814e902ebc4a3d840b619d49520d66"
I20260710 13:19:24.524497 17063 raft_consensus.cc:3055] T 4264fff8572342fca8bff35320cb33a9 P 0e814e902ebc4a3d840b619d49520d66 [term 3 LEADER]: Stepping down as leader of term 3
I20260710 13:19:24.524724 17063 raft_consensus.cc:740] T 4264fff8572342fca8bff35320cb33a9 P 0e814e902ebc4a3d840b619d49520d66 [term 3 LEADER]: Becoming Follower/Learner. State: Replica: 0e814e902ebc4a3d840b619d49520d66, State: Running, Role: LEADER
I20260710 13:19:24.525240 17063 consensus_queue.cc:260] T 4264fff8572342fca8bff35320cb33a9 P 0e814e902ebc4a3d840b619d49520d66 [NON_LEADER]: Queue going to NON_LEADER mode. State: All replicated index: 0, Majority replicated index: 3, Committed index: 3, Last appended: 3.3, Last appended by leader: 3, Current term: 3, Majority size: -1, State: 0, Mode: NON_LEADER, active raft config: opid_index: -1 OBSOLETE_local: false peers { permanent_uuid: "543b00cf147a478faab59e14fcb60e14" member_type: VOTER last_known_addr { host: "127.15.233.65" port: 36369 } } peers { permanent_uuid: "ee78c0f93bc54ccfbedf9c457e6143fe" member_type: VOTER last_known_addr { host: "127.15.233.66" port: 40761 } } peers { permanent_uuid: "0e814e902ebc4a3d840b619d49520d66" member_type: VOTER last_known_addr { host: "127.15.233.67" port: 43197 } }
I20260710 13:19:24.525795 16986 tablet_service.cc:1917] Received RequestConsensusVote() RPC: tablet_id: "4264fff8572342fca8bff35320cb33a9" candidate_uuid: "543b00cf147a478faab59e14fcb60e14" candidate_term: 4 candidate_status { last_received { term: 3 index: 3 } } ignore_live_leader: true dest_uuid: "ee78c0f93bc54ccfbedf9c457e6143fe"
I20260710 13:19:24.526023 17063 raft_consensus.cc:3060] T 4264fff8572342fca8bff35320cb33a9 P 0e814e902ebc4a3d840b619d49520d66 [term 3 FOLLOWER]: Advancing to term 4
I20260710 13:19:24.526335 16986 raft_consensus.cc:3060] T 4264fff8572342fca8bff35320cb33a9 P ee78c0f93bc54ccfbedf9c457e6143fe [term 3 FOLLOWER]: Advancing to term 4
I20260710 13:19:24.530000 16986 raft_consensus.cc:2468] T 4264fff8572342fca8bff35320cb33a9 P ee78c0f93bc54ccfbedf9c457e6143fe [term 4 FOLLOWER]: Leader election vote request: Granting yes vote for candidate 543b00cf147a478faab59e14fcb60e14 in term 4.
I20260710 13:19:24.529430 16812 catalog_manager.cc:5697] T 3a211ec868b547fb83f21eca88c57b82 P 543b00cf147a478faab59e14fcb60e14 reported cstate change: term changed from 1 to 2, leader changed from ee78c0f93bc54ccfbedf9c457e6143fe (127.15.233.66) to 543b00cf147a478faab59e14fcb60e14 (127.15.233.65). New cstate: current_term: 2 leader_uuid: "543b00cf147a478faab59e14fcb60e14" committed_config { opid_index: -1 OBSOLETE_local: false peers { permanent_uuid: "543b00cf147a478faab59e14fcb60e14" member_type: VOTER last_known_addr { host: "127.15.233.65" port: 36369 } health_report { overall_health: HEALTHY } } peers { permanent_uuid: "ee78c0f93bc54ccfbedf9c457e6143fe" member_type: VOTER last_known_addr { host: "127.15.233.66" port: 40761 } health_report { overall_health: UNKNOWN } } peers { permanent_uuid: "0e814e902ebc4a3d840b619d49520d66" member_type: VOTER last_known_addr { host: "127.15.233.67" port: 43197 } health_report { overall_health: UNKNOWN } } }
I20260710 13:19:24.530824 16878 leader_election.cc:304] T 4264fff8572342fca8bff35320cb33a9 P 543b00cf147a478faab59e14fcb60e14 [CANDIDATE]: Term 4 election: Election decided. Result: candidate won. Election summary: received 2 responses out of 3 voters: 2 yes votes; 0 no votes. yes voters: 543b00cf147a478faab59e14fcb60e14, ee78c0f93bc54ccfbedf9c457e6143fe; no voters: 
I20260710 13:19:24.531430 17120 raft_consensus.cc:2804] T 4264fff8572342fca8bff35320cb33a9 P 543b00cf147a478faab59e14fcb60e14 [term 4 FOLLOWER]: Leader election won for term 4
I20260710 13:19:24.531780 17120 raft_consensus.cc:697] T 4264fff8572342fca8bff35320cb33a9 P 543b00cf147a478faab59e14fcb60e14 [term 4 LEADER]: Becoming Leader. State: Replica: 543b00cf147a478faab59e14fcb60e14, State: Running, Role: LEADER
I20260710 13:19:24.531816 17063 raft_consensus.cc:2468] T 4264fff8572342fca8bff35320cb33a9 P 0e814e902ebc4a3d840b619d49520d66 [term 4 FOLLOWER]: Leader election vote request: Granting yes vote for candidate 543b00cf147a478faab59e14fcb60e14 in term 4.
I20260710 13:19:24.532552 17120 consensus_queue.cc:237] T 4264fff8572342fca8bff35320cb33a9 P 543b00cf147a478faab59e14fcb60e14 [LEADER]: Queue going to LEADER mode. State: All replicated index: 0, Majority replicated index: 3, Committed index: 3, Last appended: 3.3, Last appended by leader: 3, Current term: 4, Majority size: 2, State: 0, Mode: LEADER, active raft config: opid_index: -1 OBSOLETE_local: false peers { permanent_uuid: "543b00cf147a478faab59e14fcb60e14" member_type: VOTER last_known_addr { host: "127.15.233.65" port: 36369 } } peers { permanent_uuid: "ee78c0f93bc54ccfbedf9c457e6143fe" member_type: VOTER last_known_addr { host: "127.15.233.66" port: 40761 } } peers { permanent_uuid: "0e814e902ebc4a3d840b619d49520d66" member_type: VOTER last_known_addr { host: "127.15.233.67" port: 43197 } }
I20260710 13:19:24.546638 16812 catalog_manager.cc:5697] T 4264fff8572342fca8bff35320cb33a9 P 543b00cf147a478faab59e14fcb60e14 reported cstate change: term changed from 3 to 4, leader changed from 0e814e902ebc4a3d840b619d49520d66 (127.15.233.67) to 543b00cf147a478faab59e14fcb60e14 (127.15.233.65). New cstate: current_term: 4 leader_uuid: "543b00cf147a478faab59e14fcb60e14" committed_config { opid_index: -1 OBSOLETE_local: false peers { permanent_uuid: "543b00cf147a478faab59e14fcb60e14" member_type: VOTER last_known_addr { host: "127.15.233.65" port: 36369 } health_report { overall_health: HEALTHY } } peers { permanent_uuid: "ee78c0f93bc54ccfbedf9c457e6143fe" member_type: VOTER last_known_addr { host: "127.15.233.66" port: 40761 } health_report { overall_health: UNKNOWN } } peers { permanent_uuid: "0e814e902ebc4a3d840b619d49520d66" member_type: VOTER last_known_addr { host: "127.15.233.67" port: 43197 } health_report { overall_health: UNKNOWN } } }
I20260710 13:19:24.572710 17145 raft_consensus.cc:993] T 186b6730d52e4ec6af98626cff4229fb P ee78c0f93bc54ccfbedf9c457e6143fe: : Instructing follower 543b00cf147a478faab59e14fcb60e14 to start an election
I20260710 13:19:24.572750 17192 raft_consensus.cc:993] T f10a21997ca34347b65bdac8704f799f P 0e814e902ebc4a3d840b619d49520d66: : Instructing follower 543b00cf147a478faab59e14fcb60e14 to start an election
I20260710 13:19:24.573180 17207 raft_consensus.cc:1081] T 186b6730d52e4ec6af98626cff4229fb P ee78c0f93bc54ccfbedf9c457e6143fe [term 2 LEADER]: Signalling peer 543b00cf147a478faab59e14fcb60e14 to start an election
I20260710 13:19:24.573297 17201 raft_consensus.cc:1081] T f10a21997ca34347b65bdac8704f799f P 0e814e902ebc4a3d840b619d49520d66 [term 2 LEADER]: Signalling peer 543b00cf147a478faab59e14fcb60e14 to start an election
I20260710 13:19:24.574543 16913 tablet_service.cc:2044] Received Run Leader Election RPC: tablet_id: "186b6730d52e4ec6af98626cff4229fb"
dest_uuid: "543b00cf147a478faab59e14fcb60e14"
 from {username='slave'} at 127.0.0.1:35000
I20260710 13:19:24.574618 16912 tablet_service.cc:2044] Received Run Leader Election RPC: tablet_id: "f10a21997ca34347b65bdac8704f799f"
dest_uuid: "543b00cf147a478faab59e14fcb60e14"
 from {username='slave'} at 127.0.0.1:34986
I20260710 13:19:24.574990 16913 raft_consensus.cc:493] T 186b6730d52e4ec6af98626cff4229fb P 543b00cf147a478faab59e14fcb60e14 [term 2 FOLLOWER]: Starting forced leader election (received explicit request)
I20260710 13:19:24.575048 16912 raft_consensus.cc:493] T f10a21997ca34347b65bdac8704f799f P 543b00cf147a478faab59e14fcb60e14 [term 2 FOLLOWER]: Starting forced leader election (received explicit request)
I20260710 13:19:24.575318 16913 raft_consensus.cc:3060] T 186b6730d52e4ec6af98626cff4229fb P 543b00cf147a478faab59e14fcb60e14 [term 2 FOLLOWER]: Advancing to term 3
I20260710 13:19:24.575397 16912 raft_consensus.cc:3060] T f10a21997ca34347b65bdac8704f799f P 543b00cf147a478faab59e14fcb60e14 [term 2 FOLLOWER]: Advancing to term 3
I20260710 13:19:24.579757 16912 raft_consensus.cc:515] T f10a21997ca34347b65bdac8704f799f P 543b00cf147a478faab59e14fcb60e14 [term 3 FOLLOWER]: Starting forced leader election with config: opid_index: -1 OBSOLETE_local: false peers { permanent_uuid: "543b00cf147a478faab59e14fcb60e14" member_type: VOTER last_known_addr { host: "127.15.233.65" port: 36369 } } peers { permanent_uuid: "0e814e902ebc4a3d840b619d49520d66" member_type: VOTER last_known_addr { host: "127.15.233.67" port: 43197 } } peers { permanent_uuid: "ee78c0f93bc54ccfbedf9c457e6143fe" member_type: VOTER last_known_addr { host: "127.15.233.66" port: 40761 } }
I20260710 13:19:24.579715 16913 raft_consensus.cc:515] T 186b6730d52e4ec6af98626cff4229fb P 543b00cf147a478faab59e14fcb60e14 [term 3 FOLLOWER]: Starting forced leader election with config: opid_index: -1 OBSOLETE_local: false peers { permanent_uuid: "543b00cf147a478faab59e14fcb60e14" member_type: VOTER last_known_addr { host: "127.15.233.65" port: 36369 } } peers { permanent_uuid: "ee78c0f93bc54ccfbedf9c457e6143fe" member_type: VOTER last_known_addr { host: "127.15.233.66" port: 40761 } } peers { permanent_uuid: "0e814e902ebc4a3d840b619d49520d66" member_type: VOTER last_known_addr { host: "127.15.233.67" port: 43197 } }
I20260710 13:19:24.581318 16913 leader_election.cc:290] T 186b6730d52e4ec6af98626cff4229fb P 543b00cf147a478faab59e14fcb60e14 [CANDIDATE]: Term 3 election: Requested vote from peers ee78c0f93bc54ccfbedf9c457e6143fe (127.15.233.66:40761), 0e814e902ebc4a3d840b619d49520d66 (127.15.233.67:43197)
I20260710 13:19:24.581399 16912 leader_election.cc:290] T f10a21997ca34347b65bdac8704f799f P 543b00cf147a478faab59e14fcb60e14 [CANDIDATE]: Term 3 election: Requested vote from peers 0e814e902ebc4a3d840b619d49520d66 (127.15.233.67:43197), ee78c0f93bc54ccfbedf9c457e6143fe (127.15.233.66:40761)
I20260710 13:19:24.582073 16986 tablet_service.cc:1917] Received RequestConsensusVote() RPC: tablet_id: "186b6730d52e4ec6af98626cff4229fb" candidate_uuid: "543b00cf147a478faab59e14fcb60e14" candidate_term: 3 candidate_status { last_received { term: 2 index: 2 } } ignore_live_leader: true dest_uuid: "ee78c0f93bc54ccfbedf9c457e6143fe"
I20260710 13:19:24.582562 16986 raft_consensus.cc:3055] T 186b6730d52e4ec6af98626cff4229fb P ee78c0f93bc54ccfbedf9c457e6143fe [term 2 LEADER]: Stepping down as leader of term 2
I20260710 13:19:24.582794 16986 raft_consensus.cc:740] T 186b6730d52e4ec6af98626cff4229fb P ee78c0f93bc54ccfbedf9c457e6143fe [term 2 LEADER]: Becoming Follower/Learner. State: Replica: ee78c0f93bc54ccfbedf9c457e6143fe, State: Running, Role: LEADER
I20260710 13:19:24.583070 17063 tablet_service.cc:1917] Received RequestConsensusVote() RPC: tablet_id: "f10a21997ca34347b65bdac8704f799f" candidate_uuid: "543b00cf147a478faab59e14fcb60e14" candidate_term: 3 candidate_status { last_received { term: 2 index: 2 } } ignore_live_leader: true dest_uuid: "0e814e902ebc4a3d840b619d49520d66"
I20260710 13:19:24.583335 17062 tablet_service.cc:1917] Received RequestConsensusVote() RPC: tablet_id: "186b6730d52e4ec6af98626cff4229fb" candidate_uuid: "543b00cf147a478faab59e14fcb60e14" candidate_term: 3 candidate_status { last_received { term: 2 index: 2 } } ignore_live_leader: true dest_uuid: "0e814e902ebc4a3d840b619d49520d66"
I20260710 13:19:24.583514 17063 raft_consensus.cc:3055] T f10a21997ca34347b65bdac8704f799f P 0e814e902ebc4a3d840b619d49520d66 [term 2 LEADER]: Stepping down as leader of term 2
I20260710 13:19:24.583705 16987 tablet_service.cc:1917] Received RequestConsensusVote() RPC: tablet_id: "f10a21997ca34347b65bdac8704f799f" candidate_uuid: "543b00cf147a478faab59e14fcb60e14" candidate_term: 3 candidate_status { last_received { term: 2 index: 2 } } ignore_live_leader: true dest_uuid: "ee78c0f93bc54ccfbedf9c457e6143fe"
I20260710 13:19:24.583870 17063 raft_consensus.cc:740] T f10a21997ca34347b65bdac8704f799f P 0e814e902ebc4a3d840b619d49520d66 [term 2 LEADER]: Becoming Follower/Learner. State: Replica: 0e814e902ebc4a3d840b619d49520d66, State: Running, Role: LEADER
I20260710 13:19:24.583442 16986 consensus_queue.cc:260] T 186b6730d52e4ec6af98626cff4229fb P ee78c0f93bc54ccfbedf9c457e6143fe [NON_LEADER]: Queue going to NON_LEADER mode. State: All replicated index: 0, Majority replicated index: 2, Committed index: 2, Last appended: 2.2, Last appended by leader: 2, Current term: 2, Majority size: -1, State: 0, Mode: NON_LEADER, active raft config: opid_index: -1 OBSOLETE_local: false peers { permanent_uuid: "543b00cf147a478faab59e14fcb60e14" member_type: VOTER last_known_addr { host: "127.15.233.65" port: 36369 } } peers { permanent_uuid: "ee78c0f93bc54ccfbedf9c457e6143fe" member_type: VOTER last_known_addr { host: "127.15.233.66" port: 40761 } } peers { permanent_uuid: "0e814e902ebc4a3d840b619d49520d66" member_type: VOTER last_known_addr { host: "127.15.233.67" port: 43197 } }
I20260710 13:19:24.583920 17062 raft_consensus.cc:3060] T 186b6730d52e4ec6af98626cff4229fb P 0e814e902ebc4a3d840b619d49520d66 [term 2 FOLLOWER]: Advancing to term 3
I20260710 13:19:24.584403 16987 raft_consensus.cc:3060] T f10a21997ca34347b65bdac8704f799f P ee78c0f93bc54ccfbedf9c457e6143fe [term 2 FOLLOWER]: Advancing to term 3
I20260710 13:19:24.584856 16986 raft_consensus.cc:3060] T 186b6730d52e4ec6af98626cff4229fb P ee78c0f93bc54ccfbedf9c457e6143fe [term 2 FOLLOWER]: Advancing to term 3
I20260710 13:19:24.584745 17063 consensus_queue.cc:260] T f10a21997ca34347b65bdac8704f799f P 0e814e902ebc4a3d840b619d49520d66 [NON_LEADER]: Queue going to NON_LEADER mode. State: All replicated index: 0, Majority replicated index: 2, Committed index: 2, Last appended: 2.2, Last appended by leader: 2, Current term: 2, Majority size: -1, State: 0, Mode: NON_LEADER, active raft config: opid_index: -1 OBSOLETE_local: false peers { permanent_uuid: "543b00cf147a478faab59e14fcb60e14" member_type: VOTER last_known_addr { host: "127.15.233.65" port: 36369 } } peers { permanent_uuid: "0e814e902ebc4a3d840b619d49520d66" member_type: VOTER last_known_addr { host: "127.15.233.67" port: 43197 } } peers { permanent_uuid: "ee78c0f93bc54ccfbedf9c457e6143fe" member_type: VOTER last_known_addr { host: "127.15.233.66" port: 40761 } }
I20260710 13:19:24.585791 17063 raft_consensus.cc:3060] T f10a21997ca34347b65bdac8704f799f P 0e814e902ebc4a3d840b619d49520d66 [term 2 FOLLOWER]: Advancing to term 3
I20260710 13:19:24.590258 17062 raft_consensus.cc:2468] T 186b6730d52e4ec6af98626cff4229fb P 0e814e902ebc4a3d840b619d49520d66 [term 3 FOLLOWER]: Leader election vote request: Granting yes vote for candidate 543b00cf147a478faab59e14fcb60e14 in term 3.
I20260710 13:19:24.590584 16986 raft_consensus.cc:2468] T 186b6730d52e4ec6af98626cff4229fb P ee78c0f93bc54ccfbedf9c457e6143fe [term 3 FOLLOWER]: Leader election vote request: Granting yes vote for candidate 543b00cf147a478faab59e14fcb60e14 in term 3.
I20260710 13:19:24.591434 17063 raft_consensus.cc:2468] T f10a21997ca34347b65bdac8704f799f P 0e814e902ebc4a3d840b619d49520d66 [term 3 FOLLOWER]: Leader election vote request: Granting yes vote for candidate 543b00cf147a478faab59e14fcb60e14 in term 3.
I20260710 13:19:24.591297 16878 leader_election.cc:304] T 186b6730d52e4ec6af98626cff4229fb P 543b00cf147a478faab59e14fcb60e14 [CANDIDATE]: Term 3 election: Election decided. Result: candidate won. Election summary: received 2 responses out of 3 voters: 2 yes votes; 0 no votes. yes voters: 0e814e902ebc4a3d840b619d49520d66, 543b00cf147a478faab59e14fcb60e14; no voters: 
I20260710 13:19:24.592128 17120 raft_consensus.cc:2804] T 186b6730d52e4ec6af98626cff4229fb P 543b00cf147a478faab59e14fcb60e14 [term 3 FOLLOWER]: Leader election won for term 3
I20260710 13:19:24.592499 17120 raft_consensus.cc:697] T 186b6730d52e4ec6af98626cff4229fb P 543b00cf147a478faab59e14fcb60e14 [term 3 LEADER]: Becoming Leader. State: Replica: 543b00cf147a478faab59e14fcb60e14, State: Running, Role: LEADER
I20260710 13:19:24.592756 16878 leader_election.cc:304] T f10a21997ca34347b65bdac8704f799f P 543b00cf147a478faab59e14fcb60e14 [CANDIDATE]: Term 3 election: Election decided. Result: candidate won. Election summary: received 2 responses out of 3 voters: 2 yes votes; 0 no votes. yes voters: 0e814e902ebc4a3d840b619d49520d66, 543b00cf147a478faab59e14fcb60e14; no voters: 
I20260710 13:19:24.593493 17208 raft_consensus.cc:2804] T f10a21997ca34347b65bdac8704f799f P 543b00cf147a478faab59e14fcb60e14 [term 3 FOLLOWER]: Leader election won for term 3
I20260710 13:19:24.593240 17120 consensus_queue.cc:237] T 186b6730d52e4ec6af98626cff4229fb P 543b00cf147a478faab59e14fcb60e14 [LEADER]: Queue going to LEADER mode. State: All replicated index: 0, Majority replicated index: 2, Committed index: 2, Last appended: 2.2, Last appended by leader: 2, Current term: 3, Majority size: 2, State: 0, Mode: LEADER, active raft config: opid_index: -1 OBSOLETE_local: false peers { permanent_uuid: "543b00cf147a478faab59e14fcb60e14" member_type: VOTER last_known_addr { host: "127.15.233.65" port: 36369 } } peers { permanent_uuid: "ee78c0f93bc54ccfbedf9c457e6143fe" member_type: VOTER last_known_addr { host: "127.15.233.66" port: 40761 } } peers { permanent_uuid: "0e814e902ebc4a3d840b619d49520d66" member_type: VOTER last_known_addr { host: "127.15.233.67" port: 43197 } }
I20260710 13:19:24.594549 17208 raft_consensus.cc:697] T f10a21997ca34347b65bdac8704f799f P 543b00cf147a478faab59e14fcb60e14 [term 3 LEADER]: Becoming Leader. State: Replica: 543b00cf147a478faab59e14fcb60e14, State: Running, Role: LEADER
I20260710 13:19:24.594945 16987 raft_consensus.cc:2468] T f10a21997ca34347b65bdac8704f799f P ee78c0f93bc54ccfbedf9c457e6143fe [term 3 FOLLOWER]: Leader election vote request: Granting yes vote for candidate 543b00cf147a478faab59e14fcb60e14 in term 3.
I20260710 13:19:24.595346 17208 consensus_queue.cc:237] T f10a21997ca34347b65bdac8704f799f P 543b00cf147a478faab59e14fcb60e14 [LEADER]: Queue going to LEADER mode. State: All replicated index: 0, Majority replicated index: 2, Committed index: 2, Last appended: 2.2, Last appended by leader: 2, Current term: 3, Majority size: 2, State: 0, Mode: LEADER, active raft config: opid_index: -1 OBSOLETE_local: false peers { permanent_uuid: "543b00cf147a478faab59e14fcb60e14" member_type: VOTER last_known_addr { host: "127.15.233.65" port: 36369 } } peers { permanent_uuid: "0e814e902ebc4a3d840b619d49520d66" member_type: VOTER last_known_addr { host: "127.15.233.67" port: 43197 } } peers { permanent_uuid: "ee78c0f93bc54ccfbedf9c457e6143fe" member_type: VOTER last_known_addr { host: "127.15.233.66" port: 40761 } }
I20260710 13:19:24.600265 16812 catalog_manager.cc:5697] T 186b6730d52e4ec6af98626cff4229fb P 543b00cf147a478faab59e14fcb60e14 reported cstate change: term changed from 2 to 3, leader changed from ee78c0f93bc54ccfbedf9c457e6143fe (127.15.233.66) to 543b00cf147a478faab59e14fcb60e14 (127.15.233.65). New cstate: current_term: 3 leader_uuid: "543b00cf147a478faab59e14fcb60e14" committed_config { opid_index: -1 OBSOLETE_local: false peers { permanent_uuid: "543b00cf147a478faab59e14fcb60e14" member_type: VOTER last_known_addr { host: "127.15.233.65" port: 36369 } health_report { overall_health: HEALTHY } } peers { permanent_uuid: "ee78c0f93bc54ccfbedf9c457e6143fe" member_type: VOTER last_known_addr { host: "127.15.233.66" port: 40761 } health_report { overall_health: UNKNOWN } } peers { permanent_uuid: "0e814e902ebc4a3d840b619d49520d66" member_type: VOTER last_known_addr { host: "127.15.233.67" port: 43197 } health_report { overall_health: UNKNOWN } } }
I20260710 13:19:24.609748 16812 catalog_manager.cc:5697] T f10a21997ca34347b65bdac8704f799f P 543b00cf147a478faab59e14fcb60e14 reported cstate change: term changed from 2 to 3, leader changed from 0e814e902ebc4a3d840b619d49520d66 (127.15.233.67) to 543b00cf147a478faab59e14fcb60e14 (127.15.233.65). New cstate: current_term: 3 leader_uuid: "543b00cf147a478faab59e14fcb60e14" committed_config { opid_index: -1 OBSOLETE_local: false peers { permanent_uuid: "543b00cf147a478faab59e14fcb60e14" member_type: VOTER last_known_addr { host: "127.15.233.65" port: 36369 } health_report { overall_health: HEALTHY } } peers { permanent_uuid: "0e814e902ebc4a3d840b619d49520d66" member_type: VOTER last_known_addr { host: "127.15.233.67" port: 43197 } health_report { overall_health: UNKNOWN } } peers { permanent_uuid: "ee78c0f93bc54ccfbedf9c457e6143fe" member_type: VOTER last_known_addr { host: "127.15.233.66" port: 40761 } health_report { overall_health: UNKNOWN } } }
I20260710 13:19:24.783412 17145 raft_consensus.cc:993] T a0988757ba11415196a3f1fd1a08833a P ee78c0f93bc54ccfbedf9c457e6143fe: : Instructing follower 543b00cf147a478faab59e14fcb60e14 to start an election
I20260710 13:19:24.783823 17207 raft_consensus.cc:1081] T a0988757ba11415196a3f1fd1a08833a P ee78c0f93bc54ccfbedf9c457e6143fe [term 1 LEADER]: Signalling peer 543b00cf147a478faab59e14fcb60e14 to start an election
I20260710 13:19:24.785126 16912 tablet_service.cc:2044] Received Run Leader Election RPC: tablet_id: "a0988757ba11415196a3f1fd1a08833a"
dest_uuid: "543b00cf147a478faab59e14fcb60e14"
 from {username='slave'} at 127.0.0.1:35000
I20260710 13:19:24.785566 16912 raft_consensus.cc:493] T a0988757ba11415196a3f1fd1a08833a P 543b00cf147a478faab59e14fcb60e14 [term 1 FOLLOWER]: Starting forced leader election (received explicit request)
I20260710 13:19:24.785849 16912 raft_consensus.cc:3060] T a0988757ba11415196a3f1fd1a08833a P 543b00cf147a478faab59e14fcb60e14 [term 1 FOLLOWER]: Advancing to term 2
I20260710 13:19:24.790162 16912 raft_consensus.cc:515] T a0988757ba11415196a3f1fd1a08833a P 543b00cf147a478faab59e14fcb60e14 [term 2 FOLLOWER]: Starting forced leader election with config: opid_index: -1 OBSOLETE_local: false peers { permanent_uuid: "543b00cf147a478faab59e14fcb60e14" member_type: VOTER last_known_addr { host: "127.15.233.65" port: 36369 } } peers { permanent_uuid: "ee78c0f93bc54ccfbedf9c457e6143fe" member_type: VOTER last_known_addr { host: "127.15.233.66" port: 40761 } } peers { permanent_uuid: "0e814e902ebc4a3d840b619d49520d66" member_type: VOTER last_known_addr { host: "127.15.233.67" port: 43197 } }
I20260710 13:19:24.791604 16912 leader_election.cc:290] T a0988757ba11415196a3f1fd1a08833a P 543b00cf147a478faab59e14fcb60e14 [CANDIDATE]: Term 2 election: Requested vote from peers ee78c0f93bc54ccfbedf9c457e6143fe (127.15.233.66:40761), 0e814e902ebc4a3d840b619d49520d66 (127.15.233.67:43197)
I20260710 13:19:24.792330 16987 tablet_service.cc:1917] Received RequestConsensusVote() RPC: tablet_id: "a0988757ba11415196a3f1fd1a08833a" candidate_uuid: "543b00cf147a478faab59e14fcb60e14" candidate_term: 2 candidate_status { last_received { term: 1 index: 1 } } ignore_live_leader: true dest_uuid: "ee78c0f93bc54ccfbedf9c457e6143fe"
I20260710 13:19:24.792614 17063 tablet_service.cc:1917] Received RequestConsensusVote() RPC: tablet_id: "a0988757ba11415196a3f1fd1a08833a" candidate_uuid: "543b00cf147a478faab59e14fcb60e14" candidate_term: 2 candidate_status { last_received { term: 1 index: 1 } } ignore_live_leader: true dest_uuid: "0e814e902ebc4a3d840b619d49520d66"
I20260710 13:19:24.792938 16987 raft_consensus.cc:3055] T a0988757ba11415196a3f1fd1a08833a P ee78c0f93bc54ccfbedf9c457e6143fe [term 1 LEADER]: Stepping down as leader of term 1
I20260710 13:19:24.793133 17063 raft_consensus.cc:3060] T a0988757ba11415196a3f1fd1a08833a P 0e814e902ebc4a3d840b619d49520d66 [term 1 FOLLOWER]: Advancing to term 2
I20260710 13:19:24.793268 16987 raft_consensus.cc:740] T a0988757ba11415196a3f1fd1a08833a P ee78c0f93bc54ccfbedf9c457e6143fe [term 1 LEADER]: Becoming Follower/Learner. State: Replica: ee78c0f93bc54ccfbedf9c457e6143fe, State: Running, Role: LEADER
I20260710 13:19:24.794057 16987 consensus_queue.cc:260] T a0988757ba11415196a3f1fd1a08833a P ee78c0f93bc54ccfbedf9c457e6143fe [NON_LEADER]: Queue going to NON_LEADER mode. State: All replicated index: 0, Majority replicated index: 1, Committed index: 1, Last appended: 1.1, Last appended by leader: 1, Current term: 1, Majority size: -1, State: 0, Mode: NON_LEADER, active raft config: opid_index: -1 OBSOLETE_local: false peers { permanent_uuid: "543b00cf147a478faab59e14fcb60e14" member_type: VOTER last_known_addr { host: "127.15.233.65" port: 36369 } } peers { permanent_uuid: "ee78c0f93bc54ccfbedf9c457e6143fe" member_type: VOTER last_known_addr { host: "127.15.233.66" port: 40761 } } peers { permanent_uuid: "0e814e902ebc4a3d840b619d49520d66" member_type: VOTER last_known_addr { host: "127.15.233.67" port: 43197 } }
I20260710 13:19:24.795166 16987 raft_consensus.cc:3060] T a0988757ba11415196a3f1fd1a08833a P ee78c0f93bc54ccfbedf9c457e6143fe [term 1 FOLLOWER]: Advancing to term 2
I20260710 13:19:24.799055 17063 raft_consensus.cc:2468] T a0988757ba11415196a3f1fd1a08833a P 0e814e902ebc4a3d840b619d49520d66 [term 2 FOLLOWER]: Leader election vote request: Granting yes vote for candidate 543b00cf147a478faab59e14fcb60e14 in term 2.
I20260710 13:19:24.800086 16878 leader_election.cc:304] T a0988757ba11415196a3f1fd1a08833a P 543b00cf147a478faab59e14fcb60e14 [CANDIDATE]: Term 2 election: Election decided. Result: candidate won. Election summary: received 2 responses out of 3 voters: 2 yes votes; 0 no votes. yes voters: 0e814e902ebc4a3d840b619d49520d66, 543b00cf147a478faab59e14fcb60e14; no voters: 
I20260710 13:19:24.800714 17208 raft_consensus.cc:2804] T a0988757ba11415196a3f1fd1a08833a P 543b00cf147a478faab59e14fcb60e14 [term 2 FOLLOWER]: Leader election won for term 2
I20260710 13:19:24.800854 16987 raft_consensus.cc:2468] T a0988757ba11415196a3f1fd1a08833a P ee78c0f93bc54ccfbedf9c457e6143fe [term 2 FOLLOWER]: Leader election vote request: Granting yes vote for candidate 543b00cf147a478faab59e14fcb60e14 in term 2.
I20260710 13:19:24.801187 17208 raft_consensus.cc:697] T a0988757ba11415196a3f1fd1a08833a P 543b00cf147a478faab59e14fcb60e14 [term 2 LEADER]: Becoming Leader. State: Replica: 543b00cf147a478faab59e14fcb60e14, State: Running, Role: LEADER
I20260710 13:19:24.801967 17208 consensus_queue.cc:237] T a0988757ba11415196a3f1fd1a08833a P 543b00cf147a478faab59e14fcb60e14 [LEADER]: Queue going to LEADER mode. State: All replicated index: 0, Majority replicated index: 1, Committed index: 1, Last appended: 1.1, Last appended by leader: 1, Current term: 2, Majority size: 2, State: 0, Mode: LEADER, active raft config: opid_index: -1 OBSOLETE_local: false peers { permanent_uuid: "543b00cf147a478faab59e14fcb60e14" member_type: VOTER last_known_addr { host: "127.15.233.65" port: 36369 } } peers { permanent_uuid: "ee78c0f93bc54ccfbedf9c457e6143fe" member_type: VOTER last_known_addr { host: "127.15.233.66" port: 40761 } } peers { permanent_uuid: "0e814e902ebc4a3d840b619d49520d66" member_type: VOTER last_known_addr { host: "127.15.233.67" port: 43197 } }
I20260710 13:19:24.808506 16812 catalog_manager.cc:5697] T a0988757ba11415196a3f1fd1a08833a P 543b00cf147a478faab59e14fcb60e14 reported cstate change: term changed from 1 to 2, leader changed from ee78c0f93bc54ccfbedf9c457e6143fe (127.15.233.66) to 543b00cf147a478faab59e14fcb60e14 (127.15.233.65). New cstate: current_term: 2 leader_uuid: "543b00cf147a478faab59e14fcb60e14" committed_config { opid_index: -1 OBSOLETE_local: false peers { permanent_uuid: "543b00cf147a478faab59e14fcb60e14" member_type: VOTER last_known_addr { host: "127.15.233.65" port: 36369 } health_report { overall_health: HEALTHY } } peers { permanent_uuid: "ee78c0f93bc54ccfbedf9c457e6143fe" member_type: VOTER last_known_addr { host: "127.15.233.66" port: 40761 } health_report { overall_health: UNKNOWN } } peers { permanent_uuid: "0e814e902ebc4a3d840b619d49520d66" member_type: VOTER last_known_addr { host: "127.15.233.67" port: 43197 } health_report { overall_health: UNKNOWN } } }
I20260710 13:19:24.924572 17063 raft_consensus.cc:1275] T 4264fff8572342fca8bff35320cb33a9 P 0e814e902ebc4a3d840b619d49520d66 [term 4 FOLLOWER]: Refusing update from remote peer 543b00cf147a478faab59e14fcb60e14: Log matching property violated. Preceding OpId in replica: term: 3 index: 3. Preceding OpId from leader: term: 4 index: 4. (index mismatch)
I20260710 13:19:24.925666 17208 consensus_queue.cc:1048] T 4264fff8572342fca8bff35320cb33a9 P 543b00cf147a478faab59e14fcb60e14 [LEADER]: Connected to new peer: Peer: permanent_uuid: "0e814e902ebc4a3d840b619d49520d66" member_type: VOTER last_known_addr { host: "127.15.233.67" port: 43197 }, Status: LMP_MISMATCH, Last received: 0.0, Next index: 4, Last known committed idx: 3, Time since last communication: 0.000s
I20260710 13:19:24.931934 16987 raft_consensus.cc:1275] T 3a211ec868b547fb83f21eca88c57b82 P ee78c0f93bc54ccfbedf9c457e6143fe [term 2 FOLLOWER]: Refusing update from remote peer 543b00cf147a478faab59e14fcb60e14: Log matching property violated. Preceding OpId in replica: term: 1 index: 1. Preceding OpId from leader: term: 2 index: 2. (index mismatch)
I20260710 13:19:24.934837 16987 raft_consensus.cc:1275] T 4264fff8572342fca8bff35320cb33a9 P ee78c0f93bc54ccfbedf9c457e6143fe [term 4 FOLLOWER]: Refusing update from remote peer 543b00cf147a478faab59e14fcb60e14: Log matching property violated. Preceding OpId in replica: term: 3 index: 3. Preceding OpId from leader: term: 4 index: 4. (index mismatch)
I20260710 13:19:24.936440 17213 consensus_queue.cc:1048] T 3a211ec868b547fb83f21eca88c57b82 P 543b00cf147a478faab59e14fcb60e14 [LEADER]: Connected to new peer: Peer: permanent_uuid: "ee78c0f93bc54ccfbedf9c457e6143fe" member_type: VOTER last_known_addr { host: "127.15.233.66" port: 40761 }, Status: LMP_MISMATCH, Last received: 0.0, Next index: 2, Last known committed idx: 1, Time since last communication: 0.000s
I20260710 13:19:24.937573 17208 consensus_queue.cc:1048] T 4264fff8572342fca8bff35320cb33a9 P 543b00cf147a478faab59e14fcb60e14 [LEADER]: Connected to new peer: Peer: permanent_uuid: "ee78c0f93bc54ccfbedf9c457e6143fe" member_type: VOTER last_known_addr { host: "127.15.233.66" port: 40761 }, Status: LMP_MISMATCH, Last received: 0.0, Next index: 4, Last known committed idx: 3, Time since last communication: 0.000s
I20260710 13:19:24.948417 17063 raft_consensus.cc:1275] T 3a211ec868b547fb83f21eca88c57b82 P 0e814e902ebc4a3d840b619d49520d66 [term 2 FOLLOWER]: Refusing update from remote peer 543b00cf147a478faab59e14fcb60e14: Log matching property violated. Preceding OpId in replica: term: 1 index: 1. Preceding OpId from leader: term: 2 index: 2. (index mismatch)
I20260710 13:19:24.950223 17208 consensus_queue.cc:1048] T 3a211ec868b547fb83f21eca88c57b82 P 543b00cf147a478faab59e14fcb60e14 [LEADER]: Connected to new peer: Peer: permanent_uuid: "0e814e902ebc4a3d840b619d49520d66" member_type: VOTER last_known_addr { host: "127.15.233.67" port: 43197 }, Status: LMP_MISMATCH, Last received: 0.0, Next index: 2, Last known committed idx: 1, Time since last communication: 0.000s
I20260710 13:19:25.066201 17063 raft_consensus.cc:1275] T 186b6730d52e4ec6af98626cff4229fb P 0e814e902ebc4a3d840b619d49520d66 [term 3 FOLLOWER]: Refusing update from remote peer 543b00cf147a478faab59e14fcb60e14: Log matching property violated. Preceding OpId in replica: term: 2 index: 2. Preceding OpId from leader: term: 3 index: 3. (index mismatch)
I20260710 13:19:25.067163 17222 consensus_queue.cc:1048] T 186b6730d52e4ec6af98626cff4229fb P 543b00cf147a478faab59e14fcb60e14 [LEADER]: Connected to new peer: Peer: permanent_uuid: "0e814e902ebc4a3d840b619d49520d66" member_type: VOTER last_known_addr { host: "127.15.233.67" port: 43197 }, Status: LMP_MISMATCH, Last received: 0.0, Next index: 3, Last known committed idx: 2, Time since last communication: 0.000s
