I20260710 13:19:31.559338 17384 data_dirs.cc:400] Could only allocate 1 dirs of requested 3 for tablet 396f3823bb26458aac40db15fa04a1f9. 1 dirs total, 0 dirs full, 0 dirs failed
I20260710 13:19:31.544373 17539 tablet_service.cc:1511] Processing CreateTablet for tablet 2f73dee18180425ab84113703b854dbf (DEFAULT_TABLE table=test-workload [id=ac464c5d9cbb476db6740abffbacb1e5]), partition=RANGE (key) PARTITION 1163220305 <= VALUES < 1252698790
I20260710 13:19:31.552150 17540 data_dirs.cc:400] Could only allocate 1 dirs of requested 3 for tablet 633385cbc242484fa233e474ec3bdf37. 1 dirs total, 0 dirs full, 0 dirs failed
I20260710 13:19:31.563162 17539 data_dirs.cc:400] Could only allocate 1 dirs of requested 3 for tablet 2f73dee18180425ab84113703b854dbf. 1 dirs total, 0 dirs full, 0 dirs failed
I20260710 13:19:31.562979 17541 tablet_service.cc:1511] Processing CreateTablet for tablet a8ce6152a69141a6af5fc4fa7210007d (DEFAULT_TABLE table=test-workload [id=ac464c5d9cbb476db6740abffbacb1e5]), partition=RANGE (key) PARTITION 1342177275 <= VALUES < 1431655760
I20260710 13:19:31.564196 17541 data_dirs.cc:400] Could only allocate 1 dirs of requested 3 for tablet a8ce6152a69141a6af5fc4fa7210007d. 1 dirs total, 0 dirs full, 0 dirs failed
I20260710 13:19:31.572213 17592 raft_consensus.cc:740] T e90c81e2e95443068bb4f5d927594af2 P 60be285de5c9403aa6e1ed8d8f40930c [term 0 FOLLOWER]: Becoming Follower/Learner. State: Replica: 60be285de5c9403aa6e1ed8d8f40930c, State: Initialized, Role: FOLLOWER
I20260710 13:19:31.573240 17592 consensus_queue.cc:260] T e90c81e2e95443068bb4f5d927594af2 P 60be285de5c9403aa6e1ed8d8f40930c [NON_LEADER]: Queue going to NON_LEADER mode. State: All replicated index: 0, Majority replicated index: 0, Committed index: 0, Last appended: 0.0, Last appended by leader: 0, Current term: 0, Majority size: -1, State: 0, Mode: NON_LEADER, active raft config: opid_index: -1 OBSOLETE_local: false peers { permanent_uuid: "3cde527ceeb24b3d97c3727b2ce1ef8c" member_type: VOTER last_known_addr { host: "127.15.233.65" port: 46859 } } peers { permanent_uuid: "fdf5f87428c349fdaf6b6d6e3e36f0c7" member_type: VOTER last_known_addr { host: "127.15.233.66" port: 43897 } } peers { permanent_uuid: "60be285de5c9403aa6e1ed8d8f40930c" member_type: VOTER last_known_addr { host: "127.15.233.67" port: 34943 } }
I20260710 13:19:31.576521 17387 tablet_service.cc:1511] Processing CreateTablet for tablet 881ae289574b428096de60eb9715ce05 (DEFAULT_TABLE table=test-workload [id=ac464c5d9cbb476db6740abffbacb1e5]), partition=RANGE (key) PARTITION 894784850 <= VALUES < 984263335
I20260710 13:19:31.577746 17387 data_dirs.cc:400] Could only allocate 1 dirs of requested 3 for tablet 881ae289574b428096de60eb9715ce05. 1 dirs total, 0 dirs full, 0 dirs failed
I20260710 13:19:31.578269 17542 tablet_service.cc:1511] Processing CreateTablet for tablet f02409aa98c042efaaff64ef9fe5605b (DEFAULT_TABLE table=test-workload [id=ac464c5d9cbb476db6740abffbacb1e5]), partition=RANGE (key) PARTITION 1431655760 <= VALUES < 1521134245
I20260710 13:19:31.579931 17542 data_dirs.cc:400] Could only allocate 1 dirs of requested 3 for tablet f02409aa98c042efaaff64ef9fe5605b. 1 dirs total, 0 dirs full, 0 dirs failed
I20260710 13:19:31.581276 17577 heartbeater.cc:499] Master 127.15.233.126:38085 was elected leader, sending a full tablet report...
I20260710 13:19:31.586642 17385 tablet_service.cc:1511] Processing CreateTablet for tablet 0edf7b10906748d7898536c2e732c1c3 (DEFAULT_TABLE table=test-workload [id=ac464c5d9cbb476db6740abffbacb1e5]), partition=RANGE (key) PARTITION 1073741820 <= VALUES < 1163220305
I20260710 13:19:31.587208 17468 tablet_service.cc:1511] Processing CreateTablet for tablet a624f9d6bb714033bbb6c20234b46308 (DEFAULT_TABLE table=test-workload [id=ac464c5d9cbb476db6740abffbacb1e5]), partition=RANGE (key) PARTITION VALUES < 89478485
I20260710 13:19:31.587855 17385 data_dirs.cc:400] Could only allocate 1 dirs of requested 3 for tablet 0edf7b10906748d7898536c2e732c1c3. 1 dirs total, 0 dirs full, 0 dirs failed
I20260710 13:19:31.581108 17537 tablet_service.cc:1511] Processing CreateTablet for tablet 8429c361625c446a8e45220e2d49f792 (DEFAULT_TABLE table=test-workload [id=ac464c5d9cbb476db6740abffbacb1e5]), partition=RANGE (key) PARTITION 1521134245 <= VALUES < 1610612730
I20260710 13:19:31.588402 17468 data_dirs.cc:400] Could only allocate 1 dirs of requested 3 for tablet a624f9d6bb714033bbb6c20234b46308. 1 dirs total, 0 dirs full, 0 dirs failed
I20260710 13:19:31.582312 17592 ts_tablet_manager.cc:1434] T e90c81e2e95443068bb4f5d927594af2 P 60be285de5c9403aa6e1ed8d8f40930c: Time spent starting tablet: real 0.034s	user 0.006s	sys 0.000s
I20260710 13:19:31.590399 17592 tablet_bootstrap.cc:492] T a624f9d6bb714033bbb6c20234b46308 P 60be285de5c9403aa6e1ed8d8f40930c: Bootstrap starting.
I20260710 13:19:31.591491 17537 data_dirs.cc:400] Could only allocate 1 dirs of requested 3 for tablet 8429c361625c446a8e45220e2d49f792. 1 dirs total, 0 dirs full, 0 dirs failed
I20260710 13:19:31.598325 17467 tablet_service.cc:1511] Processing CreateTablet for tablet e90c81e2e95443068bb4f5d927594af2 (DEFAULT_TABLE table=test-workload [id=ac464c5d9cbb476db6740abffbacb1e5]), partition=RANGE (key) PARTITION 89478485 <= VALUES < 178956970
I20260710 13:19:31.599696 17467 data_dirs.cc:400] Could only allocate 1 dirs of requested 3 for tablet e90c81e2e95443068bb4f5d927594af2. 1 dirs total, 0 dirs full, 0 dirs failed
I20260710 13:19:31.603240 17541 tablet_service.cc:1511] Processing CreateTablet for tablet e95f93c20bcd42769969ba8f7ccf26a8 (DEFAULT_TABLE table=test-workload [id=ac464c5d9cbb476db6740abffbacb1e5]), partition=RANGE (key) PARTITION 1610612730 <= VALUES < 1700091215
I20260710 13:19:31.604493 17541 data_dirs.cc:400] Could only allocate 1 dirs of requested 3 for tablet e95f93c20bcd42769969ba8f7ccf26a8. 1 dirs total, 0 dirs full, 0 dirs failed
I20260710 13:19:31.606097 17466 tablet_service.cc:1511] Processing CreateTablet for tablet 95da1a02cfe34cefaa93ad7d58180bc8 (DEFAULT_TABLE table=test-workload [id=ac464c5d9cbb476db6740abffbacb1e5]), partition=RANGE (key) PARTITION 178956970 <= VALUES < 268435455
I20260710 13:19:31.607407 17466 data_dirs.cc:400] Could only allocate 1 dirs of requested 3 for tablet 95da1a02cfe34cefaa93ad7d58180bc8. 1 dirs total, 0 dirs full, 0 dirs failed
I20260710 13:19:31.583565 17594 tablet_bootstrap.cc:492] T 6e93b3e4abc34824ba7f5b693f6e3e32 P 3cde527ceeb24b3d97c3727b2ce1ef8c: Bootstrap starting.
I20260710 13:19:31.584779 17384 tablet_service.cc:1511] Processing CreateTablet for tablet 1ceefec8da2741e98f302bdf7f214d23 (DEFAULT_TABLE table=test-workload [id=ac464c5d9cbb476db6740abffbacb1e5]), partition=RANGE (key) PARTITION 984263335 <= VALUES < 1073741820
I20260710 13:19:31.609405 17384 data_dirs.cc:400] Could only allocate 1 dirs of requested 3 for tablet 1ceefec8da2741e98f302bdf7f214d23. 1 dirs total, 0 dirs full, 0 dirs failed
I20260710 13:19:31.617928 17465 tablet_service.cc:1511] Processing CreateTablet for tablet 0b2b815781234757b0488a5316ca0f60 (DEFAULT_TABLE table=test-workload [id=ac464c5d9cbb476db6740abffbacb1e5]), partition=RANGE (key) PARTITION 268435455 <= VALUES < 357913940
I20260710 13:19:31.620075 17465 data_dirs.cc:400] Could only allocate 1 dirs of requested 3 for tablet 0b2b815781234757b0488a5316ca0f60. 1 dirs total, 0 dirs full, 0 dirs failed
I20260710 13:19:31.620316 17464 tablet_service.cc:1511] Processing CreateTablet for tablet aeefe2654a6742ceabc84d00136cc5eb (DEFAULT_TABLE table=test-workload [id=ac464c5d9cbb476db6740abffbacb1e5]), partition=RANGE (key) PARTITION 357913940 <= VALUES < 447392425
I20260710 13:19:31.621549 17464 data_dirs.cc:400] Could only allocate 1 dirs of requested 3 for tablet aeefe2654a6742ceabc84d00136cc5eb. 1 dirs total, 0 dirs full, 0 dirs failed
I20260710 13:19:31.622159 17539 tablet_service.cc:1511] Processing CreateTablet for tablet 0a545152b8334392a8626c637c6e6cf3 (DEFAULT_TABLE table=test-workload [id=ac464c5d9cbb476db6740abffbacb1e5]), partition=RANGE (key) PARTITION 1700091215 <= VALUES < 1789569700
I20260710 13:19:31.623327 17539 data_dirs.cc:400] Could only allocate 1 dirs of requested 3 for tablet 0a545152b8334392a8626c637c6e6cf3. 1 dirs total, 0 dirs full, 0 dirs failed
I20260710 13:19:31.627246 17461 tablet_service.cc:1511] Processing CreateTablet for tablet 99df0caa984d4baa85227e3f7a8846b5 (DEFAULT_TABLE table=test-workload [id=ac464c5d9cbb476db6740abffbacb1e5]), partition=RANGE (key) PARTITION 626349395 <= VALUES < 715827880
I20260710 13:19:31.627489 17538 tablet_service.cc:1511] Processing CreateTablet for tablet 06adf0b53ffc4c58851e1214dc2f6fba (DEFAULT_TABLE table=test-workload [id=ac464c5d9cbb476db6740abffbacb1e5]), partition=RANGE (key) PARTITION 1789569700 <= VALUES < 1879048185
I20260710 13:19:31.629222 17461 data_dirs.cc:400] Could only allocate 1 dirs of requested 3 for tablet 99df0caa984d4baa85227e3f7a8846b5. 1 dirs total, 0 dirs full, 0 dirs failed
I20260710 13:19:31.629110 17459 tablet_service.cc:1511] Processing CreateTablet for tablet 396f3823bb26458aac40db15fa04a1f9 (DEFAULT_TABLE table=test-workload [id=ac464c5d9cbb476db6740abffbacb1e5]), partition=RANGE (key) PARTITION 805306365 <= VALUES < 894784850
I20260710 13:19:31.634055 17538 data_dirs.cc:400] Could only allocate 1 dirs of requested 3 for tablet 06adf0b53ffc4c58851e1214dc2f6fba. 1 dirs total, 0 dirs full, 0 dirs failed
I20260710 13:19:31.633991 17460 tablet_service.cc:1511] Processing CreateTablet for tablet 6e93b3e4abc34824ba7f5b693f6e3e32 (DEFAULT_TABLE table=test-workload [id=ac464c5d9cbb476db6740abffbacb1e5]), partition=RANGE (key) PARTITION 715827880 <= VALUES < 805306365
I20260710 13:19:31.634393 17463 tablet_service.cc:1511] Processing CreateTablet for tablet 51d7623adfce43e59c4ac304024463ad (DEFAULT_TABLE table=test-workload [id=ac464c5d9cbb476db6740abffbacb1e5]), partition=RANGE (key) PARTITION 447392425 <= VALUES < 536870910
I20260710 13:19:31.635296 17460 data_dirs.cc:400] Could only allocate 1 dirs of requested 3 for tablet 6e93b3e4abc34824ba7f5b693f6e3e32. 1 dirs total, 0 dirs full, 0 dirs failed
I20260710 13:19:31.636509 17462 tablet_service.cc:1511] Processing CreateTablet for tablet 391cf6bc86814836a4ea575d348f07cc (DEFAULT_TABLE table=test-workload [id=ac464c5d9cbb476db6740abffbacb1e5]), partition=RANGE (key) PARTITION 536870910 <= VALUES < 626349395
I20260710 13:19:31.637069 17463 data_dirs.cc:400] Could only allocate 1 dirs of requested 3 for tablet 51d7623adfce43e59c4ac304024463ad. 1 dirs total, 0 dirs full, 0 dirs failed
I20260710 13:19:31.639118 17459 data_dirs.cc:400] Could only allocate 1 dirs of requested 3 for tablet 396f3823bb26458aac40db15fa04a1f9. 1 dirs total, 0 dirs full, 0 dirs failed
I20260710 13:19:31.640385 17462 data_dirs.cc:400] Could only allocate 1 dirs of requested 3 for tablet 391cf6bc86814836a4ea575d348f07cc. 1 dirs total, 0 dirs full, 0 dirs failed
I20260710 13:19:31.642598 17595 raft_consensus.cc:493] T e90c81e2e95443068bb4f5d927594af2 P 60be285de5c9403aa6e1ed8d8f40930c [term 0 FOLLOWER]: Starting pre-election (no leader contacted us within the election timeout)
I20260710 13:19:31.643036 17595 raft_consensus.cc:515] T e90c81e2e95443068bb4f5d927594af2 P 60be285de5c9403aa6e1ed8d8f40930c [term 0 FOLLOWER]: Starting pre-election with config: opid_index: -1 OBSOLETE_local: false peers { permanent_uuid: "3cde527ceeb24b3d97c3727b2ce1ef8c" member_type: VOTER last_known_addr { host: "127.15.233.65" port: 46859 } } peers { permanent_uuid: "fdf5f87428c349fdaf6b6d6e3e36f0c7" member_type: VOTER last_known_addr { host: "127.15.233.66" port: 43897 } } peers { permanent_uuid: "60be285de5c9403aa6e1ed8d8f40930c" member_type: VOTER last_known_addr { host: "127.15.233.67" port: 34943 } }
I20260710 13:19:31.648070 17595 leader_election.cc:290] T e90c81e2e95443068bb4f5d927594af2 P 60be285de5c9403aa6e1ed8d8f40930c [CANDIDATE]: Term 1 pre-election: Requested pre-vote from peers 3cde527ceeb24b3d97c3727b2ce1ef8c (127.15.233.65:46859), fdf5f87428c349fdaf6b6d6e3e36f0c7 (127.15.233.66:43897)
I20260710 13:19:31.652947 17386 tablet_service.cc:1511] Processing CreateTablet for tablet 2f73dee18180425ab84113703b854dbf (DEFAULT_TABLE table=test-workload [id=ac464c5d9cbb476db6740abffbacb1e5]), partition=RANGE (key) PARTITION 1163220305 <= VALUES < 1252698790
I20260710 13:19:31.654171 17386 data_dirs.cc:400] Could only allocate 1 dirs of requested 3 for tablet 2f73dee18180425ab84113703b854dbf. 1 dirs total, 0 dirs full, 0 dirs failed
I20260710 13:19:31.663028 17393 tablet_service.cc:1511] Processing CreateTablet for tablet 633385cbc242484fa233e474ec3bdf37 (DEFAULT_TABLE table=test-workload [id=ac464c5d9cbb476db6740abffbacb1e5]), partition=RANGE (key) PARTITION 1252698790 <= VALUES < 1342177275
I20260710 13:19:31.664256 17393 data_dirs.cc:400] Could only allocate 1 dirs of requested 3 for tablet 633385cbc242484fa233e474ec3bdf37. 1 dirs total, 0 dirs full, 0 dirs failed
W20260710 13:19:31.664297 17518 leader_election.cc:343] T e90c81e2e95443068bb4f5d927594af2 P 60be285de5c9403aa6e1ed8d8f40930c [CANDIDATE]: Term 1 pre-election: Tablet error from VoteRequest() call to peer 3cde527ceeb24b3d97c3727b2ce1ef8c (127.15.233.65:46859): Not found: Tablet not found: e90c81e2e95443068bb4f5d927594af2
I20260710 13:19:31.672560 17391 tablet_service.cc:1511] Processing CreateTablet for tablet a8ce6152a69141a6af5fc4fa7210007d (DEFAULT_TABLE table=test-workload [id=ac464c5d9cbb476db6740abffbacb1e5]), partition=RANGE (key) PARTITION 1342177275 <= VALUES < 1431655760
I20260710 13:19:31.673847 17391 data_dirs.cc:400] Could only allocate 1 dirs of requested 3 for tablet a8ce6152a69141a6af5fc4fa7210007d. 1 dirs total, 0 dirs full, 0 dirs failed
I20260710 13:19:31.683966 17468 tablet_service.cc:1511] Processing CreateTablet for tablet 881ae289574b428096de60eb9715ce05 (DEFAULT_TABLE table=test-workload [id=ac464c5d9cbb476db6740abffbacb1e5]), partition=RANGE (key) PARTITION 894784850 <= VALUES < 984263335
I20260710 13:19:31.693528 17533 tablet_service.cc:1511] Processing CreateTablet for tablet 8c3f1b2b388c46669a00a91c1c40ae23 (DEFAULT_TABLE table=test-workload [id=ac464c5d9cbb476db6740abffbacb1e5]), partition=RANGE (key) PARTITION 1879048185 <= VALUES < 1968526670
I20260710 13:19:31.694932 17533 data_dirs.cc:400] Could only allocate 1 dirs of requested 3 for tablet 8c3f1b2b388c46669a00a91c1c40ae23. 1 dirs total, 0 dirs full, 0 dirs failed
I20260710 13:19:31.697749 17393 tablet_service.cc:1511] Processing CreateTablet for tablet 8429c361625c446a8e45220e2d49f792 (DEFAULT_TABLE table=test-workload [id=ac464c5d9cbb476db6740abffbacb1e5]), partition=RANGE (key) PARTITION 1521134245 <= VALUES < 1610612730
I20260710 13:19:31.699081 17393 data_dirs.cc:400] Could only allocate 1 dirs of requested 3 for tablet 8429c361625c446a8e45220e2d49f792. 1 dirs total, 0 dirs full, 0 dirs failed
I20260710 13:19:31.702426 17388 tablet_service.cc:1511] Processing CreateTablet for tablet e95f93c20bcd42769969ba8f7ccf26a8 (DEFAULT_TABLE table=test-workload [id=ac464c5d9cbb476db6740abffbacb1e5]), partition=RANGE (key) PARTITION 1610612730 <= VALUES < 1700091215
I20260710 13:19:31.715538 17594 tablet_bootstrap.cc:654] T 6e93b3e4abc34824ba7f5b693f6e3e32 P 3cde527ceeb24b3d97c3727b2ce1ef8c: Neither blocks nor log segments found. Creating new log.
I20260710 13:19:31.724516 17592 tablet_bootstrap.cc:654] T a624f9d6bb714033bbb6c20234b46308 P 60be285de5c9403aa6e1ed8d8f40930c: Neither blocks nor log segments found. Creating new log.
I20260710 13:19:31.728312 17539 tablet_service.cc:1511] Processing CreateTablet for tablet 1926367118db47268127e2f8d70ed539 (DEFAULT_TABLE table=test-workload [id=ac464c5d9cbb476db6740abffbacb1e5]), partition=RANGE (key) PARTITION 1968526670 <= VALUES < 2058005155
I20260710 13:19:31.729741 17539 data_dirs.cc:400] Could only allocate 1 dirs of requested 3 for tablet 1926367118db47268127e2f8d70ed539. 1 dirs total, 0 dirs full, 0 dirs failed
I20260710 13:19:31.732307 17468 data_dirs.cc:400] Could only allocate 1 dirs of requested 3 for tablet 881ae289574b428096de60eb9715ce05. 1 dirs total, 0 dirs full, 0 dirs failed
I20260710 13:19:31.749550 17390 tablet_service.cc:1511] Processing CreateTablet for tablet f02409aa98c042efaaff64ef9fe5605b (DEFAULT_TABLE table=test-workload [id=ac464c5d9cbb476db6740abffbacb1e5]), partition=RANGE (key) PARTITION 1431655760 <= VALUES < 1521134245
I20260710 13:19:31.750854 17388 data_dirs.cc:400] Could only allocate 1 dirs of requested 3 for tablet e95f93c20bcd42769969ba8f7ccf26a8. 1 dirs total, 0 dirs full, 0 dirs failed
I20260710 13:19:31.761955 17597 tablet_bootstrap.cc:492] T e90c81e2e95443068bb4f5d927594af2 P fdf5f87428c349fdaf6b6d6e3e36f0c7: Bootstrap starting.
I20260710 13:19:31.763259 17467 tablet_service.cc:1511] Processing CreateTablet for tablet 1ceefec8da2741e98f302bdf7f214d23 (DEFAULT_TABLE table=test-workload [id=ac464c5d9cbb476db6740abffbacb1e5]), partition=RANGE (key) PARTITION 984263335 <= VALUES < 1073741820
I20260710 13:19:31.764504 17467 data_dirs.cc:400] Could only allocate 1 dirs of requested 3 for tablet 1ceefec8da2741e98f302bdf7f214d23. 1 dirs total, 0 dirs full, 0 dirs failed
I20260710 13:19:31.766875 17392 tablet_service.cc:1511] Processing CreateTablet for tablet 0a545152b8334392a8626c637c6e6cf3 (DEFAULT_TABLE table=test-workload [id=ac464c5d9cbb476db6740abffbacb1e5]), partition=RANGE (key) PARTITION 1700091215 <= VALUES < 1789569700
I20260710 13:19:31.768026 17392 data_dirs.cc:400] Could only allocate 1 dirs of requested 3 for tablet 0a545152b8334392a8626c637c6e6cf3. 1 dirs total, 0 dirs full, 0 dirs failed
I20260710 13:19:31.770252 17385 tablet_service.cc:1511] Processing CreateTablet for tablet 06adf0b53ffc4c58851e1214dc2f6fba (DEFAULT_TABLE table=test-workload [id=ac464c5d9cbb476db6740abffbacb1e5]), partition=RANGE (key) PARTITION 1789569700 <= VALUES < 1879048185
I20260710 13:19:31.771458 17385 data_dirs.cc:400] Could only allocate 1 dirs of requested 3 for tablet 06adf0b53ffc4c58851e1214dc2f6fba. 1 dirs total, 0 dirs full, 0 dirs failed
I20260710 13:19:31.772059 17466 tablet_service.cc:1511] Processing CreateTablet for tablet 0edf7b10906748d7898536c2e732c1c3 (DEFAULT_TABLE table=test-workload [id=ac464c5d9cbb476db6740abffbacb1e5]), partition=RANGE (key) PARTITION 1073741820 <= VALUES < 1163220305
I20260710 13:19:31.772634 17478 tablet_service.cc:1917] Received RequestConsensusVote() RPC: tablet_id: "e90c81e2e95443068bb4f5d927594af2" candidate_uuid: "60be285de5c9403aa6e1ed8d8f40930c" candidate_term: 1 candidate_status { last_received { term: 0 index: 0 } } ignore_live_leader: false dest_uuid: "fdf5f87428c349fdaf6b6d6e3e36f0c7" is_pre_election: true
I20260710 13:19:31.773097 17390 data_dirs.cc:400] Could only allocate 1 dirs of requested 3 for tablet f02409aa98c042efaaff64ef9fe5605b. 1 dirs total, 0 dirs full, 0 dirs failed
W20260710 13:19:31.775098 17516 leader_election.cc:343] T e90c81e2e95443068bb4f5d927594af2 P 60be285de5c9403aa6e1ed8d8f40930c [CANDIDATE]: Term 1 pre-election: Tablet error from VoteRequest() call to peer fdf5f87428c349fdaf6b6d6e3e36f0c7 (127.15.233.66:43897): Illegal state: must be running to vote when last-logged opid is not known
I20260710 13:19:31.775571 17516 leader_election.cc:304] T e90c81e2e95443068bb4f5d927594af2 P 60be285de5c9403aa6e1ed8d8f40930c [CANDIDATE]: Term 1 pre-election: Election decided. Result: candidate lost. Election summary: received 3 responses out of 3 voters: 1 yes votes; 2 no votes. yes voters: 60be285de5c9403aa6e1ed8d8f40930c; no voters: 3cde527ceeb24b3d97c3727b2ce1ef8c, fdf5f87428c349fdaf6b6d6e3e36f0c7
I20260710 13:19:31.776394 17595 raft_consensus.cc:2749] T e90c81e2e95443068bb4f5d927594af2 P 60be285de5c9403aa6e1ed8d8f40930c [term 0 FOLLOWER]: Leader pre-election lost for term 1. Reason: could not achieve majority
I20260710 13:19:31.780408 17467 tablet_service.cc:1511] Processing CreateTablet for tablet 8c3f1b2b388c46669a00a91c1c40ae23 (DEFAULT_TABLE table=test-workload [id=ac464c5d9cbb476db6740abffbacb1e5]), partition=RANGE (key) PARTITION 1879048185 <= VALUES < 1968526670
I20260710 13:19:31.781569 17467 data_dirs.cc:400] Could only allocate 1 dirs of requested 3 for tablet 8c3f1b2b388c46669a00a91c1c40ae23. 1 dirs total, 0 dirs full, 0 dirs failed
I20260710 13:19:31.783502 17460 tablet_service.cc:1511] Processing CreateTablet for tablet 2f73dee18180425ab84113703b854dbf (DEFAULT_TABLE table=test-workload [id=ac464c5d9cbb476db6740abffbacb1e5]), partition=RANGE (key) PARTITION 1163220305 <= VALUES < 1252698790
I20260710 13:19:31.785991 17387 tablet_service.cc:1511] Processing CreateTablet for tablet 8c3f1b2b388c46669a00a91c1c40ae23 (DEFAULT_TABLE table=test-workload [id=ac464c5d9cbb476db6740abffbacb1e5]), partition=RANGE (key) PARTITION 1879048185 <= VALUES < 1968526670
I20260710 13:19:31.787194 17387 data_dirs.cc:400] Could only allocate 1 dirs of requested 3 for tablet 8c3f1b2b388c46669a00a91c1c40ae23. 1 dirs total, 0 dirs full, 0 dirs failed
I20260710 13:19:31.788422 17389 tablet_service.cc:1511] Processing CreateTablet for tablet 1926367118db47268127e2f8d70ed539 (DEFAULT_TABLE table=test-workload [id=ac464c5d9cbb476db6740abffbacb1e5]), partition=RANGE (key) PARTITION 1968526670 <= VALUES < 2058005155
I20260710 13:19:31.794725 17460 data_dirs.cc:400] Could only allocate 1 dirs of requested 3 for tablet 2f73dee18180425ab84113703b854dbf. 1 dirs total, 0 dirs full, 0 dirs failed
I20260710 13:19:31.805153 17384 tablet_service.cc:1511] Processing CreateTablet for tablet a6c58a3a201a49a6ba5b1485cb872bef (DEFAULT_TABLE table=test-workload [id=ac464c5d9cbb476db6740abffbacb1e5]), partition=RANGE (key) PARTITION 2058005155 <= VALUES
I20260710 13:19:31.806617 17384 data_dirs.cc:400] Could only allocate 1 dirs of requested 3 for tablet a6c58a3a201a49a6ba5b1485cb872bef. 1 dirs total, 0 dirs full, 0 dirs failed
I20260710 13:19:31.811982 17465 tablet_service.cc:1511] Processing CreateTablet for tablet a8ce6152a69141a6af5fc4fa7210007d (DEFAULT_TABLE table=test-workload [id=ac464c5d9cbb476db6740abffbacb1e5]), partition=RANGE (key) PARTITION 1342177275 <= VALUES < 1431655760
I20260710 13:19:31.794127 17464 tablet_service.cc:1511] Processing CreateTablet for tablet 633385cbc242484fa233e474ec3bdf37 (DEFAULT_TABLE table=test-workload [id=ac464c5d9cbb476db6740abffbacb1e5]), partition=RANGE (key) PARTITION 1252698790 <= VALUES < 1342177275
I20260710 13:19:31.818293 17389 data_dirs.cc:400] Could only allocate 1 dirs of requested 3 for tablet 1926367118db47268127e2f8d70ed539. 1 dirs total, 0 dirs full, 0 dirs failed
I20260710 13:19:31.822881 17592 tablet_bootstrap.cc:492] T a624f9d6bb714033bbb6c20234b46308 P 60be285de5c9403aa6e1ed8d8f40930c: No bootstrap required, opened a new log
I20260710 13:19:31.823381 17592 ts_tablet_manager.cc:1403] T a624f9d6bb714033bbb6c20234b46308 P 60be285de5c9403aa6e1ed8d8f40930c: Time spent bootstrapping tablet: real 0.233s	user 0.008s	sys 0.006s
I20260710 13:19:31.824090 17597 tablet_bootstrap.cc:654] T e90c81e2e95443068bb4f5d927594af2 P fdf5f87428c349fdaf6b6d6e3e36f0c7: Neither blocks nor log segments found. Creating new log.
I20260710 13:19:31.821261 17466 data_dirs.cc:400] Could only allocate 1 dirs of requested 3 for tablet 0edf7b10906748d7898536c2e732c1c3. 1 dirs total, 0 dirs full, 0 dirs failed
I20260710 13:19:31.831113 17538 tablet_service.cc:1511] Processing CreateTablet for tablet a6c58a3a201a49a6ba5b1485cb872bef (DEFAULT_TABLE table=test-workload [id=ac464c5d9cbb476db6740abffbacb1e5]), partition=RANGE (key) PARTITION 2058005155 <= VALUES
I20260710 13:19:31.832147 17538 data_dirs.cc:400] Could only allocate 1 dirs of requested 3 for tablet a6c58a3a201a49a6ba5b1485cb872bef. 1 dirs total, 0 dirs full, 0 dirs failed
I20260710 13:19:31.838191 17592 raft_consensus.cc:359] T a624f9d6bb714033bbb6c20234b46308 P 60be285de5c9403aa6e1ed8d8f40930c [term 0 FOLLOWER]: Replica starting. Triggering 0 pending ops. Active config: opid_index: -1 OBSOLETE_local: false peers { permanent_uuid: "3cde527ceeb24b3d97c3727b2ce1ef8c" member_type: VOTER last_known_addr { host: "127.15.233.65" port: 46859 } } peers { permanent_uuid: "60be285de5c9403aa6e1ed8d8f40930c" member_type: VOTER last_known_addr { host: "127.15.233.67" port: 34943 } } peers { permanent_uuid: "fdf5f87428c349fdaf6b6d6e3e36f0c7" member_type: VOTER last_known_addr { host: "127.15.233.66" port: 43897 } }
I20260710 13:19:31.838940 17592 raft_consensus.cc:385] T a624f9d6bb714033bbb6c20234b46308 P 60be285de5c9403aa6e1ed8d8f40930c [term 0 FOLLOWER]: Consensus starting up: Expiring failure detector timer to make a prompt election more likely
I20260710 13:19:31.839219 17592 raft_consensus.cc:740] T a624f9d6bb714033bbb6c20234b46308 P 60be285de5c9403aa6e1ed8d8f40930c [term 0 FOLLOWER]: Becoming Follower/Learner. State: Replica: 60be285de5c9403aa6e1ed8d8f40930c, State: Initialized, Role: FOLLOWER
I20260710 13:19:31.844624 17459 tablet_service.cc:1511] Processing CreateTablet for tablet 8429c361625c446a8e45220e2d49f792 (DEFAULT_TABLE table=test-workload [id=ac464c5d9cbb476db6740abffbacb1e5]), partition=RANGE (key) PARTITION 1521134245 <= VALUES < 1610612730
I20260710 13:19:31.845950 17459 data_dirs.cc:400] Could only allocate 1 dirs of requested 3 for tablet 8429c361625c446a8e45220e2d49f792. 1 dirs total, 0 dirs full, 0 dirs failed
I20260710 13:19:31.849248 17463 tablet_service.cc:1511] Processing CreateTablet for tablet e95f93c20bcd42769969ba8f7ccf26a8 (DEFAULT_TABLE table=test-workload [id=ac464c5d9cbb476db6740abffbacb1e5]), partition=RANGE (key) PARTITION 1610612730 <= VALUES < 1700091215
I20260710 13:19:31.850418 17463 data_dirs.cc:400] Could only allocate 1 dirs of requested 3 for tablet e95f93c20bcd42769969ba8f7ccf26a8. 1 dirs total, 0 dirs full, 0 dirs failed
I20260710 13:19:31.854297 17594 tablet_bootstrap.cc:492] T 6e93b3e4abc34824ba7f5b693f6e3e32 P 3cde527ceeb24b3d97c3727b2ce1ef8c: No bootstrap required, opened a new log
I20260710 13:19:31.854758 17594 ts_tablet_manager.cc:1403] T 6e93b3e4abc34824ba7f5b693f6e3e32 P 3cde527ceeb24b3d97c3727b2ce1ef8c: Time spent bootstrapping tablet: real 0.271s	user 0.008s	sys 0.021s
I20260710 13:19:31.857347 17464 data_dirs.cc:400] Could only allocate 1 dirs of requested 3 for tablet 633385cbc242484fa233e474ec3bdf37. 1 dirs total, 0 dirs full, 0 dirs failed
I20260710 13:19:31.861171 17465 data_dirs.cc:400] Could only allocate 1 dirs of requested 3 for tablet a8ce6152a69141a6af5fc4fa7210007d. 1 dirs total, 0 dirs full, 0 dirs failed
I20260710 13:19:31.863471 17462 tablet_service.cc:1511] Processing CreateTablet for tablet 0a545152b8334392a8626c637c6e6cf3 (DEFAULT_TABLE table=test-workload [id=ac464c5d9cbb476db6740abffbacb1e5]), partition=RANGE (key) PARTITION 1700091215 <= VALUES < 1789569700
I20260710 13:19:31.866616 17461 tablet_service.cc:1511] Processing CreateTablet for tablet 06adf0b53ffc4c58851e1214dc2f6fba (DEFAULT_TABLE table=test-workload [id=ac464c5d9cbb476db6740abffbacb1e5]), partition=RANGE (key) PARTITION 1789569700 <= VALUES < 1879048185
I20260710 13:19:31.869261 17467 tablet_service.cc:1511] Processing CreateTablet for tablet f02409aa98c042efaaff64ef9fe5605b (DEFAULT_TABLE table=test-workload [id=ac464c5d9cbb476db6740abffbacb1e5]), partition=RANGE (key) PARTITION 1431655760 <= VALUES < 1521134245
I20260710 13:19:31.839932 17592 consensus_queue.cc:260] T a624f9d6bb714033bbb6c20234b46308 P 60be285de5c9403aa6e1ed8d8f40930c [NON_LEADER]: Queue going to NON_LEADER mode. State: All replicated index: 0, Majority replicated index: 0, Committed index: 0, Last appended: 0.0, Last appended by leader: 0, Current term: 0, Majority size: -1, State: 0, Mode: NON_LEADER, active raft config: opid_index: -1 OBSOLETE_local: false peers { permanent_uuid: "3cde527ceeb24b3d97c3727b2ce1ef8c" member_type: VOTER last_known_addr { host: "127.15.233.65" port: 46859 } } peers { permanent_uuid: "60be285de5c9403aa6e1ed8d8f40930c" member_type: VOTER last_known_addr { host: "127.15.233.67" port: 34943 } } peers { permanent_uuid: "fdf5f87428c349fdaf6b6d6e3e36f0c7" member_type: VOTER last_known_addr { host: "127.15.233.66" port: 43897 } }
I20260710 13:19:31.874023 17594 raft_consensus.cc:359] T 6e93b3e4abc34824ba7f5b693f6e3e32 P 3cde527ceeb24b3d97c3727b2ce1ef8c [term 0 FOLLOWER]: Replica starting. Triggering 0 pending ops. Active config: opid_index: -1 OBSOLETE_local: false peers { permanent_uuid: "3cde527ceeb24b3d97c3727b2ce1ef8c" member_type: VOTER last_known_addr { host: "127.15.233.65" port: 46859 } } peers { permanent_uuid: "fdf5f87428c349fdaf6b6d6e3e36f0c7" member_type: VOTER last_known_addr { host: "127.15.233.66" port: 43897 } } peers { permanent_uuid: "60be285de5c9403aa6e1ed8d8f40930c" member_type: VOTER last_known_addr { host: "127.15.233.67" port: 34943 } }
I20260710 13:19:31.874727 17594 raft_consensus.cc:385] T 6e93b3e4abc34824ba7f5b693f6e3e32 P 3cde527ceeb24b3d97c3727b2ce1ef8c [term 0 FOLLOWER]: Consensus starting up: Expiring failure detector timer to make a prompt election more likely
I20260710 13:19:31.874930 17592 ts_tablet_manager.cc:1434] T a624f9d6bb714033bbb6c20234b46308 P 60be285de5c9403aa6e1ed8d8f40930c: Time spent starting tablet: real 0.051s	user 0.006s	sys 0.001s
I20260710 13:19:31.874861 17468 tablet_service.cc:1511] Processing CreateTablet for tablet 1926367118db47268127e2f8d70ed539 (DEFAULT_TABLE table=test-workload [id=ac464c5d9cbb476db6740abffbacb1e5]), partition=RANGE (key) PARTITION 1968526670 <= VALUES < 2058005155
I20260710 13:19:31.875923 17592 tablet_bootstrap.cc:492] T aeefe2654a6742ceabc84d00136cc5eb P 60be285de5c9403aa6e1ed8d8f40930c: Bootstrap starting.
I20260710 13:19:31.880012 17595 raft_consensus.cc:493] T a624f9d6bb714033bbb6c20234b46308 P 60be285de5c9403aa6e1ed8d8f40930c [term 0 FOLLOWER]: Starting pre-election (no leader contacted us within the election timeout)
I20260710 13:19:31.881054 17595 raft_consensus.cc:515] T a624f9d6bb714033bbb6c20234b46308 P 60be285de5c9403aa6e1ed8d8f40930c [term 0 FOLLOWER]: Starting pre-election with config: opid_index: -1 OBSOLETE_local: false peers { permanent_uuid: "3cde527ceeb24b3d97c3727b2ce1ef8c" member_type: VOTER last_known_addr { host: "127.15.233.65" port: 46859 } } peers { permanent_uuid: "60be285de5c9403aa6e1ed8d8f40930c" member_type: VOTER last_known_addr { host: "127.15.233.67" port: 34943 } } peers { permanent_uuid: "fdf5f87428c349fdaf6b6d6e3e36f0c7" member_type: VOTER last_known_addr { host: "127.15.233.66" port: 43897 } }
I20260710 13:19:31.883430 17595 leader_election.cc:290] T a624f9d6bb714033bbb6c20234b46308 P 60be285de5c9403aa6e1ed8d8f40930c [CANDIDATE]: Term 1 pre-election: Requested pre-vote from peers 3cde527ceeb24b3d97c3727b2ce1ef8c (127.15.233.65:46859), fdf5f87428c349fdaf6b6d6e3e36f0c7 (127.15.233.66:43897)
I20260710 13:19:31.883814 17594 raft_consensus.cc:740] T 6e93b3e4abc34824ba7f5b693f6e3e32 P 3cde527ceeb24b3d97c3727b2ce1ef8c [term 0 FOLLOWER]: Becoming Follower/Learner. State: Replica: 3cde527ceeb24b3d97c3727b2ce1ef8c, State: Initialized, Role: FOLLOWER
I20260710 13:19:31.884188 17403 tablet_service.cc:1917] Received RequestConsensusVote() RPC: tablet_id: "a624f9d6bb714033bbb6c20234b46308" candidate_uuid: "60be285de5c9403aa6e1ed8d8f40930c" candidate_term: 1 candidate_status { last_received { term: 0 index: 0 } } ignore_live_leader: false dest_uuid: "3cde527ceeb24b3d97c3727b2ce1ef8c" is_pre_election: true
I20260710 13:19:31.884538 17594 consensus_queue.cc:260] T 6e93b3e4abc34824ba7f5b693f6e3e32 P 3cde527ceeb24b3d97c3727b2ce1ef8c [NON_LEADER]: Queue going to NON_LEADER mode. State: All replicated index: 0, Majority replicated index: 0, Committed index: 0, Last appended: 0.0, Last appended by leader: 0, Current term: 0, Majority size: -1, State: 0, Mode: NON_LEADER, active raft config: opid_index: -1 OBSOLETE_local: false peers { permanent_uuid: "3cde527ceeb24b3d97c3727b2ce1ef8c" member_type: VOTER last_known_addr { host: "127.15.233.65" port: 46859 } } peers { permanent_uuid: "fdf5f87428c349fdaf6b6d6e3e36f0c7" member_type: VOTER last_known_addr { host: "127.15.233.66" port: 43897 } } peers { permanent_uuid: "60be285de5c9403aa6e1ed8d8f40930c" member_type: VOTER last_known_addr { host: "127.15.233.67" port: 34943 } }
W20260710 13:19:31.887029 17518 leader_election.cc:343] T a624f9d6bb714033bbb6c20234b46308 P 60be285de5c9403aa6e1ed8d8f40930c [CANDIDATE]: Term 1 pre-election: Tablet error from VoteRequest() call to peer 3cde527ceeb24b3d97c3727b2ce1ef8c (127.15.233.65:46859): Illegal state: must be running to vote when last-logged opid is not known
I20260710 13:19:31.888634 17478 tablet_service.cc:1917] Received RequestConsensusVote() RPC: tablet_id: "a624f9d6bb714033bbb6c20234b46308" candidate_uuid: "60be285de5c9403aa6e1ed8d8f40930c" candidate_term: 1 candidate_status { last_received { term: 0 index: 0 } } ignore_live_leader: false dest_uuid: "fdf5f87428c349fdaf6b6d6e3e36f0c7" is_pre_election: true
W20260710 13:19:31.891343 17516 leader_election.cc:343] T a624f9d6bb714033bbb6c20234b46308 P 60be285de5c9403aa6e1ed8d8f40930c [CANDIDATE]: Term 1 pre-election: Tablet error from VoteRequest() call to peer fdf5f87428c349fdaf6b6d6e3e36f0c7 (127.15.233.66:43897): Illegal state: must be running to vote when last-logged opid is not known
I20260710 13:19:31.891812 17516 leader_election.cc:304] T a624f9d6bb714033bbb6c20234b46308 P 60be285de5c9403aa6e1ed8d8f40930c [CANDIDATE]: Term 1 pre-election: Election decided. Result: candidate lost. Election summary: received 3 responses out of 3 voters: 1 yes votes; 2 no votes. yes voters: 60be285de5c9403aa6e1ed8d8f40930c; no voters: 3cde527ceeb24b3d97c3727b2ce1ef8c, fdf5f87428c349fdaf6b6d6e3e36f0c7
I20260710 13:19:31.892556 17595 raft_consensus.cc:2749] T a624f9d6bb714033bbb6c20234b46308 P 60be285de5c9403aa6e1ed8d8f40930c [term 0 FOLLOWER]: Leader pre-election lost for term 1. Reason: could not achieve majority
I20260710 13:19:31.890046 17462 data_dirs.cc:400] Could only allocate 1 dirs of requested 3 for tablet 0a545152b8334392a8626c637c6e6cf3. 1 dirs total, 0 dirs full, 0 dirs failed
I20260710 13:19:31.895148 17461 data_dirs.cc:400] Could only allocate 1 dirs of requested 3 for tablet 06adf0b53ffc4c58851e1214dc2f6fba. 1 dirs total, 0 dirs full, 0 dirs failed
I20260710 13:19:31.895985 17467 data_dirs.cc:400] Could only allocate 1 dirs of requested 3 for tablet f02409aa98c042efaaff64ef9fe5605b. 1 dirs total, 0 dirs full, 0 dirs failed
I20260710 13:19:31.898690 17468 data_dirs.cc:400] Could only allocate 1 dirs of requested 3 for tablet 1926367118db47268127e2f8d70ed539. 1 dirs total, 0 dirs full, 0 dirs failed
I20260710 13:19:31.901717 17594 ts_tablet_manager.cc:1434] T 6e93b3e4abc34824ba7f5b693f6e3e32 P 3cde527ceeb24b3d97c3727b2ce1ef8c: Time spent starting tablet: real 0.047s	user 0.010s	sys 0.011s
I20260710 13:19:31.902480 17428 heartbeater.cc:499] Master 127.15.233.126:38085 was elected leader, sending a full tablet report...
I20260710 13:19:31.903985 17459 tablet_service.cc:1511] Processing CreateTablet for tablet a6c58a3a201a49a6ba5b1485cb872bef (DEFAULT_TABLE table=test-workload [id=ac464c5d9cbb476db6740abffbacb1e5]), partition=RANGE (key) PARTITION 2058005155 <= VALUES
I20260710 13:19:31.911334 17592 tablet_bootstrap.cc:654] T aeefe2654a6742ceabc84d00136cc5eb P 60be285de5c9403aa6e1ed8d8f40930c: Neither blocks nor log segments found. Creating new log.
I20260710 13:19:31.911770 17594 tablet_bootstrap.cc:492] T 391cf6bc86814836a4ea575d348f07cc P 3cde527ceeb24b3d97c3727b2ce1ef8c: Bootstrap starting.
I20260710 13:19:31.921196 17594 tablet_bootstrap.cc:654] T 391cf6bc86814836a4ea575d348f07cc P 3cde527ceeb24b3d97c3727b2ce1ef8c: Neither blocks nor log segments found. Creating new log.
I20260710 13:19:31.934576 17597 tablet_bootstrap.cc:492] T e90c81e2e95443068bb4f5d927594af2 P fdf5f87428c349fdaf6b6d6e3e36f0c7: No bootstrap required, opened a new log
I20260710 13:19:31.935098 17597 ts_tablet_manager.cc:1403] T e90c81e2e95443068bb4f5d927594af2 P fdf5f87428c349fdaf6b6d6e3e36f0c7: Time spent bootstrapping tablet: real 0.174s	user 0.011s	sys 0.000s
I20260710 13:19:31.937799 17597 raft_consensus.cc:359] T e90c81e2e95443068bb4f5d927594af2 P fdf5f87428c349fdaf6b6d6e3e36f0c7 [term 0 FOLLOWER]: Replica starting. Triggering 0 pending ops. Active config: opid_index: -1 OBSOLETE_local: false peers { permanent_uuid: "3cde527ceeb24b3d97c3727b2ce1ef8c" member_type: VOTER last_known_addr { host: "127.15.233.65" port: 46859 } } peers { permanent_uuid: "fdf5f87428c349fdaf6b6d6e3e36f0c7" member_type: VOTER last_known_addr { host: "127.15.233.66" port: 43897 } } peers { permanent_uuid: "60be285de5c9403aa6e1ed8d8f40930c" member_type: VOTER last_known_addr { host: "127.15.233.67" port: 34943 } }
I20260710 13:19:31.938560 17597 raft_consensus.cc:385] T e90c81e2e95443068bb4f5d927594af2 P fdf5f87428c349fdaf6b6d6e3e36f0c7 [term 0 FOLLOWER]: Consensus starting up: Expiring failure detector timer to make a prompt election more likely
I20260710 13:19:31.938839 17597 raft_consensus.cc:740] T e90c81e2e95443068bb4f5d927594af2 P fdf5f87428c349fdaf6b6d6e3e36f0c7 [term 0 FOLLOWER]: Becoming Follower/Learner. State: Replica: fdf5f87428c349fdaf6b6d6e3e36f0c7, State: Initialized, Role: FOLLOWER
I20260710 13:19:31.939424 17459 data_dirs.cc:400] Could only allocate 1 dirs of requested 3 for tablet a6c58a3a201a49a6ba5b1485cb872bef. 1 dirs total, 0 dirs full, 0 dirs failed
W20260710 13:19:31.948356 17349 auto_rebalancer.cc:288] Could not retrieve cluster info: Service unavailable: Tablet not running
I20260710 13:19:31.940599 17597 consensus_queue.cc:260] T e90c81e2e95443068bb4f5d927594af2 P fdf5f87428c349fdaf6b6d6e3e36f0c7 [NON_LEADER]: Queue going to NON_LEADER mode. State: All replicated index: 0, Majority replicated index: 0, Committed index: 0, Last appended: 0.0, Last appended by leader: 0, Current term: 0, Majority size: -1, State: 0, Mode: NON_LEADER, active raft config: opid_index: -1 OBSOLETE_local: false peers { permanent_uuid: "3cde527ceeb24b3d97c3727b2ce1ef8c" member_type: VOTER last_known_addr { host: "127.15.233.65" port: 46859 } } peers { permanent_uuid: "fdf5f87428c349fdaf6b6d6e3e36f0c7" member_type: VOTER last_known_addr { host: "127.15.233.66" port: 43897 } } peers { permanent_uuid: "60be285de5c9403aa6e1ed8d8f40930c" member_type: VOTER last_known_addr { host: "127.15.233.67" port: 34943 } }
I20260710 13:19:31.965587 17592 tablet_bootstrap.cc:492] T aeefe2654a6742ceabc84d00136cc5eb P 60be285de5c9403aa6e1ed8d8f40930c: No bootstrap required, opened a new log
I20260710 13:19:31.966110 17592 ts_tablet_manager.cc:1403] T aeefe2654a6742ceabc84d00136cc5eb P 60be285de5c9403aa6e1ed8d8f40930c: Time spent bootstrapping tablet: real 0.090s	user 0.018s	sys 0.035s
I20260710 13:19:31.968420 17592 raft_consensus.cc:359] T aeefe2654a6742ceabc84d00136cc5eb P 60be285de5c9403aa6e1ed8d8f40930c [term 0 FOLLOWER]: Replica starting. Triggering 0 pending ops. Active config: opid_index: -1 OBSOLETE_local: false peers { permanent_uuid: "3cde527ceeb24b3d97c3727b2ce1ef8c" member_type: VOTER last_known_addr { host: "127.15.233.65" port: 46859 } } peers { permanent_uuid: "fdf5f87428c349fdaf6b6d6e3e36f0c7" member_type: VOTER last_known_addr { host: "127.15.233.66" port: 43897 } } peers { permanent_uuid: "60be285de5c9403aa6e1ed8d8f40930c" member_type: VOTER last_known_addr { host: "127.15.233.67" port: 34943 } }
I20260710 13:19:31.969058 17592 raft_consensus.cc:385] T aeefe2654a6742ceabc84d00136cc5eb P 60be285de5c9403aa6e1ed8d8f40930c [term 0 FOLLOWER]: Consensus starting up: Expiring failure detector timer to make a prompt election more likely
I20260710 13:19:31.969367 17592 raft_consensus.cc:740] T aeefe2654a6742ceabc84d00136cc5eb P 60be285de5c9403aa6e1ed8d8f40930c [term 0 FOLLOWER]: Becoming Follower/Learner. State: Replica: 60be285de5c9403aa6e1ed8d8f40930c, State: Initialized, Role: FOLLOWER
I20260710 13:19:31.970635 17592 consensus_queue.cc:260] T aeefe2654a6742ceabc84d00136cc5eb P 60be285de5c9403aa6e1ed8d8f40930c [NON_LEADER]: Queue going to NON_LEADER mode. State: All replicated index: 0, Majority replicated index: 0, Committed index: 0, Last appended: 0.0, Last appended by leader: 0, Current term: 0, Majority size: -1, State: 0, Mode: NON_LEADER, active raft config: opid_index: -1 OBSOLETE_local: false peers { permanent_uuid: "3cde527ceeb24b3d97c3727b2ce1ef8c" member_type: VOTER last_known_addr { host: "127.15.233.65" port: 46859 } } peers { permanent_uuid: "fdf5f87428c349fdaf6b6d6e3e36f0c7" member_type: VOTER last_known_addr { host: "127.15.233.66" port: 43897 } } peers { permanent_uuid: "60be285de5c9403aa6e1ed8d8f40930c" member_type: VOTER last_known_addr { host: "127.15.233.67" port: 34943 } }
I20260710 13:19:31.973802 17594 tablet_bootstrap.cc:492] T 391cf6bc86814836a4ea575d348f07cc P 3cde527ceeb24b3d97c3727b2ce1ef8c: No bootstrap required, opened a new log
I20260710 13:19:31.974253 17594 ts_tablet_manager.cc:1403] T 391cf6bc86814836a4ea575d348f07cc P 3cde527ceeb24b3d97c3727b2ce1ef8c: Time spent bootstrapping tablet: real 0.067s	user 0.019s	sys 0.016s
I20260710 13:19:31.974820 17592 ts_tablet_manager.cc:1434] T aeefe2654a6742ceabc84d00136cc5eb P 60be285de5c9403aa6e1ed8d8f40930c: Time spent starting tablet: real 0.008s	user 0.004s	sys 0.003s
I20260710 13:19:31.975797 17592 tablet_bootstrap.cc:492] T 95da1a02cfe34cefaa93ad7d58180bc8 P 60be285de5c9403aa6e1ed8d8f40930c: Bootstrap starting.
I20260710 13:19:31.980079 17594 raft_consensus.cc:359] T 391cf6bc86814836a4ea575d348f07cc P 3cde527ceeb24b3d97c3727b2ce1ef8c [term 0 FOLLOWER]: Replica starting. Triggering 0 pending ops. Active config: opid_index: -1 OBSOLETE_local: false peers { permanent_uuid: "3cde527ceeb24b3d97c3727b2ce1ef8c" member_type: VOTER last_known_addr { host: "127.15.233.65" port: 46859 } } peers { permanent_uuid: "fdf5f87428c349fdaf6b6d6e3e36f0c7" member_type: VOTER last_known_addr { host: "127.15.233.66" port: 43897 } } peers { permanent_uuid: "60be285de5c9403aa6e1ed8d8f40930c" member_type: VOTER last_known_addr { host: "127.15.233.67" port: 34943 } }
I20260710 13:19:31.982941 17592 tablet_bootstrap.cc:654] T 95da1a02cfe34cefaa93ad7d58180bc8 P 60be285de5c9403aa6e1ed8d8f40930c: Neither blocks nor log segments found. Creating new log.
I20260710 13:19:31.980969 17594 raft_consensus.cc:385] T 391cf6bc86814836a4ea575d348f07cc P 3cde527ceeb24b3d97c3727b2ce1ef8c [term 0 FOLLOWER]: Consensus starting up: Expiring failure detector timer to make a prompt election more likely
I20260710 13:19:31.988910 17594 raft_consensus.cc:740] T 391cf6bc86814836a4ea575d348f07cc P 3cde527ceeb24b3d97c3727b2ce1ef8c [term 0 FOLLOWER]: Becoming Follower/Learner. State: Replica: 3cde527ceeb24b3d97c3727b2ce1ef8c, State: Initialized, Role: FOLLOWER
I20260710 13:19:31.989674 17594 consensus_queue.cc:260] T 391cf6bc86814836a4ea575d348f07cc P 3cde527ceeb24b3d97c3727b2ce1ef8c [NON_LEADER]: Queue going to NON_LEADER mode. State: All replicated index: 0, Majority replicated index: 0, Committed index: 0, Last appended: 0.0, Last appended by leader: 0, Current term: 0, Majority size: -1, State: 0, Mode: NON_LEADER, active raft config: opid_index: -1 OBSOLETE_local: false peers { permanent_uuid: "3cde527ceeb24b3d97c3727b2ce1ef8c" member_type: VOTER last_known_addr { host: "127.15.233.65" port: 46859 } } peers { permanent_uuid: "fdf5f87428c349fdaf6b6d6e3e36f0c7" member_type: VOTER last_known_addr { host: "127.15.233.66" port: 43897 } } peers { permanent_uuid: "60be285de5c9403aa6e1ed8d8f40930c" member_type: VOTER last_known_addr { host: "127.15.233.67" port: 34943 } }
I20260710 13:19:31.990648 17604 raft_consensus.cc:493] T e90c81e2e95443068bb4f5d927594af2 P fdf5f87428c349fdaf6b6d6e3e36f0c7 [term 0 FOLLOWER]: Starting pre-election (no leader contacted us within the election timeout)
I20260710 13:19:31.991969 17594 ts_tablet_manager.cc:1434] T 391cf6bc86814836a4ea575d348f07cc P 3cde527ceeb24b3d97c3727b2ce1ef8c: Time spent starting tablet: real 0.017s	user 0.007s	sys 0.000s
I20260710 13:19:31.992975 17604 raft_consensus.cc:515] T e90c81e2e95443068bb4f5d927594af2 P fdf5f87428c349fdaf6b6d6e3e36f0c7 [term 0 FOLLOWER]: Starting pre-election with config: opid_index: -1 OBSOLETE_local: false peers { permanent_uuid: "3cde527ceeb24b3d97c3727b2ce1ef8c" member_type: VOTER last_known_addr { host: "127.15.233.65" port: 46859 } } peers { permanent_uuid: "fdf5f87428c349fdaf6b6d6e3e36f0c7" member_type: VOTER last_known_addr { host: "127.15.233.66" port: 43897 } } peers { permanent_uuid: "60be285de5c9403aa6e1ed8d8f40930c" member_type: VOTER last_known_addr { host: "127.15.233.67" port: 34943 } }
I20260710 13:19:31.993459 17503 heartbeater.cc:499] Master 127.15.233.126:38085 was elected leader, sending a full tablet report...
I20260710 13:19:32.009269 17592 tablet_bootstrap.cc:492] T 95da1a02cfe34cefaa93ad7d58180bc8 P 60be285de5c9403aa6e1ed8d8f40930c: No bootstrap required, opened a new log
I20260710 13:19:32.009783 17592 ts_tablet_manager.cc:1403] T 95da1a02cfe34cefaa93ad7d58180bc8 P 60be285de5c9403aa6e1ed8d8f40930c: Time spent bootstrapping tablet: real 0.034s	user 0.017s	sys 0.000s
I20260710 13:19:32.012418 17592 raft_consensus.cc:359] T 95da1a02cfe34cefaa93ad7d58180bc8 P 60be285de5c9403aa6e1ed8d8f40930c [term 0 FOLLOWER]: Replica starting. Triggering 0 pending ops. Active config: opid_index: -1 OBSOLETE_local: false peers { permanent_uuid: "3cde527ceeb24b3d97c3727b2ce1ef8c" member_type: VOTER last_known_addr { host: "127.15.233.65" port: 46859 } } peers { permanent_uuid: "fdf5f87428c349fdaf6b6d6e3e36f0c7" member_type: VOTER last_known_addr { host: "127.15.233.66" port: 43897 } } peers { permanent_uuid: "60be285de5c9403aa6e1ed8d8f40930c" member_type: VOTER last_known_addr { host: "127.15.233.67" port: 34943 } }
I20260710 13:19:32.013126 17592 raft_consensus.cc:385] T 95da1a02cfe34cefaa93ad7d58180bc8 P 60be285de5c9403aa6e1ed8d8f40930c [term 0 FOLLOWER]: Consensus starting up: Expiring failure detector timer to make a prompt election more likely
I20260710 13:19:32.013473 17597 ts_tablet_manager.cc:1434] T e90c81e2e95443068bb4f5d927594af2 P fdf5f87428c349fdaf6b6d6e3e36f0c7: Time spent starting tablet: real 0.078s	user 0.009s	sys 0.004s
I20260710 13:19:32.013407 17592 raft_consensus.cc:740] T 95da1a02cfe34cefaa93ad7d58180bc8 P 60be285de5c9403aa6e1ed8d8f40930c [term 0 FOLLOWER]: Becoming Follower/Learner. State: Replica: 60be285de5c9403aa6e1ed8d8f40930c, State: Initialized, Role: FOLLOWER
I20260710 13:19:32.018026 17597 tablet_bootstrap.cc:492] T a624f9d6bb714033bbb6c20234b46308 P fdf5f87428c349fdaf6b6d6e3e36f0c7: Bootstrap starting.
I20260710 13:19:32.013944 17604 leader_election.cc:290] T e90c81e2e95443068bb4f5d927594af2 P fdf5f87428c349fdaf6b6d6e3e36f0c7 [CANDIDATE]: Term 1 pre-election: Requested pre-vote from peers 3cde527ceeb24b3d97c3727b2ce1ef8c (127.15.233.65:46859), 60be285de5c9403aa6e1ed8d8f40930c (127.15.233.67:34943)
I20260710 13:19:32.024973 17592 consensus_queue.cc:260] T 95da1a02cfe34cefaa93ad7d58180bc8 P 60be285de5c9403aa6e1ed8d8f40930c [NON_LEADER]: Queue going to NON_LEADER mode. State: All replicated index: 0, Majority replicated index: 0, Committed index: 0, Last appended: 0.0, Last appended by leader: 0, Current term: 0, Majority size: -1, State: 0, Mode: NON_LEADER, active raft config: opid_index: -1 OBSOLETE_local: false peers { permanent_uuid: "3cde527ceeb24b3d97c3727b2ce1ef8c" member_type: VOTER last_known_addr { host: "127.15.233.65" port: 46859 } } peers { permanent_uuid: "fdf5f87428c349fdaf6b6d6e3e36f0c7" member_type: VOTER last_known_addr { host: "127.15.233.66" port: 43897 } } peers { permanent_uuid: "60be285de5c9403aa6e1ed8d8f40930c" member_type: VOTER last_known_addr { host: "127.15.233.67" port: 34943 } }
I20260710 13:19:32.027377 17592 ts_tablet_manager.cc:1434] T 95da1a02cfe34cefaa93ad7d58180bc8 P 60be285de5c9403aa6e1ed8d8f40930c: Time spent starting tablet: real 0.017s	user 0.002s	sys 0.003s
I20260710 13:19:32.028355 17592 tablet_bootstrap.cc:492] T 51d7623adfce43e59c4ac304024463ad P 60be285de5c9403aa6e1ed8d8f40930c: Bootstrap starting.
I20260710 13:19:32.016887 17594 tablet_bootstrap.cc:492] T 396f3823bb26458aac40db15fa04a1f9 P 3cde527ceeb24b3d97c3727b2ce1ef8c: Bootstrap starting.
I20260710 13:19:32.034595 17592 tablet_bootstrap.cc:654] T 51d7623adfce43e59c4ac304024463ad P 60be285de5c9403aa6e1ed8d8f40930c: Neither blocks nor log segments found. Creating new log.
I20260710 13:19:32.035051 17601 raft_consensus.cc:493] T 6e93b3e4abc34824ba7f5b693f6e3e32 P 3cde527ceeb24b3d97c3727b2ce1ef8c [term 0 FOLLOWER]: Starting pre-election (no leader contacted us within the election timeout)
I20260710 13:19:32.035535 17601 raft_consensus.cc:515] T 6e93b3e4abc34824ba7f5b693f6e3e32 P 3cde527ceeb24b3d97c3727b2ce1ef8c [term 0 FOLLOWER]: Starting pre-election with config: opid_index: -1 OBSOLETE_local: false peers { permanent_uuid: "3cde527ceeb24b3d97c3727b2ce1ef8c" member_type: VOTER last_known_addr { host: "127.15.233.65" port: 46859 } } peers { permanent_uuid: "fdf5f87428c349fdaf6b6d6e3e36f0c7" member_type: VOTER last_known_addr { host: "127.15.233.66" port: 43897 } } peers { permanent_uuid: "60be285de5c9403aa6e1ed8d8f40930c" member_type: VOTER last_known_addr { host: "127.15.233.67" port: 34943 } }
I20260710 13:19:32.046398 17552 tablet_service.cc:1917] Received RequestConsensusVote() RPC: tablet_id: "e90c81e2e95443068bb4f5d927594af2" candidate_uuid: "fdf5f87428c349fdaf6b6d6e3e36f0c7" candidate_term: 1 candidate_status { last_received { term: 0 index: 0 } } ignore_live_leader: false dest_uuid: "60be285de5c9403aa6e1ed8d8f40930c" is_pre_election: true
I20260710 13:19:32.047122 17552 raft_consensus.cc:2468] T e90c81e2e95443068bb4f5d927594af2 P 60be285de5c9403aa6e1ed8d8f40930c [term 0 FOLLOWER]: Leader pre-election vote request: Granting yes vote for candidate fdf5f87428c349fdaf6b6d6e3e36f0c7 in term 0.
I20260710 13:19:32.048537 17443 leader_election.cc:304] T e90c81e2e95443068bb4f5d927594af2 P fdf5f87428c349fdaf6b6d6e3e36f0c7 [CANDIDATE]: Term 1 pre-election: Election decided. Result: candidate won. Election summary: received 2 responses out of 3 voters: 2 yes votes; 0 no votes. yes voters: 60be285de5c9403aa6e1ed8d8f40930c, fdf5f87428c349fdaf6b6d6e3e36f0c7; no voters: 
