I20260710 13:19:06.517596 11486 raft_consensus.cc:740] T 2b8703b098a849c0be2f36e1bbe3806a P b866d2e04d59486db23a3ca3a4b810d6 [term 0 FOLLOWER]: Becoming Follower/Learner. State: Replica: b866d2e04d59486db23a3ca3a4b810d6, State: Initialized, Role: FOLLOWER
I20260710 13:19:06.497776 11488 tablet_bootstrap.cc:492] T 56e36ce7ed4d4688afa49af34bd9cbb4 P 638b7be278ae42f2bae3a79a03bd5c7e: No bootstrap required, opened a new log
I20260710 13:19:06.519057 11486 consensus_queue.cc:260] T 2b8703b098a849c0be2f36e1bbe3806a P b866d2e04d59486db23a3ca3a4b810d6 [NON_LEADER]: Queue going to NON_LEADER mode. State: All replicated index: 0, Majority replicated index: 0, Committed index: 0, Last appended: 0.0, Last appended by leader: 0, Current term: 0, Majority size: -1, State: 0, Mode: NON_LEADER, active raft config: opid_index: -1 OBSOLETE_local: false peers { permanent_uuid: "638b7be278ae42f2bae3a79a03bd5c7e" member_type: VOTER last_known_addr { host: "127.10.229.193" port: 37947 } } peers { permanent_uuid: "36c75dc03aea450892873c4c1fda26a0" member_type: VOTER last_known_addr { host: "127.10.229.194" port: 32847 } } peers { permanent_uuid: "b866d2e04d59486db23a3ca3a4b810d6" member_type: VOTER last_known_addr { host: "127.10.229.195" port: 35685 } }
I20260710 13:19:06.527674 11488 ts_tablet_manager.cc:1403] T 56e36ce7ed4d4688afa49af34bd9cbb4 P 638b7be278ae42f2bae3a79a03bd5c7e: Time spent bootstrapping tablet: real 0.185s	user 0.023s	sys 0.046s
I20260710 13:19:06.526391 11494 raft_consensus.cc:493] T db7c41c5213644489e4d5f53ffe7c856 P 36c75dc03aea450892873c4c1fda26a0 [term 0 FOLLOWER]: Starting pre-election (no leader contacted us within the election timeout)
I20260710 13:19:06.531527 11494 raft_consensus.cc:515] T db7c41c5213644489e4d5f53ffe7c856 P 36c75dc03aea450892873c4c1fda26a0 [term 0 FOLLOWER]: Starting pre-election with config: opid_index: -1 OBSOLETE_local: false peers { permanent_uuid: "638b7be278ae42f2bae3a79a03bd5c7e" member_type: VOTER last_known_addr { host: "127.10.229.193" port: 37947 } } peers { permanent_uuid: "36c75dc03aea450892873c4c1fda26a0" member_type: VOTER last_known_addr { host: "127.10.229.194" port: 32847 } } peers { permanent_uuid: "b866d2e04d59486db23a3ca3a4b810d6" member_type: VOTER last_known_addr { host: "127.10.229.195" port: 35685 } }
I20260710 13:19:06.535380 11369 tablet_service.cc:1917] Received RequestConsensusVote() RPC: tablet_id: "2b8703b098a849c0be2f36e1bbe3806a" candidate_uuid: "638b7be278ae42f2bae3a79a03bd5c7e" candidate_term: 1 candidate_status { last_received { term: 0 index: 0 } } ignore_live_leader: false dest_uuid: "36c75dc03aea450892873c4c1fda26a0" is_pre_election: true
I20260710 13:19:06.529953 11517 raft_consensus.cc:493] T 8c418a8b4d2e47469cf30f21c44b6f02 P 638b7be278ae42f2bae3a79a03bd5c7e [term 0 FOLLOWER]: Starting pre-election (no leader contacted us within the election timeout)
I20260710 13:19:06.536082 11442 tablet_service.cc:1917] Received RequestConsensusVote() RPC: tablet_id: "ab7322f91883436c985a63c7db760d69" candidate_uuid: "638b7be278ae42f2bae3a79a03bd5c7e" candidate_term: 1 candidate_status { last_received { term: 0 index: 0 } } ignore_live_leader: false dest_uuid: "b866d2e04d59486db23a3ca3a4b810d6"
I20260710 13:19:06.539433 11368 tablet_service.cc:1917] Received RequestConsensusVote() RPC: tablet_id: "ab7322f91883436c985a63c7db760d69" candidate_uuid: "638b7be278ae42f2bae3a79a03bd5c7e" candidate_term: 1 candidate_status { last_received { term: 0 index: 0 } } ignore_live_leader: false dest_uuid: "36c75dc03aea450892873c4c1fda26a0" is_pre_election: true
I20260710 13:19:06.546481 11442 raft_consensus.cc:3060] T ab7322f91883436c985a63c7db760d69 P b866d2e04d59486db23a3ca3a4b810d6 [term 0 FOLLOWER]: Advancing to term 1
I20260710 13:19:06.548280 11486 ts_tablet_manager.cc:1434] T 2b8703b098a849c0be2f36e1bbe3806a P b866d2e04d59486db23a3ca3a4b810d6: Time spent starting tablet: real 0.088s	user 0.007s	sys 0.003s
I20260710 13:19:06.548182 11367 tablet_service.cc:1917] Received RequestConsensusVote() RPC: tablet_id: "ab7322f91883436c985a63c7db760d69" candidate_uuid: "638b7be278ae42f2bae3a79a03bd5c7e" candidate_term: 1 candidate_status { last_received { term: 0 index: 0 } } ignore_live_leader: false dest_uuid: "36c75dc03aea450892873c4c1fda26a0"
I20260710 13:19:06.551159 11493 leader_election.cc:290] T 10e7a7a9afc44e42aa32b07d41b52969 P 638b7be278ae42f2bae3a79a03bd5c7e [CANDIDATE]: Term 1 pre-election: Requested pre-vote from peers 36c75dc03aea450892873c4c1fda26a0 (127.10.229.194:32847), b866d2e04d59486db23a3ca3a4b810d6 (127.10.229.195:35685)
I20260710 13:19:06.556068 11494 leader_election.cc:290] T db7c41c5213644489e4d5f53ffe7c856 P 36c75dc03aea450892873c4c1fda26a0 [CANDIDATE]: Term 1 pre-election: Requested pre-vote from peers 638b7be278ae42f2bae3a79a03bd5c7e (127.10.229.193:37947), b866d2e04d59486db23a3ca3a4b810d6 (127.10.229.195:35685)
I20260710 13:19:06.552300 11366 tablet_service.cc:1917] Received RequestConsensusVote() RPC: tablet_id: "10e7a7a9afc44e42aa32b07d41b52969" candidate_uuid: "638b7be278ae42f2bae3a79a03bd5c7e" candidate_term: 1 candidate_status { last_received { term: 0 index: 0 } } ignore_live_leader: false dest_uuid: "36c75dc03aea450892873c4c1fda26a0" is_pre_election: true
I20260710 13:19:06.565775 11486 tablet_bootstrap.cc:492] T 8c418a8b4d2e47469cf30f21c44b6f02 P b866d2e04d59486db23a3ca3a4b810d6: Bootstrap starting.
I20260710 13:19:06.545885 11517 raft_consensus.cc:515] T 8c418a8b4d2e47469cf30f21c44b6f02 P 638b7be278ae42f2bae3a79a03bd5c7e [term 0 FOLLOWER]: Starting pre-election with config: opid_index: -1 OBSOLETE_local: false peers { permanent_uuid: "638b7be278ae42f2bae3a79a03bd5c7e" member_type: VOTER last_known_addr { host: "127.10.229.193" port: 37947 } } peers { permanent_uuid: "36c75dc03aea450892873c4c1fda26a0" member_type: VOTER last_known_addr { host: "127.10.229.194" port: 32847 } } peers { permanent_uuid: "b866d2e04d59486db23a3ca3a4b810d6" member_type: VOTER last_known_addr { host: "127.10.229.195" port: 35685 } }
I20260710 13:19:06.566478 11443 tablet_service.cc:1917] Received RequestConsensusVote() RPC: tablet_id: "8c418a8b4d2e47469cf30f21c44b6f02" candidate_uuid: "36c75dc03aea450892873c4c1fda26a0" candidate_term: 1 candidate_status { last_received { term: 0 index: 0 } } ignore_live_leader: false dest_uuid: "b866d2e04d59486db23a3ca3a4b810d6" is_pre_election: true
I20260710 13:19:06.568079 11441 tablet_service.cc:1917] Received RequestConsensusVote() RPC: tablet_id: "8c418a8b4d2e47469cf30f21c44b6f02" candidate_uuid: "36c75dc03aea450892873c4c1fda26a0" candidate_term: 1 candidate_status { last_received { term: 0 index: 0 } } ignore_live_leader: false dest_uuid: "b866d2e04d59486db23a3ca3a4b810d6"
I20260710 13:19:06.571355 11294 raft_consensus.cc:3060] T 8c418a8b4d2e47469cf30f21c44b6f02 P 638b7be278ae42f2bae3a79a03bd5c7e [term 0 FOLLOWER]: Advancing to term 1
I20260710 13:19:06.566349 11440 tablet_service.cc:1917] Received RequestConsensusVote() RPC: tablet_id: "db7c41c5213644489e4d5f53ffe7c856" candidate_uuid: "36c75dc03aea450892873c4c1fda26a0" candidate_term: 1 candidate_status { last_received { term: 0 index: 0 } } ignore_live_leader: false dest_uuid: "b866d2e04d59486db23a3ca3a4b810d6" is_pre_election: true
I20260710 13:19:06.570875 11439 tablet_service.cc:1917] Received RequestConsensusVote() RPC: tablet_id: "10e7a7a9afc44e42aa32b07d41b52969" candidate_uuid: "638b7be278ae42f2bae3a79a03bd5c7e" candidate_term: 1 candidate_status { last_received { term: 0 index: 0 } } ignore_live_leader: false dest_uuid: "b866d2e04d59486db23a3ca3a4b810d6" is_pre_election: true
W20260710 13:19:06.579514 11333 leader_election.cc:343] T 8c418a8b4d2e47469cf30f21c44b6f02 P 36c75dc03aea450892873c4c1fda26a0 [CANDIDATE]: Term 1 pre-election: Tablet error from VoteRequest() call to peer b866d2e04d59486db23a3ca3a4b810d6 (127.10.229.195:35685): Illegal state: must be running to vote when last-logged opid is not known
I20260710 13:19:06.567972 11293 tablet_service.cc:1917] Received RequestConsensusVote() RPC: tablet_id: "db7c41c5213644489e4d5f53ffe7c856" candidate_uuid: "36c75dc03aea450892873c4c1fda26a0" candidate_term: 1 candidate_status { last_received { term: 0 index: 0 } } ignore_live_leader: false dest_uuid: "638b7be278ae42f2bae3a79a03bd5c7e" is_pre_election: true
W20260710 13:19:06.582841 11258 leader_election.cc:343] T 10e7a7a9afc44e42aa32b07d41b52969 P 638b7be278ae42f2bae3a79a03bd5c7e [CANDIDATE]: Term 1 pre-election: Tablet error from VoteRequest() call to peer b866d2e04d59486db23a3ca3a4b810d6 (127.10.229.195:35685): Illegal state: must be running to vote when last-logged opid is not known
I20260710 13:19:06.586052 11440 raft_consensus.cc:2468] T db7c41c5213644489e4d5f53ffe7c856 P b866d2e04d59486db23a3ca3a4b810d6 [term 0 FOLLOWER]: Leader pre-election vote request: Granting yes vote for candidate 36c75dc03aea450892873c4c1fda26a0 in term 0.
I20260710 13:19:06.592291 11488 raft_consensus.cc:359] T 56e36ce7ed4d4688afa49af34bd9cbb4 P 638b7be278ae42f2bae3a79a03bd5c7e [term 0 FOLLOWER]: Replica starting. Triggering 0 pending ops. Active config: opid_index: -1 OBSOLETE_local: false peers { permanent_uuid: "b866d2e04d59486db23a3ca3a4b810d6" member_type: VOTER last_known_addr { host: "127.10.229.195" port: 35685 } } peers { permanent_uuid: "638b7be278ae42f2bae3a79a03bd5c7e" member_type: VOTER last_known_addr { host: "127.10.229.193" port: 37947 } } peers { permanent_uuid: "36c75dc03aea450892873c4c1fda26a0" member_type: VOTER last_known_addr { host: "127.10.229.194" port: 32847 } }
I20260710 13:19:06.593345 11488 raft_consensus.cc:385] T 56e36ce7ed4d4688afa49af34bd9cbb4 P 638b7be278ae42f2bae3a79a03bd5c7e [term 0 FOLLOWER]: Consensus starting up: Expiring failure detector timer to make a prompt election more likely
I20260710 13:19:06.587955 11293 raft_consensus.cc:2468] T db7c41c5213644489e4d5f53ffe7c856 P 638b7be278ae42f2bae3a79a03bd5c7e [term 0 FOLLOWER]: Leader pre-election vote request: Granting yes vote for candidate 36c75dc03aea450892873c4c1fda26a0 in term 0.
I20260710 13:19:06.595196 11332 leader_election.cc:304] T db7c41c5213644489e4d5f53ffe7c856 P 36c75dc03aea450892873c4c1fda26a0 [CANDIDATE]: Term 1 pre-election: Election decided. Result: candidate won. Election summary: received 2 responses out of 3 voters: 2 yes votes; 0 no votes. yes voters: 36c75dc03aea450892873c4c1fda26a0, 638b7be278ae42f2bae3a79a03bd5c7e; no voters: 
I20260710 13:19:06.596232 11494 raft_consensus.cc:2804] T db7c41c5213644489e4d5f53ffe7c856 P 36c75dc03aea450892873c4c1fda26a0 [term 0 FOLLOWER]: Leader pre-election won for term 1
I20260710 13:19:06.596586 11494 raft_consensus.cc:493] T db7c41c5213644489e4d5f53ffe7c856 P 36c75dc03aea450892873c4c1fda26a0 [term 0 FOLLOWER]: Starting leader election (no leader contacted us within the election timeout)
I20260710 13:19:06.596936 11494 raft_consensus.cc:3060] T db7c41c5213644489e4d5f53ffe7c856 P 36c75dc03aea450892873c4c1fda26a0 [term 0 FOLLOWER]: Advancing to term 1
W20260710 13:19:06.598471 11333 leader_election.cc:343] T 8c418a8b4d2e47469cf30f21c44b6f02 P 36c75dc03aea450892873c4c1fda26a0 [CANDIDATE]: Term 1 election: Tablet error from VoteRequest() call to peer b866d2e04d59486db23a3ca3a4b810d6 (127.10.229.195:35685): Illegal state: must be running to vote when last-logged opid is not known
I20260710 13:19:06.598838 11517 leader_election.cc:290] T 8c418a8b4d2e47469cf30f21c44b6f02 P 638b7be278ae42f2bae3a79a03bd5c7e [CANDIDATE]: Term 1 pre-election: Requested pre-vote from peers 36c75dc03aea450892873c4c1fda26a0 (127.10.229.194:32847), b866d2e04d59486db23a3ca3a4b810d6 (127.10.229.195:35685)
I20260710 13:19:06.593691 11488 raft_consensus.cc:740] T 56e36ce7ed4d4688afa49af34bd9cbb4 P 638b7be278ae42f2bae3a79a03bd5c7e [term 0 FOLLOWER]: Becoming Follower/Learner. State: Replica: 638b7be278ae42f2bae3a79a03bd5c7e, State: Initialized, Role: FOLLOWER
I20260710 13:19:06.601271 11488 consensus_queue.cc:260] T 56e36ce7ed4d4688afa49af34bd9cbb4 P 638b7be278ae42f2bae3a79a03bd5c7e [NON_LEADER]: Queue going to NON_LEADER mode. State: All replicated index: 0, Majority replicated index: 0, Committed index: 0, Last appended: 0.0, Last appended by leader: 0, Current term: 0, Majority size: -1, State: 0, Mode: NON_LEADER, active raft config: opid_index: -1 OBSOLETE_local: false peers { permanent_uuid: "b866d2e04d59486db23a3ca3a4b810d6" member_type: VOTER last_known_addr { host: "127.10.229.195" port: 35685 } } peers { permanent_uuid: "638b7be278ae42f2bae3a79a03bd5c7e" member_type: VOTER last_known_addr { host: "127.10.229.193" port: 37947 } } peers { permanent_uuid: "36c75dc03aea450892873c4c1fda26a0" member_type: VOTER last_known_addr { host: "127.10.229.194" port: 32847 } }
I20260710 13:19:06.606503 11293 tablet_service.cc:1917] Received RequestConsensusVote() RPC: tablet_id: "abc305929e5145ab9886d5dbc9c9d0b2" candidate_uuid: "b866d2e04d59486db23a3ca3a4b810d6" candidate_term: 1 candidate_status { last_received { term: 0 index: 0 } } ignore_live_leader: false dest_uuid: "638b7be278ae42f2bae3a79a03bd5c7e" is_pre_election: true
W20260710 13:19:06.608770 11406 leader_election.cc:343] T abc305929e5145ab9886d5dbc9c9d0b2 P b866d2e04d59486db23a3ca3a4b810d6 [CANDIDATE]: Term 1 pre-election: Tablet error from VoteRequest() call to peer 638b7be278ae42f2bae3a79a03bd5c7e (127.10.229.193:37947): Illegal state: must be running to vote when last-logged opid is not known
I20260710 13:19:06.608275 11440 tablet_service.cc:1917] Received RequestConsensusVote() RPC: tablet_id: "8c418a8b4d2e47469cf30f21c44b6f02" candidate_uuid: "638b7be278ae42f2bae3a79a03bd5c7e" candidate_term: 1 candidate_status { last_received { term: 0 index: 0 } } ignore_live_leader: false dest_uuid: "b866d2e04d59486db23a3ca3a4b810d6" is_pre_election: true
I20260710 13:19:06.603456 11494 raft_consensus.cc:515] T db7c41c5213644489e4d5f53ffe7c856 P 36c75dc03aea450892873c4c1fda26a0 [term 1 FOLLOWER]: Starting leader election with config: opid_index: -1 OBSOLETE_local: false peers { permanent_uuid: "638b7be278ae42f2bae3a79a03bd5c7e" member_type: VOTER last_known_addr { host: "127.10.229.193" port: 37947 } } peers { permanent_uuid: "36c75dc03aea450892873c4c1fda26a0" member_type: VOTER last_known_addr { host: "127.10.229.194" port: 32847 } } peers { permanent_uuid: "b866d2e04d59486db23a3ca3a4b810d6" member_type: VOTER last_known_addr { host: "127.10.229.195" port: 35685 } }
I20260710 13:19:06.603503 11294 raft_consensus.cc:2468] T 8c418a8b4d2e47469cf30f21c44b6f02 P 638b7be278ae42f2bae3a79a03bd5c7e [term 1 FOLLOWER]: Leader election vote request: Granting yes vote for candidate 36c75dc03aea450892873c4c1fda26a0 in term 1.
W20260710 13:19:06.611462 11258 leader_election.cc:343] T 8c418a8b4d2e47469cf30f21c44b6f02 P 638b7be278ae42f2bae3a79a03bd5c7e [CANDIDATE]: Term 1 pre-election: Tablet error from VoteRequest() call to peer b866d2e04d59486db23a3ca3a4b810d6 (127.10.229.195:35685): Illegal state: must be running to vote when last-logged opid is not known
I20260710 13:19:06.609429 11488 ts_tablet_manager.cc:1434] T 56e36ce7ed4d4688afa49af34bd9cbb4 P 638b7be278ae42f2bae3a79a03bd5c7e: Time spent starting tablet: real 0.080s	user 0.011s	sys 0.003s
I20260710 13:19:06.613370 11494 leader_election.cc:290] T db7c41c5213644489e4d5f53ffe7c856 P 36c75dc03aea450892873c4c1fda26a0 [CANDIDATE]: Term 1 election: Requested vote from peers 638b7be278ae42f2bae3a79a03bd5c7e (127.10.229.193:37947), b866d2e04d59486db23a3ca3a4b810d6 (127.10.229.195:35685)
I20260710 13:19:06.613534 11442 raft_consensus.cc:2468] T ab7322f91883436c985a63c7db760d69 P b866d2e04d59486db23a3ca3a4b810d6 [term 1 FOLLOWER]: Leader election vote request: Granting yes vote for candidate 638b7be278ae42f2bae3a79a03bd5c7e in term 1.
I20260710 13:19:06.614411 11293 tablet_service.cc:1917] Received RequestConsensusVote() RPC: tablet_id: "db7c41c5213644489e4d5f53ffe7c856" candidate_uuid: "36c75dc03aea450892873c4c1fda26a0" candidate_term: 1 candidate_status { last_received { term: 0 index: 0 } } ignore_live_leader: false dest_uuid: "638b7be278ae42f2bae3a79a03bd5c7e"
W20260710 13:19:06.607177 11259 leader_election.cc:343] T ab7322f91883436c985a63c7db760d69 P 638b7be278ae42f2bae3a79a03bd5c7e [CANDIDATE]: Term 1 pre-election: Tablet error from VoteRequest() call to peer 36c75dc03aea450892873c4c1fda26a0 (127.10.229.194:32847): Illegal state: must be running to vote when last-logged opid is not known
I20260710 13:19:06.614637 11440 tablet_service.cc:1917] Received RequestConsensusVote() RPC: tablet_id: "db7c41c5213644489e4d5f53ffe7c856" candidate_uuid: "36c75dc03aea450892873c4c1fda26a0" candidate_term: 1 candidate_status { last_received { term: 0 index: 0 } } ignore_live_leader: false dest_uuid: "b866d2e04d59486db23a3ca3a4b810d6"
I20260710 13:19:06.615356 11293 raft_consensus.cc:3060] T db7c41c5213644489e4d5f53ffe7c856 P 638b7be278ae42f2bae3a79a03bd5c7e [term 0 FOLLOWER]: Advancing to term 1
I20260710 13:19:06.615476 11440 raft_consensus.cc:3060] T db7c41c5213644489e4d5f53ffe7c856 P b866d2e04d59486db23a3ca3a4b810d6 [term 0 FOLLOWER]: Advancing to term 1
I20260710 13:19:06.617821 11488 tablet_bootstrap.cc:492] T 9142d33346a44e178c84d4cb98cdc463 P 638b7be278ae42f2bae3a79a03bd5c7e: Bootstrap starting.
I20260710 13:19:06.618124 11258 leader_election.cc:304] T ab7322f91883436c985a63c7db760d69 P 638b7be278ae42f2bae3a79a03bd5c7e [CANDIDATE]: Term 1 election: Election decided. Result: candidate won. Election summary: received 2 responses out of 3 voters: 2 yes votes; 0 no votes. yes voters: 638b7be278ae42f2bae3a79a03bd5c7e, b866d2e04d59486db23a3ca3a4b810d6; no voters: 
I20260710 13:19:06.619053 11517 raft_consensus.cc:2804] T ab7322f91883436c985a63c7db760d69 P 638b7be278ae42f2bae3a79a03bd5c7e [term 1 FOLLOWER]: Leader election won for term 1
I20260710 13:19:06.619516 11517 raft_consensus.cc:697] T ab7322f91883436c985a63c7db760d69 P 638b7be278ae42f2bae3a79a03bd5c7e [term 1 LEADER]: Becoming Leader. State: Replica: 638b7be278ae42f2bae3a79a03bd5c7e, State: Running, Role: LEADER
I20260710 13:19:06.620682 11517 consensus_queue.cc:237] T ab7322f91883436c985a63c7db760d69 P 638b7be278ae42f2bae3a79a03bd5c7e [LEADER]: Queue going to LEADER mode. State: All replicated index: 0, Majority replicated index: 0, Committed index: 0, Last appended: 0.0, Last appended by leader: 0, Current term: 1, Majority size: 2, State: 0, Mode: LEADER, active raft config: opid_index: -1 OBSOLETE_local: false peers { permanent_uuid: "638b7be278ae42f2bae3a79a03bd5c7e" member_type: VOTER last_known_addr { host: "127.10.229.193" port: 37947 } } peers { permanent_uuid: "36c75dc03aea450892873c4c1fda26a0" member_type: VOTER last_known_addr { host: "127.10.229.194" port: 32847 } } peers { permanent_uuid: "b866d2e04d59486db23a3ca3a4b810d6" member_type: VOTER last_known_addr { host: "127.10.229.195" port: 35685 } }
W20260710 13:19:06.624536 11259 outbound_call.cc:321] RPC callback for RPC call kudu.consensus.ConsensusService.RequestConsensusVote -> {remote=127.10.229.194:32847, user_credentials={real_user=slave}} blocked reactor thread for 61121.6us
I20260710 13:19:06.629783 11487 tablet_bootstrap.cc:492] T 56e36ce7ed4d4688afa49af34bd9cbb4 P 36c75dc03aea450892873c4c1fda26a0: No bootstrap required, opened a new log
I20260710 13:19:06.630532 11487 ts_tablet_manager.cc:1403] T 56e36ce7ed4d4688afa49af34bd9cbb4 P 36c75dc03aea450892873c4c1fda26a0: Time spent bootstrapping tablet: real 0.176s	user 0.019s	sys 0.013s
I20260710 13:19:06.630461 11369 tablet_service.cc:1917] Received RequestConsensusVote() RPC: tablet_id: "8c418a8b4d2e47469cf30f21c44b6f02" candidate_uuid: "638b7be278ae42f2bae3a79a03bd5c7e" candidate_term: 1 candidate_status { last_received { term: 0 index: 0 } } ignore_live_leader: false dest_uuid: "36c75dc03aea450892873c4c1fda26a0" is_pre_election: true
I20260710 13:19:06.632241 11369 raft_consensus.cc:2393] T 8c418a8b4d2e47469cf30f21c44b6f02 P 36c75dc03aea450892873c4c1fda26a0 [term 1 FOLLOWER]: Leader pre-election vote request: Denying vote to candidate 638b7be278ae42f2bae3a79a03bd5c7e in current term 1: Already voted for candidate 36c75dc03aea450892873c4c1fda26a0 in this term.
W20260710 13:19:06.633749 11259 leader_election.cc:343] T 10e7a7a9afc44e42aa32b07d41b52969 P 638b7be278ae42f2bae3a79a03bd5c7e [CANDIDATE]: Term 1 pre-election: Tablet error from VoteRequest() call to peer 36c75dc03aea450892873c4c1fda26a0 (127.10.229.194:32847): Illegal state: must be running to vote when last-logged opid is not known
I20260710 13:19:06.634189 11259 leader_election.cc:304] T 10e7a7a9afc44e42aa32b07d41b52969 P 638b7be278ae42f2bae3a79a03bd5c7e [CANDIDATE]: Term 1 pre-election: Election decided. Result: candidate lost. Election summary: received 3 responses out of 3 voters: 1 yes votes; 2 no votes. yes voters: 638b7be278ae42f2bae3a79a03bd5c7e; no voters: 36c75dc03aea450892873c4c1fda26a0, b866d2e04d59486db23a3ca3a4b810d6
I20260710 13:19:06.634985 11486 tablet_bootstrap.cc:654] T 8c418a8b4d2e47469cf30f21c44b6f02 P b866d2e04d59486db23a3ca3a4b810d6: Neither blocks nor log segments found. Creating new log.
I20260710 13:19:06.636142 11487 raft_consensus.cc:359] T 56e36ce7ed4d4688afa49af34bd9cbb4 P 36c75dc03aea450892873c4c1fda26a0 [term 0 FOLLOWER]: Replica starting. Triggering 0 pending ops. Active config: opid_index: -1 OBSOLETE_local: false peers { permanent_uuid: "b866d2e04d59486db23a3ca3a4b810d6" member_type: VOTER last_known_addr { host: "127.10.229.195" port: 35685 } } peers { permanent_uuid: "638b7be278ae42f2bae3a79a03bd5c7e" member_type: VOTER last_known_addr { host: "127.10.229.193" port: 37947 } } peers { permanent_uuid: "36c75dc03aea450892873c4c1fda26a0" member_type: VOTER last_known_addr { host: "127.10.229.194" port: 32847 } }
I20260710 13:19:06.637060 11487 raft_consensus.cc:385] T 56e36ce7ed4d4688afa49af34bd9cbb4 P 36c75dc03aea450892873c4c1fda26a0 [term 0 FOLLOWER]: Consensus starting up: Expiring failure detector timer to make a prompt election more likely
I20260710 13:19:06.637336 11293 raft_consensus.cc:2468] T db7c41c5213644489e4d5f53ffe7c856 P 638b7be278ae42f2bae3a79a03bd5c7e [term 1 FOLLOWER]: Leader election vote request: Granting yes vote for candidate 36c75dc03aea450892873c4c1fda26a0 in term 1.
I20260710 13:19:06.637387 11487 raft_consensus.cc:740] T 56e36ce7ed4d4688afa49af34bd9cbb4 P 36c75dc03aea450892873c4c1fda26a0 [term 0 FOLLOWER]: Becoming Follower/Learner. State: Replica: 36c75dc03aea450892873c4c1fda26a0, State: Initialized, Role: FOLLOWER
I20260710 13:19:06.638577 11332 leader_election.cc:304] T db7c41c5213644489e4d5f53ffe7c856 P 36c75dc03aea450892873c4c1fda26a0 [CANDIDATE]: Term 1 election: Election decided. Result: candidate won. Election summary: received 2 responses out of 3 voters: 2 yes votes; 0 no votes. yes voters: 36c75dc03aea450892873c4c1fda26a0, 638b7be278ae42f2bae3a79a03bd5c7e; no voters: 
I20260710 13:19:06.639338 11493 raft_consensus.cc:2749] T 10e7a7a9afc44e42aa32b07d41b52969 P 638b7be278ae42f2bae3a79a03bd5c7e [term 0 FOLLOWER]: Leader pre-election lost for term 1. Reason: could not achieve majority
I20260710 13:19:06.639930 11494 raft_consensus.cc:2804] T db7c41c5213644489e4d5f53ffe7c856 P 36c75dc03aea450892873c4c1fda26a0 [term 1 FOLLOWER]: Leader election won for term 1
I20260710 13:19:06.640471 11332 leader_election.cc:304] T 8c418a8b4d2e47469cf30f21c44b6f02 P 36c75dc03aea450892873c4c1fda26a0 [CANDIDATE]: Term 1 election: Election decided. Result: candidate won. Election summary: received 3 responses out of 3 voters: 2 yes votes; 1 no votes. yes voters: 36c75dc03aea450892873c4c1fda26a0, 638b7be278ae42f2bae3a79a03bd5c7e; no voters: b866d2e04d59486db23a3ca3a4b810d6
I20260710 13:19:06.642496 11493 raft_consensus.cc:493] T 821b160248cf46b483eee496868846f2 P 638b7be278ae42f2bae3a79a03bd5c7e [term 0 FOLLOWER]: Starting pre-election (no leader contacted us within the election timeout)
I20260710 13:19:06.642990 11493 raft_consensus.cc:515] T 821b160248cf46b483eee496868846f2 P 638b7be278ae42f2bae3a79a03bd5c7e [term 0 FOLLOWER]: Starting pre-election with config: opid_index: -1 OBSOLETE_local: false peers { permanent_uuid: "638b7be278ae42f2bae3a79a03bd5c7e" member_type: VOTER last_known_addr { host: "127.10.229.193" port: 37947 } } peers { permanent_uuid: "36c75dc03aea450892873c4c1fda26a0" member_type: VOTER last_known_addr { host: "127.10.229.194" port: 32847 } } peers { permanent_uuid: "b866d2e04d59486db23a3ca3a4b810d6" member_type: VOTER last_known_addr { host: "127.10.229.195" port: 35685 } }
I20260710 13:19:06.643980 11488 tablet_bootstrap.cc:654] T 9142d33346a44e178c84d4cb98cdc463 P 638b7be278ae42f2bae3a79a03bd5c7e: Neither blocks nor log segments found. Creating new log.
I20260710 13:19:06.649749 11493 leader_election.cc:290] T 821b160248cf46b483eee496868846f2 P 638b7be278ae42f2bae3a79a03bd5c7e [CANDIDATE]: Term 1 pre-election: Requested pre-vote from peers 36c75dc03aea450892873c4c1fda26a0 (127.10.229.194:32847), b866d2e04d59486db23a3ca3a4b810d6 (127.10.229.195:35685)
I20260710 13:19:06.649178 11487 consensus_queue.cc:260] T 56e36ce7ed4d4688afa49af34bd9cbb4 P 36c75dc03aea450892873c4c1fda26a0 [NON_LEADER]: Queue going to NON_LEADER mode. State: All replicated index: 0, Majority replicated index: 0, Committed index: 0, Last appended: 0.0, Last appended by leader: 0, Current term: 0, Majority size: -1, State: 0, Mode: NON_LEADER, active raft config: opid_index: -1 OBSOLETE_local: false peers { permanent_uuid: "b866d2e04d59486db23a3ca3a4b810d6" member_type: VOTER last_known_addr { host: "127.10.229.195" port: 35685 } } peers { permanent_uuid: "638b7be278ae42f2bae3a79a03bd5c7e" member_type: VOTER last_known_addr { host: "127.10.229.193" port: 37947 } } peers { permanent_uuid: "36c75dc03aea450892873c4c1fda26a0" member_type: VOTER last_known_addr { host: "127.10.229.194" port: 32847 } }
I20260710 13:19:06.651424 11442 tablet_service.cc:1917] Received RequestConsensusVote() RPC: tablet_id: "821b160248cf46b483eee496868846f2" candidate_uuid: "638b7be278ae42f2bae3a79a03bd5c7e" candidate_term: 1 candidate_status { last_received { term: 0 index: 0 } } ignore_live_leader: false dest_uuid: "b866d2e04d59486db23a3ca3a4b810d6" is_pre_election: true
I20260710 13:19:06.652464 11440 raft_consensus.cc:2468] T db7c41c5213644489e4d5f53ffe7c856 P b866d2e04d59486db23a3ca3a4b810d6 [term 1 FOLLOWER]: Leader election vote request: Granting yes vote for candidate 36c75dc03aea450892873c4c1fda26a0 in term 1.
I20260710 13:19:06.652725 11442 raft_consensus.cc:2468] T 821b160248cf46b483eee496868846f2 P b866d2e04d59486db23a3ca3a4b810d6 [term 0 FOLLOWER]: Leader pre-election vote request: Granting yes vote for candidate 638b7be278ae42f2bae3a79a03bd5c7e in term 0.
W20260710 13:19:06.653409 11259 leader_election.cc:343] T ab7322f91883436c985a63c7db760d69 P 638b7be278ae42f2bae3a79a03bd5c7e [CANDIDATE]: Term 1 election: Tablet error from VoteRequest() call to peer 36c75dc03aea450892873c4c1fda26a0 (127.10.229.194:32847): Illegal state: must be running to vote when last-logged opid is not known
W20260710 13:19:06.654250 11259 leader_election.cc:343] T 2b8703b098a849c0be2f36e1bbe3806a P 638b7be278ae42f2bae3a79a03bd5c7e [CANDIDATE]: Term 1 pre-election: Tablet error from VoteRequest() call to peer 36c75dc03aea450892873c4c1fda26a0 (127.10.229.194:32847): Illegal state: must be running to vote when last-logged opid is not known
I20260710 13:19:06.654203 11258 leader_election.cc:304] T 821b160248cf46b483eee496868846f2 P 638b7be278ae42f2bae3a79a03bd5c7e [CANDIDATE]: Term 1 pre-election: Election decided. Result: candidate won. Election summary: received 2 responses out of 3 voters: 2 yes votes; 0 no votes. yes voters: 638b7be278ae42f2bae3a79a03bd5c7e, b866d2e04d59486db23a3ca3a4b810d6; no voters: 
I20260710 13:19:06.655941 11259 leader_election.cc:304] T 2b8703b098a849c0be2f36e1bbe3806a P 638b7be278ae42f2bae3a79a03bd5c7e [CANDIDATE]: Term 1 pre-election: Election decided. Result: candidate lost. Election summary: received 3 responses out of 3 voters: 1 yes votes; 2 no votes. yes voters: 638b7be278ae42f2bae3a79a03bd5c7e; no voters: 36c75dc03aea450892873c4c1fda26a0, b866d2e04d59486db23a3ca3a4b810d6
I20260710 13:19:06.657168 11493 raft_consensus.cc:2749] T 2b8703b098a849c0be2f36e1bbe3806a P 638b7be278ae42f2bae3a79a03bd5c7e [term 0 FOLLOWER]: Leader pre-election lost for term 1. Reason: could not achieve majority
I20260710 13:19:06.663359 11519 raft_consensus.cc:2804] T 821b160248cf46b483eee496868846f2 P 638b7be278ae42f2bae3a79a03bd5c7e [term 0 FOLLOWER]: Leader pre-election won for term 1
I20260710 13:19:06.663813 11519 raft_consensus.cc:493] T 821b160248cf46b483eee496868846f2 P 638b7be278ae42f2bae3a79a03bd5c7e [term 0 FOLLOWER]: Starting leader election (no leader contacted us within the election timeout)
I20260710 13:19:06.664099 11494 raft_consensus.cc:697] T db7c41c5213644489e4d5f53ffe7c856 P 36c75dc03aea450892873c4c1fda26a0 [term 1 LEADER]: Becoming Leader. State: Replica: 36c75dc03aea450892873c4c1fda26a0, State: Running, Role: LEADER
I20260710 13:19:06.664391 11519 raft_consensus.cc:3060] T 821b160248cf46b483eee496868846f2 P 638b7be278ae42f2bae3a79a03bd5c7e [term 0 FOLLOWER]: Advancing to term 1
I20260710 13:19:06.666798 11259 leader_election.cc:304] T 8c418a8b4d2e47469cf30f21c44b6f02 P 638b7be278ae42f2bae3a79a03bd5c7e [CANDIDATE]: Term 1 pre-election: Election decided. Result: candidate lost. Election summary: received 3 responses out of 3 voters: 1 yes votes; 2 no votes. yes voters: 638b7be278ae42f2bae3a79a03bd5c7e; no voters: 36c75dc03aea450892873c4c1fda26a0, b866d2e04d59486db23a3ca3a4b810d6
I20260710 13:19:06.667025 11494 consensus_queue.cc:237] T db7c41c5213644489e4d5f53ffe7c856 P 36c75dc03aea450892873c4c1fda26a0 [LEADER]: Queue going to LEADER mode. State: All replicated index: 0, Majority replicated index: 0, Committed index: 0, Last appended: 0.0, Last appended by leader: 0, Current term: 1, Majority size: 2, State: 0, Mode: LEADER, active raft config: opid_index: -1 OBSOLETE_local: false peers { permanent_uuid: "638b7be278ae42f2bae3a79a03bd5c7e" member_type: VOTER last_known_addr { host: "127.10.229.193" port: 37947 } } peers { permanent_uuid: "36c75dc03aea450892873c4c1fda26a0" member_type: VOTER last_known_addr { host: "127.10.229.194" port: 32847 } } peers { permanent_uuid: "b866d2e04d59486db23a3ca3a4b810d6" member_type: VOTER last_known_addr { host: "127.10.229.195" port: 35685 } }
I20260710 13:19:06.667565 11493 raft_consensus.cc:2749] T 8c418a8b4d2e47469cf30f21c44b6f02 P 638b7be278ae42f2bae3a79a03bd5c7e [term 1 FOLLOWER]: Leader pre-election lost for term 1. Reason: could not achieve majority
I20260710 13:19:06.667701 11487 ts_tablet_manager.cc:1434] T 56e36ce7ed4d4688afa49af34bd9cbb4 P 36c75dc03aea450892873c4c1fda26a0: Time spent starting tablet: real 0.037s	user 0.006s	sys 0.004s
I20260710 13:19:06.669957 11487 tablet_bootstrap.cc:492] T 10e7a7a9afc44e42aa32b07d41b52969 P 36c75dc03aea450892873c4c1fda26a0: Bootstrap starting.
I20260710 13:19:06.674068 11369 tablet_service.cc:1917] Received RequestConsensusVote() RPC: tablet_id: "821b160248cf46b483eee496868846f2" candidate_uuid: "638b7be278ae42f2bae3a79a03bd5c7e" candidate_term: 1 candidate_status { last_received { term: 0 index: 0 } } ignore_live_leader: false dest_uuid: "36c75dc03aea450892873c4c1fda26a0" is_pre_election: true
I20260710 13:19:06.674705 11369 raft_consensus.cc:2468] T 821b160248cf46b483eee496868846f2 P 36c75dc03aea450892873c4c1fda26a0 [term 0 FOLLOWER]: Leader pre-election vote request: Granting yes vote for candidate 638b7be278ae42f2bae3a79a03bd5c7e in term 0.
I20260710 13:19:06.680568 11526 raft_consensus.cc:493] T 821b160248cf46b483eee496868846f2 P 36c75dc03aea450892873c4c1fda26a0 [term 0 FOLLOWER]: Starting pre-election (no leader contacted us within the election timeout)
I20260710 13:19:06.681038 11526 raft_consensus.cc:515] T 821b160248cf46b483eee496868846f2 P 36c75dc03aea450892873c4c1fda26a0 [term 0 FOLLOWER]: Starting pre-election with config: opid_index: -1 OBSOLETE_local: false peers { permanent_uuid: "638b7be278ae42f2bae3a79a03bd5c7e" member_type: VOTER last_known_addr { host: "127.10.229.193" port: 37947 } } peers { permanent_uuid: "36c75dc03aea450892873c4c1fda26a0" member_type: VOTER last_known_addr { host: "127.10.229.194" port: 32847 } } peers { permanent_uuid: "b866d2e04d59486db23a3ca3a4b810d6" member_type: VOTER last_known_addr { host: "127.10.229.195" port: 35685 } }
I20260710 13:19:06.679160 11188 catalog_manager.cc:5697] T ab7322f91883436c985a63c7db760d69 P 638b7be278ae42f2bae3a79a03bd5c7e reported cstate change: term changed from 0 to 1, leader changed from <none> to 638b7be278ae42f2bae3a79a03bd5c7e (127.10.229.193). New cstate: current_term: 1 leader_uuid: "638b7be278ae42f2bae3a79a03bd5c7e" committed_config { opid_index: -1 OBSOLETE_local: false peers { permanent_uuid: "638b7be278ae42f2bae3a79a03bd5c7e" member_type: VOTER last_known_addr { host: "127.10.229.193" port: 37947 } health_report { overall_health: HEALTHY } } peers { permanent_uuid: "36c75dc03aea450892873c4c1fda26a0" member_type: VOTER last_known_addr { host: "127.10.229.194" port: 32847 } health_report { overall_health: UNKNOWN } } peers { permanent_uuid: "b866d2e04d59486db23a3ca3a4b810d6" member_type: VOTER last_known_addr { host: "127.10.229.195" port: 35685 } health_report { overall_health: UNKNOWN } } }
I20260710 13:19:06.688382 11526 leader_election.cc:290] T 821b160248cf46b483eee496868846f2 P 36c75dc03aea450892873c4c1fda26a0 [CANDIDATE]: Term 1 pre-election: Requested pre-vote from peers 638b7be278ae42f2bae3a79a03bd5c7e (127.10.229.193:37947), b866d2e04d59486db23a3ca3a4b810d6 (127.10.229.195:35685)
I20260710 13:19:06.690840 11486 tablet_bootstrap.cc:492] T 8c418a8b4d2e47469cf30f21c44b6f02 P b866d2e04d59486db23a3ca3a4b810d6: No bootstrap required, opened a new log
I20260710 13:19:06.691275 11486 ts_tablet_manager.cc:1403] T 8c418a8b4d2e47469cf30f21c44b6f02 P b866d2e04d59486db23a3ca3a4b810d6: Time spent bootstrapping tablet: real 0.128s	user 0.022s	sys 0.022s
I20260710 13:19:06.691439 11442 tablet_service.cc:1917] Received RequestConsensusVote() RPC: tablet_id: "821b160248cf46b483eee496868846f2" candidate_uuid: "36c75dc03aea450892873c4c1fda26a0" candidate_term: 1 candidate_status { last_received { term: 0 index: 0 } } ignore_live_leader: false dest_uuid: "b866d2e04d59486db23a3ca3a4b810d6" is_pre_election: true
I20260710 13:19:06.692862 11442 raft_consensus.cc:2468] T 821b160248cf46b483eee496868846f2 P b866d2e04d59486db23a3ca3a4b810d6 [term 0 FOLLOWER]: Leader pre-election vote request: Granting yes vote for candidate 36c75dc03aea450892873c4c1fda26a0 in term 0.
I20260710 13:19:06.691743 11525 raft_consensus.cc:2804] T 8c418a8b4d2e47469cf30f21c44b6f02 P 36c75dc03aea450892873c4c1fda26a0 [term 1 FOLLOWER]: Leader election won for term 1
I20260710 13:19:06.694315 11333 leader_election.cc:304] T 821b160248cf46b483eee496868846f2 P 36c75dc03aea450892873c4c1fda26a0 [CANDIDATE]: Term 1 pre-election: Election decided. Result: candidate won. Election summary: received 2 responses out of 3 voters: 2 yes votes; 0 no votes. yes voters: 36c75dc03aea450892873c4c1fda26a0, b866d2e04d59486db23a3ca3a4b810d6; no voters: 
I20260710 13:19:06.694592 11525 raft_consensus.cc:697] T 8c418a8b4d2e47469cf30f21c44b6f02 P 36c75dc03aea450892873c4c1fda26a0 [term 1 LEADER]: Becoming Leader. State: Replica: 36c75dc03aea450892873c4c1fda26a0, State: Running, Role: LEADER
I20260710 13:19:06.697041 11524 raft_consensus.cc:2804] T 821b160248cf46b483eee496868846f2 P 36c75dc03aea450892873c4c1fda26a0 [term 0 FOLLOWER]: Leader pre-election won for term 1
I20260710 13:19:06.698879 11524 raft_consensus.cc:493] T 821b160248cf46b483eee496868846f2 P 36c75dc03aea450892873c4c1fda26a0 [term 0 FOLLOWER]: Starting leader election (no leader contacted us within the election timeout)
I20260710 13:19:06.699231 11524 raft_consensus.cc:3060] T 821b160248cf46b483eee496868846f2 P 36c75dc03aea450892873c4c1fda26a0 [term 0 FOLLOWER]: Advancing to term 1
I20260710 13:19:06.699265 11369 tablet_service.cc:1917] Received RequestConsensusVote() RPC: tablet_id: "abc305929e5145ab9886d5dbc9c9d0b2" candidate_uuid: "b866d2e04d59486db23a3ca3a4b810d6" candidate_term: 1 candidate_status { last_received { term: 0 index: 0 } } ignore_live_leader: false dest_uuid: "36c75dc03aea450892873c4c1fda26a0" is_pre_election: true
I20260710 13:19:06.701040 11488 tablet_bootstrap.cc:492] T 9142d33346a44e178c84d4cb98cdc463 P 638b7be278ae42f2bae3a79a03bd5c7e: No bootstrap required, opened a new log
I20260710 13:19:06.701428 11488 ts_tablet_manager.cc:1403] T 9142d33346a44e178c84d4cb98cdc463 P 638b7be278ae42f2bae3a79a03bd5c7e: Time spent bootstrapping tablet: real 0.084s	user 0.009s	sys 0.009s
I20260710 13:19:06.703493 11293 tablet_service.cc:1917] Received RequestConsensusVote() RPC: tablet_id: "821b160248cf46b483eee496868846f2" candidate_uuid: "36c75dc03aea450892873c4c1fda26a0" candidate_term: 1 candidate_status { last_received { term: 0 index: 0 } } ignore_live_leader: false dest_uuid: "638b7be278ae42f2bae3a79a03bd5c7e" is_pre_election: true
I20260710 13:19:06.702883 11486 raft_consensus.cc:359] T 8c418a8b4d2e47469cf30f21c44b6f02 P b866d2e04d59486db23a3ca3a4b810d6 [term 0 FOLLOWER]: Replica starting. Triggering 0 pending ops. Active config: opid_index: -1 OBSOLETE_local: false peers { permanent_uuid: "638b7be278ae42f2bae3a79a03bd5c7e" member_type: VOTER last_known_addr { host: "127.10.229.193" port: 37947 } } peers { permanent_uuid: "36c75dc03aea450892873c4c1fda26a0" member_type: VOTER last_known_addr { host: "127.10.229.194" port: 32847 } } peers { permanent_uuid: "b866d2e04d59486db23a3ca3a4b810d6" member_type: VOTER last_known_addr { host: "127.10.229.195" port: 35685 } }
I20260710 13:19:06.705233 11486 raft_consensus.cc:385] T 8c418a8b4d2e47469cf30f21c44b6f02 P b866d2e04d59486db23a3ca3a4b810d6 [term 0 FOLLOWER]: Consensus starting up: Expiring failure detector timer to make a prompt election more likely
I20260710 13:19:06.705592 11486 raft_consensus.cc:740] T 8c418a8b4d2e47469cf30f21c44b6f02 P b866d2e04d59486db23a3ca3a4b810d6 [term 0 FOLLOWER]: Becoming Follower/Learner. State: Replica: b866d2e04d59486db23a3ca3a4b810d6, State: Initialized, Role: FOLLOWER
I20260710 13:19:06.704205 11492 raft_consensus.cc:493] T 9142d33346a44e178c84d4cb98cdc463 P b866d2e04d59486db23a3ca3a4b810d6 [term 0 FOLLOWER]: Starting pre-election (no leader contacted us within the election timeout)
W20260710 13:19:06.703873 11408 leader_election.cc:343] T abc305929e5145ab9886d5dbc9c9d0b2 P b866d2e04d59486db23a3ca3a4b810d6 [CANDIDATE]: Term 1 pre-election: Tablet error from VoteRequest() call to peer 36c75dc03aea450892873c4c1fda26a0 (127.10.229.194:32847): Illegal state: must be running to vote when last-logged opid is not known
I20260710 13:19:06.706995 11486 consensus_queue.cc:260] T 8c418a8b4d2e47469cf30f21c44b6f02 P b866d2e04d59486db23a3ca3a4b810d6 [NON_LEADER]: Queue going to NON_LEADER mode. State: All replicated index: 0, Majority replicated index: 0, Committed index: 0, Last appended: 0.0, Last appended by leader: 0, Current term: 0, Majority size: -1, State: 0, Mode: NON_LEADER, active raft config: opid_index: -1 OBSOLETE_local: false peers { permanent_uuid: "638b7be278ae42f2bae3a79a03bd5c7e" member_type: VOTER last_known_addr { host: "127.10.229.193" port: 37947 } } peers { permanent_uuid: "36c75dc03aea450892873c4c1fda26a0" member_type: VOTER last_known_addr { host: "127.10.229.194" port: 32847 } } peers { permanent_uuid: "b866d2e04d59486db23a3ca3a4b810d6" member_type: VOTER last_known_addr { host: "127.10.229.195" port: 35685 } }
I20260710 13:19:06.706863 11492 raft_consensus.cc:515] T 9142d33346a44e178c84d4cb98cdc463 P b866d2e04d59486db23a3ca3a4b810d6 [term 0 FOLLOWER]: Starting pre-election with config: opid_index: -1 OBSOLETE_local: false peers { permanent_uuid: "638b7be278ae42f2bae3a79a03bd5c7e" member_type: VOTER last_known_addr { host: "127.10.229.193" port: 37947 } } peers { permanent_uuid: "36c75dc03aea450892873c4c1fda26a0" member_type: VOTER last_known_addr { host: "127.10.229.194" port: 32847 } } peers { permanent_uuid: "b866d2e04d59486db23a3ca3a4b810d6" member_type: VOTER last_known_addr { host: "127.10.229.195" port: 35685 } }
I20260710 13:19:06.707356 11408 leader_election.cc:304] T abc305929e5145ab9886d5dbc9c9d0b2 P b866d2e04d59486db23a3ca3a4b810d6 [CANDIDATE]: Term 1 pre-election: Election decided. Result: candidate lost. Election summary: received 3 responses out of 3 voters: 1 yes votes; 2 no votes. yes voters: b866d2e04d59486db23a3ca3a4b810d6; no voters: 36c75dc03aea450892873c4c1fda26a0, 638b7be278ae42f2bae3a79a03bd5c7e
I20260710 13:19:06.711978 11492 leader_election.cc:290] T 9142d33346a44e178c84d4cb98cdc463 P b866d2e04d59486db23a3ca3a4b810d6 [CANDIDATE]: Term 1 pre-election: Requested pre-vote from peers 638b7be278ae42f2bae3a79a03bd5c7e (127.10.229.193:37947), 36c75dc03aea450892873c4c1fda26a0 (127.10.229.194:32847)
I20260710 13:19:06.713452 11294 tablet_service.cc:1917] Received RequestConsensusVote() RPC: tablet_id: "9142d33346a44e178c84d4cb98cdc463" candidate_uuid: "b866d2e04d59486db23a3ca3a4b810d6" candidate_term: 1 candidate_status { last_received { term: 0 index: 0 } } ignore_live_leader: false dest_uuid: "638b7be278ae42f2bae3a79a03bd5c7e" is_pre_election: true
I20260710 13:19:06.714603 11487 tablet_bootstrap.cc:654] T 10e7a7a9afc44e42aa32b07d41b52969 P 36c75dc03aea450892873c4c1fda26a0: Neither blocks nor log segments found. Creating new log.
I20260710 13:19:06.716727 11492 raft_consensus.cc:2749] T abc305929e5145ab9886d5dbc9c9d0b2 P b866d2e04d59486db23a3ca3a4b810d6 [term 0 FOLLOWER]: Leader pre-election lost for term 1. Reason: could not achieve majority
I20260710 13:19:06.728961 11488 raft_consensus.cc:359] T 9142d33346a44e178c84d4cb98cdc463 P 638b7be278ae42f2bae3a79a03bd5c7e [term 0 FOLLOWER]: Replica starting. Triggering 0 pending ops. Active config: opid_index: -1 OBSOLETE_local: false peers { permanent_uuid: "638b7be278ae42f2bae3a79a03bd5c7e" member_type: VOTER last_known_addr { host: "127.10.229.193" port: 37947 } } peers { permanent_uuid: "36c75dc03aea450892873c4c1fda26a0" member_type: VOTER last_known_addr { host: "127.10.229.194" port: 32847 } } peers { permanent_uuid: "b866d2e04d59486db23a3ca3a4b810d6" member_type: VOTER last_known_addr { host: "127.10.229.195" port: 35685 } }
I20260710 13:19:06.729902 11488 raft_consensus.cc:385] T 9142d33346a44e178c84d4cb98cdc463 P 638b7be278ae42f2bae3a79a03bd5c7e [term 0 FOLLOWER]: Consensus starting up: Expiring failure detector timer to make a prompt election more likely
I20260710 13:19:06.730510 11488 raft_consensus.cc:740] T 9142d33346a44e178c84d4cb98cdc463 P 638b7be278ae42f2bae3a79a03bd5c7e [term 0 FOLLOWER]: Becoming Follower/Learner. State: Replica: 638b7be278ae42f2bae3a79a03bd5c7e, State: Initialized, Role: FOLLOWER
I20260710 13:19:06.731989 11488 consensus_queue.cc:260] T 9142d33346a44e178c84d4cb98cdc463 P 638b7be278ae42f2bae3a79a03bd5c7e [NON_LEADER]: Queue going to NON_LEADER mode. State: All replicated index: 0, Majority replicated index: 0, Committed index: 0, Last appended: 0.0, Last appended by leader: 0, Current term: 0, Majority size: -1, State: 0, Mode: NON_LEADER, active raft config: opid_index: -1 OBSOLETE_local: false peers { permanent_uuid: "638b7be278ae42f2bae3a79a03bd5c7e" member_type: VOTER last_known_addr { host: "127.10.229.193" port: 37947 } } peers { permanent_uuid: "36c75dc03aea450892873c4c1fda26a0" member_type: VOTER last_known_addr { host: "127.10.229.194" port: 32847 } } peers { permanent_uuid: "b866d2e04d59486db23a3ca3a4b810d6" member_type: VOTER last_known_addr { host: "127.10.229.195" port: 35685 } }
I20260710 13:19:06.715821 11519 raft_consensus.cc:515] T 821b160248cf46b483eee496868846f2 P 638b7be278ae42f2bae3a79a03bd5c7e [term 1 FOLLOWER]: Starting leader election with config: opid_index: -1 OBSOLETE_local: false peers { permanent_uuid: "638b7be278ae42f2bae3a79a03bd5c7e" member_type: VOTER last_known_addr { host: "127.10.229.193" port: 37947 } } peers { permanent_uuid: "36c75dc03aea450892873c4c1fda26a0" member_type: VOTER last_known_addr { host: "127.10.229.194" port: 32847 } } peers { permanent_uuid: "b866d2e04d59486db23a3ca3a4b810d6" member_type: VOTER last_known_addr { host: "127.10.229.195" port: 35685 } }
W20260710 13:19:06.734350 11406 leader_election.cc:343] T 9142d33346a44e178c84d4cb98cdc463 P b866d2e04d59486db23a3ca3a4b810d6 [CANDIDATE]: Term 1 pre-election: Tablet error from VoteRequest() call to peer 638b7be278ae42f2bae3a79a03bd5c7e (127.10.229.193:37947): Illegal state: must be running to vote when last-logged opid is not known
I20260710 13:19:06.725847 11189 catalog_manager.cc:5697] T db7c41c5213644489e4d5f53ffe7c856 P 36c75dc03aea450892873c4c1fda26a0 reported cstate change: term changed from 0 to 1, leader changed from <none> to 36c75dc03aea450892873c4c1fda26a0 (127.10.229.194). New cstate: current_term: 1 leader_uuid: "36c75dc03aea450892873c4c1fda26a0" committed_config { opid_index: -1 OBSOLETE_local: false peers { permanent_uuid: "638b7be278ae42f2bae3a79a03bd5c7e" member_type: VOTER last_known_addr { host: "127.10.229.193" port: 37947 } health_report { overall_health: UNKNOWN } } peers { permanent_uuid: "36c75dc03aea450892873c4c1fda26a0" member_type: VOTER last_known_addr { host: "127.10.229.194" port: 32847 } health_report { overall_health: HEALTHY } } peers { permanent_uuid: "b866d2e04d59486db23a3ca3a4b810d6" member_type: VOTER last_known_addr { host: "127.10.229.195" port: 35685 } health_report { overall_health: UNKNOWN } } }
I20260710 13:19:06.698426 11525 consensus_queue.cc:237] T 8c418a8b4d2e47469cf30f21c44b6f02 P 36c75dc03aea450892873c4c1fda26a0 [LEADER]: Queue going to LEADER mode. State: All replicated index: 0, Majority replicated index: 0, Committed index: 0, Last appended: 0.0, Last appended by leader: 0, Current term: 1, Majority size: 2, State: 0, Mode: LEADER, active raft config: opid_index: -1 OBSOLETE_local: false peers { permanent_uuid: "638b7be278ae42f2bae3a79a03bd5c7e" member_type: VOTER last_known_addr { host: "127.10.229.193" port: 37947 } } peers { permanent_uuid: "36c75dc03aea450892873c4c1fda26a0" member_type: VOTER last_known_addr { host: "127.10.229.194" port: 32847 } } peers { permanent_uuid: "b866d2e04d59486db23a3ca3a4b810d6" member_type: VOTER last_known_addr { host: "127.10.229.195" port: 35685 } }
I20260710 13:19:06.743507 11488 ts_tablet_manager.cc:1434] T 9142d33346a44e178c84d4cb98cdc463 P 638b7be278ae42f2bae3a79a03bd5c7e: Time spent starting tablet: real 0.042s	user 0.009s	sys 0.000s
I20260710 13:19:06.745209 11293 raft_consensus.cc:2393] T 821b160248cf46b483eee496868846f2 P 638b7be278ae42f2bae3a79a03bd5c7e [term 1 FOLLOWER]: Leader pre-election vote request: Denying vote to candidate 36c75dc03aea450892873c4c1fda26a0 in current term 1: Already voted for candidate 638b7be278ae42f2bae3a79a03bd5c7e in this term.
I20260710 13:19:06.746387 11488 tablet_bootstrap.cc:492] T abc305929e5145ab9886d5dbc9c9d0b2 P 638b7be278ae42f2bae3a79a03bd5c7e: Bootstrap starting.
I20260710 13:19:06.752519 11369 tablet_service.cc:1917] Received RequestConsensusVote() RPC: tablet_id: "9142d33346a44e178c84d4cb98cdc463" candidate_uuid: "b866d2e04d59486db23a3ca3a4b810d6" candidate_term: 1 candidate_status { last_received { term: 0 index: 0 } } ignore_live_leader: false dest_uuid: "36c75dc03aea450892873c4c1fda26a0" is_pre_election: true
I20260710 13:19:06.753029 11442 tablet_service.cc:1917] Received RequestConsensusVote() RPC: tablet_id: "821b160248cf46b483eee496868846f2" candidate_uuid: "638b7be278ae42f2bae3a79a03bd5c7e" candidate_term: 1 candidate_status { last_received { term: 0 index: 0 } } ignore_live_leader: false dest_uuid: "b866d2e04d59486db23a3ca3a4b810d6"
I20260710 13:19:06.753461 11519 leader_election.cc:290] T 821b160248cf46b483eee496868846f2 P 638b7be278ae42f2bae3a79a03bd5c7e [CANDIDATE]: Term 1 election: Requested vote from peers 36c75dc03aea450892873c4c1fda26a0 (127.10.229.194:32847), b866d2e04d59486db23a3ca3a4b810d6 (127.10.229.195:35685)
I20260710 13:19:06.754233 11442 raft_consensus.cc:3060] T 821b160248cf46b483eee496868846f2 P b866d2e04d59486db23a3ca3a4b810d6 [term 0 FOLLOWER]: Advancing to term 1
I20260710 13:19:06.754786 11367 tablet_service.cc:1917] Received RequestConsensusVote() RPC: tablet_id: "821b160248cf46b483eee496868846f2" candidate_uuid: "638b7be278ae42f2bae3a79a03bd5c7e" candidate_term: 1 candidate_status { last_received { term: 0 index: 0 } } ignore_live_leader: false dest_uuid: "36c75dc03aea450892873c4c1fda26a0"
I20260710 13:19:06.754031 11524 raft_consensus.cc:515] T 821b160248cf46b483eee496868846f2 P 36c75dc03aea450892873c4c1fda26a0 [term 1 FOLLOWER]: Starting leader election with config: opid_index: -1 OBSOLETE_local: false peers { permanent_uuid: "638b7be278ae42f2bae3a79a03bd5c7e" member_type: VOTER last_known_addr { host: "127.10.229.193" port: 37947 } } peers { permanent_uuid: "36c75dc03aea450892873c4c1fda26a0" member_type: VOTER last_known_addr { host: "127.10.229.194" port: 32847 } } peers { permanent_uuid: "b866d2e04d59486db23a3ca3a4b810d6" member_type: VOTER last_known_addr { host: "127.10.229.195" port: 35685 } }
W20260710 13:19:06.758551 11408 leader_election.cc:343] T 9142d33346a44e178c84d4cb98cdc463 P b866d2e04d59486db23a3ca3a4b810d6 [CANDIDATE]: Term 1 pre-election: Tablet error from VoteRequest() call to peer 36c75dc03aea450892873c4c1fda26a0 (127.10.229.194:32847): Illegal state: must be running to vote when last-logged opid is not known
I20260710 13:19:06.759256 11367 raft_consensus.cc:2393] T 821b160248cf46b483eee496868846f2 P 36c75dc03aea450892873c4c1fda26a0 [term 1 FOLLOWER]: Leader election vote request: Denying vote to candidate 638b7be278ae42f2bae3a79a03bd5c7e in current term 1: Already voted for candidate 36c75dc03aea450892873c4c1fda26a0 in this term.
