I20260710 13:19:31.014721  7101 tablet_service.cc:1917] Received RequestConsensusVote() RPC: tablet_id: "87dd72eaaaeb4751bbc00ea9d9054801" candidate_uuid: "37f760c6df4b46b387c9ab51a973a979" candidate_term: 4 candidate_status { last_received { term: 1 index: 1 } } ignore_live_leader: false dest_uuid: "0c611db1bcf246d982acc177c9b9ead7" is_pre_election: true
I20260710 13:19:31.015231  7101 raft_consensus.cc:2468] T 87dd72eaaaeb4751bbc00ea9d9054801 P 0c611db1bcf246d982acc177c9b9ead7 [term 3 FOLLOWER]: Leader pre-election vote request: Granting yes vote for candidate 37f760c6df4b46b387c9ab51a973a979 in term 3.
I20260710 13:19:31.016453  6993 leader_election.cc:304] T 87dd72eaaaeb4751bbc00ea9d9054801 P 37f760c6df4b46b387c9ab51a973a979 [CANDIDATE]: Term 4 pre-election: Election decided. Result: candidate won. Election summary: received 3 responses out of 3 voters: 2 yes votes; 1 no votes. yes voters: 0c611db1bcf246d982acc177c9b9ead7, 37f760c6df4b46b387c9ab51a973a979; no voters: 2d44abfd9eaa45ce891bfdf4e91da6ca
I20260710 13:19:31.017205  7242 raft_consensus.cc:2804] T 87dd72eaaaeb4751bbc00ea9d9054801 P 37f760c6df4b46b387c9ab51a973a979 [term 3 FOLLOWER]: Leader pre-election won for term 4
I20260710 13:19:31.017549  7242 raft_consensus.cc:493] T 87dd72eaaaeb4751bbc00ea9d9054801 P 37f760c6df4b46b387c9ab51a973a979 [term 3 FOLLOWER]: Starting leader election (no leader contacted us within the election timeout)
I20260710 13:19:31.017861  7242 raft_consensus.cc:3060] T 87dd72eaaaeb4751bbc00ea9d9054801 P 37f760c6df4b46b387c9ab51a973a979 [term 3 FOLLOWER]: Advancing to term 4
I20260710 13:19:31.020443  6848 catalog_manager.cc:5697] T 87dd72eaaaeb4751bbc00ea9d9054801 P 2d44abfd9eaa45ce891bfdf4e91da6ca reported cstate change: term changed from 1 to 3. New cstate: current_term: 3 leader_uuid: "2d44abfd9eaa45ce891bfdf4e91da6ca" committed_config { opid_index: -1 OBSOLETE_local: false peers { permanent_uuid: "2d44abfd9eaa45ce891bfdf4e91da6ca" member_type: VOTER last_known_addr { host: "127.5.182.1" port: 42613 } health_report { overall_health: HEALTHY } } peers { permanent_uuid: "37f760c6df4b46b387c9ab51a973a979" member_type: VOTER last_known_addr { host: "127.5.182.2" port: 41725 } health_report { overall_health: UNKNOWN } } peers { permanent_uuid: "0c611db1bcf246d982acc177c9b9ead7" member_type: VOTER last_known_addr { host: "127.5.182.3" port: 35397 } health_report { overall_health: UNKNOWN } } }
I20260710 13:19:31.022264  7242 raft_consensus.cc:515] T 87dd72eaaaeb4751bbc00ea9d9054801 P 37f760c6df4b46b387c9ab51a973a979 [term 4 FOLLOWER]: Starting leader election with config: opid_index: -1 OBSOLETE_local: false peers { permanent_uuid: "2d44abfd9eaa45ce891bfdf4e91da6ca" member_type: VOTER last_known_addr { host: "127.5.182.1" port: 42613 } } peers { permanent_uuid: "37f760c6df4b46b387c9ab51a973a979" member_type: VOTER last_known_addr { host: "127.5.182.2" port: 41725 } } peers { permanent_uuid: "0c611db1bcf246d982acc177c9b9ead7" member_type: VOTER last_known_addr { host: "127.5.182.3" port: 35397 } }
I20260710 13:19:31.023774  7242 leader_election.cc:290] T 87dd72eaaaeb4751bbc00ea9d9054801 P 37f760c6df4b46b387c9ab51a973a979 [CANDIDATE]: Term 4 election: Requested vote from peers 2d44abfd9eaa45ce891bfdf4e91da6ca (127.5.182.1:42613), 0c611db1bcf246d982acc177c9b9ead7 (127.5.182.3:35397)
I20260710 13:19:31.024544  6950 tablet_service.cc:1917] Received RequestConsensusVote() RPC: tablet_id: "87dd72eaaaeb4751bbc00ea9d9054801" candidate_uuid: "37f760c6df4b46b387c9ab51a973a979" candidate_term: 4 candidate_status { last_received { term: 1 index: 1 } } ignore_live_leader: false dest_uuid: "2d44abfd9eaa45ce891bfdf4e91da6ca"
I20260710 13:19:31.024982  7101 tablet_service.cc:1917] Received RequestConsensusVote() RPC: tablet_id: "87dd72eaaaeb4751bbc00ea9d9054801" candidate_uuid: "37f760c6df4b46b387c9ab51a973a979" candidate_term: 4 candidate_status { last_received { term: 1 index: 1 } } ignore_live_leader: false dest_uuid: "0c611db1bcf246d982acc177c9b9ead7"
I20260710 13:19:31.025501  7101 raft_consensus.cc:3060] T 87dd72eaaaeb4751bbc00ea9d9054801 P 0c611db1bcf246d982acc177c9b9ead7 [term 3 FOLLOWER]: Advancing to term 4
I20260710 13:19:31.032356  7101 raft_consensus.cc:2468] T 87dd72eaaaeb4751bbc00ea9d9054801 P 0c611db1bcf246d982acc177c9b9ead7 [term 4 FOLLOWER]: Leader election vote request: Granting yes vote for candidate 37f760c6df4b46b387c9ab51a973a979 in term 4.
I20260710 13:19:31.033382  6993 leader_election.cc:304] T 87dd72eaaaeb4751bbc00ea9d9054801 P 37f760c6df4b46b387c9ab51a973a979 [CANDIDATE]: Term 4 election: Election decided. Result: candidate won. Election summary: received 3 responses out of 3 voters: 2 yes votes; 1 no votes. yes voters: 0c611db1bcf246d982acc177c9b9ead7, 37f760c6df4b46b387c9ab51a973a979; no voters: 2d44abfd9eaa45ce891bfdf4e91da6ca
I20260710 13:19:31.034161  7242 raft_consensus.cc:2804] T 87dd72eaaaeb4751bbc00ea9d9054801 P 37f760c6df4b46b387c9ab51a973a979 [term 4 FOLLOWER]: Leader election won for term 4
I20260710 13:19:31.034590  7242 raft_consensus.cc:697] T 87dd72eaaaeb4751bbc00ea9d9054801 P 37f760c6df4b46b387c9ab51a973a979 [term 4 LEADER]: Becoming Leader. State: Replica: 37f760c6df4b46b387c9ab51a973a979, State: Running, Role: LEADER
I20260710 13:19:31.035327  7242 consensus_queue.cc:237] T 87dd72eaaaeb4751bbc00ea9d9054801 P 37f760c6df4b46b387c9ab51a973a979 [LEADER]: Queue going to LEADER mode. State: All replicated index: 0, Majority replicated index: 1, Committed index: 1, Last appended: 1.1, Last appended by leader: 1, Current term: 4, Majority size: 2, State: 0, Mode: LEADER, active raft config: opid_index: -1 OBSOLETE_local: false peers { permanent_uuid: "2d44abfd9eaa45ce891bfdf4e91da6ca" member_type: VOTER last_known_addr { host: "127.5.182.1" port: 42613 } } peers { permanent_uuid: "37f760c6df4b46b387c9ab51a973a979" member_type: VOTER last_known_addr { host: "127.5.182.2" port: 41725 } } peers { permanent_uuid: "0c611db1bcf246d982acc177c9b9ead7" member_type: VOTER last_known_addr { host: "127.5.182.3" port: 35397 } }
I20260710 13:19:31.045091  6848 catalog_manager.cc:5697] T 87dd72eaaaeb4751bbc00ea9d9054801 P 37f760c6df4b46b387c9ab51a973a979 reported cstate change: term changed from 3 to 4, leader changed from 2d44abfd9eaa45ce891bfdf4e91da6ca (127.5.182.1) to 37f760c6df4b46b387c9ab51a973a979 (127.5.182.2). New cstate: current_term: 4 leader_uuid: "37f760c6df4b46b387c9ab51a973a979" committed_config { opid_index: -1 OBSOLETE_local: false peers { permanent_uuid: "2d44abfd9eaa45ce891bfdf4e91da6ca" member_type: VOTER last_known_addr { host: "127.5.182.1" port: 42613 } health_report { overall_health: UNKNOWN } } peers { permanent_uuid: "37f760c6df4b46b387c9ab51a973a979" member_type: VOTER last_known_addr { host: "127.5.182.2" port: 41725 } health_report { overall_health: HEALTHY } } peers { permanent_uuid: "0c611db1bcf246d982acc177c9b9ead7" member_type: VOTER last_known_addr { host: "127.5.182.3" port: 35397 } health_report { overall_health: UNKNOWN } } }
I20260710 13:19:31.092000  7101 raft_consensus.cc:3060] T 4d21eca8b1724aa3a0d95f051c854dec P 0c611db1bcf246d982acc177c9b9ead7 [term 0 FOLLOWER]: Advancing to term 1
I20260710 13:19:31.099779  7309 raft_consensus.cc:493] T 4d21eca8b1724aa3a0d95f051c854dec P 0c611db1bcf246d982acc177c9b9ead7 [term 1 FOLLOWER]: Starting pre-election (detected failure of leader 2d44abfd9eaa45ce891bfdf4e91da6ca)
I20260710 13:19:31.100395  7309 raft_consensus.cc:515] T 4d21eca8b1724aa3a0d95f051c854dec P 0c611db1bcf246d982acc177c9b9ead7 [term 1 FOLLOWER]: Starting pre-election with config: opid_index: -1 OBSOLETE_local: false peers { permanent_uuid: "2d44abfd9eaa45ce891bfdf4e91da6ca" member_type: VOTER last_known_addr { host: "127.5.182.1" port: 42613 } } peers { permanent_uuid: "37f760c6df4b46b387c9ab51a973a979" member_type: VOTER last_known_addr { host: "127.5.182.2" port: 41725 } } peers { permanent_uuid: "0c611db1bcf246d982acc177c9b9ead7" member_type: VOTER last_known_addr { host: "127.5.182.3" port: 35397 } }
I20260710 13:19:31.103271  7309 leader_election.cc:290] T 4d21eca8b1724aa3a0d95f051c854dec P 0c611db1bcf246d982acc177c9b9ead7 [CANDIDATE]: Term 2 pre-election: Requested pre-vote from peers 2d44abfd9eaa45ce891bfdf4e91da6ca (127.5.182.1:42613), 37f760c6df4b46b387c9ab51a973a979 (127.5.182.2:41725)
I20260710 13:19:31.103930  6950 tablet_service.cc:1917] Received RequestConsensusVote() RPC: tablet_id: "4d21eca8b1724aa3a0d95f051c854dec" candidate_uuid: "0c611db1bcf246d982acc177c9b9ead7" candidate_term: 2 candidate_status { last_received { term: 1 index: 1 } } ignore_live_leader: false dest_uuid: "2d44abfd9eaa45ce891bfdf4e91da6ca" is_pre_election: true
I20260710 13:19:31.104341  7024 tablet_service.cc:1917] Received RequestConsensusVote() RPC: tablet_id: "4d21eca8b1724aa3a0d95f051c854dec" candidate_uuid: "0c611db1bcf246d982acc177c9b9ead7" candidate_term: 2 candidate_status { last_received { term: 1 index: 1 } } ignore_live_leader: false dest_uuid: "37f760c6df4b46b387c9ab51a973a979" is_pre_election: true
I20260710 13:19:31.105657  7066 leader_election.cc:304] T 4d21eca8b1724aa3a0d95f051c854dec P 0c611db1bcf246d982acc177c9b9ead7 [CANDIDATE]: Term 2 pre-election: Election decided. Result: candidate lost. Election summary: received 3 responses out of 3 voters: 1 yes votes; 2 no votes. yes voters: 0c611db1bcf246d982acc177c9b9ead7; no voters: 2d44abfd9eaa45ce891bfdf4e91da6ca, 37f760c6df4b46b387c9ab51a973a979
I20260710 13:19:31.106308  7309 raft_consensus.cc:2749] T 4d21eca8b1724aa3a0d95f051c854dec P 0c611db1bcf246d982acc177c9b9ead7 [term 1 FOLLOWER]: Leader pre-election lost for term 2. Reason: could not achieve majority
I20260710 13:19:31.119042  7101 raft_consensus.cc:3060] T ce503ef9b3e14e0b964e1c2891cb4f0a P 0c611db1bcf246d982acc177c9b9ead7 [term 0 FOLLOWER]: Advancing to term 1
I20260710 13:19:31.452719  5848 file_cache.cc:504] Constructed file cache file cache with capacity 419430
W20260710 13:19:31.460913  7349 instance_detector.cc:116] could not retrieve Azure instance metadata: Network error: curl error: HTTP response code said error: The requested URL returned error: 404
W20260710 13:19:31.461109  7348 instance_detector.cc:116] could not retrieve AWS instance metadata: Network error: curl error: HTTP response code said error: The requested URL returned error: 404
W20260710 13:19:31.465991  7351 instance_detector.cc:116] could not retrieve OpenStack instance metadata: Network error: curl error: HTTP response code said error: The requested URL returned error: 404
I20260710 13:19:31.468323  5848 server_base.cc:1061] running on GCE node
I20260710 13:19:31.469988  5848 hybrid_clock.cc:584] initializing the hybrid clock with 'system_unsync' time source
W20260710 13:19:31.470297  5848 system_unsync_time.cc:38] NTP support is disabled. Clock error bounds will not be accurate. This configuration is not suitable for distributed clusters.
I20260710 13:19:31.470552  5848 hybrid_clock.cc:648] HybridClock initialized: now 1783689571470507 us; error 0 us; skew 500 ppm
I20260710 13:19:31.471334  5848 server_base.cc:861] Flag tcmalloc_max_total_thread_cache_bytes is not working since tcmalloc is not enabled.
I20260710 13:19:31.474362  5848 webserver.cc:533] Webserver started at http://127.5.182.4:36297/ using document root <none> and password file <none>
I20260710 13:19:31.474884  5848 fs_manager.cc:362] Metadata directory not provided
I20260710 13:19:31.475111  5848 fs_manager.cc:368] Using write-ahead log directory (fs_wal_dir) as metadata directory
I20260710 13:19:31.475139  7101 raft_consensus.cc:1240] T 87dd72eaaaeb4751bbc00ea9d9054801 P 0c611db1bcf246d982acc177c9b9ead7 [term 4 FOLLOWER]: Rejecting Update request from peer 2d44abfd9eaa45ce891bfdf4e91da6ca for earlier term 3. Current term is 4. Ops: []
I20260710 13:19:31.475430  5848 server_base.cc:909] This appears to be a new deployment of Kudu; creating new FS layout
I20260710 13:19:31.476866  5848 fs_manager.cc:1068] Generated new instance metadata in path /tmp/dist-test-task2GCgSP/test-tmp/auto_leader_rebalancer-test.0.LeaderRebalancerTest.AddTserver.1783689542902086-5848-0/minicluster-data/ts-3-root/instance:
uuid: "8fe47810b09349118e5da5fa1a68c043"
format_stamp: "Formatted at 2026-07-10 13:19:31 on dist-test-slave-gp0m"
I20260710 13:19:31.477923  7282 consensus_queue.cc:1059] T 87dd72eaaaeb4751bbc00ea9d9054801 P 2d44abfd9eaa45ce891bfdf4e91da6ca [LEADER]: Peer responded invalid term: Peer: permanent_uuid: "0c611db1bcf246d982acc177c9b9ead7" member_type: VOTER last_known_addr { host: "127.5.182.3" port: 35397 }, Status: INVALID_TERM, Last received: 0.0, Next index: 2, Last known committed idx: 0, Time since last communication: 0.001s
I20260710 13:19:31.478827  7154 raft_consensus.cc:3055] T 87dd72eaaaeb4751bbc00ea9d9054801 P 2d44abfd9eaa45ce891bfdf4e91da6ca [term 3 LEADER]: Stepping down as leader of term 3
I20260710 13:19:31.479136  7154 raft_consensus.cc:740] T 87dd72eaaaeb4751bbc00ea9d9054801 P 2d44abfd9eaa45ce891bfdf4e91da6ca [term 3 LEADER]: Becoming Follower/Learner. State: Replica: 2d44abfd9eaa45ce891bfdf4e91da6ca, State: Running, Role: LEADER
I20260710 13:19:31.479802  7154 consensus_queue.cc:260] T 87dd72eaaaeb4751bbc00ea9d9054801 P 2d44abfd9eaa45ce891bfdf4e91da6ca [NON_LEADER]: Queue going to NON_LEADER mode. State: All replicated index: 0, Majority replicated index: 1, Committed index: 1, Last appended: 3.2, Last appended by leader: 2, Current term: 3, Majority size: -1, State: 0, Mode: NON_LEADER, active raft config: opid_index: -1 OBSOLETE_local: false peers { permanent_uuid: "2d44abfd9eaa45ce891bfdf4e91da6ca" member_type: VOTER last_known_addr { host: "127.5.182.1" port: 42613 } } peers { permanent_uuid: "37f760c6df4b46b387c9ab51a973a979" member_type: VOTER last_known_addr { host: "127.5.182.2" port: 41725 } } peers { permanent_uuid: "0c611db1bcf246d982acc177c9b9ead7" member_type: VOTER last_known_addr { host: "127.5.182.3" port: 35397 } }
I20260710 13:19:31.480778  7154 raft_consensus.cc:3060] T 87dd72eaaaeb4751bbc00ea9d9054801 P 2d44abfd9eaa45ce891bfdf4e91da6ca [term 3 FOLLOWER]: Advancing to term 4
I20260710 13:19:31.482600  5848 fs_manager.cc:696] Time spent creating directory manager: real 0.005s	user 0.006s	sys 0.000s
I20260710 13:19:31.486608  7356 log_block_manager.cc:4127] Time spent loading block containers with low live blocks: real 0.000s	user 0.000s	sys 0.000s
I20260710 13:19:31.487469  5848 fs_manager.cc:730] Time spent opening block manager: real 0.003s	user 0.002s	sys 0.000s
I20260710 13:19:31.487802  5848 fs_manager.cc:647] Opened local filesystem: /tmp/dist-test-task2GCgSP/test-tmp/auto_leader_rebalancer-test.0.LeaderRebalancerTest.AddTserver.1783689542902086-5848-0/minicluster-data/ts-3-root
uuid: "8fe47810b09349118e5da5fa1a68c043"
format_stamp: "Formatted at 2026-07-10 13:19:31 on dist-test-slave-gp0m"
I20260710 13:19:31.488080  5848 fs_report.cc:389] FS layout report
--------------------
wal directory: /tmp/dist-test-task2GCgSP/test-tmp/auto_leader_rebalancer-test.0.LeaderRebalancerTest.AddTserver.1783689542902086-5848-0/minicluster-data/ts-3-root
metadata directory: /tmp/dist-test-task2GCgSP/test-tmp/auto_leader_rebalancer-test.0.LeaderRebalancerTest.AddTserver.1783689542902086-5848-0/minicluster-data/ts-3-root
1 data directories: /tmp/dist-test-task2GCgSP/test-tmp/auto_leader_rebalancer-test.0.LeaderRebalancerTest.AddTserver.1783689542902086-5848-0/minicluster-data/ts-3-root/data
Total live blocks: 0
Total live bytes: 0
Total live bytes (after alignment): 0
Total number of LBM containers: 0 (0 full)
Did not check for missing blocks
Did not check for orphaned blocks
Total full LBM containers with extra space: 0 (0 repaired)
Total full LBM container extra space in bytes: 0 (0 repaired)
Total incomplete LBM containers: 0 (0 repaired)
Total LBM partial records: 0 (0 repaired)
Total corrupted LBM metadata records in RocksDB: 0 (0 repaired)
I20260710 13:19:31.524719  5848 rpc_server.cc:225] running with OpenSSL 1.1.1  11 Sep 2018
I20260710 13:19:31.526083  5848 kserver.cc:163] Server-wide thread pool size limit: 3276
I20260710 13:19:31.527344  5848 txn_system_client.cc:432] TxnSystemClient initialization is disabled...
I20260710 13:19:31.529549  5848 ts_tablet_manager.cc:585] Loaded tablet metadata (0 total tablets, 0 live tablets)
I20260710 13:19:31.529803  5848 ts_tablet_manager.cc:531] Time spent load tablet metadata: real 0.000s	user 0.000s	sys 0.000s
I20260710 13:19:31.530097  5848 ts_tablet_manager.cc:616] Registered 0 tablets
I20260710 13:19:31.530256  5848 ts_tablet_manager.cc:595] Time spent register tablets: real 0.000s	user 0.000s	sys 0.000s
I20260710 13:19:31.594906  5848 rpc_server.cc:307] RPC server started. Bound to: 127.5.182.4:42075
I20260710 13:19:31.595009  7418 acceptor_pool.cc:272] collecting diagnostics on the listening RPC socket 127.5.182.4:42075 every 8 connection(s)
I20260710 13:19:31.604068  5848 auto_leader_rebalancer-test.cc:388] add a tserver: 8fe47810b09349118e5da5fa1a68c043
I20260710 13:19:31.617920  7419 heartbeater.cc:344] Connected to a master server at 127.5.182.62:32993
I20260710 13:19:31.618302  7419 heartbeater.cc:461] Registering TS with master...
I20260710 13:19:31.618970  7419 heartbeater.cc:507] Master 127.5.182.62:32993 requested a full tablet report, sending...
I20260710 13:19:31.620987  6851 ts_manager.cc:194] Registered new tserver with Master: 8fe47810b09349118e5da5fa1a68c043 (127.5.182.4:42075)
I20260710 13:19:31.622071  6851 master_service.cc:502] Signed X509 certificate for tserver {username='slave'} at 127.0.0.1:40242
I20260710 13:19:31.637750  6952 raft_consensus.cc:1275] T 87dd72eaaaeb4751bbc00ea9d9054801 P 2d44abfd9eaa45ce891bfdf4e91da6ca [term 4 FOLLOWER]: Refusing update from remote peer 37f760c6df4b46b387c9ab51a973a979: Log matching property violated. Preceding OpId in replica: term: 3 index: 2. Preceding OpId from leader: term: 4 index: 2. (term mismatch)
I20260710 13:19:31.638124  6952 pending_rounds.cc:85] T 87dd72eaaaeb4751bbc00ea9d9054801 P 2d44abfd9eaa45ce891bfdf4e91da6ca: Aborting all ops after (but not including) 1
I20260710 13:19:31.638418  6952 pending_rounds.cc:107] T 87dd72eaaaeb4751bbc00ea9d9054801 P 2d44abfd9eaa45ce891bfdf4e91da6ca: Aborting uncommitted NO_OP operation due to leader change: 3.2
I20260710 13:19:31.638726  6952 raft_consensus.cc:2889] T 87dd72eaaaeb4751bbc00ea9d9054801 P 2d44abfd9eaa45ce891bfdf4e91da6ca [term 4 FOLLOWER]: NO_OP replication failed: Aborted: Op aborted by new leader
I20260710 13:19:31.640229  7316 consensus_queue.cc:1048] T 87dd72eaaaeb4751bbc00ea9d9054801 P 37f760c6df4b46b387c9ab51a973a979 [LEADER]: Connected to new peer: Peer: permanent_uuid: "2d44abfd9eaa45ce891bfdf4e91da6ca" member_type: VOTER last_known_addr { host: "127.5.182.1" port: 42613 }, Status: LMP_MISMATCH, Last received: 0.0, Next index: 2, Last known committed idx: 1, Time since last communication: 0.000s
I20260710 13:19:31.647809  7099 raft_consensus.cc:1275] T 87dd72eaaaeb4751bbc00ea9d9054801 P 0c611db1bcf246d982acc177c9b9ead7 [term 4 FOLLOWER]: Refusing update from remote peer 37f760c6df4b46b387c9ab51a973a979: Log matching property violated. Preceding OpId in replica: term: 1 index: 1. Preceding OpId from leader: term: 4 index: 2. (index mismatch)
I20260710 13:19:31.649664  7245 consensus_queue.cc:1048] T 87dd72eaaaeb4751bbc00ea9d9054801 P 37f760c6df4b46b387c9ab51a973a979 [LEADER]: Connected to new peer: Peer: permanent_uuid: "0c611db1bcf246d982acc177c9b9ead7" member_type: VOTER last_known_addr { host: "127.5.182.3" port: 35397 }, Status: LMP_MISMATCH, Last received: 0.0, Next index: 2, Last known committed idx: 0, Time since last communication: 0.000s
I20260710 13:19:31.748378  7099 consensus_queue.cc:237] T 5c63e3b0c05c46898885599a82a7f321 P 0c611db1bcf246d982acc177c9b9ead7 [LEADER]: Queue going to LEADER mode. State: All replicated index: 0, Majority replicated index: 1, Committed index: 1, Last appended: 1.1, Last appended by leader: 0, Current term: 1, Majority size: 2, State: 0, Mode: LEADER, active raft config: opid_index: 2 OBSOLETE_local: false peers { permanent_uuid: "2d44abfd9eaa45ce891bfdf4e91da6ca" member_type: VOTER last_known_addr { host: "127.5.182.1" port: 42613 } } peers { permanent_uuid: "37f760c6df4b46b387c9ab51a973a979" member_type: VOTER last_known_addr { host: "127.5.182.2" port: 41725 } attrs { replace: true } } peers { permanent_uuid: "0c611db1bcf246d982acc177c9b9ead7" member_type: VOTER last_known_addr { host: "127.5.182.3" port: 35397 } } peers { permanent_uuid: "8fe47810b09349118e5da5fa1a68c043" member_type: NON_VOTER last_known_addr { host: "127.5.182.4" port: 42075 } attrs { promote: true } }
I20260710 13:19:31.755632  7024 raft_consensus.cc:1275] T 5c63e3b0c05c46898885599a82a7f321 P 37f760c6df4b46b387c9ab51a973a979 [term 1 FOLLOWER]: Refusing update from remote peer 0c611db1bcf246d982acc177c9b9ead7: Log matching property violated. Preceding OpId in replica: term: 1 index: 1. Preceding OpId from leader: term: 1 index: 2. (index mismatch)
I20260710 13:19:31.756255  6952 raft_consensus.cc:1275] T 5c63e3b0c05c46898885599a82a7f321 P 2d44abfd9eaa45ce891bfdf4e91da6ca [term 1 FOLLOWER]: Refusing update from remote peer 0c611db1bcf246d982acc177c9b9ead7: Log matching property violated. Preceding OpId in replica: term: 1 index: 1. Preceding OpId from leader: term: 1 index: 2. (index mismatch)
I20260710 13:19:31.758704  7310 consensus_queue.cc:1048] T 5c63e3b0c05c46898885599a82a7f321 P 0c611db1bcf246d982acc177c9b9ead7 [LEADER]: Connected to new peer: Peer: permanent_uuid: "37f760c6df4b46b387c9ab51a973a979" member_type: VOTER last_known_addr { host: "127.5.182.2" port: 41725 } attrs { replace: true }, Status: LMP_MISMATCH, Last received: 0.0, Next index: 2, Last known committed idx: 1, Time since last communication: 0.001s
I20260710 13:19:31.761037  7430 consensus_queue.cc:1048] T 5c63e3b0c05c46898885599a82a7f321 P 0c611db1bcf246d982acc177c9b9ead7 [LEADER]: Connected to new peer: Peer: permanent_uuid: "2d44abfd9eaa45ce891bfdf4e91da6ca" member_type: VOTER last_known_addr { host: "127.5.182.1" port: 42613 }, Status: LMP_MISMATCH, Last received: 0.0, Next index: 2, Last known committed idx: 1, Time since last communication: 0.001s
I20260710 13:19:31.768805  7310 raft_consensus.cc:2955] T 5c63e3b0c05c46898885599a82a7f321 P 0c611db1bcf246d982acc177c9b9ead7 [term 1 LEADER]: Committing config change with OpId 1.2: config changed from index -1 to 2, NON_VOTER 8fe47810b09349118e5da5fa1a68c043 (127.5.182.4) added. New config: { opid_index: 2 OBSOLETE_local: false peers { permanent_uuid: "2d44abfd9eaa45ce891bfdf4e91da6ca" member_type: VOTER last_known_addr { host: "127.5.182.1" port: 42613 } } peers { permanent_uuid: "37f760c6df4b46b387c9ab51a973a979" member_type: VOTER last_known_addr { host: "127.5.182.2" port: 41725 } attrs { replace: true } } peers { permanent_uuid: "0c611db1bcf246d982acc177c9b9ead7" member_type: VOTER last_known_addr { host: "127.5.182.3" port: 35397 } } peers { permanent_uuid: "8fe47810b09349118e5da5fa1a68c043" member_type: NON_VOTER last_known_addr { host: "127.5.182.4" port: 42075 } attrs { promote: true } } }
I20260710 13:19:31.770689  7024 raft_consensus.cc:2955] T 5c63e3b0c05c46898885599a82a7f321 P 37f760c6df4b46b387c9ab51a973a979 [term 1 FOLLOWER]: Committing config change with OpId 1.2: config changed from index -1 to 2, NON_VOTER 8fe47810b09349118e5da5fa1a68c043 (127.5.182.4) added. New config: { opid_index: 2 OBSOLETE_local: false peers { permanent_uuid: "2d44abfd9eaa45ce891bfdf4e91da6ca" member_type: VOTER last_known_addr { host: "127.5.182.1" port: 42613 } } peers { permanent_uuid: "37f760c6df4b46b387c9ab51a973a979" member_type: VOTER last_known_addr { host: "127.5.182.2" port: 41725 } attrs { replace: true } } peers { permanent_uuid: "0c611db1bcf246d982acc177c9b9ead7" member_type: VOTER last_known_addr { host: "127.5.182.3" port: 35397 } } peers { permanent_uuid: "8fe47810b09349118e5da5fa1a68c043" member_type: NON_VOTER last_known_addr { host: "127.5.182.4" port: 42075 } attrs { promote: true } } }
W20260710 13:19:31.779681  7067 consensus_peers.cc:597] T 5c63e3b0c05c46898885599a82a7f321 P 0c611db1bcf246d982acc177c9b9ead7 -> Peer 8fe47810b09349118e5da5fa1a68c043 (127.5.182.4:42075): Couldn't send request to peer 8fe47810b09349118e5da5fa1a68c043. Error code: TABLET_NOT_FOUND (6). Status: Not found: Tablet not found: 5c63e3b0c05c46898885599a82a7f321. This is attempt 1: this message will repeat every 5th retry.
I20260710 13:19:31.787232  6848 catalog_manager.cc:5697] T 5c63e3b0c05c46898885599a82a7f321 P 37f760c6df4b46b387c9ab51a973a979 reported cstate change: config changed from index -1 to 2, NON_VOTER 8fe47810b09349118e5da5fa1a68c043 (127.5.182.4) added. New cstate: current_term: 1 leader_uuid: "0c611db1bcf246d982acc177c9b9ead7" committed_config { opid_index: 2 OBSOLETE_local: false peers { permanent_uuid: "2d44abfd9eaa45ce891bfdf4e91da6ca" member_type: VOTER last_known_addr { host: "127.5.182.1" port: 42613 } } peers { permanent_uuid: "37f760c6df4b46b387c9ab51a973a979" member_type: VOTER last_known_addr { host: "127.5.182.2" port: 41725 } attrs { replace: true } } peers { permanent_uuid: "0c611db1bcf246d982acc177c9b9ead7" member_type: VOTER last_known_addr { host: "127.5.182.3" port: 35397 } } peers { permanent_uuid: "8fe47810b09349118e5da5fa1a68c043" member_type: NON_VOTER last_known_addr { host: "127.5.182.4" port: 42075 } attrs { promote: true } } }
I20260710 13:19:31.788477  6952 raft_consensus.cc:2955] T 5c63e3b0c05c46898885599a82a7f321 P 2d44abfd9eaa45ce891bfdf4e91da6ca [term 1 FOLLOWER]: Committing config change with OpId 1.2: config changed from index -1 to 2, NON_VOTER 8fe47810b09349118e5da5fa1a68c043 (127.5.182.4) added. New config: { opid_index: 2 OBSOLETE_local: false peers { permanent_uuid: "2d44abfd9eaa45ce891bfdf4e91da6ca" member_type: VOTER last_known_addr { host: "127.5.182.1" port: 42613 } } peers { permanent_uuid: "37f760c6df4b46b387c9ab51a973a979" member_type: VOTER last_known_addr { host: "127.5.182.2" port: 41725 } attrs { replace: true } } peers { permanent_uuid: "0c611db1bcf246d982acc177c9b9ead7" member_type: VOTER last_known_addr { host: "127.5.182.3" port: 35397 } } peers { permanent_uuid: "8fe47810b09349118e5da5fa1a68c043" member_type: NON_VOTER last_known_addr { host: "127.5.182.4" port: 42075 } attrs { promote: true } } }
I20260710 13:19:31.799693  7024 consensus_queue.cc:237] T eef85d4f855f4618894a6e24b0a86adb P 37f760c6df4b46b387c9ab51a973a979 [LEADER]: Queue going to LEADER mode. State: All replicated index: 0, Majority replicated index: 1, Committed index: 1, Last appended: 1.1, Last appended by leader: 0, Current term: 1, Majority size: 2, State: 0, Mode: LEADER, active raft config: opid_index: 2 OBSOLETE_local: false peers { permanent_uuid: "2d44abfd9eaa45ce891bfdf4e91da6ca" member_type: VOTER last_known_addr { host: "127.5.182.1" port: 42613 } attrs { replace: true } } peers { permanent_uuid: "37f760c6df4b46b387c9ab51a973a979" member_type: VOTER last_known_addr { host: "127.5.182.2" port: 41725 } } peers { permanent_uuid: "0c611db1bcf246d982acc177c9b9ead7" member_type: VOTER last_known_addr { host: "127.5.182.3" port: 35397 } } peers { permanent_uuid: "8fe47810b09349118e5da5fa1a68c043" member_type: NON_VOTER last_known_addr { host: "127.5.182.4" port: 42075 } attrs { promote: true } }
I20260710 13:19:31.813877  6952 raft_consensus.cc:1275] T eef85d4f855f4618894a6e24b0a86adb P 2d44abfd9eaa45ce891bfdf4e91da6ca [term 1 FOLLOWER]: Refusing update from remote peer 37f760c6df4b46b387c9ab51a973a979: Log matching property violated. Preceding OpId in replica: term: 1 index: 1. Preceding OpId from leader: term: 1 index: 2. (index mismatch)
I20260710 13:19:31.816052  7245 consensus_queue.cc:1048] T eef85d4f855f4618894a6e24b0a86adb P 37f760c6df4b46b387c9ab51a973a979 [LEADER]: Connected to new peer: Peer: permanent_uuid: "2d44abfd9eaa45ce891bfdf4e91da6ca" member_type: VOTER last_known_addr { host: "127.5.182.1" port: 42613 } attrs { replace: true }, Status: LMP_MISMATCH, Last received: 0.0, Next index: 2, Last known committed idx: 1, Time since last communication: 0.001s
I20260710 13:19:31.827239  7099 raft_consensus.cc:1275] T eef85d4f855f4618894a6e24b0a86adb P 0c611db1bcf246d982acc177c9b9ead7 [term 1 FOLLOWER]: Refusing update from remote peer 37f760c6df4b46b387c9ab51a973a979: Log matching property violated. Preceding OpId in replica: term: 1 index: 1. Preceding OpId from leader: term: 1 index: 2. (index mismatch)
I20260710 13:19:31.829722  7245 consensus_queue.cc:1048] T eef85d4f855f4618894a6e24b0a86adb P 37f760c6df4b46b387c9ab51a973a979 [LEADER]: Connected to new peer: Peer: permanent_uuid: "0c611db1bcf246d982acc177c9b9ead7" member_type: VOTER last_known_addr { host: "127.5.182.3" port: 35397 }, Status: LMP_MISMATCH, Last received: 0.0, Next index: 2, Last known committed idx: 1, Time since last communication: 0.001s
I20260710 13:19:31.835793  7316 raft_consensus.cc:2955] T eef85d4f855f4618894a6e24b0a86adb P 37f760c6df4b46b387c9ab51a973a979 [term 1 LEADER]: Committing config change with OpId 1.2: config changed from index -1 to 2, NON_VOTER 8fe47810b09349118e5da5fa1a68c043 (127.5.182.4) added. New config: { opid_index: 2 OBSOLETE_local: false peers { permanent_uuid: "2d44abfd9eaa45ce891bfdf4e91da6ca" member_type: VOTER last_known_addr { host: "127.5.182.1" port: 42613 } attrs { replace: true } } peers { permanent_uuid: "37f760c6df4b46b387c9ab51a973a979" member_type: VOTER last_known_addr { host: "127.5.182.2" port: 41725 } } peers { permanent_uuid: "0c611db1bcf246d982acc177c9b9ead7" member_type: VOTER last_known_addr { host: "127.5.182.3" port: 35397 } } peers { permanent_uuid: "8fe47810b09349118e5da5fa1a68c043" member_type: NON_VOTER last_known_addr { host: "127.5.182.4" port: 42075 } attrs { promote: true } } }
I20260710 13:19:31.843601  6952 raft_consensus.cc:2955] T eef85d4f855f4618894a6e24b0a86adb P 2d44abfd9eaa45ce891bfdf4e91da6ca [term 1 FOLLOWER]: Committing config change with OpId 1.2: config changed from index -1 to 2, NON_VOTER 8fe47810b09349118e5da5fa1a68c043 (127.5.182.4) added. New config: { opid_index: 2 OBSOLETE_local: false peers { permanent_uuid: "2d44abfd9eaa45ce891bfdf4e91da6ca" member_type: VOTER last_known_addr { host: "127.5.182.1" port: 42613 } attrs { replace: true } } peers { permanent_uuid: "37f760c6df4b46b387c9ab51a973a979" member_type: VOTER last_known_addr { host: "127.5.182.2" port: 41725 } } peers { permanent_uuid: "0c611db1bcf246d982acc177c9b9ead7" member_type: VOTER last_known_addr { host: "127.5.182.3" port: 35397 } } peers { permanent_uuid: "8fe47810b09349118e5da5fa1a68c043" member_type: NON_VOTER last_known_addr { host: "127.5.182.4" port: 42075 } attrs { promote: true } } }
I20260710 13:19:31.847929  7101 raft_consensus.cc:2955] T eef85d4f855f4618894a6e24b0a86adb P 0c611db1bcf246d982acc177c9b9ead7 [term 1 FOLLOWER]: Committing config change with OpId 1.2: config changed from index -1 to 2, NON_VOTER 8fe47810b09349118e5da5fa1a68c043 (127.5.182.4) added. New config: { opid_index: 2 OBSOLETE_local: false peers { permanent_uuid: "2d44abfd9eaa45ce891bfdf4e91da6ca" member_type: VOTER last_known_addr { host: "127.5.182.1" port: 42613 } attrs { replace: true } } peers { permanent_uuid: "37f760c6df4b46b387c9ab51a973a979" member_type: VOTER last_known_addr { host: "127.5.182.2" port: 41725 } } peers { permanent_uuid: "0c611db1bcf246d982acc177c9b9ead7" member_type: VOTER last_known_addr { host: "127.5.182.3" port: 35397 } } peers { permanent_uuid: "8fe47810b09349118e5da5fa1a68c043" member_type: NON_VOTER last_known_addr { host: "127.5.182.4" port: 42075 } attrs { promote: true } } }
W20260710 13:19:31.861332  6993 consensus_peers.cc:597] T eef85d4f855f4618894a6e24b0a86adb P 37f760c6df4b46b387c9ab51a973a979 -> Peer 8fe47810b09349118e5da5fa1a68c043 (127.5.182.4:42075): Couldn't send request to peer 8fe47810b09349118e5da5fa1a68c043. Error code: TABLET_NOT_FOUND (6). Status: Not found: Tablet not found: eef85d4f855f4618894a6e24b0a86adb. This is attempt 1: this message will repeat every 5th retry.
I20260710 13:19:31.863890  6849 catalog_manager.cc:5697] T eef85d4f855f4618894a6e24b0a86adb P 2d44abfd9eaa45ce891bfdf4e91da6ca reported cstate change: config changed from index -1 to 2, NON_VOTER 8fe47810b09349118e5da5fa1a68c043 (127.5.182.4) added. New cstate: current_term: 1 leader_uuid: "37f760c6df4b46b387c9ab51a973a979" committed_config { opid_index: 2 OBSOLETE_local: false peers { permanent_uuid: "2d44abfd9eaa45ce891bfdf4e91da6ca" member_type: VOTER last_known_addr { host: "127.5.182.1" port: 42613 } attrs { replace: true } } peers { permanent_uuid: "37f760c6df4b46b387c9ab51a973a979" member_type: VOTER last_known_addr { host: "127.5.182.2" port: 41725 } } peers { permanent_uuid: "0c611db1bcf246d982acc177c9b9ead7" member_type: VOTER last_known_addr { host: "127.5.182.3" port: 35397 } } peers { permanent_uuid: "8fe47810b09349118e5da5fa1a68c043" member_type: NON_VOTER last_known_addr { host: "127.5.182.4" port: 42075 } attrs { promote: true } } }
I20260710 13:19:31.876863  6952 consensus_queue.cc:237] T 65865277c6444944a2b0c7fec92b1ee1 P 2d44abfd9eaa45ce891bfdf4e91da6ca [LEADER]: Queue going to LEADER mode. State: All replicated index: 0, Majority replicated index: 1, Committed index: 1, Last appended: 1.1, Last appended by leader: 0, Current term: 1, Majority size: 2, State: 0, Mode: LEADER, active raft config: opid_index: 2 OBSOLETE_local: false peers { permanent_uuid: "2d44abfd9eaa45ce891bfdf4e91da6ca" member_type: VOTER last_known_addr { host: "127.5.182.1" port: 42613 } } peers { permanent_uuid: "37f760c6df4b46b387c9ab51a973a979" member_type: VOTER last_known_addr { host: "127.5.182.2" port: 41725 } } peers { permanent_uuid: "0c611db1bcf246d982acc177c9b9ead7" member_type: VOTER last_known_addr { host: "127.5.182.3" port: 35397 } attrs { replace: true } } peers { permanent_uuid: "8fe47810b09349118e5da5fa1a68c043" member_type: NON_VOTER last_known_addr { host: "127.5.182.4" port: 42075 } attrs { promote: true } }
I20260710 13:19:31.883610  7101 raft_consensus.cc:1275] T 65865277c6444944a2b0c7fec92b1ee1 P 0c611db1bcf246d982acc177c9b9ead7 [term 1 FOLLOWER]: Refusing update from remote peer 2d44abfd9eaa45ce891bfdf4e91da6ca: Log matching property violated. Preceding OpId in replica: term: 1 index: 1. Preceding OpId from leader: term: 1 index: 2. (index mismatch)
I20260710 13:19:31.886611  7024 raft_consensus.cc:1275] T 65865277c6444944a2b0c7fec92b1ee1 P 37f760c6df4b46b387c9ab51a973a979 [term 1 FOLLOWER]: Refusing update from remote peer 2d44abfd9eaa45ce891bfdf4e91da6ca: Log matching property violated. Preceding OpId in replica: term: 1 index: 1. Preceding OpId from leader: term: 1 index: 2. (index mismatch)
I20260710 13:19:31.887048  7250 consensus_queue.cc:1048] T 65865277c6444944a2b0c7fec92b1ee1 P 2d44abfd9eaa45ce891bfdf4e91da6ca [LEADER]: Connected to new peer: Peer: permanent_uuid: "0c611db1bcf246d982acc177c9b9ead7" member_type: VOTER last_known_addr { host: "127.5.182.3" port: 35397 } attrs { replace: true }, Status: LMP_MISMATCH, Last received: 0.0, Next index: 2, Last known committed idx: 1, Time since last communication: 0.000s
I20260710 13:19:31.887972  7154 consensus_queue.cc:1048] T 65865277c6444944a2b0c7fec92b1ee1 P 2d44abfd9eaa45ce891bfdf4e91da6ca [LEADER]: Connected to new peer: Peer: permanent_uuid: "37f760c6df4b46b387c9ab51a973a979" member_type: VOTER last_known_addr { host: "127.5.182.2" port: 41725 }, Status: LMP_MISMATCH, Last received: 0.0, Next index: 2, Last known committed idx: 1, Time since last communication: 0.000s
W20260710 13:19:31.896481  6918 consensus_peers.cc:597] T 65865277c6444944a2b0c7fec92b1ee1 P 2d44abfd9eaa45ce891bfdf4e91da6ca -> Peer 8fe47810b09349118e5da5fa1a68c043 (127.5.182.4:42075): Couldn't send request to peer 8fe47810b09349118e5da5fa1a68c043. Error code: TABLET_NOT_FOUND (6). Status: Not found: Tablet not found: 65865277c6444944a2b0c7fec92b1ee1. This is attempt 1: this message will repeat every 5th retry.
I20260710 13:19:31.898967  7154 raft_consensus.cc:2955] T 65865277c6444944a2b0c7fec92b1ee1 P 2d44abfd9eaa45ce891bfdf4e91da6ca [term 1 LEADER]: Committing config change with OpId 1.2: config changed from index -1 to 2, NON_VOTER 8fe47810b09349118e5da5fa1a68c043 (127.5.182.4) added. New config: { opid_index: 2 OBSOLETE_local: false peers { permanent_uuid: "2d44abfd9eaa45ce891bfdf4e91da6ca" member_type: VOTER last_known_addr { host: "127.5.182.1" port: 42613 } } peers { permanent_uuid: "37f760c6df4b46b387c9ab51a973a979" member_type: VOTER last_known_addr { host: "127.5.182.2" port: 41725 } } peers { permanent_uuid: "0c611db1bcf246d982acc177c9b9ead7" member_type: VOTER last_known_addr { host: "127.5.182.3" port: 35397 } attrs { replace: true } } peers { permanent_uuid: "8fe47810b09349118e5da5fa1a68c043" member_type: NON_VOTER last_known_addr { host: "127.5.182.4" port: 42075 } attrs { promote: true } } }
I20260710 13:19:31.900547  7101 raft_consensus.cc:2955] T 65865277c6444944a2b0c7fec92b1ee1 P 0c611db1bcf246d982acc177c9b9ead7 [term 1 FOLLOWER]: Committing config change with OpId 1.2: config changed from index -1 to 2, NON_VOTER 8fe47810b09349118e5da5fa1a68c043 (127.5.182.4) added. New config: { opid_index: 2 OBSOLETE_local: false peers { permanent_uuid: "2d44abfd9eaa45ce891bfdf4e91da6ca" member_type: VOTER last_known_addr { host: "127.5.182.1" port: 42613 } } peers { permanent_uuid: "37f760c6df4b46b387c9ab51a973a979" member_type: VOTER last_known_addr { host: "127.5.182.2" port: 41725 } } peers { permanent_uuid: "0c611db1bcf246d982acc177c9b9ead7" member_type: VOTER last_known_addr { host: "127.5.182.3" port: 35397 } attrs { replace: true } } peers { permanent_uuid: "8fe47810b09349118e5da5fa1a68c043" member_type: NON_VOTER last_known_addr { host: "127.5.182.4" port: 42075 } attrs { promote: true } } }
I20260710 13:19:31.903100  7024 raft_consensus.cc:2955] T 65865277c6444944a2b0c7fec92b1ee1 P 37f760c6df4b46b387c9ab51a973a979 [term 1 FOLLOWER]: Committing config change with OpId 1.2: config changed from index -1 to 2, NON_VOTER 8fe47810b09349118e5da5fa1a68c043 (127.5.182.4) added. New config: { opid_index: 2 OBSOLETE_local: false peers { permanent_uuid: "2d44abfd9eaa45ce891bfdf4e91da6ca" member_type: VOTER last_known_addr { host: "127.5.182.1" port: 42613 } } peers { permanent_uuid: "37f760c6df4b46b387c9ab51a973a979" member_type: VOTER last_known_addr { host: "127.5.182.2" port: 41725 } } peers { permanent_uuid: "0c611db1bcf246d982acc177c9b9ead7" member_type: VOTER last_known_addr { host: "127.5.182.3" port: 35397 } attrs { replace: true } } peers { permanent_uuid: "8fe47810b09349118e5da5fa1a68c043" member_type: NON_VOTER last_known_addr { host: "127.5.182.4" port: 42075 } attrs { promote: true } } }
I20260710 13:19:31.914774  7099 consensus_queue.cc:237] T 0725584dc5ef4c81aedbb8b54321ace4 P 0c611db1bcf246d982acc177c9b9ead7 [LEADER]: Queue going to LEADER mode. State: All replicated index: 0, Majority replicated index: 1, Committed index: 1, Last appended: 1.1, Last appended by leader: 0, Current term: 1, Majority size: 2, State: 0, Mode: LEADER, active raft config: opid_index: 2 OBSOLETE_local: false peers { permanent_uuid: "2d44abfd9eaa45ce891bfdf4e91da6ca" member_type: VOTER last_known_addr { host: "127.5.182.1" port: 42613 } attrs { replace: true } } peers { permanent_uuid: "0c611db1bcf246d982acc177c9b9ead7" member_type: VOTER last_known_addr { host: "127.5.182.3" port: 35397 } } peers { permanent_uuid: "37f760c6df4b46b387c9ab51a973a979" member_type: VOTER last_known_addr { host: "127.5.182.2" port: 41725 } } peers { permanent_uuid: "8fe47810b09349118e5da5fa1a68c043" member_type: NON_VOTER last_known_addr { host: "127.5.182.4" port: 42075 } attrs { promote: true } }
I20260710 13:19:31.918478  6851 catalog_manager.cc:5697] T 65865277c6444944a2b0c7fec92b1ee1 P 0c611db1bcf246d982acc177c9b9ead7 reported cstate change: config changed from index -1 to 2, NON_VOTER 8fe47810b09349118e5da5fa1a68c043 (127.5.182.4) added. New cstate: current_term: 1 leader_uuid: "2d44abfd9eaa45ce891bfdf4e91da6ca" committed_config { opid_index: 2 OBSOLETE_local: false peers { permanent_uuid: "2d44abfd9eaa45ce891bfdf4e91da6ca" member_type: VOTER last_known_addr { host: "127.5.182.1" port: 42613 } } peers { permanent_uuid: "37f760c6df4b46b387c9ab51a973a979" member_type: VOTER last_known_addr { host: "127.5.182.2" port: 41725 } } peers { permanent_uuid: "0c611db1bcf246d982acc177c9b9ead7" member_type: VOTER last_known_addr { host: "127.5.182.3" port: 35397 } attrs { replace: true } } peers { permanent_uuid: "8fe47810b09349118e5da5fa1a68c043" member_type: NON_VOTER last_known_addr { host: "127.5.182.4" port: 42075 } attrs { promote: true } } }
W20260710 13:19:31.936094  7067 consensus_peers.cc:597] T 0725584dc5ef4c81aedbb8b54321ace4 P 0c611db1bcf246d982acc177c9b9ead7 -> Peer 8fe47810b09349118e5da5fa1a68c043 (127.5.182.4:42075): Couldn't send request to peer 8fe47810b09349118e5da5fa1a68c043. Error code: TABLET_NOT_FOUND (6). Status: Not found: Tablet not found: 0725584dc5ef4c81aedbb8b54321ace4. This is attempt 1: this message will repeat every 5th retry.
I20260710 13:19:31.936163  7024 raft_consensus.cc:1275] T 0725584dc5ef4c81aedbb8b54321ace4 P 37f760c6df4b46b387c9ab51a973a979 [term 1 FOLLOWER]: Refusing update from remote peer 0c611db1bcf246d982acc177c9b9ead7: Log matching property violated. Preceding OpId in replica: term: 1 index: 1. Preceding OpId from leader: term: 1 index: 2. (index mismatch)
I20260710 13:19:31.937019  6952 raft_consensus.cc:1275] T 0725584dc5ef4c81aedbb8b54321ace4 P 2d44abfd9eaa45ce891bfdf4e91da6ca [term 1 FOLLOWER]: Refusing update from remote peer 0c611db1bcf246d982acc177c9b9ead7: Log matching property violated. Preceding OpId in replica: term: 1 index: 1. Preceding OpId from leader: term: 1 index: 2. (index mismatch)
I20260710 13:19:31.938369  7310 consensus_queue.cc:1048] T 0725584dc5ef4c81aedbb8b54321ace4 P 0c611db1bcf246d982acc177c9b9ead7 [LEADER]: Connected to new peer: Peer: permanent_uuid: "2d44abfd9eaa45ce891bfdf4e91da6ca" member_type: VOTER last_known_addr { host: "127.5.182.1" port: 42613 } attrs { replace: true }, Status: LMP_MISMATCH, Last received: 0.0, Next index: 2, Last known committed idx: 1, Time since last communication: 0.000s
I20260710 13:19:31.939822  7309 consensus_queue.cc:1048] T 0725584dc5ef4c81aedbb8b54321ace4 P 0c611db1bcf246d982acc177c9b9ead7 [LEADER]: Connected to new peer: Peer: permanent_uuid: "37f760c6df4b46b387c9ab51a973a979" member_type: VOTER last_known_addr { host: "127.5.182.2" port: 41725 }, Status: LMP_MISMATCH, Last received: 0.0, Next index: 2, Last known committed idx: 1, Time since last communication: 0.000s
I20260710 13:19:31.947463  7310 raft_consensus.cc:2955] T 0725584dc5ef4c81aedbb8b54321ace4 P 0c611db1bcf246d982acc177c9b9ead7 [term 1 LEADER]: Committing config change with OpId 1.2: config changed from index -1 to 2, NON_VOTER 8fe47810b09349118e5da5fa1a68c043 (127.5.182.4) added. New config: { opid_index: 2 OBSOLETE_local: false peers { permanent_uuid: "2d44abfd9eaa45ce891bfdf4e91da6ca" member_type: VOTER last_known_addr { host: "127.5.182.1" port: 42613 } attrs { replace: true } } peers { permanent_uuid: "0c611db1bcf246d982acc177c9b9ead7" member_type: VOTER last_known_addr { host: "127.5.182.3" port: 35397 } } peers { permanent_uuid: "37f760c6df4b46b387c9ab51a973a979" member_type: VOTER last_known_addr { host: "127.5.182.2" port: 41725 } } peers { permanent_uuid: "8fe47810b09349118e5da5fa1a68c043" member_type: NON_VOTER last_known_addr { host: "127.5.182.4" port: 42075 } attrs { promote: true } } }
I20260710 13:19:31.949285  6952 raft_consensus.cc:2955] T 0725584dc5ef4c81aedbb8b54321ace4 P 2d44abfd9eaa45ce891bfdf4e91da6ca [term 1 FOLLOWER]: Committing config change with OpId 1.2: config changed from index -1 to 2, NON_VOTER 8fe47810b09349118e5da5fa1a68c043 (127.5.182.4) added. New config: { opid_index: 2 OBSOLETE_local: false peers { permanent_uuid: "2d44abfd9eaa45ce891bfdf4e91da6ca" member_type: VOTER last_known_addr { host: "127.5.182.1" port: 42613 } attrs { replace: true } } peers { permanent_uuid: "0c611db1bcf246d982acc177c9b9ead7" member_type: VOTER last_known_addr { host: "127.5.182.3" port: 35397 } } peers { permanent_uuid: "37f760c6df4b46b387c9ab51a973a979" member_type: VOTER last_known_addr { host: "127.5.182.2" port: 41725 } } peers { permanent_uuid: "8fe47810b09349118e5da5fa1a68c043" member_type: NON_VOTER last_known_addr { host: "127.5.182.4" port: 42075 } attrs { promote: true } } }
I20260710 13:19:31.952996  7024 raft_consensus.cc:2955] T 0725584dc5ef4c81aedbb8b54321ace4 P 37f760c6df4b46b387c9ab51a973a979 [term 1 FOLLOWER]: Committing config change with OpId 1.2: config changed from index -1 to 2, NON_VOTER 8fe47810b09349118e5da5fa1a68c043 (127.5.182.4) added. New config: { opid_index: 2 OBSOLETE_local: false peers { permanent_uuid: "2d44abfd9eaa45ce891bfdf4e91da6ca" member_type: VOTER last_known_addr { host: "127.5.182.1" port: 42613 } attrs { replace: true } } peers { permanent_uuid: "0c611db1bcf246d982acc177c9b9ead7" member_type: VOTER last_known_addr { host: "127.5.182.3" port: 35397 } } peers { permanent_uuid: "37f760c6df4b46b387c9ab51a973a979" member_type: VOTER last_known_addr { host: "127.5.182.2" port: 41725 } } peers { permanent_uuid: "8fe47810b09349118e5da5fa1a68c043" member_type: NON_VOTER last_known_addr { host: "127.5.182.4" port: 42075 } attrs { promote: true } } }
I20260710 13:19:31.964540  6848 catalog_manager.cc:5697] T 0725584dc5ef4c81aedbb8b54321ace4 P 0c611db1bcf246d982acc177c9b9ead7 reported cstate change: config changed from index -1 to 2, NON_VOTER 8fe47810b09349118e5da5fa1a68c043 (127.5.182.4) added. New cstate: current_term: 1 leader_uuid: "0c611db1bcf246d982acc177c9b9ead7" committed_config { opid_index: 2 OBSOLETE_local: false peers { permanent_uuid: "2d44abfd9eaa45ce891bfdf4e91da6ca" member_type: VOTER last_known_addr { host: "127.5.182.1" port: 42613 } attrs { replace: true } health_report { overall_health: HEALTHY } } peers { permanent_uuid: "0c611db1bcf246d982acc177c9b9ead7" member_type: VOTER last_known_addr { host: "127.5.182.3" port: 35397 } health_report { overall_health: HEALTHY } } peers { permanent_uuid: "37f760c6df4b46b387c9ab51a973a979" member_type: VOTER last_known_addr { host: "127.5.182.2" port: 41725 } health_report { overall_health: HEALTHY } } peers { permanent_uuid: "8fe47810b09349118e5da5fa1a68c043" member_type: NON_VOTER last_known_addr { host: "127.5.182.4" port: 42075 } attrs { promote: true } health_report { overall_health: UNKNOWN } } }
I20260710 13:19:32.336316  7452 ts_tablet_manager.cc:933] T 5c63e3b0c05c46898885599a82a7f321 P 8fe47810b09349118e5da5fa1a68c043: Initiating tablet copy from peer 0c611db1bcf246d982acc177c9b9ead7 (127.5.182.3:35397)
I20260710 13:19:32.342633  7452 tablet_copy_client.cc:323] T 5c63e3b0c05c46898885599a82a7f321 P 8fe47810b09349118e5da5fa1a68c043: tablet copy: Beginning tablet copy session from remote peer at address 127.5.182.3:35397
I20260710 13:19:32.349172  7453 ts_tablet_manager.cc:933] T eef85d4f855f4618894a6e24b0a86adb P 8fe47810b09349118e5da5fa1a68c043: Initiating tablet copy from peer 37f760c6df4b46b387c9ab51a973a979 (127.5.182.2:41725)
I20260710 13:19:32.352520  7453 tablet_copy_client.cc:323] T eef85d4f855f4618894a6e24b0a86adb P 8fe47810b09349118e5da5fa1a68c043: tablet copy: Beginning tablet copy session from remote peer at address 127.5.182.2:41725
W20260710 13:19:32.361470  6974 debug-util.cc:398] Leaking SignalData structure 0x7b080016bb80 after lost signal to thread 5851
I20260710 13:19:32.365541  7112 tablet_copy_service.cc:140] P 0c611db1bcf246d982acc177c9b9ead7: Received BeginTabletCopySession request for tablet 5c63e3b0c05c46898885599a82a7f321 from peer 8fe47810b09349118e5da5fa1a68c043 ({username='slave'} at 127.0.0.1:48230)
I20260710 13:19:32.366135  7112 tablet_copy_service.cc:161] P 0c611db1bcf246d982acc177c9b9ead7: Beginning new tablet copy session on tablet 5c63e3b0c05c46898885599a82a7f321 from peer 8fe47810b09349118e5da5fa1a68c043 at {username='slave'} at 127.0.0.1:48230: session id = 8fe47810b09349118e5da5fa1a68c043-5c63e3b0c05c46898885599a82a7f321
I20260710 13:19:32.373937  7112 tablet_copy_source_session.cc:215] T 5c63e3b0c05c46898885599a82a7f321 P 0c611db1bcf246d982acc177c9b9ead7: Tablet Copy: opened 0 blocks and 1 log segments
I20260710 13:19:32.385674  7452 data_dirs.cc:400] Could only allocate 1 dirs of requested 3 for tablet 5c63e3b0c05c46898885599a82a7f321. 1 dirs total, 0 dirs full, 0 dirs failed
I20260710 13:19:32.390877  7038 tablet_copy_service.cc:140] P 37f760c6df4b46b387c9ab51a973a979: Received BeginTabletCopySession request for tablet eef85d4f855f4618894a6e24b0a86adb from peer 8fe47810b09349118e5da5fa1a68c043 ({username='slave'} at 127.0.0.1:48372)
I20260710 13:19:32.391525  7038 tablet_copy_service.cc:161] P 37f760c6df4b46b387c9ab51a973a979: Beginning new tablet copy session on tablet eef85d4f855f4618894a6e24b0a86adb from peer 8fe47810b09349118e5da5fa1a68c043 at {username='slave'} at 127.0.0.1:48372: session id = 8fe47810b09349118e5da5fa1a68c043-eef85d4f855f4618894a6e24b0a86adb
I20260710 13:19:32.401050  7038 tablet_copy_source_session.cc:215] T eef85d4f855f4618894a6e24b0a86adb P 37f760c6df4b46b387c9ab51a973a979: Tablet Copy: opened 0 blocks and 1 log segments
I20260710 13:19:32.405172  7453 data_dirs.cc:400] Could only allocate 1 dirs of requested 3 for tablet eef85d4f855f4618894a6e24b0a86adb. 1 dirs total, 0 dirs full, 0 dirs failed
I20260710 13:19:32.406431  7452 tablet_copy_client.cc:806] T 5c63e3b0c05c46898885599a82a7f321 P 8fe47810b09349118e5da5fa1a68c043: tablet copy: Starting download of 0 data blocks...
I20260710 13:19:32.407162  7452 tablet_copy_client.cc:670] T 5c63e3b0c05c46898885599a82a7f321 P 8fe47810b09349118e5da5fa1a68c043: tablet copy: Starting download of 1 WAL segments...
I20260710 13:19:32.411978  7452 tablet_copy_client.cc:538] T 5c63e3b0c05c46898885599a82a7f321 P 8fe47810b09349118e5da5fa1a68c043: tablet copy: Tablet Copy complete. Replacing tablet superblock.
