I20260710 13:19:30.461318 12519 raft_consensus.cc:359] T c2c6e734012449f0b904351a6bc6a51a P 95ce2e9fe6d249a28502cb357d3bf9bd [term 0 FOLLOWER]: Replica starting. Triggering 0 pending ops. Active config: opid_index: -1 OBSOLETE_local: false peers { permanent_uuid: "365f790e74414087896fa706f935bd05" member_type: VOTER last_known_addr { host: "127.10.236.65" port: 34993 } } peers { permanent_uuid: "95ce2e9fe6d249a28502cb357d3bf9bd" member_type: VOTER last_known_addr { host: "127.10.236.66" port: 44495 } } peers { permanent_uuid: "83da598212b44798aefb4e9a77f33480" member_type: VOTER last_known_addr { host: "127.10.236.67" port: 46219 } }
I20260710 13:19:30.462713 12519 raft_consensus.cc:385] T c2c6e734012449f0b904351a6bc6a51a P 95ce2e9fe6d249a28502cb357d3bf9bd [term 0 FOLLOWER]: Consensus starting up: Expiring failure detector timer to make a prompt election more likely
I20260710 13:19:30.463483 12519 raft_consensus.cc:740] T c2c6e734012449f0b904351a6bc6a51a P 95ce2e9fe6d249a28502cb357d3bf9bd [term 0 FOLLOWER]: Becoming Follower/Learner. State: Replica: 95ce2e9fe6d249a28502cb357d3bf9bd, State: Initialized, Role: FOLLOWER
I20260710 13:19:30.464264 12519 consensus_queue.cc:260] T c2c6e734012449f0b904351a6bc6a51a P 95ce2e9fe6d249a28502cb357d3bf9bd [NON_LEADER]: Queue going to NON_LEADER mode. State: All replicated index: 0, Majority replicated index: 0, Committed index: 0, Last appended: 0.0, Last appended by leader: 0, Current term: 0, Majority size: -1, State: 0, Mode: NON_LEADER, active raft config: opid_index: -1 OBSOLETE_local: false peers { permanent_uuid: "365f790e74414087896fa706f935bd05" member_type: VOTER last_known_addr { host: "127.10.236.65" port: 34993 } } peers { permanent_uuid: "95ce2e9fe6d249a28502cb357d3bf9bd" member_type: VOTER last_known_addr { host: "127.10.236.66" port: 44495 } } peers { permanent_uuid: "83da598212b44798aefb4e9a77f33480" member_type: VOTER last_known_addr { host: "127.10.236.67" port: 46219 } }
I20260710 13:19:30.469338 12519 ts_tablet_manager.cc:1434] T c2c6e734012449f0b904351a6bc6a51a P 95ce2e9fe6d249a28502cb357d3bf9bd: Time spent starting tablet: real 0.051s	user 0.004s	sys 0.004s
I20260710 13:19:30.469971 12477 raft_consensus.cc:2468] T 692ee146e27a4097a5a02337304dd13d P 83da598212b44798aefb4e9a77f33480 [term 1 FOLLOWER]: Leader election vote request: Granting yes vote for candidate 365f790e74414087896fa706f935bd05 in term 1.
I20260710 13:19:30.470445 12519 tablet_bootstrap.cc:492] T 3f4e91849c9f4e31a00f7c25966800f2 P 95ce2e9fe6d249a28502cb357d3bf9bd: Bootstrap starting.
I20260710 13:19:30.472071 12295 leader_election.cc:304] T 692ee146e27a4097a5a02337304dd13d P 365f790e74414087896fa706f935bd05 [CANDIDATE]: Term 1 election: Election decided. Result: candidate won. Election summary: received 2 responses out of 3 voters: 2 yes votes; 0 no votes. yes voters: 365f790e74414087896fa706f935bd05, 95ce2e9fe6d249a28502cb357d3bf9bd; no voters: 
I20260710 13:19:30.473034 12620 raft_consensus.cc:2804] T 692ee146e27a4097a5a02337304dd13d P 365f790e74414087896fa706f935bd05 [term 1 FOLLOWER]: Leader election won for term 1
I20260710 13:19:30.473542 12620 raft_consensus.cc:697] T 692ee146e27a4097a5a02337304dd13d P 365f790e74414087896fa706f935bd05 [term 1 LEADER]: Becoming Leader. State: Replica: 365f790e74414087896fa706f935bd05, State: Running, Role: LEADER
I20260710 13:19:30.474368 12620 consensus_queue.cc:237] T 692ee146e27a4097a5a02337304dd13d P 365f790e74414087896fa706f935bd05 [LEADER]: Queue going to LEADER mode. State: All replicated index: 0, Majority replicated index: 0, Committed index: 0, Last appended: 0.0, Last appended by leader: 0, Current term: 1, Majority size: 2, State: 0, Mode: LEADER, active raft config: opid_index: -1 OBSOLETE_local: false peers { permanent_uuid: "365f790e74414087896fa706f935bd05" member_type: VOTER last_known_addr { host: "127.10.236.65" port: 34993 } } peers { permanent_uuid: "95ce2e9fe6d249a28502cb357d3bf9bd" member_type: VOTER last_known_addr { host: "127.10.236.66" port: 44495 } } peers { permanent_uuid: "83da598212b44798aefb4e9a77f33480" member_type: VOTER last_known_addr { host: "127.10.236.67" port: 46219 } }
I20260710 13:19:30.480028 12524 raft_consensus.cc:515] T 78f5444c13ec4327aa5b125019cef73e P 95ce2e9fe6d249a28502cb357d3bf9bd [term 1 FOLLOWER]: Starting leader election with config: opid_index: -1 OBSOLETE_local: false peers { permanent_uuid: "365f790e74414087896fa706f935bd05" member_type: VOTER last_known_addr { host: "127.10.236.65" port: 34993 } } peers { permanent_uuid: "95ce2e9fe6d249a28502cb357d3bf9bd" member_type: VOTER last_known_addr { host: "127.10.236.66" port: 44495 } } peers { permanent_uuid: "83da598212b44798aefb4e9a77f33480" member_type: VOTER last_known_addr { host: "127.10.236.67" port: 46219 } }
I20260710 13:19:30.495694 12522 tablet_bootstrap.cc:492] T bd05992546104804851a2dca8141bc27 P 365f790e74414087896fa706f935bd05: No bootstrap required, opened a new log
I20260710 13:19:30.496482 12522 ts_tablet_manager.cc:1403] T bd05992546104804851a2dca8141bc27 P 365f790e74414087896fa706f935bd05: Time spent bootstrapping tablet: real 0.159s	user 0.012s	sys 0.003s
I20260710 13:19:30.506650 12519 tablet_bootstrap.cc:654] T 3f4e91849c9f4e31a00f7c25966800f2 P 95ce2e9fe6d249a28502cb357d3bf9bd: Neither blocks nor log segments found. Creating new log.
I20260710 13:19:30.509905 12520 tablet_bootstrap.cc:492] T 78f5444c13ec4327aa5b125019cef73e P 83da598212b44798aefb4e9a77f33480: No bootstrap required, opened a new log
I20260710 13:19:30.521204 12524 leader_election.cc:290] T 78f5444c13ec4327aa5b125019cef73e P 95ce2e9fe6d249a28502cb357d3bf9bd [CANDIDATE]: Term 1 election: Requested vote from peers 365f790e74414087896fa706f935bd05 (127.10.236.65:34993), 83da598212b44798aefb4e9a77f33480 (127.10.236.67:46219)
I20260710 13:19:30.521658 12520 ts_tablet_manager.cc:1403] T 78f5444c13ec4327aa5b125019cef73e P 83da598212b44798aefb4e9a77f33480: Time spent bootstrapping tablet: real 0.178s	user 0.013s	sys 0.003s
I20260710 13:19:30.522451 12478 tablet_service.cc:1917] Received RequestConsensusVote() RPC: tablet_id: "78f5444c13ec4327aa5b125019cef73e" candidate_uuid: "95ce2e9fe6d249a28502cb357d3bf9bd" candidate_term: 1 candidate_status { last_received { term: 0 index: 0 } } ignore_live_leader: false dest_uuid: "83da598212b44798aefb4e9a77f33480"
I20260710 13:19:30.524641 12520 raft_consensus.cc:359] T 78f5444c13ec4327aa5b125019cef73e P 83da598212b44798aefb4e9a77f33480 [term 0 FOLLOWER]: Replica starting. Triggering 0 pending ops. Active config: opid_index: -1 OBSOLETE_local: false peers { permanent_uuid: "365f790e74414087896fa706f935bd05" member_type: VOTER last_known_addr { host: "127.10.236.65" port: 34993 } } peers { permanent_uuid: "95ce2e9fe6d249a28502cb357d3bf9bd" member_type: VOTER last_known_addr { host: "127.10.236.66" port: 44495 } } peers { permanent_uuid: "83da598212b44798aefb4e9a77f33480" member_type: VOTER last_known_addr { host: "127.10.236.67" port: 46219 } }
I20260710 13:19:30.510998 12535 consensus_queue.cc:1048] T 76ae3fa9dff449499ab885de1dc9cdf0 P 95ce2e9fe6d249a28502cb357d3bf9bd [LEADER]: Connected to new peer: Peer: permanent_uuid: "83da598212b44798aefb4e9a77f33480" member_type: VOTER last_known_addr { host: "127.10.236.67" port: 46219 }, Status: LMP_MISMATCH, Last received: 0.0, Next index: 1, Last known committed idx: 0, Time since last communication: 0.000s
I20260710 13:19:30.509231 12328 tablet_service.cc:1917] Received RequestConsensusVote() RPC: tablet_id: "78f5444c13ec4327aa5b125019cef73e" candidate_uuid: "95ce2e9fe6d249a28502cb357d3bf9bd" candidate_term: 1 candidate_status { last_received { term: 0 index: 0 } } ignore_live_leader: false dest_uuid: "365f790e74414087896fa706f935bd05"
I20260710 13:19:30.525862 12328 raft_consensus.cc:3060] T 78f5444c13ec4327aa5b125019cef73e P 365f790e74414087896fa706f935bd05 [term 0 FOLLOWER]: Advancing to term 1
I20260710 13:19:30.533413 12522 raft_consensus.cc:359] T bd05992546104804851a2dca8141bc27 P 365f790e74414087896fa706f935bd05 [term 0 FOLLOWER]: Replica starting. Triggering 0 pending ops. Active config: opid_index: -1 OBSOLETE_local: false peers { permanent_uuid: "365f790e74414087896fa706f935bd05" member_type: VOTER last_known_addr { host: "127.10.236.65" port: 34993 } } peers { permanent_uuid: "95ce2e9fe6d249a28502cb357d3bf9bd" member_type: VOTER last_known_addr { host: "127.10.236.66" port: 44495 } } peers { permanent_uuid: "83da598212b44798aefb4e9a77f33480" member_type: VOTER last_known_addr { host: "127.10.236.67" port: 46219 } }
I20260710 13:19:30.534228 12522 raft_consensus.cc:385] T bd05992546104804851a2dca8141bc27 P 365f790e74414087896fa706f935bd05 [term 0 FOLLOWER]: Consensus starting up: Expiring failure detector timer to make a prompt election more likely
I20260710 13:19:30.534510 12522 raft_consensus.cc:740] T bd05992546104804851a2dca8141bc27 P 365f790e74414087896fa706f935bd05 [term 0 FOLLOWER]: Becoming Follower/Learner. State: Replica: 365f790e74414087896fa706f935bd05, State: Initialized, Role: FOLLOWER
I20260710 13:19:30.535212 12522 consensus_queue.cc:260] T bd05992546104804851a2dca8141bc27 P 365f790e74414087896fa706f935bd05 [NON_LEADER]: Queue going to NON_LEADER mode. State: All replicated index: 0, Majority replicated index: 0, Committed index: 0, Last appended: 0.0, Last appended by leader: 0, Current term: 0, Majority size: -1, State: 0, Mode: NON_LEADER, active raft config: opid_index: -1 OBSOLETE_local: false peers { permanent_uuid: "365f790e74414087896fa706f935bd05" member_type: VOTER last_known_addr { host: "127.10.236.65" port: 34993 } } peers { permanent_uuid: "95ce2e9fe6d249a28502cb357d3bf9bd" member_type: VOTER last_known_addr { host: "127.10.236.66" port: 44495 } } peers { permanent_uuid: "83da598212b44798aefb4e9a77f33480" member_type: VOTER last_known_addr { host: "127.10.236.67" port: 46219 } }
I20260710 13:19:30.512800 12585 consensus_queue.cc:1048] T 79704833ceae4d80a6a586aacb876810 P 83da598212b44798aefb4e9a77f33480 [LEADER]: Connected to new peer: Peer: permanent_uuid: "365f790e74414087896fa706f935bd05" member_type: VOTER last_known_addr { host: "127.10.236.65" port: 34993 }, Status: LMP_MISMATCH, Last received: 0.0, Next index: 1, Last known committed idx: 0, Time since last communication: 0.001s
I20260710 13:19:30.537405 12520 raft_consensus.cc:385] T 78f5444c13ec4327aa5b125019cef73e P 83da598212b44798aefb4e9a77f33480 [term 0 FOLLOWER]: Consensus starting up: Expiring failure detector timer to make a prompt election more likely
I20260710 13:19:30.537771 12520 raft_consensus.cc:740] T 78f5444c13ec4327aa5b125019cef73e P 83da598212b44798aefb4e9a77f33480 [term 0 FOLLOWER]: Becoming Follower/Learner. State: Replica: 83da598212b44798aefb4e9a77f33480, State: Initialized, Role: FOLLOWER
I20260710 13:19:30.516579 12573 consensus_queue.cc:1048] T 231caf99231646779376875202147703 P 95ce2e9fe6d249a28502cb357d3bf9bd [LEADER]: Connected to new peer: Peer: permanent_uuid: "83da598212b44798aefb4e9a77f33480" member_type: VOTER last_known_addr { host: "127.10.236.67" port: 46219 }, Status: LMP_MISMATCH, Last received: 0.0, Next index: 1, Last known committed idx: 0, Time since last communication: 0.000s
I20260710 13:19:30.538419 12520 consensus_queue.cc:260] T 78f5444c13ec4327aa5b125019cef73e P 83da598212b44798aefb4e9a77f33480 [NON_LEADER]: Queue going to NON_LEADER mode. State: All replicated index: 0, Majority replicated index: 0, Committed index: 0, Last appended: 0.0, Last appended by leader: 0, Current term: 0, Majority size: -1, State: 0, Mode: NON_LEADER, active raft config: opid_index: -1 OBSOLETE_local: false peers { permanent_uuid: "365f790e74414087896fa706f935bd05" member_type: VOTER last_known_addr { host: "127.10.236.65" port: 34993 } } peers { permanent_uuid: "95ce2e9fe6d249a28502cb357d3bf9bd" member_type: VOTER last_known_addr { host: "127.10.236.66" port: 44495 } } peers { permanent_uuid: "83da598212b44798aefb4e9a77f33480" member_type: VOTER last_known_addr { host: "127.10.236.67" port: 46219 } }
I20260710 13:19:30.539353 12478 raft_consensus.cc:3060] T 78f5444c13ec4327aa5b125019cef73e P 83da598212b44798aefb4e9a77f33480 [term 0 FOLLOWER]: Advancing to term 1
I20260710 13:19:30.543887 12522 ts_tablet_manager.cc:1434] T bd05992546104804851a2dca8141bc27 P 365f790e74414087896fa706f935bd05: Time spent starting tablet: real 0.014s	user 0.007s	sys 0.000s
I20260710 13:19:30.556142 12522 tablet_bootstrap.cc:492] T 76ae3fa9dff449499ab885de1dc9cdf0 P 365f790e74414087896fa706f935bd05: Bootstrap starting.
I20260710 13:19:30.567586 12328 raft_consensus.cc:2468] T 78f5444c13ec4327aa5b125019cef73e P 365f790e74414087896fa706f935bd05 [term 1 FOLLOWER]: Leader election vote request: Granting yes vote for candidate 95ce2e9fe6d249a28502cb357d3bf9bd in term 1.
I20260710 13:19:30.568164 12227 catalog_manager.cc:5697] T 692ee146e27a4097a5a02337304dd13d P 365f790e74414087896fa706f935bd05 reported cstate change: term changed from 0 to 1, leader changed from <none> to 365f790e74414087896fa706f935bd05 (127.10.236.65). New cstate: current_term: 1 leader_uuid: "365f790e74414087896fa706f935bd05" committed_config { opid_index: -1 OBSOLETE_local: false peers { permanent_uuid: "365f790e74414087896fa706f935bd05" member_type: VOTER last_known_addr { host: "127.10.236.65" port: 34993 } health_report { overall_health: HEALTHY } } peers { permanent_uuid: "95ce2e9fe6d249a28502cb357d3bf9bd" member_type: VOTER last_known_addr { host: "127.10.236.66" port: 44495 } health_report { overall_health: UNKNOWN } } peers { permanent_uuid: "83da598212b44798aefb4e9a77f33480" member_type: VOTER last_known_addr { host: "127.10.236.67" port: 46219 } health_report { overall_health: UNKNOWN } } }
I20260710 13:19:30.569800 12370 leader_election.cc:304] T 78f5444c13ec4327aa5b125019cef73e P 95ce2e9fe6d249a28502cb357d3bf9bd [CANDIDATE]: Term 1 election: Election decided. Result: candidate won. Election summary: received 2 responses out of 3 voters: 2 yes votes; 0 no votes. yes voters: 365f790e74414087896fa706f935bd05, 95ce2e9fe6d249a28502cb357d3bf9bd; no voters: 
I20260710 13:19:30.571018 12568 raft_consensus.cc:2804] T 78f5444c13ec4327aa5b125019cef73e P 95ce2e9fe6d249a28502cb357d3bf9bd [term 1 FOLLOWER]: Leader election won for term 1
I20260710 13:19:30.571568 12568 raft_consensus.cc:697] T 78f5444c13ec4327aa5b125019cef73e P 95ce2e9fe6d249a28502cb357d3bf9bd [term 1 LEADER]: Becoming Leader. State: Replica: 95ce2e9fe6d249a28502cb357d3bf9bd, State: Running, Role: LEADER
I20260710 13:19:30.572448 12568 consensus_queue.cc:237] T 78f5444c13ec4327aa5b125019cef73e P 95ce2e9fe6d249a28502cb357d3bf9bd [LEADER]: Queue going to LEADER mode. State: All replicated index: 0, Majority replicated index: 0, Committed index: 0, Last appended: 0.0, Last appended by leader: 0, Current term: 1, Majority size: 2, State: 0, Mode: LEADER, active raft config: opid_index: -1 OBSOLETE_local: false peers { permanent_uuid: "365f790e74414087896fa706f935bd05" member_type: VOTER last_known_addr { host: "127.10.236.65" port: 34993 } } peers { permanent_uuid: "95ce2e9fe6d249a28502cb357d3bf9bd" member_type: VOTER last_known_addr { host: "127.10.236.66" port: 44495 } } peers { permanent_uuid: "83da598212b44798aefb4e9a77f33480" member_type: VOTER last_known_addr { host: "127.10.236.67" port: 46219 } }
I20260710 13:19:30.608671 12478 raft_consensus.cc:2468] T 78f5444c13ec4327aa5b125019cef73e P 83da598212b44798aefb4e9a77f33480 [term 1 FOLLOWER]: Leader election vote request: Granting yes vote for candidate 95ce2e9fe6d249a28502cb357d3bf9bd in term 1.
I20260710 13:19:30.616954 12519 tablet_bootstrap.cc:492] T 3f4e91849c9f4e31a00f7c25966800f2 P 95ce2e9fe6d249a28502cb357d3bf9bd: No bootstrap required, opened a new log
I20260710 13:19:30.621220 12519 ts_tablet_manager.cc:1403] T 3f4e91849c9f4e31a00f7c25966800f2 P 95ce2e9fe6d249a28502cb357d3bf9bd: Time spent bootstrapping tablet: real 0.151s	user 0.014s	sys 0.009s
I20260710 13:19:30.624248 12519 raft_consensus.cc:359] T 3f4e91849c9f4e31a00f7c25966800f2 P 95ce2e9fe6d249a28502cb357d3bf9bd [term 0 FOLLOWER]: Replica starting. Triggering 0 pending ops. Active config: opid_index: -1 OBSOLETE_local: false peers { permanent_uuid: "365f790e74414087896fa706f935bd05" member_type: VOTER last_known_addr { host: "127.10.236.65" port: 34993 } } peers { permanent_uuid: "95ce2e9fe6d249a28502cb357d3bf9bd" member_type: VOTER last_known_addr { host: "127.10.236.66" port: 44495 } } peers { permanent_uuid: "83da598212b44798aefb4e9a77f33480" member_type: VOTER last_known_addr { host: "127.10.236.67" port: 46219 } }
I20260710 13:19:30.624997 12519 raft_consensus.cc:385] T 3f4e91849c9f4e31a00f7c25966800f2 P 95ce2e9fe6d249a28502cb357d3bf9bd [term 0 FOLLOWER]: Consensus starting up: Expiring failure detector timer to make a prompt election more likely
I20260710 13:19:30.625298 12519 raft_consensus.cc:740] T 3f4e91849c9f4e31a00f7c25966800f2 P 95ce2e9fe6d249a28502cb357d3bf9bd [term 0 FOLLOWER]: Becoming Follower/Learner. State: Replica: 95ce2e9fe6d249a28502cb357d3bf9bd, State: Initialized, Role: FOLLOWER
I20260710 13:19:30.626139 12519 consensus_queue.cc:260] T 3f4e91849c9f4e31a00f7c25966800f2 P 95ce2e9fe6d249a28502cb357d3bf9bd [NON_LEADER]: Queue going to NON_LEADER mode. State: All replicated index: 0, Majority replicated index: 0, Committed index: 0, Last appended: 0.0, Last appended by leader: 0, Current term: 0, Majority size: -1, State: 0, Mode: NON_LEADER, active raft config: opid_index: -1 OBSOLETE_local: false peers { permanent_uuid: "365f790e74414087896fa706f935bd05" member_type: VOTER last_known_addr { host: "127.10.236.65" port: 34993 } } peers { permanent_uuid: "95ce2e9fe6d249a28502cb357d3bf9bd" member_type: VOTER last_known_addr { host: "127.10.236.66" port: 44495 } } peers { permanent_uuid: "83da598212b44798aefb4e9a77f33480" member_type: VOTER last_known_addr { host: "127.10.236.67" port: 46219 } }
I20260710 13:19:30.628326 12519 ts_tablet_manager.cc:1434] T 3f4e91849c9f4e31a00f7c25966800f2 P 95ce2e9fe6d249a28502cb357d3bf9bd: Time spent starting tablet: real 0.007s	user 0.005s	sys 0.000s
I20260710 13:19:30.629328 12519 tablet_bootstrap.cc:492] T 9ede7e97dfa64da48fd2a93469e3a0bd P 95ce2e9fe6d249a28502cb357d3bf9bd: Bootstrap starting.
I20260710 13:19:30.622471 12225 catalog_manager.cc:5697] T 78f5444c13ec4327aa5b125019cef73e P 95ce2e9fe6d249a28502cb357d3bf9bd reported cstate change: term changed from 0 to 1, leader changed from <none> to 95ce2e9fe6d249a28502cb357d3bf9bd (127.10.236.66). New cstate: current_term: 1 leader_uuid: "95ce2e9fe6d249a28502cb357d3bf9bd" committed_config { opid_index: -1 OBSOLETE_local: false peers { permanent_uuid: "365f790e74414087896fa706f935bd05" member_type: VOTER last_known_addr { host: "127.10.236.65" port: 34993 } health_report { overall_health: UNKNOWN } } peers { permanent_uuid: "95ce2e9fe6d249a28502cb357d3bf9bd" member_type: VOTER last_known_addr { host: "127.10.236.66" port: 44495 } health_report { overall_health: HEALTHY } } peers { permanent_uuid: "83da598212b44798aefb4e9a77f33480" member_type: VOTER last_known_addr { host: "127.10.236.67" port: 46219 } health_report { overall_health: UNKNOWN } } }
I20260710 13:19:30.631220 12522 tablet_bootstrap.cc:654] T 76ae3fa9dff449499ab885de1dc9cdf0 P 365f790e74414087896fa706f935bd05: Neither blocks nor log segments found. Creating new log.
I20260710 13:19:30.633060 12520 ts_tablet_manager.cc:1434] T 78f5444c13ec4327aa5b125019cef73e P 83da598212b44798aefb4e9a77f33480: Time spent starting tablet: real 0.111s	user 0.009s	sys 0.000s
I20260710 13:19:30.642925 12573 consensus_queue.cc:1048] T 11e125012d884cbdb1087ff16a1978e2 P 95ce2e9fe6d249a28502cb357d3bf9bd [LEADER]: Connected to new peer: Peer: permanent_uuid: "83da598212b44798aefb4e9a77f33480" member_type: VOTER last_known_addr { host: "127.10.236.67" port: 46219 }, Status: LMP_MISMATCH, Last received: 0.0, Next index: 1, Last known committed idx: 0, Time since last communication: 0.000s
I20260710 13:19:30.645817 12520 tablet_bootstrap.cc:492] T 748abbd056a548ce871b2dffe5928d61 P 83da598212b44798aefb4e9a77f33480: Bootstrap starting.
I20260710 13:19:30.649546 12573 consensus_queue.cc:1048] T 11e125012d884cbdb1087ff16a1978e2 P 95ce2e9fe6d249a28502cb357d3bf9bd [LEADER]: Connected to new peer: Peer: permanent_uuid: "365f790e74414087896fa706f935bd05" member_type: VOTER last_known_addr { host: "127.10.236.65" port: 34993 }, Status: LMP_MISMATCH, Last received: 0.0, Next index: 1, Last known committed idx: 0, Time since last communication: 0.001s
I20260710 13:19:30.664377 12522 tablet_bootstrap.cc:492] T 76ae3fa9dff449499ab885de1dc9cdf0 P 365f790e74414087896fa706f935bd05: No bootstrap required, opened a new log
I20260710 13:19:30.665263 12522 ts_tablet_manager.cc:1403] T 76ae3fa9dff449499ab885de1dc9cdf0 P 365f790e74414087896fa706f935bd05: Time spent bootstrapping tablet: real 0.109s	user 0.011s	sys 0.010s
I20260710 13:19:30.668373 12520 tablet_bootstrap.cc:654] T 748abbd056a548ce871b2dffe5928d61 P 83da598212b44798aefb4e9a77f33480: Neither blocks nor log segments found. Creating new log.
I20260710 13:19:30.680680 12519 tablet_bootstrap.cc:654] T 9ede7e97dfa64da48fd2a93469e3a0bd P 95ce2e9fe6d249a28502cb357d3bf9bd: Neither blocks nor log segments found. Creating new log.
I20260710 13:19:30.683128 12522 raft_consensus.cc:359] T 76ae3fa9dff449499ab885de1dc9cdf0 P 365f790e74414087896fa706f935bd05 [term 0 FOLLOWER]: Replica starting. Triggering 0 pending ops. Active config: opid_index: -1 OBSOLETE_local: false peers { permanent_uuid: "365f790e74414087896fa706f935bd05" member_type: VOTER last_known_addr { host: "127.10.236.65" port: 34993 } } peers { permanent_uuid: "95ce2e9fe6d249a28502cb357d3bf9bd" member_type: VOTER last_known_addr { host: "127.10.236.66" port: 44495 } } peers { permanent_uuid: "83da598212b44798aefb4e9a77f33480" member_type: VOTER last_known_addr { host: "127.10.236.67" port: 46219 } }
I20260710 13:19:30.684084 12522 raft_consensus.cc:385] T 76ae3fa9dff449499ab885de1dc9cdf0 P 365f790e74414087896fa706f935bd05 [term 0 FOLLOWER]: Consensus starting up: Expiring failure detector timer to make a prompt election more likely
I20260710 13:19:30.684487 12522 raft_consensus.cc:740] T 76ae3fa9dff449499ab885de1dc9cdf0 P 365f790e74414087896fa706f935bd05 [term 0 FOLLOWER]: Becoming Follower/Learner. State: Replica: 365f790e74414087896fa706f935bd05, State: Initialized, Role: FOLLOWER
I20260710 13:19:30.685286 12522 consensus_queue.cc:260] T 76ae3fa9dff449499ab885de1dc9cdf0 P 365f790e74414087896fa706f935bd05 [NON_LEADER]: Queue going to NON_LEADER mode. State: All replicated index: 0, Majority replicated index: 0, Committed index: 0, Last appended: 0.0, Last appended by leader: 0, Current term: 0, Majority size: -1, State: 0, Mode: NON_LEADER, active raft config: opid_index: -1 OBSOLETE_local: false peers { permanent_uuid: "365f790e74414087896fa706f935bd05" member_type: VOTER last_known_addr { host: "127.10.236.65" port: 34993 } } peers { permanent_uuid: "95ce2e9fe6d249a28502cb357d3bf9bd" member_type: VOTER last_known_addr { host: "127.10.236.66" port: 44495 } } peers { permanent_uuid: "83da598212b44798aefb4e9a77f33480" member_type: VOTER last_known_addr { host: "127.10.236.67" port: 46219 } }
I20260710 13:19:30.687786 12522 ts_tablet_manager.cc:1434] T 76ae3fa9dff449499ab885de1dc9cdf0 P 365f790e74414087896fa706f935bd05: Time spent starting tablet: real 0.022s	user 0.006s	sys 0.000s
I20260710 13:19:30.688874 12522 tablet_bootstrap.cc:492] T 748abbd056a548ce871b2dffe5928d61 P 365f790e74414087896fa706f935bd05: Bootstrap starting.
I20260710 13:19:30.698947 12520 tablet_bootstrap.cc:492] T 748abbd056a548ce871b2dffe5928d61 P 83da598212b44798aefb4e9a77f33480: No bootstrap required, opened a new log
I20260710 13:19:30.699522 12520 ts_tablet_manager.cc:1403] T 748abbd056a548ce871b2dffe5928d61 P 83da598212b44798aefb4e9a77f33480: Time spent bootstrapping tablet: real 0.054s	user 0.011s	sys 0.000s
I20260710 13:19:30.702512 12520 raft_consensus.cc:359] T 748abbd056a548ce871b2dffe5928d61 P 83da598212b44798aefb4e9a77f33480 [term 0 FOLLOWER]: Replica starting. Triggering 0 pending ops. Active config: opid_index: -1 OBSOLETE_local: false peers { permanent_uuid: "365f790e74414087896fa706f935bd05" member_type: VOTER last_known_addr { host: "127.10.236.65" port: 34993 } } peers { permanent_uuid: "95ce2e9fe6d249a28502cb357d3bf9bd" member_type: VOTER last_known_addr { host: "127.10.236.66" port: 44495 } } peers { permanent_uuid: "83da598212b44798aefb4e9a77f33480" member_type: VOTER last_known_addr { host: "127.10.236.67" port: 46219 } }
I20260710 13:19:30.703342 12520 raft_consensus.cc:385] T 748abbd056a548ce871b2dffe5928d61 P 83da598212b44798aefb4e9a77f33480 [term 0 FOLLOWER]: Consensus starting up: Expiring failure detector timer to make a prompt election more likely
I20260710 13:19:30.703642 12520 raft_consensus.cc:740] T 748abbd056a548ce871b2dffe5928d61 P 83da598212b44798aefb4e9a77f33480 [term 0 FOLLOWER]: Becoming Follower/Learner. State: Replica: 83da598212b44798aefb4e9a77f33480, State: Initialized, Role: FOLLOWER
I20260710 13:19:30.705246 12522 tablet_bootstrap.cc:654] T 748abbd056a548ce871b2dffe5928d61 P 365f790e74414087896fa706f935bd05: Neither blocks nor log segments found. Creating new log.
I20260710 13:19:30.710876 12520 consensus_queue.cc:260] T 748abbd056a548ce871b2dffe5928d61 P 83da598212b44798aefb4e9a77f33480 [NON_LEADER]: Queue going to NON_LEADER mode. State: All replicated index: 0, Majority replicated index: 0, Committed index: 0, Last appended: 0.0, Last appended by leader: 0, Current term: 0, Majority size: -1, State: 0, Mode: NON_LEADER, active raft config: opid_index: -1 OBSOLETE_local: false peers { permanent_uuid: "365f790e74414087896fa706f935bd05" member_type: VOTER last_known_addr { host: "127.10.236.65" port: 34993 } } peers { permanent_uuid: "95ce2e9fe6d249a28502cb357d3bf9bd" member_type: VOTER last_known_addr { host: "127.10.236.66" port: 44495 } } peers { permanent_uuid: "83da598212b44798aefb4e9a77f33480" member_type: VOTER last_known_addr { host: "127.10.236.67" port: 46219 } }
I20260710 13:19:30.713934 12519 tablet_bootstrap.cc:492] T 9ede7e97dfa64da48fd2a93469e3a0bd P 95ce2e9fe6d249a28502cb357d3bf9bd: No bootstrap required, opened a new log
I20260710 13:19:30.714563 12519 ts_tablet_manager.cc:1403] T 9ede7e97dfa64da48fd2a93469e3a0bd P 95ce2e9fe6d249a28502cb357d3bf9bd: Time spent bootstrapping tablet: real 0.085s	user 0.008s	sys 0.006s
I20260710 13:19:30.717062 12519 raft_consensus.cc:359] T 9ede7e97dfa64da48fd2a93469e3a0bd P 95ce2e9fe6d249a28502cb357d3bf9bd [term 0 FOLLOWER]: Replica starting. Triggering 0 pending ops. Active config: opid_index: -1 OBSOLETE_local: false peers { permanent_uuid: "365f790e74414087896fa706f935bd05" member_type: VOTER last_known_addr { host: "127.10.236.65" port: 34993 } } peers { permanent_uuid: "95ce2e9fe6d249a28502cb357d3bf9bd" member_type: VOTER last_known_addr { host: "127.10.236.66" port: 44495 } } peers { permanent_uuid: "83da598212b44798aefb4e9a77f33480" member_type: VOTER last_known_addr { host: "127.10.236.67" port: 46219 } }
I20260710 13:19:30.717787 12519 raft_consensus.cc:385] T 9ede7e97dfa64da48fd2a93469e3a0bd P 95ce2e9fe6d249a28502cb357d3bf9bd [term 0 FOLLOWER]: Consensus starting up: Expiring failure detector timer to make a prompt election more likely
I20260710 13:19:30.718075 12519 raft_consensus.cc:740] T 9ede7e97dfa64da48fd2a93469e3a0bd P 95ce2e9fe6d249a28502cb357d3bf9bd [term 0 FOLLOWER]: Becoming Follower/Learner. State: Replica: 95ce2e9fe6d249a28502cb357d3bf9bd, State: Initialized, Role: FOLLOWER
I20260710 13:19:30.718825 12519 consensus_queue.cc:260] T 9ede7e97dfa64da48fd2a93469e3a0bd P 95ce2e9fe6d249a28502cb357d3bf9bd [NON_LEADER]: Queue going to NON_LEADER mode. State: All replicated index: 0, Majority replicated index: 0, Committed index: 0, Last appended: 0.0, Last appended by leader: 0, Current term: 0, Majority size: -1, State: 0, Mode: NON_LEADER, active raft config: opid_index: -1 OBSOLETE_local: false peers { permanent_uuid: "365f790e74414087896fa706f935bd05" member_type: VOTER last_known_addr { host: "127.10.236.65" port: 34993 } } peers { permanent_uuid: "95ce2e9fe6d249a28502cb357d3bf9bd" member_type: VOTER last_known_addr { host: "127.10.236.66" port: 44495 } } peers { permanent_uuid: "83da598212b44798aefb4e9a77f33480" member_type: VOTER last_known_addr { host: "127.10.236.67" port: 46219 } }
I20260710 13:19:30.719355 12520 ts_tablet_manager.cc:1434] T 748abbd056a548ce871b2dffe5928d61 P 83da598212b44798aefb4e9a77f33480: Time spent starting tablet: real 0.020s	user 0.007s	sys 0.001s
I20260710 13:19:30.720661 12519 ts_tablet_manager.cc:1434] T 9ede7e97dfa64da48fd2a93469e3a0bd P 95ce2e9fe6d249a28502cb357d3bf9bd: Time spent starting tablet: real 0.006s	user 0.005s	sys 0.000s
I20260710 13:19:30.725312 12519 tablet_bootstrap.cc:492] T abc16c202add46f0ad53c66be02c2bfd P 95ce2e9fe6d249a28502cb357d3bf9bd: Bootstrap starting.
I20260710 13:19:30.728394 12520 tablet_bootstrap.cc:492] T c2c6e734012449f0b904351a6bc6a51a P 83da598212b44798aefb4e9a77f33480: Bootstrap starting.
I20260710 13:19:30.734203 12519 tablet_bootstrap.cc:654] T abc16c202add46f0ad53c66be02c2bfd P 95ce2e9fe6d249a28502cb357d3bf9bd: Neither blocks nor log segments found. Creating new log.
I20260710 13:19:30.742911 12522 tablet_bootstrap.cc:492] T 748abbd056a548ce871b2dffe5928d61 P 365f790e74414087896fa706f935bd05: No bootstrap required, opened a new log
I20260710 13:19:30.743389 12522 ts_tablet_manager.cc:1403] T 748abbd056a548ce871b2dffe5928d61 P 365f790e74414087896fa706f935bd05: Time spent bootstrapping tablet: real 0.055s	user 0.016s	sys 0.020s
I20260710 13:19:30.744269 12520 tablet_bootstrap.cc:654] T c2c6e734012449f0b904351a6bc6a51a P 83da598212b44798aefb4e9a77f33480: Neither blocks nor log segments found. Creating new log.
I20260710 13:19:30.745162 12519 tablet_bootstrap.cc:492] T abc16c202add46f0ad53c66be02c2bfd P 95ce2e9fe6d249a28502cb357d3bf9bd: No bootstrap required, opened a new log
I20260710 13:19:30.746414 12519 ts_tablet_manager.cc:1403] T abc16c202add46f0ad53c66be02c2bfd P 95ce2e9fe6d249a28502cb357d3bf9bd: Time spent bootstrapping tablet: real 0.021s	user 0.005s	sys 0.010s
I20260710 13:19:30.747547 12522 raft_consensus.cc:359] T 748abbd056a548ce871b2dffe5928d61 P 365f790e74414087896fa706f935bd05 [term 0 FOLLOWER]: Replica starting. Triggering 0 pending ops. Active config: opid_index: -1 OBSOLETE_local: false peers { permanent_uuid: "365f790e74414087896fa706f935bd05" member_type: VOTER last_known_addr { host: "127.10.236.65" port: 34993 } } peers { permanent_uuid: "95ce2e9fe6d249a28502cb357d3bf9bd" member_type: VOTER last_known_addr { host: "127.10.236.66" port: 44495 } } peers { permanent_uuid: "83da598212b44798aefb4e9a77f33480" member_type: VOTER last_known_addr { host: "127.10.236.67" port: 46219 } }
I20260710 13:19:30.748311 12522 raft_consensus.cc:385] T 748abbd056a548ce871b2dffe5928d61 P 365f790e74414087896fa706f935bd05 [term 0 FOLLOWER]: Consensus starting up: Expiring failure detector timer to make a prompt election more likely
I20260710 13:19:30.748584 12522 raft_consensus.cc:740] T 748abbd056a548ce871b2dffe5928d61 P 365f790e74414087896fa706f935bd05 [term 0 FOLLOWER]: Becoming Follower/Learner. State: Replica: 365f790e74414087896fa706f935bd05, State: Initialized, Role: FOLLOWER
I20260710 13:19:30.749624 12519 raft_consensus.cc:359] T abc16c202add46f0ad53c66be02c2bfd P 95ce2e9fe6d249a28502cb357d3bf9bd [term 0 FOLLOWER]: Replica starting. Triggering 0 pending ops. Active config: opid_index: -1 OBSOLETE_local: false peers { permanent_uuid: "365f790e74414087896fa706f935bd05" member_type: VOTER last_known_addr { host: "127.10.236.65" port: 34993 } } peers { permanent_uuid: "95ce2e9fe6d249a28502cb357d3bf9bd" member_type: VOTER last_known_addr { host: "127.10.236.66" port: 44495 } } peers { permanent_uuid: "83da598212b44798aefb4e9a77f33480" member_type: VOTER last_known_addr { host: "127.10.236.67" port: 46219 } }
I20260710 13:19:30.750566 12519 raft_consensus.cc:385] T abc16c202add46f0ad53c66be02c2bfd P 95ce2e9fe6d249a28502cb357d3bf9bd [term 0 FOLLOWER]: Consensus starting up: Expiring failure detector timer to make a prompt election more likely
I20260710 13:19:30.750149 12522 consensus_queue.cc:260] T 748abbd056a548ce871b2dffe5928d61 P 365f790e74414087896fa706f935bd05 [NON_LEADER]: Queue going to NON_LEADER mode. State: All replicated index: 0, Majority replicated index: 0, Committed index: 0, Last appended: 0.0, Last appended by leader: 0, Current term: 0, Majority size: -1, State: 0, Mode: NON_LEADER, active raft config: opid_index: -1 OBSOLETE_local: false peers { permanent_uuid: "365f790e74414087896fa706f935bd05" member_type: VOTER last_known_addr { host: "127.10.236.65" port: 34993 } } peers { permanent_uuid: "95ce2e9fe6d249a28502cb357d3bf9bd" member_type: VOTER last_known_addr { host: "127.10.236.66" port: 44495 } } peers { permanent_uuid: "83da598212b44798aefb4e9a77f33480" member_type: VOTER last_known_addr { host: "127.10.236.67" port: 46219 } }
I20260710 13:19:30.750838 12519 raft_consensus.cc:740] T abc16c202add46f0ad53c66be02c2bfd P 95ce2e9fe6d249a28502cb357d3bf9bd [term 0 FOLLOWER]: Becoming Follower/Learner. State: Replica: 95ce2e9fe6d249a28502cb357d3bf9bd, State: Initialized, Role: FOLLOWER
I20260710 13:19:30.751773 12585 raft_consensus.cc:493] T 748abbd056a548ce871b2dffe5928d61 P 83da598212b44798aefb4e9a77f33480 [term 0 FOLLOWER]: Starting pre-election (no leader contacted us within the election timeout)
I20260710 13:19:30.751556 12519 consensus_queue.cc:260] T abc16c202add46f0ad53c66be02c2bfd P 95ce2e9fe6d249a28502cb357d3bf9bd [NON_LEADER]: Queue going to NON_LEADER mode. State: All replicated index: 0, Majority replicated index: 0, Committed index: 0, Last appended: 0.0, Last appended by leader: 0, Current term: 0, Majority size: -1, State: 0, Mode: NON_LEADER, active raft config: opid_index: -1 OBSOLETE_local: false peers { permanent_uuid: "365f790e74414087896fa706f935bd05" member_type: VOTER last_known_addr { host: "127.10.236.65" port: 34993 } } peers { permanent_uuid: "95ce2e9fe6d249a28502cb357d3bf9bd" member_type: VOTER last_known_addr { host: "127.10.236.66" port: 44495 } } peers { permanent_uuid: "83da598212b44798aefb4e9a77f33480" member_type: VOTER last_known_addr { host: "127.10.236.67" port: 46219 } }
I20260710 13:19:30.752305 12585 raft_consensus.cc:515] T 748abbd056a548ce871b2dffe5928d61 P 83da598212b44798aefb4e9a77f33480 [term 0 FOLLOWER]: Starting pre-election with config: opid_index: -1 OBSOLETE_local: false peers { permanent_uuid: "365f790e74414087896fa706f935bd05" member_type: VOTER last_known_addr { host: "127.10.236.65" port: 34993 } } peers { permanent_uuid: "95ce2e9fe6d249a28502cb357d3bf9bd" member_type: VOTER last_known_addr { host: "127.10.236.66" port: 44495 } } peers { permanent_uuid: "83da598212b44798aefb4e9a77f33480" member_type: VOTER last_known_addr { host: "127.10.236.67" port: 46219 } }
I20260710 13:19:30.753895 12519 ts_tablet_manager.cc:1434] T abc16c202add46f0ad53c66be02c2bfd P 95ce2e9fe6d249a28502cb357d3bf9bd: Time spent starting tablet: real 0.007s	user 0.003s	sys 0.005s
I20260710 13:19:30.754894 12519 tablet_bootstrap.cc:492] T 3ce7e45d0bd643949e6d4b930a60572d P 95ce2e9fe6d249a28502cb357d3bf9bd: Bootstrap starting.
I20260710 13:19:30.754801 12585 leader_election.cc:290] T 748abbd056a548ce871b2dffe5928d61 P 83da598212b44798aefb4e9a77f33480 [CANDIDATE]: Term 1 pre-election: Requested pre-vote from peers 365f790e74414087896fa706f935bd05 (127.10.236.65:34993), 95ce2e9fe6d249a28502cb357d3bf9bd (127.10.236.66:44495)
I20260710 13:19:30.755478 12585 raft_consensus.cc:493] T da618b36e76741a69aec9c805ddd1b21 P 83da598212b44798aefb4e9a77f33480 [term 0 FOLLOWER]: Starting pre-election (no leader contacted us within the election timeout)
I20260710 13:19:30.756093 12522 ts_tablet_manager.cc:1434] T 748abbd056a548ce871b2dffe5928d61 P 365f790e74414087896fa706f935bd05: Time spent starting tablet: real 0.012s	user 0.004s	sys 0.003s
I20260710 13:19:30.755956 12585 raft_consensus.cc:515] T da618b36e76741a69aec9c805ddd1b21 P 83da598212b44798aefb4e9a77f33480 [term 0 FOLLOWER]: Starting pre-election with config: opid_index: -1 OBSOLETE_local: false peers { permanent_uuid: "365f790e74414087896fa706f935bd05" member_type: VOTER last_known_addr { host: "127.10.236.65" port: 34993 } } peers { permanent_uuid: "95ce2e9fe6d249a28502cb357d3bf9bd" member_type: VOTER last_known_addr { host: "127.10.236.66" port: 44495 } } peers { permanent_uuid: "83da598212b44798aefb4e9a77f33480" member_type: VOTER last_known_addr { host: "127.10.236.67" port: 46219 } }
I20260710 13:19:30.757205 12522 tablet_bootstrap.cc:492] T da618b36e76741a69aec9c805ddd1b21 P 365f790e74414087896fa706f935bd05: Bootstrap starting.
I20260710 13:19:30.758137 12585 leader_election.cc:290] T da618b36e76741a69aec9c805ddd1b21 P 83da598212b44798aefb4e9a77f33480 [CANDIDATE]: Term 1 pre-election: Requested pre-vote from peers 365f790e74414087896fa706f935bd05 (127.10.236.65:34993), 95ce2e9fe6d249a28502cb357d3bf9bd (127.10.236.66:44495)
I20260710 13:19:30.761065 12330 tablet_service.cc:1917] Received RequestConsensusVote() RPC: tablet_id: "748abbd056a548ce871b2dffe5928d61" candidate_uuid: "83da598212b44798aefb4e9a77f33480" candidate_term: 1 candidate_status { last_received { term: 0 index: 0 } } ignore_live_leader: false dest_uuid: "365f790e74414087896fa706f935bd05" is_pre_election: true
I20260710 13:19:30.762804 12330 raft_consensus.cc:2468] T 748abbd056a548ce871b2dffe5928d61 P 365f790e74414087896fa706f935bd05 [term 0 FOLLOWER]: Leader pre-election vote request: Granting yes vote for candidate 83da598212b44798aefb4e9a77f33480 in term 0.
I20260710 13:19:30.761709 12405 tablet_service.cc:1917] Received RequestConsensusVote() RPC: tablet_id: "748abbd056a548ce871b2dffe5928d61" candidate_uuid: "83da598212b44798aefb4e9a77f33480" candidate_term: 1 candidate_status { last_received { term: 0 index: 0 } } ignore_live_leader: false dest_uuid: "95ce2e9fe6d249a28502cb357d3bf9bd" is_pre_election: true
I20260710 13:19:30.767237 12444 leader_election.cc:304] T 748abbd056a548ce871b2dffe5928d61 P 83da598212b44798aefb4e9a77f33480 [CANDIDATE]: Term 1 pre-election: Election decided. Result: candidate won. Election summary: received 2 responses out of 3 voters: 2 yes votes; 0 no votes. yes voters: 365f790e74414087896fa706f935bd05, 83da598212b44798aefb4e9a77f33480; no voters: 
I20260710 13:19:30.767455 12405 raft_consensus.cc:2468] T 748abbd056a548ce871b2dffe5928d61 P 95ce2e9fe6d249a28502cb357d3bf9bd [term 0 FOLLOWER]: Leader pre-election vote request: Granting yes vote for candidate 83da598212b44798aefb4e9a77f33480 in term 0.
I20260710 13:19:30.768313 12330 tablet_service.cc:1917] Received RequestConsensusVote() RPC: tablet_id: "da618b36e76741a69aec9c805ddd1b21" candidate_uuid: "83da598212b44798aefb4e9a77f33480" candidate_term: 1 candidate_status { last_received { term: 0 index: 0 } } ignore_live_leader: false dest_uuid: "365f790e74414087896fa706f935bd05" is_pre_election: true
I20260710 13:19:30.768404 12543 raft_consensus.cc:2804] T 748abbd056a548ce871b2dffe5928d61 P 83da598212b44798aefb4e9a77f33480 [term 0 FOLLOWER]: Leader pre-election won for term 1
I20260710 13:19:30.768976 12543 raft_consensus.cc:493] T 748abbd056a548ce871b2dffe5928d61 P 83da598212b44798aefb4e9a77f33480 [term 0 FOLLOWER]: Starting leader election (no leader contacted us within the election timeout)
I20260710 13:19:30.767575 12403 tablet_service.cc:1917] Received RequestConsensusVote() RPC: tablet_id: "da618b36e76741a69aec9c805ddd1b21" candidate_uuid: "83da598212b44798aefb4e9a77f33480" candidate_term: 1 candidate_status { last_received { term: 0 index: 0 } } ignore_live_leader: false dest_uuid: "95ce2e9fe6d249a28502cb357d3bf9bd" is_pre_election: true
I20260710 13:19:30.769444 12543 raft_consensus.cc:3060] T 748abbd056a548ce871b2dffe5928d61 P 83da598212b44798aefb4e9a77f33480 [term 0 FOLLOWER]: Advancing to term 1
I20260710 13:19:30.769685 12403 raft_consensus.cc:2468] T da618b36e76741a69aec9c805ddd1b21 P 95ce2e9fe6d249a28502cb357d3bf9bd [term 0 FOLLOWER]: Leader pre-election vote request: Granting yes vote for candidate 83da598212b44798aefb4e9a77f33480 in term 0.
I20260710 13:19:30.772953 12444 leader_election.cc:304] T da618b36e76741a69aec9c805ddd1b21 P 83da598212b44798aefb4e9a77f33480 [CANDIDATE]: Term 1 pre-election: Election decided. Result: candidate won. Election summary: received 2 responses out of 3 voters: 2 yes votes; 0 no votes. yes voters: 83da598212b44798aefb4e9a77f33480, 95ce2e9fe6d249a28502cb357d3bf9bd; no voters: 
I20260710 13:19:30.773981 12585 raft_consensus.cc:2804] T da618b36e76741a69aec9c805ddd1b21 P 83da598212b44798aefb4e9a77f33480 [term 0 FOLLOWER]: Leader pre-election won for term 1
I20260710 13:19:30.774554 12585 raft_consensus.cc:493] T da618b36e76741a69aec9c805ddd1b21 P 83da598212b44798aefb4e9a77f33480 [term 0 FOLLOWER]: Starting leader election (no leader contacted us within the election timeout)
I20260710 13:19:30.774865 12585 raft_consensus.cc:3060] T da618b36e76741a69aec9c805ddd1b21 P 83da598212b44798aefb4e9a77f33480 [term 0 FOLLOWER]: Advancing to term 1
W20260710 13:19:30.779174 12444 leader_election.cc:343] T da618b36e76741a69aec9c805ddd1b21 P 83da598212b44798aefb4e9a77f33480 [CANDIDATE]: Term 1 pre-election: Tablet error from VoteRequest() call to peer 365f790e74414087896fa706f935bd05 (127.10.236.65:34993): Illegal state: must be running to vote when last-logged opid is not known
I20260710 13:19:30.780083 12520 tablet_bootstrap.cc:492] T c2c6e734012449f0b904351a6bc6a51a P 83da598212b44798aefb4e9a77f33480: No bootstrap required, opened a new log
I20260710 13:19:30.780655 12520 ts_tablet_manager.cc:1403] T c2c6e734012449f0b904351a6bc6a51a P 83da598212b44798aefb4e9a77f33480: Time spent bootstrapping tablet: real 0.053s	user 0.010s	sys 0.011s
I20260710 13:19:30.783273 12585 raft_consensus.cc:515] T da618b36e76741a69aec9c805ddd1b21 P 83da598212b44798aefb4e9a77f33480 [term 1 FOLLOWER]: Starting leader election with config: opid_index: -1 OBSOLETE_local: false peers { permanent_uuid: "365f790e74414087896fa706f935bd05" member_type: VOTER last_known_addr { host: "127.10.236.65" port: 34993 } } peers { permanent_uuid: "95ce2e9fe6d249a28502cb357d3bf9bd" member_type: VOTER last_known_addr { host: "127.10.236.66" port: 44495 } } peers { permanent_uuid: "83da598212b44798aefb4e9a77f33480" member_type: VOTER last_known_addr { host: "127.10.236.67" port: 46219 } }
I20260710 13:19:30.784883 12522 tablet_bootstrap.cc:654] T da618b36e76741a69aec9c805ddd1b21 P 365f790e74414087896fa706f935bd05: Neither blocks nor log segments found. Creating new log.
I20260710 13:19:30.784530 12520 raft_consensus.cc:359] T c2c6e734012449f0b904351a6bc6a51a P 83da598212b44798aefb4e9a77f33480 [term 0 FOLLOWER]: Replica starting. Triggering 0 pending ops. Active config: opid_index: -1 OBSOLETE_local: false peers { permanent_uuid: "365f790e74414087896fa706f935bd05" member_type: VOTER last_known_addr { host: "127.10.236.65" port: 34993 } } peers { permanent_uuid: "95ce2e9fe6d249a28502cb357d3bf9bd" member_type: VOTER last_known_addr { host: "127.10.236.66" port: 44495 } } peers { permanent_uuid: "83da598212b44798aefb4e9a77f33480" member_type: VOTER last_known_addr { host: "127.10.236.67" port: 46219 } }
I20260710 13:19:30.791041 12520 raft_consensus.cc:385] T c2c6e734012449f0b904351a6bc6a51a P 83da598212b44798aefb4e9a77f33480 [term 0 FOLLOWER]: Consensus starting up: Expiring failure detector timer to make a prompt election more likely
I20260710 13:19:30.791399 12520 raft_consensus.cc:740] T c2c6e734012449f0b904351a6bc6a51a P 83da598212b44798aefb4e9a77f33480 [term 0 FOLLOWER]: Becoming Follower/Learner. State: Replica: 83da598212b44798aefb4e9a77f33480, State: Initialized, Role: FOLLOWER
I20260710 13:19:30.792203 12328 raft_consensus.cc:3060] T 76ae3fa9dff449499ab885de1dc9cdf0 P 365f790e74414087896fa706f935bd05 [term 0 FOLLOWER]: Advancing to term 1
I20260710 13:19:30.792297 12520 consensus_queue.cc:260] T c2c6e734012449f0b904351a6bc6a51a P 83da598212b44798aefb4e9a77f33480 [NON_LEADER]: Queue going to NON_LEADER mode. State: All replicated index: 0, Majority replicated index: 0, Committed index: 0, Last appended: 0.0, Last appended by leader: 0, Current term: 0, Majority size: -1, State: 0, Mode: NON_LEADER, active raft config: opid_index: -1 OBSOLETE_local: false peers { permanent_uuid: "365f790e74414087896fa706f935bd05" member_type: VOTER last_known_addr { host: "127.10.236.65" port: 34993 } } peers { permanent_uuid: "95ce2e9fe6d249a28502cb357d3bf9bd" member_type: VOTER last_known_addr { host: "127.10.236.66" port: 44495 } } peers { permanent_uuid: "83da598212b44798aefb4e9a77f33480" member_type: VOTER last_known_addr { host: "127.10.236.67" port: 46219 } }
I20260710 13:19:30.785929 12330 tablet_service.cc:1917] Received RequestConsensusVote() RPC: tablet_id: "da618b36e76741a69aec9c805ddd1b21" candidate_uuid: "83da598212b44798aefb4e9a77f33480" candidate_term: 1 candidate_status { last_received { term: 0 index: 0 } } ignore_live_leader: false dest_uuid: "365f790e74414087896fa706f935bd05"
I20260710 13:19:30.795464 12520 ts_tablet_manager.cc:1434] T c2c6e734012449f0b904351a6bc6a51a P 83da598212b44798aefb4e9a77f33480: Time spent starting tablet: real 0.015s	user 0.004s	sys 0.005s
I20260710 13:19:30.796559 12520 tablet_bootstrap.cc:492] T 9ede7e97dfa64da48fd2a93469e3a0bd P 83da598212b44798aefb4e9a77f33480: Bootstrap starting.
W20260710 13:19:30.798151 12444 leader_election.cc:343] T da618b36e76741a69aec9c805ddd1b21 P 83da598212b44798aefb4e9a77f33480 [CANDIDATE]: Term 1 election: Tablet error from VoteRequest() call to peer 365f790e74414087896fa706f935bd05 (127.10.236.65:34993): Illegal state: must be running to vote when last-logged opid is not known
I20260710 13:19:30.787189 12585 leader_election.cc:290] T da618b36e76741a69aec9c805ddd1b21 P 83da598212b44798aefb4e9a77f33480 [CANDIDATE]: Term 1 election: Requested vote from peers 365f790e74414087896fa706f935bd05 (127.10.236.65:34993), 95ce2e9fe6d249a28502cb357d3bf9bd (127.10.236.66:44495)
I20260710 13:19:30.788578 12403 tablet_service.cc:1917] Received RequestConsensusVote() RPC: tablet_id: "da618b36e76741a69aec9c805ddd1b21" candidate_uuid: "83da598212b44798aefb4e9a77f33480" candidate_term: 1 candidate_status { last_received { term: 0 index: 0 } } ignore_live_leader: false dest_uuid: "95ce2e9fe6d249a28502cb357d3bf9bd"
I20260710 13:19:30.802791 12403 raft_consensus.cc:3060] T da618b36e76741a69aec9c805ddd1b21 P 95ce2e9fe6d249a28502cb357d3bf9bd [term 0 FOLLOWER]: Advancing to term 1
I20260710 13:19:30.803239 12520 tablet_bootstrap.cc:654] T 9ede7e97dfa64da48fd2a93469e3a0bd P 83da598212b44798aefb4e9a77f33480: Neither blocks nor log segments found. Creating new log.
I20260710 13:19:30.790282 12519 tablet_bootstrap.cc:654] T 3ce7e45d0bd643949e6d4b930a60572d P 95ce2e9fe6d249a28502cb357d3bf9bd: Neither blocks nor log segments found. Creating new log.
W20260710 13:19:30.789614 12276 auto_rebalancer.cc:288] Could not retrieve cluster info: Service unavailable: Tablet not running
I20260710 13:19:30.815111 12403 raft_consensus.cc:2468] T da618b36e76741a69aec9c805ddd1b21 P 95ce2e9fe6d249a28502cb357d3bf9bd [term 1 FOLLOWER]: Leader election vote request: Granting yes vote for candidate 83da598212b44798aefb4e9a77f33480 in term 1.
I20260710 13:19:30.815693 12520 tablet_bootstrap.cc:492] T 9ede7e97dfa64da48fd2a93469e3a0bd P 83da598212b44798aefb4e9a77f33480: No bootstrap required, opened a new log
I20260710 13:19:30.791294 12543 raft_consensus.cc:515] T 748abbd056a548ce871b2dffe5928d61 P 83da598212b44798aefb4e9a77f33480 [term 1 FOLLOWER]: Starting leader election with config: opid_index: -1 OBSOLETE_local: false peers { permanent_uuid: "365f790e74414087896fa706f935bd05" member_type: VOTER last_known_addr { host: "127.10.236.65" port: 34993 } } peers { permanent_uuid: "95ce2e9fe6d249a28502cb357d3bf9bd" member_type: VOTER last_known_addr { host: "127.10.236.66" port: 44495 } } peers { permanent_uuid: "83da598212b44798aefb4e9a77f33480" member_type: VOTER last_known_addr { host: "127.10.236.67" port: 46219 } }
I20260710 13:19:30.816236 12520 ts_tablet_manager.cc:1403] T 9ede7e97dfa64da48fd2a93469e3a0bd P 83da598212b44798aefb4e9a77f33480: Time spent bootstrapping tablet: real 0.020s	user 0.008s	sys 0.008s
I20260710 13:19:30.816351 12444 leader_election.cc:304] T da618b36e76741a69aec9c805ddd1b21 P 83da598212b44798aefb4e9a77f33480 [CANDIDATE]: Term 1 election: Election decided. Result: candidate won. Election summary: received 3 responses out of 3 voters: 2 yes votes; 1 no votes. yes voters: 83da598212b44798aefb4e9a77f33480, 95ce2e9fe6d249a28502cb357d3bf9bd; no voters: 365f790e74414087896fa706f935bd05
I20260710 13:19:30.817787 12585 raft_consensus.cc:2804] T da618b36e76741a69aec9c805ddd1b21 P 83da598212b44798aefb4e9a77f33480 [term 1 FOLLOWER]: Leader election won for term 1
I20260710 13:19:30.818697 12330 tablet_service.cc:1917] Received RequestConsensusVote() RPC: tablet_id: "748abbd056a548ce871b2dffe5928d61" candidate_uuid: "83da598212b44798aefb4e9a77f33480" candidate_term: 1 candidate_status { last_received { term: 0 index: 0 } } ignore_live_leader: false dest_uuid: "365f790e74414087896fa706f935bd05"
I20260710 13:19:30.819073 12585 raft_consensus.cc:697] T da618b36e76741a69aec9c805ddd1b21 P 83da598212b44798aefb4e9a77f33480 [term 1 LEADER]: Becoming Leader. State: Replica: 83da598212b44798aefb4e9a77f33480, State: Running, Role: LEADER
I20260710 13:19:30.819360 12330 raft_consensus.cc:3060] T 748abbd056a548ce871b2dffe5928d61 P 365f790e74414087896fa706f935bd05 [term 0 FOLLOWER]: Advancing to term 1
