I20260710 13:19:06.284324 11394 tablet_service.cc:1917] Received RequestConsensusVote() RPC: tablet_id: "a8b62bdc469d40c9a0cdfb1d7017df9f" candidate_uuid: "d6da97adea0f41f1bc324c925741d9b6" candidate_term: 1 candidate_status { last_received { term: 0 index: 0 } } ignore_live_leader: false dest_uuid: "73a3bf91b43840d58b09745552f0a62a"
I20260710 13:19:06.285104 11394 raft_consensus.cc:3060] T a8b62bdc469d40c9a0cdfb1d7017df9f P 73a3bf91b43840d58b09745552f0a62a [term 0 FOLLOWER]: Advancing to term 1
I20260710 13:19:06.290103 11469 raft_consensus.cc:2468] T a8b62bdc469d40c9a0cdfb1d7017df9f P 8d4f98626ab7454bb1895c56fcb61192 [term 1 FOLLOWER]: Leader election vote request: Granting yes vote for candidate d6da97adea0f41f1bc324c925741d9b6 in term 1.
I20260710 13:19:06.291620 11283 leader_election.cc:304] T a8b62bdc469d40c9a0cdfb1d7017df9f P d6da97adea0f41f1bc324c925741d9b6 [CANDIDATE]: Term 1 election: Election decided. Result: candidate won. Election summary: received 2 responses out of 3 voters: 2 yes votes; 0 no votes. yes voters: 8d4f98626ab7454bb1895c56fcb61192, d6da97adea0f41f1bc324c925741d9b6; no voters: 
I20260710 13:19:06.292532 11518 leader_election.cc:290] T a8b62bdc469d40c9a0cdfb1d7017df9f P d6da97adea0f41f1bc324c925741d9b6 [CANDIDATE]: Term 1 election: Requested vote from peers 73a3bf91b43840d58b09745552f0a62a (127.10.236.66:42061), 8d4f98626ab7454bb1895c56fcb61192 (127.10.236.67:34811)
I20260710 13:19:06.293095 11518 raft_consensus.cc:2804] T a8b62bdc469d40c9a0cdfb1d7017df9f P d6da97adea0f41f1bc324c925741d9b6 [term 1 FOLLOWER]: Leader election won for term 1
I20260710 13:19:06.293798 11518 raft_consensus.cc:697] T a8b62bdc469d40c9a0cdfb1d7017df9f P d6da97adea0f41f1bc324c925741d9b6 [term 1 LEADER]: Becoming Leader. State: Replica: d6da97adea0f41f1bc324c925741d9b6, State: Running, Role: LEADER
I20260710 13:19:06.294668 11518 consensus_queue.cc:237] T a8b62bdc469d40c9a0cdfb1d7017df9f P d6da97adea0f41f1bc324c925741d9b6 [LEADER]: Queue going to LEADER mode. State: All replicated index: 0, Majority replicated index: 0, Committed index: 0, Last appended: 0.0, Last appended by leader: 0, Current term: 1, Majority size: 2, State: 0, Mode: LEADER, active raft config: opid_index: -1 OBSOLETE_local: false peers { permanent_uuid: "d6da97adea0f41f1bc324c925741d9b6" member_type: VOTER last_known_addr { host: "127.10.236.65" port: 35895 } } peers { permanent_uuid: "73a3bf91b43840d58b09745552f0a62a" member_type: VOTER last_known_addr { host: "127.10.236.66" port: 42061 } } peers { permanent_uuid: "8d4f98626ab7454bb1895c56fcb61192" member_type: VOTER last_known_addr { host: "127.10.236.67" port: 34811 } }
I20260710 13:19:06.308435 11514 tablet_bootstrap.cc:492] T 06b418543f6044fb8ecabcdc6e78c5ff P 8d4f98626ab7454bb1895c56fcb61192: No bootstrap required, opened a new log
I20260710 13:19:06.308920 11514 ts_tablet_manager.cc:1403] T 06b418543f6044fb8ecabcdc6e78c5ff P 8d4f98626ab7454bb1895c56fcb61192: Time spent bootstrapping tablet: real 0.055s	user 0.013s	sys 0.020s
I20260710 13:19:06.312255 11514 raft_consensus.cc:359] T 06b418543f6044fb8ecabcdc6e78c5ff P 8d4f98626ab7454bb1895c56fcb61192 [term 0 FOLLOWER]: Replica starting. Triggering 0 pending ops. Active config: opid_index: -1 OBSOLETE_local: false peers { permanent_uuid: "d6da97adea0f41f1bc324c925741d9b6" member_type: VOTER last_known_addr { host: "127.10.236.65" port: 35895 } } peers { permanent_uuid: "73a3bf91b43840d58b09745552f0a62a" member_type: VOTER last_known_addr { host: "127.10.236.66" port: 42061 } } peers { permanent_uuid: "8d4f98626ab7454bb1895c56fcb61192" member_type: VOTER last_known_addr { host: "127.10.236.67" port: 34811 } }
I20260710 13:19:06.312942 11514 raft_consensus.cc:385] T 06b418543f6044fb8ecabcdc6e78c5ff P 8d4f98626ab7454bb1895c56fcb61192 [term 0 FOLLOWER]: Consensus starting up: Expiring failure detector timer to make a prompt election more likely
I20260710 13:19:06.313439 11514 raft_consensus.cc:740] T 06b418543f6044fb8ecabcdc6e78c5ff P 8d4f98626ab7454bb1895c56fcb61192 [term 0 FOLLOWER]: Becoming Follower/Learner. State: Replica: 8d4f98626ab7454bb1895c56fcb61192, State: Initialized, Role: FOLLOWER
I20260710 13:19:06.314152 11514 consensus_queue.cc:260] T 06b418543f6044fb8ecabcdc6e78c5ff P 8d4f98626ab7454bb1895c56fcb61192 [NON_LEADER]: Queue going to NON_LEADER mode. State: All replicated index: 0, Majority replicated index: 0, Committed index: 0, Last appended: 0.0, Last appended by leader: 0, Current term: 0, Majority size: -1, State: 0, Mode: NON_LEADER, active raft config: opid_index: -1 OBSOLETE_local: false peers { permanent_uuid: "d6da97adea0f41f1bc324c925741d9b6" member_type: VOTER last_known_addr { host: "127.10.236.65" port: 35895 } } peers { permanent_uuid: "73a3bf91b43840d58b09745552f0a62a" member_type: VOTER last_known_addr { host: "127.10.236.66" port: 42061 } } peers { permanent_uuid: "8d4f98626ab7454bb1895c56fcb61192" member_type: VOTER last_known_addr { host: "127.10.236.67" port: 34811 } }
I20260710 13:19:06.314317 11394 raft_consensus.cc:2468] T a8b62bdc469d40c9a0cdfb1d7017df9f P 73a3bf91b43840d58b09745552f0a62a [term 1 FOLLOWER]: Leader election vote request: Granting yes vote for candidate d6da97adea0f41f1bc324c925741d9b6 in term 1.
I20260710 13:19:06.316326 11514 ts_tablet_manager.cc:1434] T 06b418543f6044fb8ecabcdc6e78c5ff P 8d4f98626ab7454bb1895c56fcb61192: Time spent starting tablet: real 0.007s	user 0.004s	sys 0.004s
I20260710 13:19:06.339044 11214 catalog_manager.cc:5697] T a8b62bdc469d40c9a0cdfb1d7017df9f P d6da97adea0f41f1bc324c925741d9b6 reported cstate change: term changed from 0 to 1, leader changed from <none> to d6da97adea0f41f1bc324c925741d9b6 (127.10.236.65). New cstate: current_term: 1 leader_uuid: "d6da97adea0f41f1bc324c925741d9b6" committed_config { opid_index: -1 OBSOLETE_local: false peers { permanent_uuid: "d6da97adea0f41f1bc324c925741d9b6" member_type: VOTER last_known_addr { host: "127.10.236.65" port: 35895 } health_report { overall_health: HEALTHY } } peers { permanent_uuid: "73a3bf91b43840d58b09745552f0a62a" member_type: VOTER last_known_addr { host: "127.10.236.66" port: 42061 } health_report { overall_health: UNKNOWN } } peers { permanent_uuid: "8d4f98626ab7454bb1895c56fcb61192" member_type: VOTER last_known_addr { host: "127.10.236.67" port: 34811 } health_report { overall_health: UNKNOWN } } }
I20260710 13:19:06.434569 11518 raft_consensus.cc:493] T 06b418543f6044fb8ecabcdc6e78c5ff P d6da97adea0f41f1bc324c925741d9b6 [term 0 FOLLOWER]: Starting pre-election (no leader contacted us within the election timeout)
I20260710 13:19:06.435194 11518 raft_consensus.cc:515] T 06b418543f6044fb8ecabcdc6e78c5ff P d6da97adea0f41f1bc324c925741d9b6 [term 0 FOLLOWER]: Starting pre-election with config: opid_index: -1 OBSOLETE_local: false peers { permanent_uuid: "d6da97adea0f41f1bc324c925741d9b6" member_type: VOTER last_known_addr { host: "127.10.236.65" port: 35895 } } peers { permanent_uuid: "73a3bf91b43840d58b09745552f0a62a" member_type: VOTER last_known_addr { host: "127.10.236.66" port: 42061 } } peers { permanent_uuid: "8d4f98626ab7454bb1895c56fcb61192" member_type: VOTER last_known_addr { host: "127.10.236.67" port: 34811 } }
I20260710 13:19:06.437302 11518 leader_election.cc:290] T 06b418543f6044fb8ecabcdc6e78c5ff P d6da97adea0f41f1bc324c925741d9b6 [CANDIDATE]: Term 1 pre-election: Requested pre-vote from peers 73a3bf91b43840d58b09745552f0a62a (127.10.236.66:42061), 8d4f98626ab7454bb1895c56fcb61192 (127.10.236.67:34811)
I20260710 13:19:06.438359 11395 tablet_service.cc:1917] Received RequestConsensusVote() RPC: tablet_id: "06b418543f6044fb8ecabcdc6e78c5ff" candidate_uuid: "d6da97adea0f41f1bc324c925741d9b6" candidate_term: 1 candidate_status { last_received { term: 0 index: 0 } } ignore_live_leader: false dest_uuid: "73a3bf91b43840d58b09745552f0a62a" is_pre_election: true
I20260710 13:19:06.438499 11469 tablet_service.cc:1917] Received RequestConsensusVote() RPC: tablet_id: "06b418543f6044fb8ecabcdc6e78c5ff" candidate_uuid: "d6da97adea0f41f1bc324c925741d9b6" candidate_term: 1 candidate_status { last_received { term: 0 index: 0 } } ignore_live_leader: false dest_uuid: "8d4f98626ab7454bb1895c56fcb61192" is_pre_election: true
I20260710 13:19:06.439021 11395 raft_consensus.cc:2468] T 06b418543f6044fb8ecabcdc6e78c5ff P 73a3bf91b43840d58b09745552f0a62a [term 0 FOLLOWER]: Leader pre-election vote request: Granting yes vote for candidate d6da97adea0f41f1bc324c925741d9b6 in term 0.
I20260710 13:19:06.439163 11469 raft_consensus.cc:2468] T 06b418543f6044fb8ecabcdc6e78c5ff P 8d4f98626ab7454bb1895c56fcb61192 [term 0 FOLLOWER]: Leader pre-election vote request: Granting yes vote for candidate d6da97adea0f41f1bc324c925741d9b6 in term 0.
I20260710 13:19:06.440253 11286 leader_election.cc:304] T 06b418543f6044fb8ecabcdc6e78c5ff P d6da97adea0f41f1bc324c925741d9b6 [CANDIDATE]: Term 1 pre-election: Election decided. Result: candidate won. Election summary: received 2 responses out of 3 voters: 2 yes votes; 0 no votes. yes voters: 73a3bf91b43840d58b09745552f0a62a, d6da97adea0f41f1bc324c925741d9b6; no voters: 
I20260710 13:19:06.441113 11518 raft_consensus.cc:2804] T 06b418543f6044fb8ecabcdc6e78c5ff P d6da97adea0f41f1bc324c925741d9b6 [term 0 FOLLOWER]: Leader pre-election won for term 1
I20260710 13:19:06.441536 11518 raft_consensus.cc:493] T 06b418543f6044fb8ecabcdc6e78c5ff P d6da97adea0f41f1bc324c925741d9b6 [term 0 FOLLOWER]: Starting leader election (no leader contacted us within the election timeout)
I20260710 13:19:06.441869 11518 raft_consensus.cc:3060] T 06b418543f6044fb8ecabcdc6e78c5ff P d6da97adea0f41f1bc324c925741d9b6 [term 0 FOLLOWER]: Advancing to term 1
I20260710 13:19:06.449209 11518 raft_consensus.cc:515] T 06b418543f6044fb8ecabcdc6e78c5ff P d6da97adea0f41f1bc324c925741d9b6 [term 1 FOLLOWER]: Starting leader election with config: opid_index: -1 OBSOLETE_local: false peers { permanent_uuid: "d6da97adea0f41f1bc324c925741d9b6" member_type: VOTER last_known_addr { host: "127.10.236.65" port: 35895 } } peers { permanent_uuid: "73a3bf91b43840d58b09745552f0a62a" member_type: VOTER last_known_addr { host: "127.10.236.66" port: 42061 } } peers { permanent_uuid: "8d4f98626ab7454bb1895c56fcb61192" member_type: VOTER last_known_addr { host: "127.10.236.67" port: 34811 } }
I20260710 13:19:06.451395 11518 leader_election.cc:290] T 06b418543f6044fb8ecabcdc6e78c5ff P d6da97adea0f41f1bc324c925741d9b6 [CANDIDATE]: Term 1 election: Requested vote from peers 73a3bf91b43840d58b09745552f0a62a (127.10.236.66:42061), 8d4f98626ab7454bb1895c56fcb61192 (127.10.236.67:34811)
I20260710 13:19:06.452414 11395 tablet_service.cc:1917] Received RequestConsensusVote() RPC: tablet_id: "06b418543f6044fb8ecabcdc6e78c5ff" candidate_uuid: "d6da97adea0f41f1bc324c925741d9b6" candidate_term: 1 candidate_status { last_received { term: 0 index: 0 } } ignore_live_leader: false dest_uuid: "73a3bf91b43840d58b09745552f0a62a"
I20260710 13:19:06.453109 11395 raft_consensus.cc:3060] T 06b418543f6044fb8ecabcdc6e78c5ff P 73a3bf91b43840d58b09745552f0a62a [term 0 FOLLOWER]: Advancing to term 1
I20260710 13:19:06.453279 11469 tablet_service.cc:1917] Received RequestConsensusVote() RPC: tablet_id: "06b418543f6044fb8ecabcdc6e78c5ff" candidate_uuid: "d6da97adea0f41f1bc324c925741d9b6" candidate_term: 1 candidate_status { last_received { term: 0 index: 0 } } ignore_live_leader: false dest_uuid: "8d4f98626ab7454bb1895c56fcb61192"
I20260710 13:19:06.453933 11469 raft_consensus.cc:3060] T 06b418543f6044fb8ecabcdc6e78c5ff P 8d4f98626ab7454bb1895c56fcb61192 [term 0 FOLLOWER]: Advancing to term 1
I20260710 13:19:06.458453 11395 raft_consensus.cc:2468] T 06b418543f6044fb8ecabcdc6e78c5ff P 73a3bf91b43840d58b09745552f0a62a [term 1 FOLLOWER]: Leader election vote request: Granting yes vote for candidate d6da97adea0f41f1bc324c925741d9b6 in term 1.
I20260710 13:19:06.459720 11286 leader_election.cc:304] T 06b418543f6044fb8ecabcdc6e78c5ff P d6da97adea0f41f1bc324c925741d9b6 [CANDIDATE]: Term 1 election: Election decided. Result: candidate won. Election summary: received 2 responses out of 3 voters: 2 yes votes; 0 no votes. yes voters: 73a3bf91b43840d58b09745552f0a62a, d6da97adea0f41f1bc324c925741d9b6; no voters: 
I20260710 13:19:06.460510 11518 raft_consensus.cc:2804] T 06b418543f6044fb8ecabcdc6e78c5ff P d6da97adea0f41f1bc324c925741d9b6 [term 1 FOLLOWER]: Leader election won for term 1
I20260710 13:19:06.460719 11469 raft_consensus.cc:2468] T 06b418543f6044fb8ecabcdc6e78c5ff P 8d4f98626ab7454bb1895c56fcb61192 [term 1 FOLLOWER]: Leader election vote request: Granting yes vote for candidate d6da97adea0f41f1bc324c925741d9b6 in term 1.
I20260710 13:19:06.461331 11518 raft_consensus.cc:697] T 06b418543f6044fb8ecabcdc6e78c5ff P d6da97adea0f41f1bc324c925741d9b6 [term 1 LEADER]: Becoming Leader. State: Replica: d6da97adea0f41f1bc324c925741d9b6, State: Running, Role: LEADER
I20260710 13:19:06.462519 11518 consensus_queue.cc:237] T 06b418543f6044fb8ecabcdc6e78c5ff P d6da97adea0f41f1bc324c925741d9b6 [LEADER]: Queue going to LEADER mode. State: All replicated index: 0, Majority replicated index: 0, Committed index: 0, Last appended: 0.0, Last appended by leader: 0, Current term: 1, Majority size: 2, State: 0, Mode: LEADER, active raft config: opid_index: -1 OBSOLETE_local: false peers { permanent_uuid: "d6da97adea0f41f1bc324c925741d9b6" member_type: VOTER last_known_addr { host: "127.10.236.65" port: 35895 } } peers { permanent_uuid: "73a3bf91b43840d58b09745552f0a62a" member_type: VOTER last_known_addr { host: "127.10.236.66" port: 42061 } } peers { permanent_uuid: "8d4f98626ab7454bb1895c56fcb61192" member_type: VOTER last_known_addr { host: "127.10.236.67" port: 34811 } }
I20260710 13:19:06.465425 11521 consensus_queue.cc:1048] T 48d791b173ec46a58fd57d80e5bc0f45 P 8d4f98626ab7454bb1895c56fcb61192 [LEADER]: Connected to new peer: Peer: permanent_uuid: "d6da97adea0f41f1bc324c925741d9b6" member_type: VOTER last_known_addr { host: "127.10.236.65" port: 35895 }, Status: LMP_MISMATCH, Last received: 0.0, Next index: 1, Last known committed idx: 0, Time since last communication: 0.000s
I20260710 13:19:06.473064 11215 catalog_manager.cc:5697] T 06b418543f6044fb8ecabcdc6e78c5ff P d6da97adea0f41f1bc324c925741d9b6 reported cstate change: term changed from 0 to 1, leader changed from <none> to d6da97adea0f41f1bc324c925741d9b6 (127.10.236.65). New cstate: current_term: 1 leader_uuid: "d6da97adea0f41f1bc324c925741d9b6" committed_config { opid_index: -1 OBSOLETE_local: false peers { permanent_uuid: "d6da97adea0f41f1bc324c925741d9b6" member_type: VOTER last_known_addr { host: "127.10.236.65" port: 35895 } health_report { overall_health: HEALTHY } } peers { permanent_uuid: "73a3bf91b43840d58b09745552f0a62a" member_type: VOTER last_known_addr { host: "127.10.236.66" port: 42061 } health_report { overall_health: UNKNOWN } } peers { permanent_uuid: "8d4f98626ab7454bb1895c56fcb61192" member_type: VOTER last_known_addr { host: "127.10.236.67" port: 34811 } health_report { overall_health: UNKNOWN } } }
I20260710 13:19:06.477078 11539 raft_consensus.cc:493] T 48d791b173ec46a58fd57d80e5bc0f45 P 73a3bf91b43840d58b09745552f0a62a [term 0 FOLLOWER]: Starting pre-election (no leader contacted us within the election timeout)
I20260710 13:19:06.477692 11539 raft_consensus.cc:515] T 48d791b173ec46a58fd57d80e5bc0f45 P 73a3bf91b43840d58b09745552f0a62a [term 0 FOLLOWER]: Starting pre-election with config: opid_index: -1 OBSOLETE_local: false peers { permanent_uuid: "d6da97adea0f41f1bc324c925741d9b6" member_type: VOTER last_known_addr { host: "127.10.236.65" port: 35895 } } peers { permanent_uuid: "73a3bf91b43840d58b09745552f0a62a" member_type: VOTER last_known_addr { host: "127.10.236.66" port: 42061 } } peers { permanent_uuid: "8d4f98626ab7454bb1895c56fcb61192" member_type: VOTER last_known_addr { host: "127.10.236.67" port: 34811 } }
I20260710 13:19:06.480636 11539 leader_election.cc:290] T 48d791b173ec46a58fd57d80e5bc0f45 P 73a3bf91b43840d58b09745552f0a62a [CANDIDATE]: Term 1 pre-election: Requested pre-vote from peers d6da97adea0f41f1bc324c925741d9b6 (127.10.236.65:35895), 8d4f98626ab7454bb1895c56fcb61192 (127.10.236.67:34811)
I20260710 13:19:06.483141 11320 tablet_service.cc:1917] Received RequestConsensusVote() RPC: tablet_id: "48d791b173ec46a58fd57d80e5bc0f45" candidate_uuid: "73a3bf91b43840d58b09745552f0a62a" candidate_term: 1 candidate_status { last_received { term: 0 index: 0 } } ignore_live_leader: false dest_uuid: "d6da97adea0f41f1bc324c925741d9b6" is_pre_election: true
I20260710 13:19:06.484864 11469 tablet_service.cc:1917] Received RequestConsensusVote() RPC: tablet_id: "48d791b173ec46a58fd57d80e5bc0f45" candidate_uuid: "73a3bf91b43840d58b09745552f0a62a" candidate_term: 1 candidate_status { last_received { term: 0 index: 0 } } ignore_live_leader: false dest_uuid: "8d4f98626ab7454bb1895c56fcb61192" is_pre_election: true
I20260710 13:19:06.486835 11358 leader_election.cc:304] T 48d791b173ec46a58fd57d80e5bc0f45 P 73a3bf91b43840d58b09745552f0a62a [CANDIDATE]: Term 1 pre-election: Election decided. Result: candidate lost. Election summary: received 3 responses out of 3 voters: 1 yes votes; 2 no votes. yes voters: 73a3bf91b43840d58b09745552f0a62a; no voters: 8d4f98626ab7454bb1895c56fcb61192, d6da97adea0f41f1bc324c925741d9b6
I20260710 13:19:06.488440 11539 raft_consensus.cc:2749] T 48d791b173ec46a58fd57d80e5bc0f45 P 73a3bf91b43840d58b09745552f0a62a [term 0 FOLLOWER]: Leader pre-election lost for term 1. Reason: could not achieve majority
I20260710 13:19:06.491990 11395 raft_consensus.cc:3060] T 48d791b173ec46a58fd57d80e5bc0f45 P 73a3bf91b43840d58b09745552f0a62a [term 0 FOLLOWER]: Advancing to term 1
I20260710 13:19:06.502205 11584 consensus_queue.cc:1048] T 48d791b173ec46a58fd57d80e5bc0f45 P 8d4f98626ab7454bb1895c56fcb61192 [LEADER]: Connected to new peer: Peer: permanent_uuid: "73a3bf91b43840d58b09745552f0a62a" member_type: VOTER last_known_addr { host: "127.10.236.66" port: 42061 }, Status: LMP_MISMATCH, Last received: 0.0, Next index: 1, Last known committed idx: 0, Time since last communication: 0.001s
I20260710 13:19:06.516811 11539 consensus_queue.cc:1048] T 852342b4374740d7b349b7413bcbefac P 73a3bf91b43840d58b09745552f0a62a [LEADER]: Connected to new peer: Peer: permanent_uuid: "d6da97adea0f41f1bc324c925741d9b6" member_type: VOTER last_known_addr { host: "127.10.236.65" port: 35895 }, Status: LMP_MISMATCH, Last received: 0.0, Next index: 1, Last known committed idx: 0, Time since last communication: 0.000s
I20260710 13:19:06.535259 11587 consensus_queue.cc:1048] T 852342b4374740d7b349b7413bcbefac P 73a3bf91b43840d58b09745552f0a62a [LEADER]: Connected to new peer: Peer: permanent_uuid: "8d4f98626ab7454bb1895c56fcb61192" member_type: VOTER last_known_addr { host: "127.10.236.67" port: 34811 }, Status: LMP_MISMATCH, Last received: 0.0, Next index: 1, Last known committed idx: 0, Time since last communication: 0.000s
I20260710 13:19:06.541038 11584 consensus_queue.cc:1048] T 8731541fc11843c28fb9fe80bba5362b P 8d4f98626ab7454bb1895c56fcb61192 [LEADER]: Connected to new peer: Peer: permanent_uuid: "73a3bf91b43840d58b09745552f0a62a" member_type: VOTER last_known_addr { host: "127.10.236.66" port: 42061 }, Status: LMP_MISMATCH, Last received: 0.0, Next index: 1, Last known committed idx: 0, Time since last communication: 0.001s
I20260710 13:19:06.558094 11554 consensus_queue.cc:1048] T 8731541fc11843c28fb9fe80bba5362b P 8d4f98626ab7454bb1895c56fcb61192 [LEADER]: Connected to new peer: Peer: permanent_uuid: "d6da97adea0f41f1bc324c925741d9b6" member_type: VOTER last_known_addr { host: "127.10.236.65" port: 35895 }, Status: LMP_MISMATCH, Last received: 0.0, Next index: 1, Last known committed idx: 0, Time since last communication: 0.001s
I20260710 13:19:06.784672 11518 consensus_queue.cc:1048] T a8b62bdc469d40c9a0cdfb1d7017df9f P d6da97adea0f41f1bc324c925741d9b6 [LEADER]: Connected to new peer: Peer: permanent_uuid: "73a3bf91b43840d58b09745552f0a62a" member_type: VOTER last_known_addr { host: "127.10.236.66" port: 42061 }, Status: LMP_MISMATCH, Last received: 0.0, Next index: 1, Last known committed idx: 0, Time since last communication: 0.000s
I20260710 13:19:06.796427 11577 consensus_queue.cc:1048] T a8b62bdc469d40c9a0cdfb1d7017df9f P d6da97adea0f41f1bc324c925741d9b6 [LEADER]: Connected to new peer: Peer: permanent_uuid: "8d4f98626ab7454bb1895c56fcb61192" member_type: VOTER last_known_addr { host: "127.10.236.67" port: 34811 }, Status: LMP_MISMATCH, Last received: 0.0, Next index: 1, Last known committed idx: 0, Time since last communication: 0.000s
I20260710 13:19:07.019944 11577 consensus_queue.cc:1048] T 06b418543f6044fb8ecabcdc6e78c5ff P d6da97adea0f41f1bc324c925741d9b6 [LEADER]: Connected to new peer: Peer: permanent_uuid: "73a3bf91b43840d58b09745552f0a62a" member_type: VOTER last_known_addr { host: "127.10.236.66" port: 42061 }, Status: LMP_MISMATCH, Last received: 0.0, Next index: 1, Last known committed idx: 0, Time since last communication: 0.000s
I20260710 13:19:07.033809 11577 consensus_queue.cc:1048] T 06b418543f6044fb8ecabcdc6e78c5ff P d6da97adea0f41f1bc324c925741d9b6 [LEADER]: Connected to new peer: Peer: permanent_uuid: "8d4f98626ab7454bb1895c56fcb61192" member_type: VOTER last_known_addr { host: "127.10.236.67" port: 34811 }, Status: LMP_MISMATCH, Last received: 0.0, Next index: 1, Last known committed idx: 0, Time since last communication: 0.000s
W20260710 13:19:07.103446 11265 auto_rebalancer.cc:288] Could not retrieve cluster info: Service unavailable: Tablet not running
I20260710 13:19:07.611835 11578 raft_consensus.cc:493] T 87ffa013b0c94334baa72dd507d7bf1d P d6da97adea0f41f1bc324c925741d9b6 [term 1 FOLLOWER]: Starting pre-election (no leader contacted us within the election timeout)
I20260710 13:19:07.612362 11578 raft_consensus.cc:515] T 87ffa013b0c94334baa72dd507d7bf1d P d6da97adea0f41f1bc324c925741d9b6 [term 1 FOLLOWER]: Starting pre-election with config: opid_index: -1 OBSOLETE_local: false peers { permanent_uuid: "d6da97adea0f41f1bc324c925741d9b6" member_type: VOTER last_known_addr { host: "127.10.236.65" port: 35895 } } peers { permanent_uuid: "73a3bf91b43840d58b09745552f0a62a" member_type: VOTER last_known_addr { host: "127.10.236.66" port: 42061 } } peers { permanent_uuid: "8d4f98626ab7454bb1895c56fcb61192" member_type: VOTER last_known_addr { host: "127.10.236.67" port: 34811 } }
I20260710 13:19:07.614315 11578 leader_election.cc:290] T 87ffa013b0c94334baa72dd507d7bf1d P d6da97adea0f41f1bc324c925741d9b6 [CANDIDATE]: Term 2 pre-election: Requested pre-vote from peers 73a3bf91b43840d58b09745552f0a62a (127.10.236.66:42061), 8d4f98626ab7454bb1895c56fcb61192 (127.10.236.67:34811)
I20260710 13:19:07.615203 11395 tablet_service.cc:1917] Received RequestConsensusVote() RPC: tablet_id: "87ffa013b0c94334baa72dd507d7bf1d" candidate_uuid: "d6da97adea0f41f1bc324c925741d9b6" candidate_term: 2 candidate_status { last_received { term: 0 index: 0 } } ignore_live_leader: false dest_uuid: "73a3bf91b43840d58b09745552f0a62a" is_pre_election: true
I20260710 13:19:07.615365 11469 tablet_service.cc:1917] Received RequestConsensusVote() RPC: tablet_id: "87ffa013b0c94334baa72dd507d7bf1d" candidate_uuid: "d6da97adea0f41f1bc324c925741d9b6" candidate_term: 2 candidate_status { last_received { term: 0 index: 0 } } ignore_live_leader: false dest_uuid: "8d4f98626ab7454bb1895c56fcb61192" is_pre_election: true
I20260710 13:19:07.615865 11395 raft_consensus.cc:2468] T 87ffa013b0c94334baa72dd507d7bf1d P 73a3bf91b43840d58b09745552f0a62a [term 1 FOLLOWER]: Leader pre-election vote request: Granting yes vote for candidate d6da97adea0f41f1bc324c925741d9b6 in term 1.
I20260710 13:19:07.615926 11469 raft_consensus.cc:2468] T 87ffa013b0c94334baa72dd507d7bf1d P 8d4f98626ab7454bb1895c56fcb61192 [term 1 FOLLOWER]: Leader pre-election vote request: Granting yes vote for candidate d6da97adea0f41f1bc324c925741d9b6 in term 1.
I20260710 13:19:07.617029 11286 leader_election.cc:304] T 87ffa013b0c94334baa72dd507d7bf1d P d6da97adea0f41f1bc324c925741d9b6 [CANDIDATE]: Term 2 pre-election: Election decided. Result: candidate won. Election summary: received 2 responses out of 3 voters: 2 yes votes; 0 no votes. yes voters: 73a3bf91b43840d58b09745552f0a62a, d6da97adea0f41f1bc324c925741d9b6; no voters: 
I20260710 13:19:07.617759 11578 raft_consensus.cc:2804] T 87ffa013b0c94334baa72dd507d7bf1d P d6da97adea0f41f1bc324c925741d9b6 [term 1 FOLLOWER]: Leader pre-election won for term 2
I20260710 13:19:07.618117 11578 raft_consensus.cc:493] T 87ffa013b0c94334baa72dd507d7bf1d P d6da97adea0f41f1bc324c925741d9b6 [term 1 FOLLOWER]: Starting leader election (no leader contacted us within the election timeout)
I20260710 13:19:07.618362 11578 raft_consensus.cc:3060] T 87ffa013b0c94334baa72dd507d7bf1d P d6da97adea0f41f1bc324c925741d9b6 [term 1 FOLLOWER]: Advancing to term 2
I20260710 13:19:07.623689 11578 raft_consensus.cc:515] T 87ffa013b0c94334baa72dd507d7bf1d P d6da97adea0f41f1bc324c925741d9b6 [term 2 FOLLOWER]: Starting leader election with config: opid_index: -1 OBSOLETE_local: false peers { permanent_uuid: "d6da97adea0f41f1bc324c925741d9b6" member_type: VOTER last_known_addr { host: "127.10.236.65" port: 35895 } } peers { permanent_uuid: "73a3bf91b43840d58b09745552f0a62a" member_type: VOTER last_known_addr { host: "127.10.236.66" port: 42061 } } peers { permanent_uuid: "8d4f98626ab7454bb1895c56fcb61192" member_type: VOTER last_known_addr { host: "127.10.236.67" port: 34811 } }
I20260710 13:19:07.625738 11578 leader_election.cc:290] T 87ffa013b0c94334baa72dd507d7bf1d P d6da97adea0f41f1bc324c925741d9b6 [CANDIDATE]: Term 2 election: Requested vote from peers 73a3bf91b43840d58b09745552f0a62a (127.10.236.66:42061), 8d4f98626ab7454bb1895c56fcb61192 (127.10.236.67:34811)
I20260710 13:19:07.626598 11395 tablet_service.cc:1917] Received RequestConsensusVote() RPC: tablet_id: "87ffa013b0c94334baa72dd507d7bf1d" candidate_uuid: "d6da97adea0f41f1bc324c925741d9b6" candidate_term: 2 candidate_status { last_received { term: 0 index: 0 } } ignore_live_leader: false dest_uuid: "73a3bf91b43840d58b09745552f0a62a"
I20260710 13:19:07.626856 11469 tablet_service.cc:1917] Received RequestConsensusVote() RPC: tablet_id: "87ffa013b0c94334baa72dd507d7bf1d" candidate_uuid: "d6da97adea0f41f1bc324c925741d9b6" candidate_term: 2 candidate_status { last_received { term: 0 index: 0 } } ignore_live_leader: false dest_uuid: "8d4f98626ab7454bb1895c56fcb61192"
I20260710 13:19:07.627240 11395 raft_consensus.cc:3060] T 87ffa013b0c94334baa72dd507d7bf1d P 73a3bf91b43840d58b09745552f0a62a [term 1 FOLLOWER]: Advancing to term 2
I20260710 13:19:07.627352 11469 raft_consensus.cc:3060] T 87ffa013b0c94334baa72dd507d7bf1d P 8d4f98626ab7454bb1895c56fcb61192 [term 1 FOLLOWER]: Advancing to term 2
I20260710 13:19:07.634678 11395 raft_consensus.cc:2468] T 87ffa013b0c94334baa72dd507d7bf1d P 73a3bf91b43840d58b09745552f0a62a [term 2 FOLLOWER]: Leader election vote request: Granting yes vote for candidate d6da97adea0f41f1bc324c925741d9b6 in term 2.
I20260710 13:19:07.634678 11469 raft_consensus.cc:2468] T 87ffa013b0c94334baa72dd507d7bf1d P 8d4f98626ab7454bb1895c56fcb61192 [term 2 FOLLOWER]: Leader election vote request: Granting yes vote for candidate d6da97adea0f41f1bc324c925741d9b6 in term 2.
I20260710 13:19:07.636096 11283 leader_election.cc:304] T 87ffa013b0c94334baa72dd507d7bf1d P d6da97adea0f41f1bc324c925741d9b6 [CANDIDATE]: Term 2 election: Election decided. Result: candidate won. Election summary: received 2 responses out of 3 voters: 2 yes votes; 0 no votes. yes voters: 8d4f98626ab7454bb1895c56fcb61192, d6da97adea0f41f1bc324c925741d9b6; no voters: 
I20260710 13:19:07.636911 11577 raft_consensus.cc:2804] T 87ffa013b0c94334baa72dd507d7bf1d P d6da97adea0f41f1bc324c925741d9b6 [term 2 FOLLOWER]: Leader election won for term 2
I20260710 13:19:07.637308 11577 raft_consensus.cc:697] T 87ffa013b0c94334baa72dd507d7bf1d P d6da97adea0f41f1bc324c925741d9b6 [term 2 LEADER]: Becoming Leader. State: Replica: d6da97adea0f41f1bc324c925741d9b6, State: Running, Role: LEADER
I20260710 13:19:07.638262 11577 consensus_queue.cc:237] T 87ffa013b0c94334baa72dd507d7bf1d P d6da97adea0f41f1bc324c925741d9b6 [LEADER]: Queue going to LEADER mode. State: All replicated index: 0, Majority replicated index: 0, Committed index: 0, Last appended: 0.0, Last appended by leader: 0, Current term: 2, Majority size: 2, State: 0, Mode: LEADER, active raft config: opid_index: -1 OBSOLETE_local: false peers { permanent_uuid: "d6da97adea0f41f1bc324c925741d9b6" member_type: VOTER last_known_addr { host: "127.10.236.65" port: 35895 } } peers { permanent_uuid: "73a3bf91b43840d58b09745552f0a62a" member_type: VOTER last_known_addr { host: "127.10.236.66" port: 42061 } } peers { permanent_uuid: "8d4f98626ab7454bb1895c56fcb61192" member_type: VOTER last_known_addr { host: "127.10.236.67" port: 34811 } }
I20260710 13:19:07.645642 11216 catalog_manager.cc:5697] T 87ffa013b0c94334baa72dd507d7bf1d P d6da97adea0f41f1bc324c925741d9b6 reported cstate change: term changed from 0 to 2, leader changed from <none> to d6da97adea0f41f1bc324c925741d9b6 (127.10.236.65). New cstate: current_term: 2 leader_uuid: "d6da97adea0f41f1bc324c925741d9b6" committed_config { opid_index: -1 OBSOLETE_local: false peers { permanent_uuid: "d6da97adea0f41f1bc324c925741d9b6" member_type: VOTER last_known_addr { host: "127.10.236.65" port: 35895 } health_report { overall_health: HEALTHY } } peers { permanent_uuid: "73a3bf91b43840d58b09745552f0a62a" member_type: VOTER last_known_addr { host: "127.10.236.66" port: 42061 } health_report { overall_health: UNKNOWN } } peers { permanent_uuid: "8d4f98626ab7454bb1895c56fcb61192" member_type: VOTER last_known_addr { host: "127.10.236.67" port: 34811 } health_report { overall_health: UNKNOWN } } }
I20260710 13:19:07.693563 11395 tablet_service.cc:2072] Received LeaderStepDown RPC: tablet_id: "ec7784085bd249628d8da2f535f55650"
dest_uuid: "73a3bf91b43840d58b09745552f0a62a"
mode: GRACEFUL
new_leader_uuid: "d6da97adea0f41f1bc324c925741d9b6"
 from {username='slave'} at 127.0.0.1:34694
I20260710 13:19:07.694415 11395 raft_consensus.cc:606] T ec7784085bd249628d8da2f535f55650 P 73a3bf91b43840d58b09745552f0a62a [term 1 LEADER]: Received request to transfer leadership to TS d6da97adea0f41f1bc324c925741d9b6
I20260710 13:19:07.717496 11320 tablet_service.cc:2072] Received LeaderStepDown RPC: tablet_id: "3a6541b91db54d29acc18355994574ee"
dest_uuid: "d6da97adea0f41f1bc324c925741d9b6"
mode: GRACEFUL
new_leader_uuid: "73a3bf91b43840d58b09745552f0a62a"
 from {username='slave'} at 127.0.0.1:51920
I20260710 13:19:07.718032 11320 raft_consensus.cc:606] T 3a6541b91db54d29acc18355994574ee P d6da97adea0f41f1bc324c925741d9b6 [term 1 LEADER]: Received request to transfer leadership to TS 73a3bf91b43840d58b09745552f0a62a
I20260710 13:19:07.734752 11469 tablet_service.cc:2072] Received LeaderStepDown RPC: tablet_id: "8731541fc11843c28fb9fe80bba5362b"
dest_uuid: "8d4f98626ab7454bb1895c56fcb61192"
mode: GRACEFUL
new_leader_uuid: "73a3bf91b43840d58b09745552f0a62a"
 from {username='slave'} at 127.0.0.1:55880
I20260710 13:19:07.735355 11469 raft_consensus.cc:606] T 8731541fc11843c28fb9fe80bba5362b P 8d4f98626ab7454bb1895c56fcb61192 [term 1 LEADER]: Received request to transfer leadership to TS 73a3bf91b43840d58b09745552f0a62a
I20260710 13:19:07.740530 11469 tablet_service.cc:2072] Received LeaderStepDown RPC: tablet_id: "48d791b173ec46a58fd57d80e5bc0f45"
dest_uuid: "8d4f98626ab7454bb1895c56fcb61192"
mode: GRACEFUL
new_leader_uuid: "73a3bf91b43840d58b09745552f0a62a"
 from {username='slave'} at 127.0.0.1:55880
I20260710 13:19:07.741081 11469 raft_consensus.cc:606] T 48d791b173ec46a58fd57d80e5bc0f45 P 8d4f98626ab7454bb1895c56fcb61192 [term 1 LEADER]: Received request to transfer leadership to TS 73a3bf91b43840d58b09745552f0a62a
I20260710 13:19:07.747687 11320 tablet_service.cc:2072] Received LeaderStepDown RPC: tablet_id: "06b418543f6044fb8ecabcdc6e78c5ff"
dest_uuid: "d6da97adea0f41f1bc324c925741d9b6"
mode: GRACEFUL
new_leader_uuid: "8d4f98626ab7454bb1895c56fcb61192"
 from {username='slave'} at 127.0.0.1:51920
I20260710 13:19:07.748200 11320 raft_consensus.cc:606] T 06b418543f6044fb8ecabcdc6e78c5ff P d6da97adea0f41f1bc324c925741d9b6 [term 1 LEADER]: Received request to transfer leadership to TS 8d4f98626ab7454bb1895c56fcb61192
I20260710 13:19:07.848891 11539 raft_consensus.cc:993] T ec7784085bd249628d8da2f535f55650 P 73a3bf91b43840d58b09745552f0a62a: : Instructing follower d6da97adea0f41f1bc324c925741d9b6 to start an election
I20260710 13:19:07.849385 11604 raft_consensus.cc:1081] T ec7784085bd249628d8da2f535f55650 P 73a3bf91b43840d58b09745552f0a62a [term 1 LEADER]: Signalling peer d6da97adea0f41f1bc324c925741d9b6 to start an election
I20260710 13:19:07.851061 11320 tablet_service.cc:2044] Received Run Leader Election RPC: tablet_id: "ec7784085bd249628d8da2f535f55650"
dest_uuid: "d6da97adea0f41f1bc324c925741d9b6"
 from {username='slave'} at 127.0.0.1:42354
I20260710 13:19:07.851596 11320 raft_consensus.cc:493] T ec7784085bd249628d8da2f535f55650 P d6da97adea0f41f1bc324c925741d9b6 [term 1 FOLLOWER]: Starting forced leader election (received explicit request)
I20260710 13:19:07.851925 11320 raft_consensus.cc:3060] T ec7784085bd249628d8da2f535f55650 P d6da97adea0f41f1bc324c925741d9b6 [term 1 FOLLOWER]: Advancing to term 2
I20260710 13:19:07.856884 11320 raft_consensus.cc:515] T ec7784085bd249628d8da2f535f55650 P d6da97adea0f41f1bc324c925741d9b6 [term 2 FOLLOWER]: Starting forced leader election with config: opid_index: -1 OBSOLETE_local: false peers { permanent_uuid: "d6da97adea0f41f1bc324c925741d9b6" member_type: VOTER last_known_addr { host: "127.10.236.65" port: 35895 } } peers { permanent_uuid: "73a3bf91b43840d58b09745552f0a62a" member_type: VOTER last_known_addr { host: "127.10.236.66" port: 42061 } } peers { permanent_uuid: "8d4f98626ab7454bb1895c56fcb61192" member_type: VOTER last_known_addr { host: "127.10.236.67" port: 34811 } }
I20260710 13:19:07.858613 11320 leader_election.cc:290] T ec7784085bd249628d8da2f535f55650 P d6da97adea0f41f1bc324c925741d9b6 [CANDIDATE]: Term 2 election: Requested vote from peers 73a3bf91b43840d58b09745552f0a62a (127.10.236.66:42061), 8d4f98626ab7454bb1895c56fcb61192 (127.10.236.67:34811)
I20260710 13:19:07.859529 11394 tablet_service.cc:1917] Received RequestConsensusVote() RPC: tablet_id: "ec7784085bd249628d8da2f535f55650" candidate_uuid: "d6da97adea0f41f1bc324c925741d9b6" candidate_term: 2 candidate_status { last_received { term: 1 index: 1 } } ignore_live_leader: true dest_uuid: "73a3bf91b43840d58b09745552f0a62a"
I20260710 13:19:07.859812 11469 tablet_service.cc:1917] Received RequestConsensusVote() RPC: tablet_id: "ec7784085bd249628d8da2f535f55650" candidate_uuid: "d6da97adea0f41f1bc324c925741d9b6" candidate_term: 2 candidate_status { last_received { term: 1 index: 1 } } ignore_live_leader: true dest_uuid: "8d4f98626ab7454bb1895c56fcb61192"
I20260710 13:19:07.860222 11394 raft_consensus.cc:3055] T ec7784085bd249628d8da2f535f55650 P 73a3bf91b43840d58b09745552f0a62a [term 1 LEADER]: Stepping down as leader of term 1
I20260710 13:19:07.860406 11469 raft_consensus.cc:3060] T ec7784085bd249628d8da2f535f55650 P 8d4f98626ab7454bb1895c56fcb61192 [term 1 FOLLOWER]: Advancing to term 2
I20260710 13:19:07.860605 11394 raft_consensus.cc:740] T ec7784085bd249628d8da2f535f55650 P 73a3bf91b43840d58b09745552f0a62a [term 1 LEADER]: Becoming Follower/Learner. State: Replica: 73a3bf91b43840d58b09745552f0a62a, State: Running, Role: LEADER
I20260710 13:19:07.861577 11394 consensus_queue.cc:260] T ec7784085bd249628d8da2f535f55650 P 73a3bf91b43840d58b09745552f0a62a [NON_LEADER]: Queue going to NON_LEADER mode. State: All replicated index: 0, Majority replicated index: 1, Committed index: 1, Last appended: 1.1, Last appended by leader: 1, Current term: 1, Majority size: -1, State: 0, Mode: NON_LEADER, active raft config: opid_index: -1 OBSOLETE_local: false peers { permanent_uuid: "d6da97adea0f41f1bc324c925741d9b6" member_type: VOTER last_known_addr { host: "127.10.236.65" port: 35895 } } peers { permanent_uuid: "73a3bf91b43840d58b09745552f0a62a" member_type: VOTER last_known_addr { host: "127.10.236.66" port: 42061 } } peers { permanent_uuid: "8d4f98626ab7454bb1895c56fcb61192" member_type: VOTER last_known_addr { host: "127.10.236.67" port: 34811 } }
I20260710 13:19:07.863035 11394 raft_consensus.cc:3060] T ec7784085bd249628d8da2f535f55650 P 73a3bf91b43840d58b09745552f0a62a [term 1 FOLLOWER]: Advancing to term 2
I20260710 13:19:07.867877 11469 raft_consensus.cc:2468] T ec7784085bd249628d8da2f535f55650 P 8d4f98626ab7454bb1895c56fcb61192 [term 2 FOLLOWER]: Leader election vote request: Granting yes vote for candidate d6da97adea0f41f1bc324c925741d9b6 in term 2.
I20260710 13:19:07.869174 11283 leader_election.cc:304] T ec7784085bd249628d8da2f535f55650 P d6da97adea0f41f1bc324c925741d9b6 [CANDIDATE]: Term 2 election: Election decided. Result: candidate won. Election summary: received 2 responses out of 3 voters: 2 yes votes; 0 no votes. yes voters: 8d4f98626ab7454bb1895c56fcb61192, d6da97adea0f41f1bc324c925741d9b6; no voters: 
I20260710 13:19:07.869988 11577 raft_consensus.cc:2804] T ec7784085bd249628d8da2f535f55650 P d6da97adea0f41f1bc324c925741d9b6 [term 2 FOLLOWER]: Leader election won for term 2
I20260710 13:19:07.869896 11394 raft_consensus.cc:2468] T ec7784085bd249628d8da2f535f55650 P 73a3bf91b43840d58b09745552f0a62a [term 2 FOLLOWER]: Leader election vote request: Granting yes vote for candidate d6da97adea0f41f1bc324c925741d9b6 in term 2.
I20260710 13:19:07.870563 11577 raft_consensus.cc:697] T ec7784085bd249628d8da2f535f55650 P d6da97adea0f41f1bc324c925741d9b6 [term 2 LEADER]: Becoming Leader. State: Replica: d6da97adea0f41f1bc324c925741d9b6, State: Running, Role: LEADER
I20260710 13:19:07.871444 11577 consensus_queue.cc:237] T ec7784085bd249628d8da2f535f55650 P d6da97adea0f41f1bc324c925741d9b6 [LEADER]: Queue going to LEADER mode. State: All replicated index: 0, Majority replicated index: 1, Committed index: 1, Last appended: 1.1, Last appended by leader: 1, Current term: 2, Majority size: 2, State: 0, Mode: LEADER, active raft config: opid_index: -1 OBSOLETE_local: false peers { permanent_uuid: "d6da97adea0f41f1bc324c925741d9b6" member_type: VOTER last_known_addr { host: "127.10.236.65" port: 35895 } } peers { permanent_uuid: "73a3bf91b43840d58b09745552f0a62a" member_type: VOTER last_known_addr { host: "127.10.236.66" port: 42061 } } peers { permanent_uuid: "8d4f98626ab7454bb1895c56fcb61192" member_type: VOTER last_known_addr { host: "127.10.236.67" port: 34811 } }
I20260710 13:19:07.878399 11216 catalog_manager.cc:5697] T ec7784085bd249628d8da2f535f55650 P d6da97adea0f41f1bc324c925741d9b6 reported cstate change: term changed from 1 to 2, leader changed from 73a3bf91b43840d58b09745552f0a62a (127.10.236.66) to d6da97adea0f41f1bc324c925741d9b6 (127.10.236.65). New cstate: current_term: 2 leader_uuid: "d6da97adea0f41f1bc324c925741d9b6" committed_config { opid_index: -1 OBSOLETE_local: false peers { permanent_uuid: "d6da97adea0f41f1bc324c925741d9b6" member_type: VOTER last_known_addr { host: "127.10.236.65" port: 35895 } health_report { overall_health: HEALTHY } } peers { permanent_uuid: "73a3bf91b43840d58b09745552f0a62a" member_type: VOTER last_known_addr { host: "127.10.236.66" port: 42061 } health_report { overall_health: UNKNOWN } } peers { permanent_uuid: "8d4f98626ab7454bb1895c56fcb61192" member_type: VOTER last_known_addr { host: "127.10.236.67" port: 34811 } health_report { overall_health: UNKNOWN } } }
I20260710 13:19:07.905514 11578 raft_consensus.cc:993] T 3a6541b91db54d29acc18355994574ee P d6da97adea0f41f1bc324c925741d9b6: : Instructing follower 73a3bf91b43840d58b09745552f0a62a to start an election
I20260710 13:19:07.906008 11577 raft_consensus.cc:1081] T 3a6541b91db54d29acc18355994574ee P d6da97adea0f41f1bc324c925741d9b6 [term 1 LEADER]: Signalling peer 73a3bf91b43840d58b09745552f0a62a to start an election
I20260710 13:19:07.907401 11394 tablet_service.cc:2044] Received Run Leader Election RPC: tablet_id: "3a6541b91db54d29acc18355994574ee"
dest_uuid: "73a3bf91b43840d58b09745552f0a62a"
 from {username='slave'} at 127.0.0.1:58892
I20260710 13:19:07.907883 11394 raft_consensus.cc:493] T 3a6541b91db54d29acc18355994574ee P 73a3bf91b43840d58b09745552f0a62a [term 1 FOLLOWER]: Starting forced leader election (received explicit request)
I20260710 13:19:07.908165 11394 raft_consensus.cc:3060] T 3a6541b91db54d29acc18355994574ee P 73a3bf91b43840d58b09745552f0a62a [term 1 FOLLOWER]: Advancing to term 2
I20260710 13:19:07.913568 11394 raft_consensus.cc:515] T 3a6541b91db54d29acc18355994574ee P 73a3bf91b43840d58b09745552f0a62a [term 2 FOLLOWER]: Starting forced leader election with config: opid_index: -1 OBSOLETE_local: false peers { permanent_uuid: "d6da97adea0f41f1bc324c925741d9b6" member_type: VOTER last_known_addr { host: "127.10.236.65" port: 35895 } } peers { permanent_uuid: "73a3bf91b43840d58b09745552f0a62a" member_type: VOTER last_known_addr { host: "127.10.236.66" port: 42061 } } peers { permanent_uuid: "8d4f98626ab7454bb1895c56fcb61192" member_type: VOTER last_known_addr { host: "127.10.236.67" port: 34811 } }
I20260710 13:19:07.915599 11394 leader_election.cc:290] T 3a6541b91db54d29acc18355994574ee P 73a3bf91b43840d58b09745552f0a62a [CANDIDATE]: Term 2 election: Requested vote from peers d6da97adea0f41f1bc324c925741d9b6 (127.10.236.65:35895), 8d4f98626ab7454bb1895c56fcb61192 (127.10.236.67:34811)
I20260710 13:19:07.916363 11319 tablet_service.cc:1917] Received RequestConsensusVote() RPC: tablet_id: "3a6541b91db54d29acc18355994574ee" candidate_uuid: "73a3bf91b43840d58b09745552f0a62a" candidate_term: 2 candidate_status { last_received { term: 1 index: 1 } } ignore_live_leader: true dest_uuid: "d6da97adea0f41f1bc324c925741d9b6"
I20260710 13:19:07.916810 11469 tablet_service.cc:1917] Received RequestConsensusVote() RPC: tablet_id: "3a6541b91db54d29acc18355994574ee" candidate_uuid: "73a3bf91b43840d58b09745552f0a62a" candidate_term: 2 candidate_status { last_received { term: 1 index: 1 } } ignore_live_leader: true dest_uuid: "8d4f98626ab7454bb1895c56fcb61192"
I20260710 13:19:07.917114 11319 raft_consensus.cc:3055] T 3a6541b91db54d29acc18355994574ee P d6da97adea0f41f1bc324c925741d9b6 [term 1 LEADER]: Stepping down as leader of term 1
I20260710 13:19:07.917479 11469 raft_consensus.cc:3060] T 3a6541b91db54d29acc18355994574ee P 8d4f98626ab7454bb1895c56fcb61192 [term 1 FOLLOWER]: Advancing to term 2
I20260710 13:19:07.917549 11319 raft_consensus.cc:740] T 3a6541b91db54d29acc18355994574ee P d6da97adea0f41f1bc324c925741d9b6 [term 1 LEADER]: Becoming Follower/Learner. State: Replica: d6da97adea0f41f1bc324c925741d9b6, State: Running, Role: LEADER
I20260710 13:19:07.918552 11319 consensus_queue.cc:260] T 3a6541b91db54d29acc18355994574ee P d6da97adea0f41f1bc324c925741d9b6 [NON_LEADER]: Queue going to NON_LEADER mode. State: All replicated index: 0, Majority replicated index: 1, Committed index: 1, Last appended: 1.1, Last appended by leader: 1, Current term: 1, Majority size: -1, State: 0, Mode: NON_LEADER, active raft config: opid_index: -1 OBSOLETE_local: false peers { permanent_uuid: "d6da97adea0f41f1bc324c925741d9b6" member_type: VOTER last_known_addr { host: "127.10.236.65" port: 35895 } } peers { permanent_uuid: "73a3bf91b43840d58b09745552f0a62a" member_type: VOTER last_known_addr { host: "127.10.236.66" port: 42061 } } peers { permanent_uuid: "8d4f98626ab7454bb1895c56fcb61192" member_type: VOTER last_known_addr { host: "127.10.236.67" port: 34811 } }
I20260710 13:19:07.920094 11319 raft_consensus.cc:3060] T 3a6541b91db54d29acc18355994574ee P d6da97adea0f41f1bc324c925741d9b6 [term 1 FOLLOWER]: Advancing to term 2
I20260710 13:19:07.925944 11469 raft_consensus.cc:2468] T 3a6541b91db54d29acc18355994574ee P 8d4f98626ab7454bb1895c56fcb61192 [term 2 FOLLOWER]: Leader election vote request: Granting yes vote for candidate 73a3bf91b43840d58b09745552f0a62a in term 2.
I20260710 13:19:07.927570 11358 leader_election.cc:304] T 3a6541b91db54d29acc18355994574ee P 73a3bf91b43840d58b09745552f0a62a [CANDIDATE]: Term 2 election: Election decided. Result: candidate won. Election summary: received 2 responses out of 3 voters: 2 yes votes; 0 no votes. yes voters: 73a3bf91b43840d58b09745552f0a62a, 8d4f98626ab7454bb1895c56fcb61192; no voters: 
I20260710 13:19:07.927783 11319 raft_consensus.cc:2468] T 3a6541b91db54d29acc18355994574ee P d6da97adea0f41f1bc324c925741d9b6 [term 2 FOLLOWER]: Leader election vote request: Granting yes vote for candidate 73a3bf91b43840d58b09745552f0a62a in term 2.
I20260710 13:19:07.928422 11604 raft_consensus.cc:2804] T 3a6541b91db54d29acc18355994574ee P 73a3bf91b43840d58b09745552f0a62a [term 2 FOLLOWER]: Leader election won for term 2
I20260710 13:19:07.928987 11604 raft_consensus.cc:697] T 3a6541b91db54d29acc18355994574ee P 73a3bf91b43840d58b09745552f0a62a [term 2 LEADER]: Becoming Leader. State: Replica: 73a3bf91b43840d58b09745552f0a62a, State: Running, Role: LEADER
I20260710 13:19:07.929767 11604 consensus_queue.cc:237] T 3a6541b91db54d29acc18355994574ee P 73a3bf91b43840d58b09745552f0a62a [LEADER]: Queue going to LEADER mode. State: All replicated index: 0, Majority replicated index: 1, Committed index: 1, Last appended: 1.1, Last appended by leader: 1, Current term: 2, Majority size: 2, State: 0, Mode: LEADER, active raft config: opid_index: -1 OBSOLETE_local: false peers { permanent_uuid: "d6da97adea0f41f1bc324c925741d9b6" member_type: VOTER last_known_addr { host: "127.10.236.65" port: 35895 } } peers { permanent_uuid: "73a3bf91b43840d58b09745552f0a62a" member_type: VOTER last_known_addr { host: "127.10.236.66" port: 42061 } } peers { permanent_uuid: "8d4f98626ab7454bb1895c56fcb61192" member_type: VOTER last_known_addr { host: "127.10.236.67" port: 34811 } }
I20260710 13:19:07.936916 11216 catalog_manager.cc:5697] T 3a6541b91db54d29acc18355994574ee P 73a3bf91b43840d58b09745552f0a62a reported cstate change: term changed from 1 to 2, leader changed from d6da97adea0f41f1bc324c925741d9b6 (127.10.236.65) to 73a3bf91b43840d58b09745552f0a62a (127.10.236.66). New cstate: current_term: 2 leader_uuid: "73a3bf91b43840d58b09745552f0a62a" committed_config { opid_index: -1 OBSOLETE_local: false peers { permanent_uuid: "d6da97adea0f41f1bc324c925741d9b6" member_type: VOTER last_known_addr { host: "127.10.236.65" port: 35895 } health_report { overall_health: UNKNOWN } } peers { permanent_uuid: "73a3bf91b43840d58b09745552f0a62a" member_type: VOTER last_known_addr { host: "127.10.236.66" port: 42061 } health_report { overall_health: HEALTHY } } peers { permanent_uuid: "8d4f98626ab7454bb1895c56fcb61192" member_type: VOTER last_known_addr { host: "127.10.236.67" port: 34811 } health_report { overall_health: UNKNOWN } } }
I20260710 13:19:07.948737 11521 raft_consensus.cc:993] T 48d791b173ec46a58fd57d80e5bc0f45 P 8d4f98626ab7454bb1895c56fcb61192: : Instructing follower 73a3bf91b43840d58b09745552f0a62a to start an election
I20260710 13:19:07.949201 11607 raft_consensus.cc:1081] T 48d791b173ec46a58fd57d80e5bc0f45 P 8d4f98626ab7454bb1895c56fcb61192 [term 1 LEADER]: Signalling peer 73a3bf91b43840d58b09745552f0a62a to start an election
I20260710 13:19:07.950786 11394 tablet_service.cc:2044] Received Run Leader Election RPC: tablet_id: "48d791b173ec46a58fd57d80e5bc0f45"
dest_uuid: "73a3bf91b43840d58b09745552f0a62a"
 from {username='slave'} at 127.0.0.1:58908
I20260710 13:19:07.951364 11394 raft_consensus.cc:493] T 48d791b173ec46a58fd57d80e5bc0f45 P 73a3bf91b43840d58b09745552f0a62a [term 1 FOLLOWER]: Starting forced leader election (received explicit request)
I20260710 13:19:07.951684 11394 raft_consensus.cc:3060] T 48d791b173ec46a58fd57d80e5bc0f45 P 73a3bf91b43840d58b09745552f0a62a [term 1 FOLLOWER]: Advancing to term 2
I20260710 13:19:07.956861 11394 raft_consensus.cc:515] T 48d791b173ec46a58fd57d80e5bc0f45 P 73a3bf91b43840d58b09745552f0a62a [term 2 FOLLOWER]: Starting forced leader election with config: opid_index: -1 OBSOLETE_local: false peers { permanent_uuid: "d6da97adea0f41f1bc324c925741d9b6" member_type: VOTER last_known_addr { host: "127.10.236.65" port: 35895 } } peers { permanent_uuid: "73a3bf91b43840d58b09745552f0a62a" member_type: VOTER last_known_addr { host: "127.10.236.66" port: 42061 } } peers { permanent_uuid: "8d4f98626ab7454bb1895c56fcb61192" member_type: VOTER last_known_addr { host: "127.10.236.67" port: 34811 } }
I20260710 13:19:07.959053 11394 leader_election.cc:290] T 48d791b173ec46a58fd57d80e5bc0f45 P 73a3bf91b43840d58b09745552f0a62a [CANDIDATE]: Term 2 election: Requested vote from peers d6da97adea0f41f1bc324c925741d9b6 (127.10.236.65:35895), 8d4f98626ab7454bb1895c56fcb61192 (127.10.236.67:34811)
I20260710 13:19:07.959872 11319 tablet_service.cc:1917] Received RequestConsensusVote() RPC: tablet_id: "48d791b173ec46a58fd57d80e5bc0f45" candidate_uuid: "73a3bf91b43840d58b09745552f0a62a" candidate_term: 2 candidate_status { last_received { term: 1 index: 1 } } ignore_live_leader: true dest_uuid: "d6da97adea0f41f1bc324c925741d9b6"
I20260710 13:19:07.960227 11469 tablet_service.cc:1917] Received RequestConsensusVote() RPC: tablet_id: "48d791b173ec46a58fd57d80e5bc0f45" candidate_uuid: "73a3bf91b43840d58b09745552f0a62a" candidate_term: 2 candidate_status { last_received { term: 1 index: 1 } } ignore_live_leader: true dest_uuid: "8d4f98626ab7454bb1895c56fcb61192"
I20260710 13:19:07.960580 11319 raft_consensus.cc:3060] T 48d791b173ec46a58fd57d80e5bc0f45 P d6da97adea0f41f1bc324c925741d9b6 [term 1 FOLLOWER]: Advancing to term 2
I20260710 13:19:07.960795 11469 raft_consensus.cc:3055] T 48d791b173ec46a58fd57d80e5bc0f45 P 8d4f98626ab7454bb1895c56fcb61192 [term 1 LEADER]: Stepping down as leader of term 1
I20260710 13:19:07.961122 11469 raft_consensus.cc:740] T 48d791b173ec46a58fd57d80e5bc0f45 P 8d4f98626ab7454bb1895c56fcb61192 [term 1 LEADER]: Becoming Follower/Learner. State: Replica: 8d4f98626ab7454bb1895c56fcb61192, State: Running, Role: LEADER
