I20260710 13:19:03.821080  6111 consensus_queue.cc:237] T d74ddda256ad4ae98f52c876d9aef336 P f3ba7e27509f45e5a84d3c7c771b6501 [LEADER]: Queue going to LEADER mode. State: All replicated index: 0, Majority replicated index: 0, Committed index: 0, Last appended: 0.0, Last appended by leader: 0, Current term: 1, Majority size: 2, State: 0, Mode: LEADER, active raft config: opid_index: -1 OBSOLETE_local: false peers { permanent_uuid: "f3ba7e27509f45e5a84d3c7c771b6501" member_type: VOTER last_known_addr { host: "127.5.153.2" port: 42417 } } peers { permanent_uuid: "64e6c1f15ef048da98114505bedc722e" member_type: VOTER last_known_addr { host: "127.5.153.3" port: 32937 } } peers { permanent_uuid: "beeda35892674aa4bc20bee613c34398" member_type: VOTER last_known_addr { host: "127.5.153.1" port: 36913 } }
I20260710 13:19:03.840953  6068 raft_consensus.cc:493] T 6b3a493229ff44bebe64eac2107d7d2b P 64e6c1f15ef048da98114505bedc722e [term 0 FOLLOWER]: Starting pre-election (no leader contacted us within the election timeout)
I20260710 13:19:03.841661  6111 raft_consensus.cc:493] T 6b3a493229ff44bebe64eac2107d7d2b P f3ba7e27509f45e5a84d3c7c771b6501 [term 0 FOLLOWER]: Starting pre-election (no leader contacted us within the election timeout)
I20260710 13:19:03.841464  6068 raft_consensus.cc:515] T 6b3a493229ff44bebe64eac2107d7d2b P 64e6c1f15ef048da98114505bedc722e [term 0 FOLLOWER]: Starting pre-election with config: opid_index: -1 OBSOLETE_local: false peers { permanent_uuid: "beeda35892674aa4bc20bee613c34398" member_type: VOTER last_known_addr { host: "127.5.153.1" port: 36913 } } peers { permanent_uuid: "f3ba7e27509f45e5a84d3c7c771b6501" member_type: VOTER last_known_addr { host: "127.5.153.2" port: 42417 } } peers { permanent_uuid: "64e6c1f15ef048da98114505bedc722e" member_type: VOTER last_known_addr { host: "127.5.153.3" port: 32937 } }
I20260710 13:19:03.842173  6111 raft_consensus.cc:515] T 6b3a493229ff44bebe64eac2107d7d2b P f3ba7e27509f45e5a84d3c7c771b6501 [term 0 FOLLOWER]: Starting pre-election with config: opid_index: -1 OBSOLETE_local: false peers { permanent_uuid: "beeda35892674aa4bc20bee613c34398" member_type: VOTER last_known_addr { host: "127.5.153.1" port: 36913 } } peers { permanent_uuid: "f3ba7e27509f45e5a84d3c7c771b6501" member_type: VOTER last_known_addr { host: "127.5.153.2" port: 42417 } } peers { permanent_uuid: "64e6c1f15ef048da98114505bedc722e" member_type: VOTER last_known_addr { host: "127.5.153.3" port: 32937 } }
I20260710 13:19:03.845139  5865 tablet_service.cc:1917] Received RequestConsensusVote() RPC: tablet_id: "6b3a493229ff44bebe64eac2107d7d2b" candidate_uuid: "f3ba7e27509f45e5a84d3c7c771b6501" candidate_term: 1 candidate_status { last_received { term: 0 index: 0 } } ignore_live_leader: false dest_uuid: "beeda35892674aa4bc20bee613c34398" is_pre_election: true
I20260710 13:19:03.845808  5865 raft_consensus.cc:2468] T 6b3a493229ff44bebe64eac2107d7d2b P beeda35892674aa4bc20bee613c34398 [term 0 FOLLOWER]: Leader pre-election vote request: Granting yes vote for candidate f3ba7e27509f45e5a84d3c7c771b6501 in term 0.
I20260710 13:19:03.846236  5941 tablet_service.cc:1917] Received RequestConsensusVote() RPC: tablet_id: "6b3a493229ff44bebe64eac2107d7d2b" candidate_uuid: "64e6c1f15ef048da98114505bedc722e" candidate_term: 1 candidate_status { last_received { term: 0 index: 0 } } ignore_live_leader: false dest_uuid: "f3ba7e27509f45e5a84d3c7c771b6501" is_pre_election: true
I20260710 13:19:03.846871  5866 tablet_service.cc:1917] Received RequestConsensusVote() RPC: tablet_id: "6b3a493229ff44bebe64eac2107d7d2b" candidate_uuid: "64e6c1f15ef048da98114505bedc722e" candidate_term: 1 candidate_status { last_received { term: 0 index: 0 } } ignore_live_leader: false dest_uuid: "beeda35892674aa4bc20bee613c34398" is_pre_election: true
I20260710 13:19:03.847016  5941 raft_consensus.cc:2468] T 6b3a493229ff44bebe64eac2107d7d2b P f3ba7e27509f45e5a84d3c7c771b6501 [term 0 FOLLOWER]: Leader pre-election vote request: Granting yes vote for candidate 64e6c1f15ef048da98114505bedc722e in term 0.
I20260710 13:19:03.847543  5866 raft_consensus.cc:2468] T 6b3a493229ff44bebe64eac2107d7d2b P beeda35892674aa4bc20bee613c34398 [term 0 FOLLOWER]: Leader pre-election vote request: Granting yes vote for candidate 64e6c1f15ef048da98114505bedc722e in term 0.
I20260710 13:19:03.848904  5979 leader_election.cc:304] T 6b3a493229ff44bebe64eac2107d7d2b P 64e6c1f15ef048da98114505bedc722e [CANDIDATE]: Term 1 pre-election: Election decided. Result: candidate won. Election summary: received 2 responses out of 3 voters: 2 yes votes; 0 no votes. yes voters: 64e6c1f15ef048da98114505bedc722e, beeda35892674aa4bc20bee613c34398; no voters: 
I20260710 13:19:03.848961  6068 leader_election.cc:290] T 6b3a493229ff44bebe64eac2107d7d2b P 64e6c1f15ef048da98114505bedc722e [CANDIDATE]: Term 1 pre-election: Requested pre-vote from peers beeda35892674aa4bc20bee613c34398 (127.5.153.1:36913), f3ba7e27509f45e5a84d3c7c771b6501 (127.5.153.2:42417)
I20260710 13:19:03.849934  6068 raft_consensus.cc:2804] T 6b3a493229ff44bebe64eac2107d7d2b P 64e6c1f15ef048da98114505bedc722e [term 0 FOLLOWER]: Leader pre-election won for term 1
I20260710 13:19:03.850419  6068 raft_consensus.cc:493] T 6b3a493229ff44bebe64eac2107d7d2b P 64e6c1f15ef048da98114505bedc722e [term 0 FOLLOWER]: Starting leader election (no leader contacted us within the election timeout)
I20260710 13:19:03.849721  5761 catalog_manager.cc:5697] T d74ddda256ad4ae98f52c876d9aef336 P f3ba7e27509f45e5a84d3c7c771b6501 reported cstate change: term changed from 0 to 1, leader changed from <none> to f3ba7e27509f45e5a84d3c7c771b6501 (127.5.153.2). New cstate: current_term: 1 leader_uuid: "f3ba7e27509f45e5a84d3c7c771b6501" committed_config { opid_index: -1 OBSOLETE_local: false peers { permanent_uuid: "f3ba7e27509f45e5a84d3c7c771b6501" member_type: VOTER last_known_addr { host: "127.5.153.2" port: 42417 } health_report { overall_health: HEALTHY } } peers { permanent_uuid: "64e6c1f15ef048da98114505bedc722e" member_type: VOTER last_known_addr { host: "127.5.153.3" port: 32937 } health_report { overall_health: UNKNOWN } } peers { permanent_uuid: "beeda35892674aa4bc20bee613c34398" member_type: VOTER last_known_addr { host: "127.5.153.1" port: 36913 } health_report { overall_health: UNKNOWN } } }
I20260710 13:19:03.850873  6068 raft_consensus.cc:3060] T 6b3a493229ff44bebe64eac2107d7d2b P 64e6c1f15ef048da98114505bedc722e [term 0 FOLLOWER]: Advancing to term 1
I20260710 13:19:03.852931  5905 leader_election.cc:304] T 6b3a493229ff44bebe64eac2107d7d2b P f3ba7e27509f45e5a84d3c7c771b6501 [CANDIDATE]: Term 1 pre-election: Election decided. Result: candidate won. Election summary: received 2 responses out of 3 voters: 2 yes votes; 0 no votes. yes voters: beeda35892674aa4bc20bee613c34398, f3ba7e27509f45e5a84d3c7c771b6501; no voters: 
I20260710 13:19:03.853832  6093 raft_consensus.cc:2804] T 6b3a493229ff44bebe64eac2107d7d2b P f3ba7e27509f45e5a84d3c7c771b6501 [term 0 FOLLOWER]: Leader pre-election won for term 1
I20260710 13:19:03.854301  6093 raft_consensus.cc:493] T 6b3a493229ff44bebe64eac2107d7d2b P f3ba7e27509f45e5a84d3c7c771b6501 [term 0 FOLLOWER]: Starting leader election (no leader contacted us within the election timeout)
I20260710 13:19:03.854959  6093 raft_consensus.cc:3060] T 6b3a493229ff44bebe64eac2107d7d2b P f3ba7e27509f45e5a84d3c7c771b6501 [term 0 FOLLOWER]: Advancing to term 1
I20260710 13:19:03.858525  6111 leader_election.cc:290] T 6b3a493229ff44bebe64eac2107d7d2b P f3ba7e27509f45e5a84d3c7c771b6501 [CANDIDATE]: Term 1 pre-election: Requested pre-vote from peers beeda35892674aa4bc20bee613c34398 (127.5.153.1:36913), 64e6c1f15ef048da98114505bedc722e (127.5.153.3:32937)
I20260710 13:19:03.862078  6016 tablet_service.cc:1917] Received RequestConsensusVote() RPC: tablet_id: "6b3a493229ff44bebe64eac2107d7d2b" candidate_uuid: "f3ba7e27509f45e5a84d3c7c771b6501" candidate_term: 1 candidate_status { last_received { term: 0 index: 0 } } ignore_live_leader: false dest_uuid: "64e6c1f15ef048da98114505bedc722e" is_pre_election: true
I20260710 13:19:03.867381  6068 raft_consensus.cc:515] T 6b3a493229ff44bebe64eac2107d7d2b P 64e6c1f15ef048da98114505bedc722e [term 1 FOLLOWER]: Starting leader election with config: opid_index: -1 OBSOLETE_local: false peers { permanent_uuid: "beeda35892674aa4bc20bee613c34398" member_type: VOTER last_known_addr { host: "127.5.153.1" port: 36913 } } peers { permanent_uuid: "f3ba7e27509f45e5a84d3c7c771b6501" member_type: VOTER last_known_addr { host: "127.5.153.2" port: 42417 } } peers { permanent_uuid: "64e6c1f15ef048da98114505bedc722e" member_type: VOTER last_known_addr { host: "127.5.153.3" port: 32937 } }
I20260710 13:19:03.868795  6016 raft_consensus.cc:2393] T 6b3a493229ff44bebe64eac2107d7d2b P 64e6c1f15ef048da98114505bedc722e [term 1 FOLLOWER]: Leader pre-election vote request: Denying vote to candidate f3ba7e27509f45e5a84d3c7c771b6501 in current term 1: Already voted for candidate 64e6c1f15ef048da98114505bedc722e in this term.
I20260710 13:19:03.870355  5867 tablet_service.cc:1917] Received RequestConsensusVote() RPC: tablet_id: "6b3a493229ff44bebe64eac2107d7d2b" candidate_uuid: "64e6c1f15ef048da98114505bedc722e" candidate_term: 1 candidate_status { last_received { term: 0 index: 0 } } ignore_live_leader: false dest_uuid: "beeda35892674aa4bc20bee613c34398"
I20260710 13:19:03.870983  5867 raft_consensus.cc:3060] T 6b3a493229ff44bebe64eac2107d7d2b P beeda35892674aa4bc20bee613c34398 [term 0 FOLLOWER]: Advancing to term 1
I20260710 13:19:03.877940  5867 raft_consensus.cc:2468] T 6b3a493229ff44bebe64eac2107d7d2b P beeda35892674aa4bc20bee613c34398 [term 1 FOLLOWER]: Leader election vote request: Granting yes vote for candidate 64e6c1f15ef048da98114505bedc722e in term 1.
I20260710 13:19:03.879065  5979 leader_election.cc:304] T 6b3a493229ff44bebe64eac2107d7d2b P 64e6c1f15ef048da98114505bedc722e [CANDIDATE]: Term 1 election: Election decided. Result: candidate won. Election summary: received 2 responses out of 3 voters: 2 yes votes; 0 no votes. yes voters: 64e6c1f15ef048da98114505bedc722e, beeda35892674aa4bc20bee613c34398; no voters: 
I20260710 13:19:03.879976  6104 raft_consensus.cc:2804] T 6b3a493229ff44bebe64eac2107d7d2b P 64e6c1f15ef048da98114505bedc722e [term 1 FOLLOWER]: Leader election won for term 1
I20260710 13:19:03.880894  6068 leader_election.cc:290] T 6b3a493229ff44bebe64eac2107d7d2b P 64e6c1f15ef048da98114505bedc722e [CANDIDATE]: Term 1 election: Requested vote from peers beeda35892674aa4bc20bee613c34398 (127.5.153.1:36913), f3ba7e27509f45e5a84d3c7c771b6501 (127.5.153.2:42417)
I20260710 13:19:03.880501  6104 raft_consensus.cc:697] T 6b3a493229ff44bebe64eac2107d7d2b P 64e6c1f15ef048da98114505bedc722e [term 1 LEADER]: Becoming Leader. State: Replica: 64e6c1f15ef048da98114505bedc722e, State: Running, Role: LEADER
I20260710 13:19:03.882344  5941 tablet_service.cc:1917] Received RequestConsensusVote() RPC: tablet_id: "6b3a493229ff44bebe64eac2107d7d2b" candidate_uuid: "64e6c1f15ef048da98114505bedc722e" candidate_term: 1 candidate_status { last_received { term: 0 index: 0 } } ignore_live_leader: false dest_uuid: "f3ba7e27509f45e5a84d3c7c771b6501"
I20260710 13:19:03.882272  6077 consensus_queue.cc:1048] T 81ecf7c09448458dbcb5deed24d253e0 P f3ba7e27509f45e5a84d3c7c771b6501 [LEADER]: Connected to new peer: Peer: permanent_uuid: "64e6c1f15ef048da98114505bedc722e" member_type: VOTER last_known_addr { host: "127.5.153.3" port: 32937 }, Status: LMP_MISMATCH, Last received: 0.0, Next index: 1, Last known committed idx: 0, Time since last communication: 0.001s
I20260710 13:19:03.882465  6104 consensus_queue.cc:237] T 6b3a493229ff44bebe64eac2107d7d2b P 64e6c1f15ef048da98114505bedc722e [LEADER]: Queue going to LEADER mode. State: All replicated index: 0, Majority replicated index: 0, Committed index: 0, Last appended: 0.0, Last appended by leader: 0, Current term: 1, Majority size: 2, State: 0, Mode: LEADER, active raft config: opid_index: -1 OBSOLETE_local: false peers { permanent_uuid: "beeda35892674aa4bc20bee613c34398" member_type: VOTER last_known_addr { host: "127.5.153.1" port: 36913 } } peers { permanent_uuid: "f3ba7e27509f45e5a84d3c7c771b6501" member_type: VOTER last_known_addr { host: "127.5.153.2" port: 42417 } } peers { permanent_uuid: "64e6c1f15ef048da98114505bedc722e" member_type: VOTER last_known_addr { host: "127.5.153.3" port: 32937 } }
I20260710 13:19:03.888573  6111 consensus_queue.cc:1048] T 01881026a7494130beb88b57d9aa3cfb P f3ba7e27509f45e5a84d3c7c771b6501 [LEADER]: Connected to new peer: Peer: permanent_uuid: "64e6c1f15ef048da98114505bedc722e" member_type: VOTER last_known_addr { host: "127.5.153.3" port: 32937 }, Status: LMP_MISMATCH, Last received: 0.0, Next index: 1, Last known committed idx: 0, Time since last communication: 0.001s
I20260710 13:19:03.890108  6093 raft_consensus.cc:515] T 6b3a493229ff44bebe64eac2107d7d2b P f3ba7e27509f45e5a84d3c7c771b6501 [term 1 FOLLOWER]: Starting leader election with config: opid_index: -1 OBSOLETE_local: false peers { permanent_uuid: "beeda35892674aa4bc20bee613c34398" member_type: VOTER last_known_addr { host: "127.5.153.1" port: 36913 } } peers { permanent_uuid: "f3ba7e27509f45e5a84d3c7c771b6501" member_type: VOTER last_known_addr { host: "127.5.153.2" port: 42417 } } peers { permanent_uuid: "64e6c1f15ef048da98114505bedc722e" member_type: VOTER last_known_addr { host: "127.5.153.3" port: 32937 } }
I20260710 13:19:03.891536  5941 raft_consensus.cc:2393] T 6b3a493229ff44bebe64eac2107d7d2b P f3ba7e27509f45e5a84d3c7c771b6501 [term 1 FOLLOWER]: Leader election vote request: Denying vote to candidate 64e6c1f15ef048da98114505bedc722e in current term 1: Already voted for candidate f3ba7e27509f45e5a84d3c7c771b6501 in this term.
I20260710 13:19:03.896077  5866 tablet_service.cc:1917] Received RequestConsensusVote() RPC: tablet_id: "6b3a493229ff44bebe64eac2107d7d2b" candidate_uuid: "f3ba7e27509f45e5a84d3c7c771b6501" candidate_term: 1 candidate_status { last_received { term: 0 index: 0 } } ignore_live_leader: false dest_uuid: "beeda35892674aa4bc20bee613c34398"
I20260710 13:19:03.896967  5866 raft_consensus.cc:2393] T 6b3a493229ff44bebe64eac2107d7d2b P beeda35892674aa4bc20bee613c34398 [term 1 FOLLOWER]: Leader election vote request: Denying vote to candidate f3ba7e27509f45e5a84d3c7c771b6501 in current term 1: Already voted for candidate 64e6c1f15ef048da98114505bedc722e in this term.
I20260710 13:19:03.897646  6060 tablet_bootstrap.cc:492] T d74ddda256ad4ae98f52c876d9aef336 P 64e6c1f15ef048da98114505bedc722e: No bootstrap required, opened a new log
I20260710 13:19:03.897727  6093 leader_election.cc:290] T 6b3a493229ff44bebe64eac2107d7d2b P f3ba7e27509f45e5a84d3c7c771b6501 [CANDIDATE]: Term 1 election: Requested vote from peers beeda35892674aa4bc20bee613c34398 (127.5.153.1:36913), 64e6c1f15ef048da98114505bedc722e (127.5.153.3:32937)
I20260710 13:19:03.898736  6060 ts_tablet_manager.cc:1403] T d74ddda256ad4ae98f52c876d9aef336 P 64e6c1f15ef048da98114505bedc722e: Time spent bootstrapping tablet: real 0.129s	user 0.030s	sys 0.073s
I20260710 13:19:03.901950  6093 consensus_queue.cc:1048] T 01881026a7494130beb88b57d9aa3cfb P f3ba7e27509f45e5a84d3c7c771b6501 [LEADER]: Connected to new peer: Peer: permanent_uuid: "beeda35892674aa4bc20bee613c34398" member_type: VOTER last_known_addr { host: "127.5.153.1" port: 36913 }, Status: LMP_MISMATCH, Last received: 0.0, Next index: 1, Last known committed idx: 0, Time since last communication: 0.000s
I20260710 13:19:03.902624  6016 tablet_service.cc:1917] Received RequestConsensusVote() RPC: tablet_id: "6b3a493229ff44bebe64eac2107d7d2b" candidate_uuid: "f3ba7e27509f45e5a84d3c7c771b6501" candidate_term: 1 candidate_status { last_received { term: 0 index: 0 } } ignore_live_leader: false dest_uuid: "64e6c1f15ef048da98114505bedc722e"
I20260710 13:19:03.904498  5906 leader_election.cc:304] T 6b3a493229ff44bebe64eac2107d7d2b P f3ba7e27509f45e5a84d3c7c771b6501 [CANDIDATE]: Term 1 election: Election decided. Result: candidate lost. Election summary: received 3 responses out of 3 voters: 1 yes votes; 2 no votes. yes voters: f3ba7e27509f45e5a84d3c7c771b6501; no voters: 64e6c1f15ef048da98114505bedc722e, beeda35892674aa4bc20bee613c34398
I20260710 13:19:03.908787  6111 raft_consensus.cc:2749] T 6b3a493229ff44bebe64eac2107d7d2b P f3ba7e27509f45e5a84d3c7c771b6501 [term 1 FOLLOWER]: Leader election lost for term 1. Reason: could not achieve majority
I20260710 13:19:03.903024  6060 raft_consensus.cc:359] T d74ddda256ad4ae98f52c876d9aef336 P 64e6c1f15ef048da98114505bedc722e [term 0 FOLLOWER]: Replica starting. Triggering 0 pending ops. Active config: opid_index: -1 OBSOLETE_local: false peers { permanent_uuid: "f3ba7e27509f45e5a84d3c7c771b6501" member_type: VOTER last_known_addr { host: "127.5.153.2" port: 42417 } } peers { permanent_uuid: "64e6c1f15ef048da98114505bedc722e" member_type: VOTER last_known_addr { host: "127.5.153.3" port: 32937 } } peers { permanent_uuid: "beeda35892674aa4bc20bee613c34398" member_type: VOTER last_known_addr { host: "127.5.153.1" port: 36913 } }
I20260710 13:19:03.910748  6060 raft_consensus.cc:385] T d74ddda256ad4ae98f52c876d9aef336 P 64e6c1f15ef048da98114505bedc722e [term 0 FOLLOWER]: Consensus starting up: Expiring failure detector timer to make a prompt election more likely
I20260710 13:19:03.910765  6112 consensus_queue.cc:1048] T 81ecf7c09448458dbcb5deed24d253e0 P f3ba7e27509f45e5a84d3c7c771b6501 [LEADER]: Connected to new peer: Peer: permanent_uuid: "beeda35892674aa4bc20bee613c34398" member_type: VOTER last_known_addr { host: "127.5.153.1" port: 36913 }, Status: LMP_MISMATCH, Last received: 0.0, Next index: 1, Last known committed idx: 0, Time since last communication: 0.001s
I20260710 13:19:03.911227  6060 raft_consensus.cc:740] T d74ddda256ad4ae98f52c876d9aef336 P 64e6c1f15ef048da98114505bedc722e [term 0 FOLLOWER]: Becoming Follower/Learner. State: Replica: 64e6c1f15ef048da98114505bedc722e, State: Initialized, Role: FOLLOWER
I20260710 13:19:03.912040  6060 consensus_queue.cc:260] T d74ddda256ad4ae98f52c876d9aef336 P 64e6c1f15ef048da98114505bedc722e [NON_LEADER]: Queue going to NON_LEADER mode. State: All replicated index: 0, Majority replicated index: 0, Committed index: 0, Last appended: 0.0, Last appended by leader: 0, Current term: 0, Majority size: -1, State: 0, Mode: NON_LEADER, active raft config: opid_index: -1 OBSOLETE_local: false peers { permanent_uuid: "f3ba7e27509f45e5a84d3c7c771b6501" member_type: VOTER last_known_addr { host: "127.5.153.2" port: 42417 } } peers { permanent_uuid: "64e6c1f15ef048da98114505bedc722e" member_type: VOTER last_known_addr { host: "127.5.153.3" port: 32937 } } peers { permanent_uuid: "beeda35892674aa4bc20bee613c34398" member_type: VOTER last_known_addr { host: "127.5.153.1" port: 36913 } }
I20260710 13:19:03.914301  6060 ts_tablet_manager.cc:1434] T d74ddda256ad4ae98f52c876d9aef336 P 64e6c1f15ef048da98114505bedc722e: Time spent starting tablet: real 0.015s	user 0.006s	sys 0.000s
I20260710 13:19:03.922089  5761 catalog_manager.cc:5697] T 6b3a493229ff44bebe64eac2107d7d2b P 64e6c1f15ef048da98114505bedc722e reported cstate change: term changed from 0 to 1, leader changed from <none> to 64e6c1f15ef048da98114505bedc722e (127.5.153.3). New cstate: current_term: 1 leader_uuid: "64e6c1f15ef048da98114505bedc722e" committed_config { opid_index: -1 OBSOLETE_local: false peers { permanent_uuid: "beeda35892674aa4bc20bee613c34398" member_type: VOTER last_known_addr { host: "127.5.153.1" port: 36913 } health_report { overall_health: UNKNOWN } } peers { permanent_uuid: "f3ba7e27509f45e5a84d3c7c771b6501" member_type: VOTER last_known_addr { host: "127.5.153.2" port: 42417 } health_report { overall_health: UNKNOWN } } peers { permanent_uuid: "64e6c1f15ef048da98114505bedc722e" member_type: VOTER last_known_addr { host: "127.5.153.3" port: 32937 } health_report { overall_health: HEALTHY } } }
I20260710 13:19:03.925324  6104 raft_consensus.cc:493] T d74ddda256ad4ae98f52c876d9aef336 P 64e6c1f15ef048da98114505bedc722e [term 0 FOLLOWER]: Starting pre-election (no leader contacted us within the election timeout)
I20260710 13:19:03.925879  6104 raft_consensus.cc:515] T d74ddda256ad4ae98f52c876d9aef336 P 64e6c1f15ef048da98114505bedc722e [term 0 FOLLOWER]: Starting pre-election with config: opid_index: -1 OBSOLETE_local: false peers { permanent_uuid: "f3ba7e27509f45e5a84d3c7c771b6501" member_type: VOTER last_known_addr { host: "127.5.153.2" port: 42417 } } peers { permanent_uuid: "64e6c1f15ef048da98114505bedc722e" member_type: VOTER last_known_addr { host: "127.5.153.3" port: 32937 } } peers { permanent_uuid: "beeda35892674aa4bc20bee613c34398" member_type: VOTER last_known_addr { host: "127.5.153.1" port: 36913 } }
I20260710 13:19:03.930878  5941 tablet_service.cc:1917] Received RequestConsensusVote() RPC: tablet_id: "d74ddda256ad4ae98f52c876d9aef336" candidate_uuid: "64e6c1f15ef048da98114505bedc722e" candidate_term: 1 candidate_status { last_received { term: 0 index: 0 } } ignore_live_leader: false dest_uuid: "f3ba7e27509f45e5a84d3c7c771b6501" is_pre_election: true
I20260710 13:19:03.932197  6104 leader_election.cc:290] T d74ddda256ad4ae98f52c876d9aef336 P 64e6c1f15ef048da98114505bedc722e [CANDIDATE]: Term 1 pre-election: Requested pre-vote from peers f3ba7e27509f45e5a84d3c7c771b6501 (127.5.153.2:42417), beeda35892674aa4bc20bee613c34398 (127.5.153.1:36913)
I20260710 13:19:03.933957  5867 tablet_service.cc:1917] Received RequestConsensusVote() RPC: tablet_id: "d74ddda256ad4ae98f52c876d9aef336" candidate_uuid: "64e6c1f15ef048da98114505bedc722e" candidate_term: 1 candidate_status { last_received { term: 0 index: 0 } } ignore_live_leader: false dest_uuid: "beeda35892674aa4bc20bee613c34398" is_pre_election: true
I20260710 13:19:03.934741  5867 raft_consensus.cc:2393] T d74ddda256ad4ae98f52c876d9aef336 P beeda35892674aa4bc20bee613c34398 [term 1 FOLLOWER]: Leader pre-election vote request: Denying vote to candidate 64e6c1f15ef048da98114505bedc722e in current term 1: Already voted for candidate f3ba7e27509f45e5a84d3c7c771b6501 in this term.
I20260710 13:19:03.935917  5979 leader_election.cc:304] T d74ddda256ad4ae98f52c876d9aef336 P 64e6c1f15ef048da98114505bedc722e [CANDIDATE]: Term 1 pre-election: Election decided. Result: candidate lost. Election summary: received 3 responses out of 3 voters: 1 yes votes; 2 no votes. yes voters: 64e6c1f15ef048da98114505bedc722e; no voters: beeda35892674aa4bc20bee613c34398, f3ba7e27509f45e5a84d3c7c771b6501
I20260710 13:19:03.936890  6104 raft_consensus.cc:3060] T d74ddda256ad4ae98f52c876d9aef336 P 64e6c1f15ef048da98114505bedc722e [term 0 FOLLOWER]: Advancing to term 1
I20260710 13:19:03.943451  6104 raft_consensus.cc:2749] T d74ddda256ad4ae98f52c876d9aef336 P 64e6c1f15ef048da98114505bedc722e [term 1 FOLLOWER]: Leader pre-election lost for term 1. Reason: could not achieve majority
I20260710 13:19:03.980520  6097 raft_consensus.cc:493] T f092606b69c347ea968eec3bd380b084 P beeda35892674aa4bc20bee613c34398 [term 0 FOLLOWER]: Starting pre-election (no leader contacted us within the election timeout)
I20260710 13:19:03.981055  6097 raft_consensus.cc:515] T f092606b69c347ea968eec3bd380b084 P beeda35892674aa4bc20bee613c34398 [term 0 FOLLOWER]: Starting pre-election with config: opid_index: -1 OBSOLETE_local: false peers { permanent_uuid: "beeda35892674aa4bc20bee613c34398" member_type: VOTER last_known_addr { host: "127.5.153.1" port: 36913 } } peers { permanent_uuid: "f3ba7e27509f45e5a84d3c7c771b6501" member_type: VOTER last_known_addr { host: "127.5.153.2" port: 42417 } } peers { permanent_uuid: "64e6c1f15ef048da98114505bedc722e" member_type: VOTER last_known_addr { host: "127.5.153.3" port: 32937 } }
I20260710 13:19:03.982753  6097 leader_election.cc:290] T f092606b69c347ea968eec3bd380b084 P beeda35892674aa4bc20bee613c34398 [CANDIDATE]: Term 1 pre-election: Requested pre-vote from peers f3ba7e27509f45e5a84d3c7c771b6501 (127.5.153.2:42417), 64e6c1f15ef048da98114505bedc722e (127.5.153.3:32937)
I20260710 13:19:03.983704  6015 tablet_service.cc:1917] Received RequestConsensusVote() RPC: tablet_id: "f092606b69c347ea968eec3bd380b084" candidate_uuid: "beeda35892674aa4bc20bee613c34398" candidate_term: 1 candidate_status { last_received { term: 0 index: 0 } } ignore_live_leader: false dest_uuid: "64e6c1f15ef048da98114505bedc722e" is_pre_election: true
I20260710 13:19:03.983803  5941 tablet_service.cc:1917] Received RequestConsensusVote() RPC: tablet_id: "f092606b69c347ea968eec3bd380b084" candidate_uuid: "beeda35892674aa4bc20bee613c34398" candidate_term: 1 candidate_status { last_received { term: 0 index: 0 } } ignore_live_leader: false dest_uuid: "f3ba7e27509f45e5a84d3c7c771b6501" is_pre_election: true
I20260710 13:19:03.985334  5832 leader_election.cc:304] T f092606b69c347ea968eec3bd380b084 P beeda35892674aa4bc20bee613c34398 [CANDIDATE]: Term 1 pre-election: Election decided. Result: candidate lost. Election summary: received 3 responses out of 3 voters: 1 yes votes; 2 no votes. yes voters: beeda35892674aa4bc20bee613c34398; no voters: 64e6c1f15ef048da98114505bedc722e, f3ba7e27509f45e5a84d3c7c771b6501
I20260710 13:19:03.986151  6097 raft_consensus.cc:2749] T f092606b69c347ea968eec3bd380b084 P beeda35892674aa4bc20bee613c34398 [term 0 FOLLOWER]: Leader pre-election lost for term 1. Reason: could not achieve majority
I20260710 13:19:04.035598  6015 raft_consensus.cc:3060] T a8502ee834f44fe2a76a5a7d0108d139 P 64e6c1f15ef048da98114505bedc722e [term 0 FOLLOWER]: Advancing to term 1
I20260710 13:19:04.043462  6077 consensus_queue.cc:1048] T a8502ee834f44fe2a76a5a7d0108d139 P f3ba7e27509f45e5a84d3c7c771b6501 [LEADER]: Connected to new peer: Peer: permanent_uuid: "64e6c1f15ef048da98114505bedc722e" member_type: VOTER last_known_addr { host: "127.5.153.3" port: 32937 }, Status: LMP_MISMATCH, Last received: 0.0, Next index: 1, Last known committed idx: 0, Time since last communication: 0.000s
I20260710 13:19:04.054046  6093 consensus_queue.cc:1048] T a8502ee834f44fe2a76a5a7d0108d139 P f3ba7e27509f45e5a84d3c7c771b6501 [LEADER]: Connected to new peer: Peer: permanent_uuid: "beeda35892674aa4bc20bee613c34398" member_type: VOTER last_known_addr { host: "127.5.153.1" port: 36913 }, Status: LMP_MISMATCH, Last received: 0.0, Next index: 1, Last known committed idx: 0, Time since last communication: 0.000s
I20260710 13:19:04.066138  6104 consensus_queue.cc:1048] T 7d4db5ca8960462682f631614cfb9672 P 64e6c1f15ef048da98114505bedc722e [LEADER]: Connected to new peer: Peer: permanent_uuid: "beeda35892674aa4bc20bee613c34398" member_type: VOTER last_known_addr { host: "127.5.153.1" port: 36913 }, Status: LMP_MISMATCH, Last received: 0.0, Next index: 1, Last known committed idx: 0, Time since last communication: 0.000s
I20260710 13:19:04.076527  6068 consensus_queue.cc:1048] T 7d4db5ca8960462682f631614cfb9672 P 64e6c1f15ef048da98114505bedc722e [LEADER]: Connected to new peer: Peer: permanent_uuid: "f3ba7e27509f45e5a84d3c7c771b6501" member_type: VOTER last_known_addr { host: "127.5.153.2" port: 42417 }, Status: LMP_MISMATCH, Last received: 0.0, Next index: 1, Last known committed idx: 0, Time since last communication: 0.000s
I20260710 13:19:04.108819  5941 tablet_service.cc:2072] Received LeaderStepDown RPC: tablet_id: "d74ddda256ad4ae98f52c876d9aef336"
dest_uuid: "f3ba7e27509f45e5a84d3c7c771b6501"
mode: GRACEFUL
new_leader_uuid: "beeda35892674aa4bc20bee613c34398"
 from {username='slave'} at 127.0.0.1:49150
I20260710 13:19:04.109503  5941 raft_consensus.cc:606] T d74ddda256ad4ae98f52c876d9aef336 P f3ba7e27509f45e5a84d3c7c771b6501 [term 1 LEADER]: Received request to transfer leadership to TS beeda35892674aa4bc20bee613c34398
I20260710 13:19:04.114765  5941 tablet_service.cc:2072] Received LeaderStepDown RPC: tablet_id: "1051d100cdb4485a804fc19f2fd96b6f"
dest_uuid: "f3ba7e27509f45e5a84d3c7c771b6501"
mode: GRACEFUL
new_leader_uuid: "beeda35892674aa4bc20bee613c34398"
 from {username='slave'} at 127.0.0.1:49150
I20260710 13:19:04.115393  5941 raft_consensus.cc:606] T 1051d100cdb4485a804fc19f2fd96b6f P f3ba7e27509f45e5a84d3c7c771b6501 [term 1 LEADER]: Received request to transfer leadership to TS beeda35892674aa4bc20bee613c34398
I20260710 13:19:04.120362  5941 tablet_service.cc:2072] Received LeaderStepDown RPC: tablet_id: "81ecf7c09448458dbcb5deed24d253e0"
dest_uuid: "f3ba7e27509f45e5a84d3c7c771b6501"
mode: GRACEFUL
new_leader_uuid: "beeda35892674aa4bc20bee613c34398"
 from {username='slave'} at 127.0.0.1:49150
I20260710 13:19:04.120951  5941 raft_consensus.cc:606] T 81ecf7c09448458dbcb5deed24d253e0 P f3ba7e27509f45e5a84d3c7c771b6501 [term 1 LEADER]: Received request to transfer leadership to TS beeda35892674aa4bc20bee613c34398
I20260710 13:19:04.126147  5941 tablet_service.cc:2072] Received LeaderStepDown RPC: tablet_id: "f092606b69c347ea968eec3bd380b084"
dest_uuid: "f3ba7e27509f45e5a84d3c7c771b6501"
mode: GRACEFUL
new_leader_uuid: "beeda35892674aa4bc20bee613c34398"
 from {username='slave'} at 127.0.0.1:49150
I20260710 13:19:04.126652  5941 raft_consensus.cc:606] T f092606b69c347ea968eec3bd380b084 P f3ba7e27509f45e5a84d3c7c771b6501 [term 1 LEADER]: Received request to transfer leadership to TS beeda35892674aa4bc20bee613c34398
I20260710 13:19:04.140666  6015 tablet_service.cc:2072] Received LeaderStepDown RPC: tablet_id: "6b3a493229ff44bebe64eac2107d7d2b"
dest_uuid: "64e6c1f15ef048da98114505bedc722e"
mode: GRACEFUL
new_leader_uuid: "f3ba7e27509f45e5a84d3c7c771b6501"
 from {username='slave'} at 127.0.0.1:47178
I20260710 13:19:04.141290  6015 raft_consensus.cc:606] T 6b3a493229ff44bebe64eac2107d7d2b P 64e6c1f15ef048da98114505bedc722e [term 1 LEADER]: Received request to transfer leadership to TS f3ba7e27509f45e5a84d3c7c771b6501
I20260710 13:19:04.151679  6015 tablet_service.cc:2072] Received LeaderStepDown RPC: tablet_id: "7d4db5ca8960462682f631614cfb9672"
dest_uuid: "64e6c1f15ef048da98114505bedc722e"
mode: GRACEFUL
new_leader_uuid: "f3ba7e27509f45e5a84d3c7c771b6501"
 from {username='slave'} at 127.0.0.1:47178
I20260710 13:19:04.152321  6015 raft_consensus.cc:606] T 7d4db5ca8960462682f631614cfb9672 P 64e6c1f15ef048da98114505bedc722e [term 1 LEADER]: Received request to transfer leadership to TS f3ba7e27509f45e5a84d3c7c771b6501
I20260710 13:19:04.157125  5941 tablet_service.cc:2072] Received LeaderStepDown RPC: tablet_id: "01881026a7494130beb88b57d9aa3cfb"
dest_uuid: "f3ba7e27509f45e5a84d3c7c771b6501"
mode: GRACEFUL
new_leader_uuid: "64e6c1f15ef048da98114505bedc722e"
 from {username='slave'} at 127.0.0.1:49150
I20260710 13:19:04.157595  5941 raft_consensus.cc:606] T 01881026a7494130beb88b57d9aa3cfb P f3ba7e27509f45e5a84d3c7c771b6501 [term 1 LEADER]: Received request to transfer leadership to TS 64e6c1f15ef048da98114505bedc722e
I20260710 13:19:04.211177  6077 consensus_queue.cc:1048] T 48bee1a96571446c92d4bd1ec7e58ad2 P f3ba7e27509f45e5a84d3c7c771b6501 [LEADER]: Connected to new peer: Peer: permanent_uuid: "beeda35892674aa4bc20bee613c34398" member_type: VOTER last_known_addr { host: "127.5.153.1" port: 36913 }, Status: LMP_MISMATCH, Last received: 0.0, Next index: 1, Last known committed idx: 0, Time since last communication: 0.000s
I20260710 13:19:04.222607  6111 consensus_queue.cc:1048] T 48bee1a96571446c92d4bd1ec7e58ad2 P f3ba7e27509f45e5a84d3c7c771b6501 [LEADER]: Connected to new peer: Peer: permanent_uuid: "64e6c1f15ef048da98114505bedc722e" member_type: VOTER last_known_addr { host: "127.5.153.3" port: 32937 }, Status: LMP_MISMATCH, Last received: 0.0, Next index: 1, Last known committed idx: 0, Time since last communication: 0.000s
I20260710 13:19:04.233274  6111 consensus_queue.cc:1048] T d74ddda256ad4ae98f52c876d9aef336 P f3ba7e27509f45e5a84d3c7c771b6501 [LEADER]: Connected to new peer: Peer: permanent_uuid: "64e6c1f15ef048da98114505bedc722e" member_type: VOTER last_known_addr { host: "127.5.153.3" port: 32937 }, Status: LMP_MISMATCH, Last received: 0.0, Next index: 1, Last known committed idx: 0, Time since last communication: 0.000s
I20260710 13:19:04.243778  6111 consensus_queue.cc:1048] T d74ddda256ad4ae98f52c876d9aef336 P f3ba7e27509f45e5a84d3c7c771b6501 [LEADER]: Connected to new peer: Peer: permanent_uuid: "beeda35892674aa4bc20bee613c34398" member_type: VOTER last_known_addr { host: "127.5.153.1" port: 36913 }, Status: LMP_MISMATCH, Last received: 0.0, Next index: 1, Last known committed idx: 0, Time since last communication: 0.000s
I20260710 13:19:04.254503  6111 raft_consensus.cc:993] T d74ddda256ad4ae98f52c876d9aef336 P f3ba7e27509f45e5a84d3c7c771b6501: : Instructing follower beeda35892674aa4bc20bee613c34398 to start an election
I20260710 13:19:04.254958  6111 raft_consensus.cc:1081] T d74ddda256ad4ae98f52c876d9aef336 P f3ba7e27509f45e5a84d3c7c771b6501 [term 1 LEADER]: Signalling peer beeda35892674aa4bc20bee613c34398 to start an election
I20260710 13:19:04.256620  5867 tablet_service.cc:2044] Received Run Leader Election RPC: tablet_id: "d74ddda256ad4ae98f52c876d9aef336"
dest_uuid: "beeda35892674aa4bc20bee613c34398"
 from {username='slave'} at 127.0.0.1:36920
I20260710 13:19:04.257130  5867 raft_consensus.cc:493] T d74ddda256ad4ae98f52c876d9aef336 P beeda35892674aa4bc20bee613c34398 [term 1 FOLLOWER]: Starting forced leader election (received explicit request)
I20260710 13:19:04.257521  5867 raft_consensus.cc:3060] T d74ddda256ad4ae98f52c876d9aef336 P beeda35892674aa4bc20bee613c34398 [term 1 FOLLOWER]: Advancing to term 2
I20260710 13:19:04.262180  5867 raft_consensus.cc:515] T d74ddda256ad4ae98f52c876d9aef336 P beeda35892674aa4bc20bee613c34398 [term 2 FOLLOWER]: Starting forced leader election with config: opid_index: -1 OBSOLETE_local: false peers { permanent_uuid: "f3ba7e27509f45e5a84d3c7c771b6501" member_type: VOTER last_known_addr { host: "127.5.153.2" port: 42417 } } peers { permanent_uuid: "64e6c1f15ef048da98114505bedc722e" member_type: VOTER last_known_addr { host: "127.5.153.3" port: 32937 } } peers { permanent_uuid: "beeda35892674aa4bc20bee613c34398" member_type: VOTER last_known_addr { host: "127.5.153.1" port: 36913 } }
I20260710 13:19:04.264081  5867 leader_election.cc:290] T d74ddda256ad4ae98f52c876d9aef336 P beeda35892674aa4bc20bee613c34398 [CANDIDATE]: Term 2 election: Requested vote from peers f3ba7e27509f45e5a84d3c7c771b6501 (127.5.153.2:42417), 64e6c1f15ef048da98114505bedc722e (127.5.153.3:32937)
I20260710 13:19:04.264880  5941 tablet_service.cc:1917] Received RequestConsensusVote() RPC: tablet_id: "d74ddda256ad4ae98f52c876d9aef336" candidate_uuid: "beeda35892674aa4bc20bee613c34398" candidate_term: 2 candidate_status { last_received { term: 1 index: 1 } } ignore_live_leader: true dest_uuid: "f3ba7e27509f45e5a84d3c7c771b6501"
I20260710 13:19:04.265273  5941 raft_consensus.cc:3055] T d74ddda256ad4ae98f52c876d9aef336 P f3ba7e27509f45e5a84d3c7c771b6501 [term 1 LEADER]: Stepping down as leader of term 1
I20260710 13:19:04.265478  5941 raft_consensus.cc:740] T d74ddda256ad4ae98f52c876d9aef336 P f3ba7e27509f45e5a84d3c7c771b6501 [term 1 LEADER]: Becoming Follower/Learner. State: Replica: f3ba7e27509f45e5a84d3c7c771b6501, State: Running, Role: LEADER
I20260710 13:19:04.266079  5941 consensus_queue.cc:260] T d74ddda256ad4ae98f52c876d9aef336 P f3ba7e27509f45e5a84d3c7c771b6501 [NON_LEADER]: Queue going to NON_LEADER mode. State: All replicated index: 0, Majority replicated index: 1, Committed index: 1, Last appended: 1.1, Last appended by leader: 1, Current term: 1, Majority size: -1, State: 0, Mode: NON_LEADER, active raft config: opid_index: -1 OBSOLETE_local: false peers { permanent_uuid: "f3ba7e27509f45e5a84d3c7c771b6501" member_type: VOTER last_known_addr { host: "127.5.153.2" port: 42417 } } peers { permanent_uuid: "64e6c1f15ef048da98114505bedc722e" member_type: VOTER last_known_addr { host: "127.5.153.3" port: 32937 } } peers { permanent_uuid: "beeda35892674aa4bc20bee613c34398" member_type: VOTER last_known_addr { host: "127.5.153.1" port: 36913 } }
I20260710 13:19:04.266918  5941 raft_consensus.cc:3060] T d74ddda256ad4ae98f52c876d9aef336 P f3ba7e27509f45e5a84d3c7c771b6501 [term 1 FOLLOWER]: Advancing to term 2
I20260710 13:19:04.269465  6016 tablet_service.cc:1917] Received RequestConsensusVote() RPC: tablet_id: "d74ddda256ad4ae98f52c876d9aef336" candidate_uuid: "beeda35892674aa4bc20bee613c34398" candidate_term: 2 candidate_status { last_received { term: 1 index: 1 } } ignore_live_leader: true dest_uuid: "64e6c1f15ef048da98114505bedc722e"
I20260710 13:19:04.270026  6016 raft_consensus.cc:3060] T d74ddda256ad4ae98f52c876d9aef336 P 64e6c1f15ef048da98114505bedc722e [term 1 FOLLOWER]: Advancing to term 2
I20260710 13:19:04.270869  5867 raft_consensus.cc:3060] T f092606b69c347ea968eec3bd380b084 P beeda35892674aa4bc20bee613c34398 [term 0 FOLLOWER]: Advancing to term 1
I20260710 13:19:04.272912  5941 raft_consensus.cc:2468] T d74ddda256ad4ae98f52c876d9aef336 P f3ba7e27509f45e5a84d3c7c771b6501 [term 2 FOLLOWER]: Leader election vote request: Granting yes vote for candidate beeda35892674aa4bc20bee613c34398 in term 2.
I20260710 13:19:04.274143  5832 leader_election.cc:304] T d74ddda256ad4ae98f52c876d9aef336 P beeda35892674aa4bc20bee613c34398 [CANDIDATE]: Term 2 election: Election decided. Result: candidate won. Election summary: received 2 responses out of 3 voters: 2 yes votes; 0 no votes. yes voters: beeda35892674aa4bc20bee613c34398, f3ba7e27509f45e5a84d3c7c771b6501; no voters: 
I20260710 13:19:04.274976  6097 raft_consensus.cc:2804] T d74ddda256ad4ae98f52c876d9aef336 P beeda35892674aa4bc20bee613c34398 [term 2 FOLLOWER]: Leader election won for term 2
I20260710 13:19:04.276713  6016 raft_consensus.cc:2468] T d74ddda256ad4ae98f52c876d9aef336 P 64e6c1f15ef048da98114505bedc722e [term 2 FOLLOWER]: Leader election vote request: Granting yes vote for candidate beeda35892674aa4bc20bee613c34398 in term 2.
I20260710 13:19:04.284575  6097 raft_consensus.cc:697] T d74ddda256ad4ae98f52c876d9aef336 P beeda35892674aa4bc20bee613c34398 [term 2 LEADER]: Becoming Leader. State: Replica: beeda35892674aa4bc20bee613c34398, State: Running, Role: LEADER
I20260710 13:19:04.285429  6097 consensus_queue.cc:237] T d74ddda256ad4ae98f52c876d9aef336 P beeda35892674aa4bc20bee613c34398 [LEADER]: Queue going to LEADER mode. State: All replicated index: 0, Majority replicated index: 1, Committed index: 1, Last appended: 1.1, Last appended by leader: 1, Current term: 2, Majority size: 2, State: 0, Mode: LEADER, active raft config: opid_index: -1 OBSOLETE_local: false peers { permanent_uuid: "f3ba7e27509f45e5a84d3c7c771b6501" member_type: VOTER last_known_addr { host: "127.5.153.2" port: 42417 } } peers { permanent_uuid: "64e6c1f15ef048da98114505bedc722e" member_type: VOTER last_known_addr { host: "127.5.153.3" port: 32937 } } peers { permanent_uuid: "beeda35892674aa4bc20bee613c34398" member_type: VOTER last_known_addr { host: "127.5.153.1" port: 36913 } }
I20260710 13:19:04.293008  6093 raft_consensus.cc:993] T f092606b69c347ea968eec3bd380b084 P f3ba7e27509f45e5a84d3c7c771b6501: : Instructing follower beeda35892674aa4bc20bee613c34398 to start an election
I20260710 13:19:04.293442  6112 raft_consensus.cc:1081] T f092606b69c347ea968eec3bd380b084 P f3ba7e27509f45e5a84d3c7c771b6501 [term 1 LEADER]: Signalling peer beeda35892674aa4bc20bee613c34398 to start an election
I20260710 13:19:04.294955  5867 tablet_service.cc:2044] Received Run Leader Election RPC: tablet_id: "f092606b69c347ea968eec3bd380b084"
dest_uuid: "beeda35892674aa4bc20bee613c34398"
 from {username='slave'} at 127.0.0.1:36920
I20260710 13:19:04.295480  5867 raft_consensus.cc:493] T f092606b69c347ea968eec3bd380b084 P beeda35892674aa4bc20bee613c34398 [term 1 FOLLOWER]: Starting forced leader election (received explicit request)
I20260710 13:19:04.294744  5761 catalog_manager.cc:5697] T d74ddda256ad4ae98f52c876d9aef336 P beeda35892674aa4bc20bee613c34398 reported cstate change: term changed from 1 to 2, leader changed from f3ba7e27509f45e5a84d3c7c771b6501 (127.5.153.2) to beeda35892674aa4bc20bee613c34398 (127.5.153.1). New cstate: current_term: 2 leader_uuid: "beeda35892674aa4bc20bee613c34398" committed_config { opid_index: -1 OBSOLETE_local: false peers { permanent_uuid: "f3ba7e27509f45e5a84d3c7c771b6501" member_type: VOTER last_known_addr { host: "127.5.153.2" port: 42417 } health_report { overall_health: UNKNOWN } } peers { permanent_uuid: "64e6c1f15ef048da98114505bedc722e" member_type: VOTER last_known_addr { host: "127.5.153.3" port: 32937 } health_report { overall_health: UNKNOWN } } peers { permanent_uuid: "beeda35892674aa4bc20bee613c34398" member_type: VOTER last_known_addr { host: "127.5.153.1" port: 36913 } health_report { overall_health: HEALTHY } } }
I20260710 13:19:04.295809  5867 raft_consensus.cc:3060] T f092606b69c347ea968eec3bd380b084 P beeda35892674aa4bc20bee613c34398 [term 1 FOLLOWER]: Advancing to term 2
I20260710 13:19:04.301532  5867 raft_consensus.cc:515] T f092606b69c347ea968eec3bd380b084 P beeda35892674aa4bc20bee613c34398 [term 2 FOLLOWER]: Starting forced leader election with config: opid_index: -1 OBSOLETE_local: false peers { permanent_uuid: "beeda35892674aa4bc20bee613c34398" member_type: VOTER last_known_addr { host: "127.5.153.1" port: 36913 } } peers { permanent_uuid: "f3ba7e27509f45e5a84d3c7c771b6501" member_type: VOTER last_known_addr { host: "127.5.153.2" port: 42417 } } peers { permanent_uuid: "64e6c1f15ef048da98114505bedc722e" member_type: VOTER last_known_addr { host: "127.5.153.3" port: 32937 } }
I20260710 13:19:04.304361  5941 tablet_service.cc:1917] Received RequestConsensusVote() RPC: tablet_id: "f092606b69c347ea968eec3bd380b084" candidate_uuid: "beeda35892674aa4bc20bee613c34398" candidate_term: 2 candidate_status { last_received { term: 1 index: 1 } } ignore_live_leader: true dest_uuid: "f3ba7e27509f45e5a84d3c7c771b6501"
I20260710 13:19:04.303380  5867 leader_election.cc:290] T f092606b69c347ea968eec3bd380b084 P beeda35892674aa4bc20bee613c34398 [CANDIDATE]: Term 2 election: Requested vote from peers f3ba7e27509f45e5a84d3c7c771b6501 (127.5.153.2:42417), 64e6c1f15ef048da98114505bedc722e (127.5.153.3:32937)
I20260710 13:19:04.304986  5941 raft_consensus.cc:3055] T f092606b69c347ea968eec3bd380b084 P f3ba7e27509f45e5a84d3c7c771b6501 [term 1 LEADER]: Stepping down as leader of term 1
I20260710 13:19:04.305318  5941 raft_consensus.cc:740] T f092606b69c347ea968eec3bd380b084 P f3ba7e27509f45e5a84d3c7c771b6501 [term 1 LEADER]: Becoming Follower/Learner. State: Replica: f3ba7e27509f45e5a84d3c7c771b6501, State: Running, Role: LEADER
I20260710 13:19:04.306031  5941 consensus_queue.cc:260] T f092606b69c347ea968eec3bd380b084 P f3ba7e27509f45e5a84d3c7c771b6501 [NON_LEADER]: Queue going to NON_LEADER mode. State: All replicated index: 0, Majority replicated index: 1, Committed index: 1, Last appended: 1.1, Last appended by leader: 1, Current term: 1, Majority size: -1, State: 0, Mode: NON_LEADER, active raft config: opid_index: -1 OBSOLETE_local: false peers { permanent_uuid: "beeda35892674aa4bc20bee613c34398" member_type: VOTER last_known_addr { host: "127.5.153.1" port: 36913 } } peers { permanent_uuid: "f3ba7e27509f45e5a84d3c7c771b6501" member_type: VOTER last_known_addr { host: "127.5.153.2" port: 42417 } } peers { permanent_uuid: "64e6c1f15ef048da98114505bedc722e" member_type: VOTER last_known_addr { host: "127.5.153.3" port: 32937 } }
I20260710 13:19:04.306986  5941 raft_consensus.cc:3060] T f092606b69c347ea968eec3bd380b084 P f3ba7e27509f45e5a84d3c7c771b6501 [term 1 FOLLOWER]: Advancing to term 2
I20260710 13:19:04.310402  6016 tablet_service.cc:1917] Received RequestConsensusVote() RPC: tablet_id: "f092606b69c347ea968eec3bd380b084" candidate_uuid: "beeda35892674aa4bc20bee613c34398" candidate_term: 2 candidate_status { last_received { term: 1 index: 1 } } ignore_live_leader: true dest_uuid: "64e6c1f15ef048da98114505bedc722e"
I20260710 13:19:04.310984  6016 raft_consensus.cc:3060] T f092606b69c347ea968eec3bd380b084 P 64e6c1f15ef048da98114505bedc722e [term 1 FOLLOWER]: Advancing to term 2
I20260710 13:19:04.315526  5941 raft_consensus.cc:2468] T f092606b69c347ea968eec3bd380b084 P f3ba7e27509f45e5a84d3c7c771b6501 [term 2 FOLLOWER]: Leader election vote request: Granting yes vote for candidate beeda35892674aa4bc20bee613c34398 in term 2.
I20260710 13:19:04.317920  5832 leader_election.cc:304] T f092606b69c347ea968eec3bd380b084 P beeda35892674aa4bc20bee613c34398 [CANDIDATE]: Term 2 election: Election decided. Result: candidate won. Election summary: received 2 responses out of 3 voters: 2 yes votes; 0 no votes. yes voters: beeda35892674aa4bc20bee613c34398, f3ba7e27509f45e5a84d3c7c771b6501; no voters: 
I20260710 13:19:04.318871  6097 raft_consensus.cc:2804] T f092606b69c347ea968eec3bd380b084 P beeda35892674aa4bc20bee613c34398 [term 2 FOLLOWER]: Leader election won for term 2
I20260710 13:19:04.319341  6097 raft_consensus.cc:697] T f092606b69c347ea968eec3bd380b084 P beeda35892674aa4bc20bee613c34398 [term 2 LEADER]: Becoming Leader. State: Replica: beeda35892674aa4bc20bee613c34398, State: Running, Role: LEADER
I20260710 13:19:04.320137  6097 consensus_queue.cc:237] T f092606b69c347ea968eec3bd380b084 P beeda35892674aa4bc20bee613c34398 [LEADER]: Queue going to LEADER mode. State: All replicated index: 0, Majority replicated index: 1, Committed index: 1, Last appended: 1.1, Last appended by leader: 1, Current term: 2, Majority size: 2, State: 0, Mode: LEADER, active raft config: opid_index: -1 OBSOLETE_local: false peers { permanent_uuid: "beeda35892674aa4bc20bee613c34398" member_type: VOTER last_known_addr { host: "127.5.153.1" port: 36913 } } peers { permanent_uuid: "f3ba7e27509f45e5a84d3c7c771b6501" member_type: VOTER last_known_addr { host: "127.5.153.2" port: 42417 } } peers { permanent_uuid: "64e6c1f15ef048da98114505bedc722e" member_type: VOTER last_known_addr { host: "127.5.153.3" port: 32937 } }
I20260710 13:19:04.321749  6016 raft_consensus.cc:2468] T f092606b69c347ea968eec3bd380b084 P 64e6c1f15ef048da98114505bedc722e [term 2 FOLLOWER]: Leader election vote request: Granting yes vote for candidate beeda35892674aa4bc20bee613c34398 in term 2.
I20260710 13:19:04.325250  6077 raft_consensus.cc:993] T 1051d100cdb4485a804fc19f2fd96b6f P f3ba7e27509f45e5a84d3c7c771b6501: : Instructing follower beeda35892674aa4bc20bee613c34398 to start an election
I20260710 13:19:04.325690  6112 raft_consensus.cc:1081] T 1051d100cdb4485a804fc19f2fd96b6f P f3ba7e27509f45e5a84d3c7c771b6501 [term 1 LEADER]: Signalling peer beeda35892674aa4bc20bee613c34398 to start an election
I20260710 13:19:04.327731  6077 raft_consensus.cc:993] T 81ecf7c09448458dbcb5deed24d253e0 P f3ba7e27509f45e5a84d3c7c771b6501: : Instructing follower beeda35892674aa4bc20bee613c34398 to start an election
I20260710 13:19:04.327625  5867 tablet_service.cc:2044] Received Run Leader Election RPC: tablet_id: "1051d100cdb4485a804fc19f2fd96b6f"
dest_uuid: "beeda35892674aa4bc20bee613c34398"
 from {username='slave'} at 127.0.0.1:36920
I20260710 13:19:04.328183  6077 raft_consensus.cc:1081] T 81ecf7c09448458dbcb5deed24d253e0 P f3ba7e27509f45e5a84d3c7c771b6501 [term 1 LEADER]: Signalling peer beeda35892674aa4bc20bee613c34398 to start an election
I20260710 13:19:04.328557  5867 raft_consensus.cc:493] T 1051d100cdb4485a804fc19f2fd96b6f P beeda35892674aa4bc20bee613c34398 [term 1 FOLLOWER]: Starting forced leader election (received explicit request)
I20260710 13:19:04.329376  5867 raft_consensus.cc:3060] T 1051d100cdb4485a804fc19f2fd96b6f P beeda35892674aa4bc20bee613c34398 [term 1 FOLLOWER]: Advancing to term 2
I20260710 13:19:04.331391  5866 tablet_service.cc:2044] Received Run Leader Election RPC: tablet_id: "81ecf7c09448458dbcb5deed24d253e0"
dest_uuid: "beeda35892674aa4bc20bee613c34398"
 from {username='slave'} at 127.0.0.1:36920
I20260710 13:19:04.331960  5866 raft_consensus.cc:493] T 81ecf7c09448458dbcb5deed24d253e0 P beeda35892674aa4bc20bee613c34398 [term 1 FOLLOWER]: Starting forced leader election (received explicit request)
I20260710 13:19:04.332348  5866 raft_consensus.cc:3060] T 81ecf7c09448458dbcb5deed24d253e0 P beeda35892674aa4bc20bee613c34398 [term 1 FOLLOWER]: Advancing to term 2
I20260710 13:19:04.333196  6111 raft_consensus.cc:993] T 01881026a7494130beb88b57d9aa3cfb P f3ba7e27509f45e5a84d3c7c771b6501: : Instructing follower 64e6c1f15ef048da98114505bedc722e to start an election
I20260710 13:19:04.333617  6111 raft_consensus.cc:1081] T 01881026a7494130beb88b57d9aa3cfb P f3ba7e27509f45e5a84d3c7c771b6501 [term 1 LEADER]: Signalling peer 64e6c1f15ef048da98114505bedc722e to start an election
I20260710 13:19:04.335171  6015 tablet_service.cc:2044] Received Run Leader Election RPC: tablet_id: "01881026a7494130beb88b57d9aa3cfb"
dest_uuid: "64e6c1f15ef048da98114505bedc722e"
 from {username='slave'} at 127.0.0.1:47156
I20260710 13:19:04.335705  6015 raft_consensus.cc:493] T 01881026a7494130beb88b57d9aa3cfb P 64e6c1f15ef048da98114505bedc722e [term 1 FOLLOWER]: Starting forced leader election (received explicit request)
I20260710 13:19:04.336072  6015 raft_consensus.cc:3060] T 01881026a7494130beb88b57d9aa3cfb P 64e6c1f15ef048da98114505bedc722e [term 1 FOLLOWER]: Advancing to term 2
I20260710 13:19:04.336601  5867 raft_consensus.cc:515] T 1051d100cdb4485a804fc19f2fd96b6f P beeda35892674aa4bc20bee613c34398 [term 2 FOLLOWER]: Starting forced leader election with config: opid_index: -1 OBSOLETE_local: false peers { permanent_uuid: "beeda35892674aa4bc20bee613c34398" member_type: VOTER last_known_addr { host: "127.5.153.1" port: 36913 } } peers { permanent_uuid: "f3ba7e27509f45e5a84d3c7c771b6501" member_type: VOTER last_known_addr { host: "127.5.153.2" port: 42417 } } peers { permanent_uuid: "64e6c1f15ef048da98114505bedc722e" member_type: VOTER last_known_addr { host: "127.5.153.3" port: 32937 } }
I20260710 13:19:04.339089  5867 leader_election.cc:290] T 1051d100cdb4485a804fc19f2fd96b6f P beeda35892674aa4bc20bee613c34398 [CANDIDATE]: Term 2 election: Requested vote from peers f3ba7e27509f45e5a84d3c7c771b6501 (127.5.153.2:42417), 64e6c1f15ef048da98114505bedc722e (127.5.153.3:32937)
