I20260710 13:19:05.790020  6052 tablet_service.cc:2072] Received LeaderStepDown RPC: tablet_id: "8ee2ff49da5a413c83eca9dd461c1471"
dest_uuid: "6e125394c69e4b9f9f2c357acf0d8170"
mode: GRACEFUL
new_leader_uuid: "bac9ad4cd0ec485c8a804329571b7268"
 from {username='slave'} at 127.0.0.1:48640
I20260710 13:19:05.790468  6052 raft_consensus.cc:606] T 8ee2ff49da5a413c83eca9dd461c1471 P 6e125394c69e4b9f9f2c357acf0d8170 [term 3 LEADER]: Received request to transfer leadership to TS bac9ad4cd0ec485c8a804329571b7268
I20260710 13:19:05.812726  6217 raft_consensus.cc:993] T ea5ae17520664d0eb92797931d62c4be P c82c2585a63045a6bea039b9aa057b7a: : Instructing follower bac9ad4cd0ec485c8a804329571b7268 to start an election
I20260710 13:19:05.813138  6190 raft_consensus.cc:1081] T ea5ae17520664d0eb92797931d62c4be P c82c2585a63045a6bea039b9aa057b7a [term 2 LEADER]: Signalling peer bac9ad4cd0ec485c8a804329571b7268 to start an election
I20260710 13:19:05.814656  5981 tablet_service.cc:2044] Received Run Leader Election RPC: tablet_id: "ea5ae17520664d0eb92797931d62c4be"
dest_uuid: "bac9ad4cd0ec485c8a804329571b7268"
 from {username='slave'} at 127.0.0.1:41270
I20260710 13:19:05.815280  5981 raft_consensus.cc:493] T ea5ae17520664d0eb92797931d62c4be P bac9ad4cd0ec485c8a804329571b7268 [term 2 FOLLOWER]: Starting forced leader election (received explicit request)
I20260710 13:19:05.815642  5981 raft_consensus.cc:3060] T ea5ae17520664d0eb92797931d62c4be P bac9ad4cd0ec485c8a804329571b7268 [term 2 FOLLOWER]: Advancing to term 3
I20260710 13:19:05.820943  5981 raft_consensus.cc:515] T ea5ae17520664d0eb92797931d62c4be P bac9ad4cd0ec485c8a804329571b7268 [term 3 FOLLOWER]: Starting forced leader election with config: opid_index: -1 OBSOLETE_local: false peers { permanent_uuid: "c82c2585a63045a6bea039b9aa057b7a" member_type: VOTER last_known_addr { host: "127.5.162.193" port: 42873 } } peers { permanent_uuid: "bac9ad4cd0ec485c8a804329571b7268" member_type: VOTER last_known_addr { host: "127.5.162.194" port: 42139 } } peers { permanent_uuid: "6e125394c69e4b9f9f2c357acf0d8170" member_type: VOTER last_known_addr { host: "127.5.162.195" port: 35441 } }
I20260710 13:19:05.823132  5981 leader_election.cc:290] T ea5ae17520664d0eb92797931d62c4be P bac9ad4cd0ec485c8a804329571b7268 [CANDIDATE]: Term 3 election: Requested vote from peers c82c2585a63045a6bea039b9aa057b7a (127.5.162.193:42873), 6e125394c69e4b9f9f2c357acf0d8170 (127.5.162.195:35441)
I20260710 13:19:05.823359  5904 tablet_service.cc:1917] Received RequestConsensusVote() RPC: tablet_id: "ea5ae17520664d0eb92797931d62c4be" candidate_uuid: "bac9ad4cd0ec485c8a804329571b7268" candidate_term: 3 candidate_status { last_received { term: 2 index: 2 } } ignore_live_leader: true dest_uuid: "c82c2585a63045a6bea039b9aa057b7a"
I20260710 13:19:05.823665  6052 tablet_service.cc:1917] Received RequestConsensusVote() RPC: tablet_id: "ea5ae17520664d0eb92797931d62c4be" candidate_uuid: "bac9ad4cd0ec485c8a804329571b7268" candidate_term: 3 candidate_status { last_received { term: 2 index: 2 } } ignore_live_leader: true dest_uuid: "6e125394c69e4b9f9f2c357acf0d8170"
I20260710 13:19:05.823961  5904 raft_consensus.cc:3055] T ea5ae17520664d0eb92797931d62c4be P c82c2585a63045a6bea039b9aa057b7a [term 2 LEADER]: Stepping down as leader of term 2
I20260710 13:19:05.824316  6052 raft_consensus.cc:3060] T ea5ae17520664d0eb92797931d62c4be P 6e125394c69e4b9f9f2c357acf0d8170 [term 2 FOLLOWER]: Advancing to term 3
I20260710 13:19:05.824333  5904 raft_consensus.cc:740] T ea5ae17520664d0eb92797931d62c4be P c82c2585a63045a6bea039b9aa057b7a [term 2 LEADER]: Becoming Follower/Learner. State: Replica: c82c2585a63045a6bea039b9aa057b7a, State: Running, Role: LEADER
I20260710 13:19:05.825299  5904 consensus_queue.cc:260] T ea5ae17520664d0eb92797931d62c4be P c82c2585a63045a6bea039b9aa057b7a [NON_LEADER]: Queue going to NON_LEADER mode. State: All replicated index: 0, Majority replicated index: 2, Committed index: 2, Last appended: 2.2, Last appended by leader: 2, Current term: 2, Majority size: -1, State: 0, Mode: NON_LEADER, active raft config: opid_index: -1 OBSOLETE_local: false peers { permanent_uuid: "c82c2585a63045a6bea039b9aa057b7a" member_type: VOTER last_known_addr { host: "127.5.162.193" port: 42873 } } peers { permanent_uuid: "bac9ad4cd0ec485c8a804329571b7268" member_type: VOTER last_known_addr { host: "127.5.162.194" port: 42139 } } peers { permanent_uuid: "6e125394c69e4b9f9f2c357acf0d8170" member_type: VOTER last_known_addr { host: "127.5.162.195" port: 35441 } }
I20260710 13:19:05.826305  5904 raft_consensus.cc:3060] T ea5ae17520664d0eb92797931d62c4be P c82c2585a63045a6bea039b9aa057b7a [term 2 FOLLOWER]: Advancing to term 3
I20260710 13:19:05.829253  6052 raft_consensus.cc:2468] T ea5ae17520664d0eb92797931d62c4be P 6e125394c69e4b9f9f2c357acf0d8170 [term 3 FOLLOWER]: Leader election vote request: Granting yes vote for candidate bac9ad4cd0ec485c8a804329571b7268 in term 3.
I20260710 13:19:05.830444  5945 leader_election.cc:304] T ea5ae17520664d0eb92797931d62c4be P bac9ad4cd0ec485c8a804329571b7268 [CANDIDATE]: Term 3 election: Election decided. Result: candidate won. Election summary: received 2 responses out of 3 voters: 2 yes votes; 0 no votes. yes voters: 6e125394c69e4b9f9f2c357acf0d8170, bac9ad4cd0ec485c8a804329571b7268; no voters: 
I20260710 13:19:05.831209  6205 raft_consensus.cc:2804] T ea5ae17520664d0eb92797931d62c4be P bac9ad4cd0ec485c8a804329571b7268 [term 3 FOLLOWER]: Leader election won for term 3
I20260710 13:19:05.831223  5904 raft_consensus.cc:2468] T ea5ae17520664d0eb92797931d62c4be P c82c2585a63045a6bea039b9aa057b7a [term 3 FOLLOWER]: Leader election vote request: Granting yes vote for candidate bac9ad4cd0ec485c8a804329571b7268 in term 3.
I20260710 13:19:05.832417  6205 raft_consensus.cc:697] T ea5ae17520664d0eb92797931d62c4be P bac9ad4cd0ec485c8a804329571b7268 [term 3 LEADER]: Becoming Leader. State: Replica: bac9ad4cd0ec485c8a804329571b7268, State: Running, Role: LEADER
I20260710 13:19:05.833174  6205 consensus_queue.cc:237] T ea5ae17520664d0eb92797931d62c4be P bac9ad4cd0ec485c8a804329571b7268 [LEADER]: Queue going to LEADER mode. State: All replicated index: 0, Majority replicated index: 2, Committed index: 2, Last appended: 2.2, Last appended by leader: 2, Current term: 3, Majority size: 2, State: 0, Mode: LEADER, active raft config: opid_index: -1 OBSOLETE_local: false peers { permanent_uuid: "c82c2585a63045a6bea039b9aa057b7a" member_type: VOTER last_known_addr { host: "127.5.162.193" port: 42873 } } peers { permanent_uuid: "bac9ad4cd0ec485c8a804329571b7268" member_type: VOTER last_known_addr { host: "127.5.162.194" port: 42139 } } peers { permanent_uuid: "6e125394c69e4b9f9f2c357acf0d8170" member_type: VOTER last_known_addr { host: "127.5.162.195" port: 35441 } }
I20260710 13:19:05.839134  5801 catalog_manager.cc:5697] T ea5ae17520664d0eb92797931d62c4be P bac9ad4cd0ec485c8a804329571b7268 reported cstate change: term changed from 2 to 3, leader changed from c82c2585a63045a6bea039b9aa057b7a (127.5.162.193) to bac9ad4cd0ec485c8a804329571b7268 (127.5.162.194). New cstate: current_term: 3 leader_uuid: "bac9ad4cd0ec485c8a804329571b7268" committed_config { opid_index: -1 OBSOLETE_local: false peers { permanent_uuid: "c82c2585a63045a6bea039b9aa057b7a" member_type: VOTER last_known_addr { host: "127.5.162.193" port: 42873 } health_report { overall_health: UNKNOWN } } peers { permanent_uuid: "bac9ad4cd0ec485c8a804329571b7268" member_type: VOTER last_known_addr { host: "127.5.162.194" port: 42139 } health_report { overall_health: HEALTHY } } peers { permanent_uuid: "6e125394c69e4b9f9f2c357acf0d8170" member_type: VOTER last_known_addr { host: "127.5.162.195" port: 35441 } health_report { overall_health: UNKNOWN } } }
I20260710 13:19:05.895177  6199 raft_consensus.cc:993] T 4706aa3a16e94907a40aa3205270ab2e P 6e125394c69e4b9f9f2c357acf0d8170: : Instructing follower bac9ad4cd0ec485c8a804329571b7268 to start an election
I20260710 13:19:05.895639  6192 raft_consensus.cc:1081] T 4706aa3a16e94907a40aa3205270ab2e P 6e125394c69e4b9f9f2c357acf0d8170 [term 2 LEADER]: Signalling peer bac9ad4cd0ec485c8a804329571b7268 to start an election
I20260710 13:19:05.897083  5980 tablet_service.cc:2044] Received Run Leader Election RPC: tablet_id: "4706aa3a16e94907a40aa3205270ab2e"
dest_uuid: "bac9ad4cd0ec485c8a804329571b7268"
 from {username='slave'} at 127.0.0.1:41258
I20260710 13:19:05.897555  5980 raft_consensus.cc:493] T 4706aa3a16e94907a40aa3205270ab2e P bac9ad4cd0ec485c8a804329571b7268 [term 2 FOLLOWER]: Starting forced leader election (received explicit request)
I20260710 13:19:05.897866  5980 raft_consensus.cc:3060] T 4706aa3a16e94907a40aa3205270ab2e P bac9ad4cd0ec485c8a804329571b7268 [term 2 FOLLOWER]: Advancing to term 3
I20260710 13:19:05.902477  5980 raft_consensus.cc:515] T 4706aa3a16e94907a40aa3205270ab2e P bac9ad4cd0ec485c8a804329571b7268 [term 3 FOLLOWER]: Starting forced leader election with config: opid_index: -1 OBSOLETE_local: false peers { permanent_uuid: "c82c2585a63045a6bea039b9aa057b7a" member_type: VOTER last_known_addr { host: "127.5.162.193" port: 42873 } } peers { permanent_uuid: "bac9ad4cd0ec485c8a804329571b7268" member_type: VOTER last_known_addr { host: "127.5.162.194" port: 42139 } } peers { permanent_uuid: "6e125394c69e4b9f9f2c357acf0d8170" member_type: VOTER last_known_addr { host: "127.5.162.195" port: 35441 } }
I20260710 13:19:05.904099  5980 leader_election.cc:290] T 4706aa3a16e94907a40aa3205270ab2e P bac9ad4cd0ec485c8a804329571b7268 [CANDIDATE]: Term 3 election: Requested vote from peers c82c2585a63045a6bea039b9aa057b7a (127.5.162.193:42873), 6e125394c69e4b9f9f2c357acf0d8170 (127.5.162.195:35441)
I20260710 13:19:05.904987  5904 tablet_service.cc:1917] Received RequestConsensusVote() RPC: tablet_id: "4706aa3a16e94907a40aa3205270ab2e" candidate_uuid: "bac9ad4cd0ec485c8a804329571b7268" candidate_term: 3 candidate_status { last_received { term: 2 index: 2 } } ignore_live_leader: true dest_uuid: "c82c2585a63045a6bea039b9aa057b7a"
I20260710 13:19:05.905112  6052 tablet_service.cc:1917] Received RequestConsensusVote() RPC: tablet_id: "4706aa3a16e94907a40aa3205270ab2e" candidate_uuid: "bac9ad4cd0ec485c8a804329571b7268" candidate_term: 3 candidate_status { last_received { term: 2 index: 2 } } ignore_live_leader: true dest_uuid: "6e125394c69e4b9f9f2c357acf0d8170"
I20260710 13:19:05.905553  5904 raft_consensus.cc:3060] T 4706aa3a16e94907a40aa3205270ab2e P c82c2585a63045a6bea039b9aa057b7a [term 2 FOLLOWER]: Advancing to term 3
I20260710 13:19:05.905700  6052 raft_consensus.cc:3055] T 4706aa3a16e94907a40aa3205270ab2e P 6e125394c69e4b9f9f2c357acf0d8170 [term 2 LEADER]: Stepping down as leader of term 2
I20260710 13:19:05.906024  6052 raft_consensus.cc:740] T 4706aa3a16e94907a40aa3205270ab2e P 6e125394c69e4b9f9f2c357acf0d8170 [term 2 LEADER]: Becoming Follower/Learner. State: Replica: 6e125394c69e4b9f9f2c357acf0d8170, State: Running, Role: LEADER
I20260710 13:19:05.906685  6052 consensus_queue.cc:260] T 4706aa3a16e94907a40aa3205270ab2e P 6e125394c69e4b9f9f2c357acf0d8170 [NON_LEADER]: Queue going to NON_LEADER mode. State: All replicated index: 0, Majority replicated index: 2, Committed index: 2, Last appended: 2.2, Last appended by leader: 2, Current term: 2, Majority size: -1, State: 0, Mode: NON_LEADER, active raft config: opid_index: -1 OBSOLETE_local: false peers { permanent_uuid: "c82c2585a63045a6bea039b9aa057b7a" member_type: VOTER last_known_addr { host: "127.5.162.193" port: 42873 } } peers { permanent_uuid: "bac9ad4cd0ec485c8a804329571b7268" member_type: VOTER last_known_addr { host: "127.5.162.194" port: 42139 } } peers { permanent_uuid: "6e125394c69e4b9f9f2c357acf0d8170" member_type: VOTER last_known_addr { host: "127.5.162.195" port: 35441 } }
I20260710 13:19:05.907513  6052 raft_consensus.cc:3060] T 4706aa3a16e94907a40aa3205270ab2e P 6e125394c69e4b9f9f2c357acf0d8170 [term 2 FOLLOWER]: Advancing to term 3
I20260710 13:19:05.909981  5904 raft_consensus.cc:2468] T 4706aa3a16e94907a40aa3205270ab2e P c82c2585a63045a6bea039b9aa057b7a [term 3 FOLLOWER]: Leader election vote request: Granting yes vote for candidate bac9ad4cd0ec485c8a804329571b7268 in term 3.
I20260710 13:19:05.910980  5947 leader_election.cc:304] T 4706aa3a16e94907a40aa3205270ab2e P bac9ad4cd0ec485c8a804329571b7268 [CANDIDATE]: Term 3 election: Election decided. Result: candidate won. Election summary: received 2 responses out of 3 voters: 2 yes votes; 0 no votes. yes voters: bac9ad4cd0ec485c8a804329571b7268, c82c2585a63045a6bea039b9aa057b7a; no voters: 
I20260710 13:19:05.911765  6205 raft_consensus.cc:2804] T 4706aa3a16e94907a40aa3205270ab2e P bac9ad4cd0ec485c8a804329571b7268 [term 3 FOLLOWER]: Leader election won for term 3
I20260710 13:19:05.911823  6052 raft_consensus.cc:2468] T 4706aa3a16e94907a40aa3205270ab2e P 6e125394c69e4b9f9f2c357acf0d8170 [term 3 FOLLOWER]: Leader election vote request: Granting yes vote for candidate bac9ad4cd0ec485c8a804329571b7268 in term 3.
I20260710 13:19:05.912343  6205 raft_consensus.cc:697] T 4706aa3a16e94907a40aa3205270ab2e P bac9ad4cd0ec485c8a804329571b7268 [term 3 LEADER]: Becoming Leader. State: Replica: bac9ad4cd0ec485c8a804329571b7268, State: Running, Role: LEADER
I20260710 13:19:05.913147  6205 consensus_queue.cc:237] T 4706aa3a16e94907a40aa3205270ab2e P bac9ad4cd0ec485c8a804329571b7268 [LEADER]: Queue going to LEADER mode. State: All replicated index: 0, Majority replicated index: 2, Committed index: 2, Last appended: 2.2, Last appended by leader: 2, Current term: 3, Majority size: 2, State: 0, Mode: LEADER, active raft config: opid_index: -1 OBSOLETE_local: false peers { permanent_uuid: "c82c2585a63045a6bea039b9aa057b7a" member_type: VOTER last_known_addr { host: "127.5.162.193" port: 42873 } } peers { permanent_uuid: "bac9ad4cd0ec485c8a804329571b7268" member_type: VOTER last_known_addr { host: "127.5.162.194" port: 42139 } } peers { permanent_uuid: "6e125394c69e4b9f9f2c357acf0d8170" member_type: VOTER last_known_addr { host: "127.5.162.195" port: 35441 } }
I20260710 13:19:05.919517  5801 catalog_manager.cc:5697] T 4706aa3a16e94907a40aa3205270ab2e P bac9ad4cd0ec485c8a804329571b7268 reported cstate change: term changed from 2 to 3, leader changed from 6e125394c69e4b9f9f2c357acf0d8170 (127.5.162.195) to bac9ad4cd0ec485c8a804329571b7268 (127.5.162.194). New cstate: current_term: 3 leader_uuid: "bac9ad4cd0ec485c8a804329571b7268" committed_config { opid_index: -1 OBSOLETE_local: false peers { permanent_uuid: "c82c2585a63045a6bea039b9aa057b7a" member_type: VOTER last_known_addr { host: "127.5.162.193" port: 42873 } health_report { overall_health: UNKNOWN } } peers { permanent_uuid: "bac9ad4cd0ec485c8a804329571b7268" member_type: VOTER last_known_addr { host: "127.5.162.194" port: 42139 } health_report { overall_health: HEALTHY } } peers { permanent_uuid: "6e125394c69e4b9f9f2c357acf0d8170" member_type: VOTER last_known_addr { host: "127.5.162.195" port: 35441 } health_report { overall_health: UNKNOWN } } }
I20260710 13:19:05.920432  6217 raft_consensus.cc:993] T fe9c11fff388458c8ac0b606db03bf80 P c82c2585a63045a6bea039b9aa057b7a: : Instructing follower bac9ad4cd0ec485c8a804329571b7268 to start an election
I20260710 13:19:05.920902  6190 raft_consensus.cc:1081] T fe9c11fff388458c8ac0b606db03bf80 P c82c2585a63045a6bea039b9aa057b7a [term 2 LEADER]: Signalling peer bac9ad4cd0ec485c8a804329571b7268 to start an election
I20260710 13:19:05.922509  5980 tablet_service.cc:2044] Received Run Leader Election RPC: tablet_id: "fe9c11fff388458c8ac0b606db03bf80"
dest_uuid: "bac9ad4cd0ec485c8a804329571b7268"
 from {username='slave'} at 127.0.0.1:41270
I20260710 13:19:05.923101  5980 raft_consensus.cc:493] T fe9c11fff388458c8ac0b606db03bf80 P bac9ad4cd0ec485c8a804329571b7268 [term 2 FOLLOWER]: Starting forced leader election (received explicit request)
I20260710 13:19:05.923487  5980 raft_consensus.cc:3060] T fe9c11fff388458c8ac0b606db03bf80 P bac9ad4cd0ec485c8a804329571b7268 [term 2 FOLLOWER]: Advancing to term 3
I20260710 13:19:05.928795  5980 raft_consensus.cc:515] T fe9c11fff388458c8ac0b606db03bf80 P bac9ad4cd0ec485c8a804329571b7268 [term 3 FOLLOWER]: Starting forced leader election with config: opid_index: -1 OBSOLETE_local: false peers { permanent_uuid: "c82c2585a63045a6bea039b9aa057b7a" member_type: VOTER last_known_addr { host: "127.5.162.193" port: 42873 } } peers { permanent_uuid: "bac9ad4cd0ec485c8a804329571b7268" member_type: VOTER last_known_addr { host: "127.5.162.194" port: 42139 } } peers { permanent_uuid: "6e125394c69e4b9f9f2c357acf0d8170" member_type: VOTER last_known_addr { host: "127.5.162.195" port: 35441 } }
I20260710 13:19:05.930459  5980 leader_election.cc:290] T fe9c11fff388458c8ac0b606db03bf80 P bac9ad4cd0ec485c8a804329571b7268 [CANDIDATE]: Term 3 election: Requested vote from peers c82c2585a63045a6bea039b9aa057b7a (127.5.162.193:42873), 6e125394c69e4b9f9f2c357acf0d8170 (127.5.162.195:35441)
I20260710 13:19:05.931185  5904 tablet_service.cc:1917] Received RequestConsensusVote() RPC: tablet_id: "fe9c11fff388458c8ac0b606db03bf80" candidate_uuid: "bac9ad4cd0ec485c8a804329571b7268" candidate_term: 3 candidate_status { last_received { term: 2 index: 2 } } ignore_live_leader: true dest_uuid: "c82c2585a63045a6bea039b9aa057b7a"
I20260710 13:19:05.931411  6052 tablet_service.cc:1917] Received RequestConsensusVote() RPC: tablet_id: "fe9c11fff388458c8ac0b606db03bf80" candidate_uuid: "bac9ad4cd0ec485c8a804329571b7268" candidate_term: 3 candidate_status { last_received { term: 2 index: 2 } } ignore_live_leader: true dest_uuid: "6e125394c69e4b9f9f2c357acf0d8170"
I20260710 13:19:05.931743  5904 raft_consensus.cc:3055] T fe9c11fff388458c8ac0b606db03bf80 P c82c2585a63045a6bea039b9aa057b7a [term 2 LEADER]: Stepping down as leader of term 2
I20260710 13:19:05.931952  6052 raft_consensus.cc:3060] T fe9c11fff388458c8ac0b606db03bf80 P 6e125394c69e4b9f9f2c357acf0d8170 [term 2 FOLLOWER]: Advancing to term 3
I20260710 13:19:05.932075  5904 raft_consensus.cc:740] T fe9c11fff388458c8ac0b606db03bf80 P c82c2585a63045a6bea039b9aa057b7a [term 2 LEADER]: Becoming Follower/Learner. State: Replica: c82c2585a63045a6bea039b9aa057b7a, State: Running, Role: LEADER
I20260710 13:19:05.932871  5904 consensus_queue.cc:260] T fe9c11fff388458c8ac0b606db03bf80 P c82c2585a63045a6bea039b9aa057b7a [NON_LEADER]: Queue going to NON_LEADER mode. State: All replicated index: 0, Majority replicated index: 2, Committed index: 2, Last appended: 2.2, Last appended by leader: 2, Current term: 2, Majority size: -1, State: 0, Mode: NON_LEADER, active raft config: opid_index: -1 OBSOLETE_local: false peers { permanent_uuid: "c82c2585a63045a6bea039b9aa057b7a" member_type: VOTER last_known_addr { host: "127.5.162.193" port: 42873 } } peers { permanent_uuid: "bac9ad4cd0ec485c8a804329571b7268" member_type: VOTER last_known_addr { host: "127.5.162.194" port: 42139 } } peers { permanent_uuid: "6e125394c69e4b9f9f2c357acf0d8170" member_type: VOTER last_known_addr { host: "127.5.162.195" port: 35441 } }
I20260710 13:19:05.933694  5904 raft_consensus.cc:3060] T fe9c11fff388458c8ac0b606db03bf80 P c82c2585a63045a6bea039b9aa057b7a [term 2 FOLLOWER]: Advancing to term 3
I20260710 13:19:05.936838  6052 raft_consensus.cc:2468] T fe9c11fff388458c8ac0b606db03bf80 P 6e125394c69e4b9f9f2c357acf0d8170 [term 3 FOLLOWER]: Leader election vote request: Granting yes vote for candidate bac9ad4cd0ec485c8a804329571b7268 in term 3.
I20260710 13:19:05.937592  5904 raft_consensus.cc:2468] T fe9c11fff388458c8ac0b606db03bf80 P c82c2585a63045a6bea039b9aa057b7a [term 3 FOLLOWER]: Leader election vote request: Granting yes vote for candidate bac9ad4cd0ec485c8a804329571b7268 in term 3.
I20260710 13:19:05.937951  5945 leader_election.cc:304] T fe9c11fff388458c8ac0b606db03bf80 P bac9ad4cd0ec485c8a804329571b7268 [CANDIDATE]: Term 3 election: Election decided. Result: candidate won. Election summary: received 2 responses out of 3 voters: 2 yes votes; 0 no votes. yes voters: 6e125394c69e4b9f9f2c357acf0d8170, bac9ad4cd0ec485c8a804329571b7268; no voters: 
I20260710 13:19:05.938786  6205 raft_consensus.cc:2804] T fe9c11fff388458c8ac0b606db03bf80 P bac9ad4cd0ec485c8a804329571b7268 [term 3 FOLLOWER]: Leader election won for term 3
I20260710 13:19:05.939181  6205 raft_consensus.cc:697] T fe9c11fff388458c8ac0b606db03bf80 P bac9ad4cd0ec485c8a804329571b7268 [term 3 LEADER]: Becoming Leader. State: Replica: bac9ad4cd0ec485c8a804329571b7268, State: Running, Role: LEADER
I20260710 13:19:05.939802  6205 consensus_queue.cc:237] T fe9c11fff388458c8ac0b606db03bf80 P bac9ad4cd0ec485c8a804329571b7268 [LEADER]: Queue going to LEADER mode. State: All replicated index: 0, Majority replicated index: 2, Committed index: 2, Last appended: 2.2, Last appended by leader: 2, Current term: 3, Majority size: 2, State: 0, Mode: LEADER, active raft config: opid_index: -1 OBSOLETE_local: false peers { permanent_uuid: "c82c2585a63045a6bea039b9aa057b7a" member_type: VOTER last_known_addr { host: "127.5.162.193" port: 42873 } } peers { permanent_uuid: "bac9ad4cd0ec485c8a804329571b7268" member_type: VOTER last_known_addr { host: "127.5.162.194" port: 42139 } } peers { permanent_uuid: "6e125394c69e4b9f9f2c357acf0d8170" member_type: VOTER last_known_addr { host: "127.5.162.195" port: 35441 } }
I20260710 13:19:05.945310  6217 raft_consensus.cc:993] T 050c4cf6e3e8444cbc8c8d144a6d1cad P c82c2585a63045a6bea039b9aa057b7a: : Instructing follower bac9ad4cd0ec485c8a804329571b7268 to start an election
I20260710 13:19:05.945915  6190 raft_consensus.cc:1081] T 050c4cf6e3e8444cbc8c8d144a6d1cad P c82c2585a63045a6bea039b9aa057b7a [term 2 LEADER]: Signalling peer bac9ad4cd0ec485c8a804329571b7268 to start an election
I20260710 13:19:05.947407  5980 tablet_service.cc:2044] Received Run Leader Election RPC: tablet_id: "050c4cf6e3e8444cbc8c8d144a6d1cad"
dest_uuid: "bac9ad4cd0ec485c8a804329571b7268"
 from {username='slave'} at 127.0.0.1:41270
I20260710 13:19:05.947974  5980 raft_consensus.cc:493] T 050c4cf6e3e8444cbc8c8d144a6d1cad P bac9ad4cd0ec485c8a804329571b7268 [term 2 FOLLOWER]: Starting forced leader election (received explicit request)
I20260710 13:19:05.947345  5801 catalog_manager.cc:5697] T fe9c11fff388458c8ac0b606db03bf80 P bac9ad4cd0ec485c8a804329571b7268 reported cstate change: term changed from 2 to 3, leader changed from c82c2585a63045a6bea039b9aa057b7a (127.5.162.193) to bac9ad4cd0ec485c8a804329571b7268 (127.5.162.194). New cstate: current_term: 3 leader_uuid: "bac9ad4cd0ec485c8a804329571b7268" committed_config { opid_index: -1 OBSOLETE_local: false peers { permanent_uuid: "c82c2585a63045a6bea039b9aa057b7a" member_type: VOTER last_known_addr { host: "127.5.162.193" port: 42873 } health_report { overall_health: UNKNOWN } } peers { permanent_uuid: "bac9ad4cd0ec485c8a804329571b7268" member_type: VOTER last_known_addr { host: "127.5.162.194" port: 42139 } health_report { overall_health: HEALTHY } } peers { permanent_uuid: "6e125394c69e4b9f9f2c357acf0d8170" member_type: VOTER last_known_addr { host: "127.5.162.195" port: 35441 } health_report { overall_health: UNKNOWN } } }
I20260710 13:19:05.948311  5980 raft_consensus.cc:3060] T 050c4cf6e3e8444cbc8c8d144a6d1cad P bac9ad4cd0ec485c8a804329571b7268 [term 2 FOLLOWER]: Advancing to term 3
I20260710 13:19:05.952792  5980 raft_consensus.cc:515] T 050c4cf6e3e8444cbc8c8d144a6d1cad P bac9ad4cd0ec485c8a804329571b7268 [term 3 FOLLOWER]: Starting forced leader election with config: opid_index: -1 OBSOLETE_local: false peers { permanent_uuid: "c82c2585a63045a6bea039b9aa057b7a" member_type: VOTER last_known_addr { host: "127.5.162.193" port: 42873 } } peers { permanent_uuid: "6e125394c69e4b9f9f2c357acf0d8170" member_type: VOTER last_known_addr { host: "127.5.162.195" port: 35441 } } peers { permanent_uuid: "bac9ad4cd0ec485c8a804329571b7268" member_type: VOTER last_known_addr { host: "127.5.162.194" port: 42139 } }
I20260710 13:19:05.954706  5980 leader_election.cc:290] T 050c4cf6e3e8444cbc8c8d144a6d1cad P bac9ad4cd0ec485c8a804329571b7268 [CANDIDATE]: Term 3 election: Requested vote from peers c82c2585a63045a6bea039b9aa057b7a (127.5.162.193:42873), 6e125394c69e4b9f9f2c357acf0d8170 (127.5.162.195:35441)
I20260710 13:19:05.955513  5904 tablet_service.cc:1917] Received RequestConsensusVote() RPC: tablet_id: "050c4cf6e3e8444cbc8c8d144a6d1cad" candidate_uuid: "bac9ad4cd0ec485c8a804329571b7268" candidate_term: 3 candidate_status { last_received { term: 2 index: 2 } } ignore_live_leader: true dest_uuid: "c82c2585a63045a6bea039b9aa057b7a"
I20260710 13:19:05.955686  6052 tablet_service.cc:1917] Received RequestConsensusVote() RPC: tablet_id: "050c4cf6e3e8444cbc8c8d144a6d1cad" candidate_uuid: "bac9ad4cd0ec485c8a804329571b7268" candidate_term: 3 candidate_status { last_received { term: 2 index: 2 } } ignore_live_leader: true dest_uuid: "6e125394c69e4b9f9f2c357acf0d8170"
I20260710 13:19:05.956100  5904 raft_consensus.cc:3055] T 050c4cf6e3e8444cbc8c8d144a6d1cad P c82c2585a63045a6bea039b9aa057b7a [term 2 LEADER]: Stepping down as leader of term 2
I20260710 13:19:05.956143  6052 raft_consensus.cc:3060] T 050c4cf6e3e8444cbc8c8d144a6d1cad P 6e125394c69e4b9f9f2c357acf0d8170 [term 2 FOLLOWER]: Advancing to term 3
I20260710 13:19:05.956449  5904 raft_consensus.cc:740] T 050c4cf6e3e8444cbc8c8d144a6d1cad P c82c2585a63045a6bea039b9aa057b7a [term 2 LEADER]: Becoming Follower/Learner. State: Replica: c82c2585a63045a6bea039b9aa057b7a, State: Running, Role: LEADER
I20260710 13:19:05.957140  5904 consensus_queue.cc:260] T 050c4cf6e3e8444cbc8c8d144a6d1cad P c82c2585a63045a6bea039b9aa057b7a [NON_LEADER]: Queue going to NON_LEADER mode. State: All replicated index: 0, Majority replicated index: 2, Committed index: 2, Last appended: 2.2, Last appended by leader: 2, Current term: 2, Majority size: -1, State: 0, Mode: NON_LEADER, active raft config: opid_index: -1 OBSOLETE_local: false peers { permanent_uuid: "c82c2585a63045a6bea039b9aa057b7a" member_type: VOTER last_known_addr { host: "127.5.162.193" port: 42873 } } peers { permanent_uuid: "6e125394c69e4b9f9f2c357acf0d8170" member_type: VOTER last_known_addr { host: "127.5.162.195" port: 35441 } } peers { permanent_uuid: "bac9ad4cd0ec485c8a804329571b7268" member_type: VOTER last_known_addr { host: "127.5.162.194" port: 42139 } }
I20260710 13:19:05.957929  5904 raft_consensus.cc:3060] T 050c4cf6e3e8444cbc8c8d144a6d1cad P c82c2585a63045a6bea039b9aa057b7a [term 2 FOLLOWER]: Advancing to term 3
I20260710 13:19:05.960295  6052 raft_consensus.cc:2468] T 050c4cf6e3e8444cbc8c8d144a6d1cad P 6e125394c69e4b9f9f2c357acf0d8170 [term 3 FOLLOWER]: Leader election vote request: Granting yes vote for candidate bac9ad4cd0ec485c8a804329571b7268 in term 3.
I20260710 13:19:05.961233  5945 leader_election.cc:304] T 050c4cf6e3e8444cbc8c8d144a6d1cad P bac9ad4cd0ec485c8a804329571b7268 [CANDIDATE]: Term 3 election: Election decided. Result: candidate won. Election summary: received 2 responses out of 3 voters: 2 yes votes; 0 no votes. yes voters: 6e125394c69e4b9f9f2c357acf0d8170, bac9ad4cd0ec485c8a804329571b7268; no voters: 
I20260710 13:19:05.961910  6205 raft_consensus.cc:2804] T 050c4cf6e3e8444cbc8c8d144a6d1cad P bac9ad4cd0ec485c8a804329571b7268 [term 3 FOLLOWER]: Leader election won for term 3
I20260710 13:19:05.961921  5904 raft_consensus.cc:2468] T 050c4cf6e3e8444cbc8c8d144a6d1cad P c82c2585a63045a6bea039b9aa057b7a [term 3 FOLLOWER]: Leader election vote request: Granting yes vote for candidate bac9ad4cd0ec485c8a804329571b7268 in term 3.
I20260710 13:19:05.962423  6205 raft_consensus.cc:697] T 050c4cf6e3e8444cbc8c8d144a6d1cad P bac9ad4cd0ec485c8a804329571b7268 [term 3 LEADER]: Becoming Leader. State: Replica: bac9ad4cd0ec485c8a804329571b7268, State: Running, Role: LEADER
I20260710 13:19:05.963362  6205 consensus_queue.cc:237] T 050c4cf6e3e8444cbc8c8d144a6d1cad P bac9ad4cd0ec485c8a804329571b7268 [LEADER]: Queue going to LEADER mode. State: All replicated index: 0, Majority replicated index: 2, Committed index: 2, Last appended: 2.2, Last appended by leader: 2, Current term: 3, Majority size: 2, State: 0, Mode: LEADER, active raft config: opid_index: -1 OBSOLETE_local: false peers { permanent_uuid: "c82c2585a63045a6bea039b9aa057b7a" member_type: VOTER last_known_addr { host: "127.5.162.193" port: 42873 } } peers { permanent_uuid: "6e125394c69e4b9f9f2c357acf0d8170" member_type: VOTER last_known_addr { host: "127.5.162.195" port: 35441 } } peers { permanent_uuid: "bac9ad4cd0ec485c8a804329571b7268" member_type: VOTER last_known_addr { host: "127.5.162.194" port: 42139 } }
I20260710 13:19:05.969745  5801 catalog_manager.cc:5697] T 050c4cf6e3e8444cbc8c8d144a6d1cad P bac9ad4cd0ec485c8a804329571b7268 reported cstate change: term changed from 2 to 3, leader changed from c82c2585a63045a6bea039b9aa057b7a (127.5.162.193) to bac9ad4cd0ec485c8a804329571b7268 (127.5.162.194). New cstate: current_term: 3 leader_uuid: "bac9ad4cd0ec485c8a804329571b7268" committed_config { opid_index: -1 OBSOLETE_local: false peers { permanent_uuid: "c82c2585a63045a6bea039b9aa057b7a" member_type: VOTER last_known_addr { host: "127.5.162.193" port: 42873 } health_report { overall_health: UNKNOWN } } peers { permanent_uuid: "6e125394c69e4b9f9f2c357acf0d8170" member_type: VOTER last_known_addr { host: "127.5.162.195" port: 35441 } health_report { overall_health: UNKNOWN } } peers { permanent_uuid: "bac9ad4cd0ec485c8a804329571b7268" member_type: VOTER last_known_addr { host: "127.5.162.194" port: 42139 } health_report { overall_health: HEALTHY } } }
I20260710 13:19:06.220749  5904 raft_consensus.cc:1275] T ea5ae17520664d0eb92797931d62c4be P c82c2585a63045a6bea039b9aa057b7a [term 3 FOLLOWER]: Refusing update from remote peer bac9ad4cd0ec485c8a804329571b7268: Log matching property violated. Preceding OpId in replica: term: 2 index: 2. Preceding OpId from leader: term: 3 index: 3. (index mismatch)
I20260710 13:19:06.220888  6052 raft_consensus.cc:1275] T ea5ae17520664d0eb92797931d62c4be P 6e125394c69e4b9f9f2c357acf0d8170 [term 3 FOLLOWER]: Refusing update from remote peer bac9ad4cd0ec485c8a804329571b7268: Log matching property violated. Preceding OpId in replica: term: 2 index: 2. Preceding OpId from leader: term: 3 index: 3. (index mismatch)
I20260710 13:19:06.222012  6218 consensus_queue.cc:1048] T ea5ae17520664d0eb92797931d62c4be P bac9ad4cd0ec485c8a804329571b7268 [LEADER]: Connected to new peer: Peer: permanent_uuid: "c82c2585a63045a6bea039b9aa057b7a" member_type: VOTER last_known_addr { host: "127.5.162.193" port: 42873 }, Status: LMP_MISMATCH, Last received: 0.0, Next index: 3, Last known committed idx: 2, Time since last communication: 0.000s
I20260710 13:19:06.222642  6205 consensus_queue.cc:1048] T ea5ae17520664d0eb92797931d62c4be P bac9ad4cd0ec485c8a804329571b7268 [LEADER]: Connected to new peer: Peer: permanent_uuid: "6e125394c69e4b9f9f2c357acf0d8170" member_type: VOTER last_known_addr { host: "127.5.162.195" port: 35441 }, Status: LMP_MISMATCH, Last received: 0.0, Next index: 3, Last known committed idx: 2, Time since last communication: 0.000s
I20260710 13:19:06.309887  6199 raft_consensus.cc:993] T 8ee2ff49da5a413c83eca9dd461c1471 P 6e125394c69e4b9f9f2c357acf0d8170: : Instructing follower bac9ad4cd0ec485c8a804329571b7268 to start an election
I20260710 13:19:06.310341  6228 raft_consensus.cc:1081] T 8ee2ff49da5a413c83eca9dd461c1471 P 6e125394c69e4b9f9f2c357acf0d8170 [term 3 LEADER]: Signalling peer bac9ad4cd0ec485c8a804329571b7268 to start an election
I20260710 13:19:06.311911  5980 tablet_service.cc:2044] Received Run Leader Election RPC: tablet_id: "8ee2ff49da5a413c83eca9dd461c1471"
dest_uuid: "bac9ad4cd0ec485c8a804329571b7268"
 from {username='slave'} at 127.0.0.1:41258
I20260710 13:19:06.312515  5980 raft_consensus.cc:493] T 8ee2ff49da5a413c83eca9dd461c1471 P bac9ad4cd0ec485c8a804329571b7268 [term 3 FOLLOWER]: Starting forced leader election (received explicit request)
I20260710 13:19:06.312907  5980 raft_consensus.cc:3060] T 8ee2ff49da5a413c83eca9dd461c1471 P bac9ad4cd0ec485c8a804329571b7268 [term 3 FOLLOWER]: Advancing to term 4
I20260710 13:19:06.317610  5980 raft_consensus.cc:515] T 8ee2ff49da5a413c83eca9dd461c1471 P bac9ad4cd0ec485c8a804329571b7268 [term 4 FOLLOWER]: Starting forced leader election with config: opid_index: -1 OBSOLETE_local: false peers { permanent_uuid: "c82c2585a63045a6bea039b9aa057b7a" member_type: VOTER last_known_addr { host: "127.5.162.193" port: 42873 } } peers { permanent_uuid: "bac9ad4cd0ec485c8a804329571b7268" member_type: VOTER last_known_addr { host: "127.5.162.194" port: 42139 } } peers { permanent_uuid: "6e125394c69e4b9f9f2c357acf0d8170" member_type: VOTER last_known_addr { host: "127.5.162.195" port: 35441 } }
I20260710 13:19:06.319226  5980 leader_election.cc:290] T 8ee2ff49da5a413c83eca9dd461c1471 P bac9ad4cd0ec485c8a804329571b7268 [CANDIDATE]: Term 4 election: Requested vote from peers c82c2585a63045a6bea039b9aa057b7a (127.5.162.193:42873), 6e125394c69e4b9f9f2c357acf0d8170 (127.5.162.195:35441)
I20260710 13:19:06.320067  5904 tablet_service.cc:1917] Received RequestConsensusVote() RPC: tablet_id: "8ee2ff49da5a413c83eca9dd461c1471" candidate_uuid: "bac9ad4cd0ec485c8a804329571b7268" candidate_term: 4 candidate_status { last_received { term: 3 index: 3 } } ignore_live_leader: true dest_uuid: "c82c2585a63045a6bea039b9aa057b7a"
I20260710 13:19:06.320258  6055 tablet_service.cc:1917] Received RequestConsensusVote() RPC: tablet_id: "8ee2ff49da5a413c83eca9dd461c1471" candidate_uuid: "bac9ad4cd0ec485c8a804329571b7268" candidate_term: 4 candidate_status { last_received { term: 3 index: 3 } } ignore_live_leader: true dest_uuid: "6e125394c69e4b9f9f2c357acf0d8170"
I20260710 13:19:06.320591  5904 raft_consensus.cc:3060] T 8ee2ff49da5a413c83eca9dd461c1471 P c82c2585a63045a6bea039b9aa057b7a [term 3 FOLLOWER]: Advancing to term 4
I20260710 13:19:06.320781  6055 raft_consensus.cc:3055] T 8ee2ff49da5a413c83eca9dd461c1471 P 6e125394c69e4b9f9f2c357acf0d8170 [term 3 LEADER]: Stepping down as leader of term 3
I20260710 13:19:06.321128  6055 raft_consensus.cc:740] T 8ee2ff49da5a413c83eca9dd461c1471 P 6e125394c69e4b9f9f2c357acf0d8170 [term 3 LEADER]: Becoming Follower/Learner. State: Replica: 6e125394c69e4b9f9f2c357acf0d8170, State: Running, Role: LEADER
I20260710 13:19:06.321754  6055 consensus_queue.cc:260] T 8ee2ff49da5a413c83eca9dd461c1471 P 6e125394c69e4b9f9f2c357acf0d8170 [NON_LEADER]: Queue going to NON_LEADER mode. State: All replicated index: 0, Majority replicated index: 3, Committed index: 3, Last appended: 3.3, Last appended by leader: 3, Current term: 3, Majority size: -1, State: 0, Mode: NON_LEADER, active raft config: opid_index: -1 OBSOLETE_local: false peers { permanent_uuid: "c82c2585a63045a6bea039b9aa057b7a" member_type: VOTER last_known_addr { host: "127.5.162.193" port: 42873 } } peers { permanent_uuid: "bac9ad4cd0ec485c8a804329571b7268" member_type: VOTER last_known_addr { host: "127.5.162.194" port: 42139 } } peers { permanent_uuid: "6e125394c69e4b9f9f2c357acf0d8170" member_type: VOTER last_known_addr { host: "127.5.162.195" port: 35441 } }
I20260710 13:19:06.322676  6055 raft_consensus.cc:3060] T 8ee2ff49da5a413c83eca9dd461c1471 P 6e125394c69e4b9f9f2c357acf0d8170 [term 3 FOLLOWER]: Advancing to term 4
I20260710 13:19:06.325059  5904 raft_consensus.cc:2468] T 8ee2ff49da5a413c83eca9dd461c1471 P c82c2585a63045a6bea039b9aa057b7a [term 4 FOLLOWER]: Leader election vote request: Granting yes vote for candidate bac9ad4cd0ec485c8a804329571b7268 in term 4.
I20260710 13:19:06.326133  5947 leader_election.cc:304] T 8ee2ff49da5a413c83eca9dd461c1471 P bac9ad4cd0ec485c8a804329571b7268 [CANDIDATE]: Term 4 election: Election decided. Result: candidate won. Election summary: received 2 responses out of 3 voters: 2 yes votes; 0 no votes. yes voters: bac9ad4cd0ec485c8a804329571b7268, c82c2585a63045a6bea039b9aa057b7a; no voters: 
I20260710 13:19:06.326884  6227 raft_consensus.cc:2804] T 8ee2ff49da5a413c83eca9dd461c1471 P bac9ad4cd0ec485c8a804329571b7268 [term 4 FOLLOWER]: Leader election won for term 4
I20260710 13:19:06.328841  6227 raft_consensus.cc:697] T 8ee2ff49da5a413c83eca9dd461c1471 P bac9ad4cd0ec485c8a804329571b7268 [term 4 LEADER]: Becoming Leader. State: Replica: bac9ad4cd0ec485c8a804329571b7268, State: Running, Role: LEADER
I20260710 13:19:06.329310  6055 raft_consensus.cc:2468] T 8ee2ff49da5a413c83eca9dd461c1471 P 6e125394c69e4b9f9f2c357acf0d8170 [term 4 FOLLOWER]: Leader election vote request: Granting yes vote for candidate bac9ad4cd0ec485c8a804329571b7268 in term 4.
I20260710 13:19:06.329936  6227 consensus_queue.cc:237] T 8ee2ff49da5a413c83eca9dd461c1471 P bac9ad4cd0ec485c8a804329571b7268 [LEADER]: Queue going to LEADER mode. State: All replicated index: 0, Majority replicated index: 3, Committed index: 3, Last appended: 3.3, Last appended by leader: 3, Current term: 4, Majority size: 2, State: 0, Mode: LEADER, active raft config: opid_index: -1 OBSOLETE_local: false peers { permanent_uuid: "c82c2585a63045a6bea039b9aa057b7a" member_type: VOTER last_known_addr { host: "127.5.162.193" port: 42873 } } peers { permanent_uuid: "bac9ad4cd0ec485c8a804329571b7268" member_type: VOTER last_known_addr { host: "127.5.162.194" port: 42139 } } peers { permanent_uuid: "6e125394c69e4b9f9f2c357acf0d8170" member_type: VOTER last_known_addr { host: "127.5.162.195" port: 35441 } }
I20260710 13:19:06.337162  5801 catalog_manager.cc:5697] T 8ee2ff49da5a413c83eca9dd461c1471 P bac9ad4cd0ec485c8a804329571b7268 reported cstate change: term changed from 3 to 4, leader changed from 6e125394c69e4b9f9f2c357acf0d8170 (127.5.162.195) to bac9ad4cd0ec485c8a804329571b7268 (127.5.162.194). New cstate: current_term: 4 leader_uuid: "bac9ad4cd0ec485c8a804329571b7268" committed_config { opid_index: -1 OBSOLETE_local: false peers { permanent_uuid: "c82c2585a63045a6bea039b9aa057b7a" member_type: VOTER last_known_addr { host: "127.5.162.193" port: 42873 } health_report { overall_health: UNKNOWN } } peers { permanent_uuid: "bac9ad4cd0ec485c8a804329571b7268" member_type: VOTER last_known_addr { host: "127.5.162.194" port: 42139 } health_report { overall_health: HEALTHY } } peers { permanent_uuid: "6e125394c69e4b9f9f2c357acf0d8170" member_type: VOTER last_known_addr { host: "127.5.162.195" port: 35441 } health_report { overall_health: UNKNOWN } } }
I20260710 13:19:06.369624  5904 raft_consensus.cc:1275] T 4706aa3a16e94907a40aa3205270ab2e P c82c2585a63045a6bea039b9aa057b7a [term 3 FOLLOWER]: Refusing update from remote peer bac9ad4cd0ec485c8a804329571b7268: Log matching property violated. Preceding OpId in replica: term: 2 index: 2. Preceding OpId from leader: term: 3 index: 3. (index mismatch)
I20260710 13:19:06.370750  6227 consensus_queue.cc:1048] T 4706aa3a16e94907a40aa3205270ab2e P bac9ad4cd0ec485c8a804329571b7268 [LEADER]: Connected to new peer: Peer: permanent_uuid: "c82c2585a63045a6bea039b9aa057b7a" member_type: VOTER last_known_addr { host: "127.5.162.193" port: 42873 }, Status: LMP_MISMATCH, Last received: 0.0, Next index: 3, Last known committed idx: 2, Time since last communication: 0.000s
I20260710 13:19:06.379861  6055 raft_consensus.cc:1275] T 4706aa3a16e94907a40aa3205270ab2e P 6e125394c69e4b9f9f2c357acf0d8170 [term 3 FOLLOWER]: Refusing update from remote peer bac9ad4cd0ec485c8a804329571b7268: Log matching property violated. Preceding OpId in replica: term: 2 index: 2. Preceding OpId from leader: term: 3 index: 3. (index mismatch)
I20260710 13:19:06.381491  6218 consensus_queue.cc:1048] T 4706aa3a16e94907a40aa3205270ab2e P bac9ad4cd0ec485c8a804329571b7268 [LEADER]: Connected to new peer: Peer: permanent_uuid: "6e125394c69e4b9f9f2c357acf0d8170" member_type: VOTER last_known_addr { host: "127.5.162.195" port: 35441 }, Status: LMP_MISMATCH, Last received: 0.0, Next index: 3, Last known committed idx: 2, Time since last communication: 0.000s
I20260710 13:19:06.470010  5904 raft_consensus.cc:1275] T 050c4cf6e3e8444cbc8c8d144a6d1cad P c82c2585a63045a6bea039b9aa057b7a [term 3 FOLLOWER]: Refusing update from remote peer bac9ad4cd0ec485c8a804329571b7268: Log matching property violated. Preceding OpId in replica: term: 2 index: 2. Preceding OpId from leader: term: 3 index: 3. (index mismatch)
I20260710 13:19:06.471355  6218 consensus_queue.cc:1048] T 050c4cf6e3e8444cbc8c8d144a6d1cad P bac9ad4cd0ec485c8a804329571b7268 [LEADER]: Connected to new peer: Peer: permanent_uuid: "c82c2585a63045a6bea039b9aa057b7a" member_type: VOTER last_known_addr { host: "127.5.162.193" port: 42873 }, Status: LMP_MISMATCH, Last received: 0.0, Next index: 3, Last known committed idx: 2, Time since last communication: 0.000s
I20260710 13:19:06.478329  6055 raft_consensus.cc:1275] T fe9c11fff388458c8ac0b606db03bf80 P 6e125394c69e4b9f9f2c357acf0d8170 [term 3 FOLLOWER]: Refusing update from remote peer bac9ad4cd0ec485c8a804329571b7268: Log matching property violated. Preceding OpId in replica: term: 2 index: 2. Preceding OpId from leader: term: 3 index: 3. (index mismatch)
I20260710 13:19:06.479709  6205 consensus_queue.cc:1048] T fe9c11fff388458c8ac0b606db03bf80 P bac9ad4cd0ec485c8a804329571b7268 [LEADER]: Connected to new peer: Peer: permanent_uuid: "6e125394c69e4b9f9f2c357acf0d8170" member_type: VOTER last_known_addr { host: "127.5.162.195" port: 35441 }, Status: LMP_MISMATCH, Last received: 0.0, Next index: 3, Last known committed idx: 2, Time since last communication: 0.000s
I20260710 13:19:06.482460  6055 raft_consensus.cc:1275] T 050c4cf6e3e8444cbc8c8d144a6d1cad P 6e125394c69e4b9f9f2c357acf0d8170 [term 3 FOLLOWER]: Refusing update from remote peer bac9ad4cd0ec485c8a804329571b7268: Log matching property violated. Preceding OpId in replica: term: 2 index: 2. Preceding OpId from leader: term: 3 index: 3. (index mismatch)
I20260710 13:19:06.484815  6232 consensus_queue.cc:1048] T 050c4cf6e3e8444cbc8c8d144a6d1cad P bac9ad4cd0ec485c8a804329571b7268 [LEADER]: Connected to new peer: Peer: permanent_uuid: "6e125394c69e4b9f9f2c357acf0d8170" member_type: VOTER last_known_addr { host: "127.5.162.195" port: 35441 }, Status: LMP_MISMATCH, Last received: 0.0, Next index: 3, Last known committed idx: 2, Time since last communication: 0.000s
I20260710 13:19:06.494094  5904 raft_consensus.cc:1275] T fe9c11fff388458c8ac0b606db03bf80 P c82c2585a63045a6bea039b9aa057b7a [term 3 FOLLOWER]: Refusing update from remote peer bac9ad4cd0ec485c8a804329571b7268: Log matching property violated. Preceding OpId in replica: term: 2 index: 2. Preceding OpId from leader: term: 3 index: 3. (index mismatch)
I20260710 13:19:06.495538  6227 consensus_queue.cc:1048] T fe9c11fff388458c8ac0b606db03bf80 P bac9ad4cd0ec485c8a804329571b7268 [LEADER]: Connected to new peer: Peer: permanent_uuid: "c82c2585a63045a6bea039b9aa057b7a" member_type: VOTER last_known_addr { host: "127.5.162.193" port: 42873 }, Status: LMP_MISMATCH, Last received: 0.0, Next index: 3, Last known committed idx: 2, Time since last communication: 0.000s
I20260710 13:19:06.816313  6055 raft_consensus.cc:1275] T 8ee2ff49da5a413c83eca9dd461c1471 P 6e125394c69e4b9f9f2c357acf0d8170 [term 4 FOLLOWER]: Refusing update from remote peer bac9ad4cd0ec485c8a804329571b7268: Log matching property violated. Preceding OpId in replica: term: 3 index: 3. Preceding OpId from leader: term: 4 index: 4. (index mismatch)
I20260710 13:19:06.817587  6227 consensus_queue.cc:1048] T 8ee2ff49da5a413c83eca9dd461c1471 P bac9ad4cd0ec485c8a804329571b7268 [LEADER]: Connected to new peer: Peer: permanent_uuid: "6e125394c69e4b9f9f2c357acf0d8170" member_type: VOTER last_known_addr { host: "127.5.162.195" port: 35441 }, Status: LMP_MISMATCH, Last received: 0.0, Next index: 4, Last known committed idx: 3, Time since last communication: 0.000s
I20260710 13:19:06.826735  5904 raft_consensus.cc:1275] T 8ee2ff49da5a413c83eca9dd461c1471 P c82c2585a63045a6bea039b9aa057b7a [term 4 FOLLOWER]: Refusing update from remote peer bac9ad4cd0ec485c8a804329571b7268: Log matching property violated. Preceding OpId in replica: term: 3 index: 3. Preceding OpId from leader: term: 4 index: 4. (index mismatch)
I20260710 13:19:06.828306  6227 consensus_queue.cc:1048] T 8ee2ff49da5a413c83eca9dd461c1471 P bac9ad4cd0ec485c8a804329571b7268 [LEADER]: Connected to new peer: Peer: permanent_uuid: "c82c2585a63045a6bea039b9aa057b7a" member_type: VOTER last_known_addr { host: "127.5.162.193" port: 42873 }, Status: LMP_MISMATCH, Last received: 0.0, Next index: 4, Last known committed idx: 3, Time since last communication: 0.000s
I20260710 13:19:08.799527  5771 auto_leader_rebalancer.cc:141] leader rebalance for table test-workload
I20260710 13:19:08.806890  5980 tablet_service.cc:2072] Received LeaderStepDown RPC: tablet_id: "050c4cf6e3e8444cbc8c8d144a6d1cad"
dest_uuid: "bac9ad4cd0ec485c8a804329571b7268"
mode: GRACEFUL
new_leader_uuid: "c82c2585a63045a6bea039b9aa057b7a"
 from {username='slave'} at 127.0.0.1:41292
I20260710 13:19:08.807621  5980 raft_consensus.cc:606] T 050c4cf6e3e8444cbc8c8d144a6d1cad P bac9ad4cd0ec485c8a804329571b7268 [term 3 LEADER]: Received request to transfer leadership to TS c82c2585a63045a6bea039b9aa057b7a
I20260710 13:19:08.810431  5980 tablet_service.cc:2072] Received LeaderStepDown RPC: tablet_id: "4706aa3a16e94907a40aa3205270ab2e"
dest_uuid: "bac9ad4cd0ec485c8a804329571b7268"
mode: GRACEFUL
new_leader_uuid: "c82c2585a63045a6bea039b9aa057b7a"
 from {username='slave'} at 127.0.0.1:41292
I20260710 13:19:08.810892  5980 raft_consensus.cc:606] T 4706aa3a16e94907a40aa3205270ab2e P bac9ad4cd0ec485c8a804329571b7268 [term 3 LEADER]: Received request to transfer leadership to TS c82c2585a63045a6bea039b9aa057b7a
I20260710 13:19:08.813408  5980 tablet_service.cc:2072] Received LeaderStepDown RPC: tablet_id: "8a2ae0708c8a44c39a363e7e73858c42"
dest_uuid: "bac9ad4cd0ec485c8a804329571b7268"
mode: GRACEFUL
new_leader_uuid: "c82c2585a63045a6bea039b9aa057b7a"
 from {username='slave'} at 127.0.0.1:41292
I20260710 13:19:08.814016  5980 raft_consensus.cc:606] T 8a2ae0708c8a44c39a363e7e73858c42 P bac9ad4cd0ec485c8a804329571b7268 [term 1 LEADER]: Received request to transfer leadership to TS c82c2585a63045a6bea039b9aa057b7a
I20260710 13:19:08.816377  5980 tablet_service.cc:2072] Received LeaderStepDown RPC: tablet_id: "8ee2ff49da5a413c83eca9dd461c1471"
dest_uuid: "bac9ad4cd0ec485c8a804329571b7268"
mode: GRACEFUL
new_leader_uuid: "6e125394c69e4b9f9f2c357acf0d8170"
 from {username='slave'} at 127.0.0.1:41292
I20260710 13:19:08.816932  5980 raft_consensus.cc:606] T 8ee2ff49da5a413c83eca9dd461c1471 P bac9ad4cd0ec485c8a804329571b7268 [term 4 LEADER]: Received request to transfer leadership to TS 6e125394c69e4b9f9f2c357acf0d8170
I20260710 13:19:08.819587  5980 tablet_service.cc:2072] Received LeaderStepDown RPC: tablet_id: "ea5ae17520664d0eb92797931d62c4be"
dest_uuid: "bac9ad4cd0ec485c8a804329571b7268"
mode: GRACEFUL
new_leader_uuid: "6e125394c69e4b9f9f2c357acf0d8170"
 from {username='slave'} at 127.0.0.1:41292
I20260710 13:19:08.820096  5980 raft_consensus.cc:606] T ea5ae17520664d0eb92797931d62c4be P bac9ad4cd0ec485c8a804329571b7268 [term 3 LEADER]: Received request to transfer leadership to TS 6e125394c69e4b9f9f2c357acf0d8170
I20260710 13:19:08.821066  5771 auto_leader_rebalancer.cc:479] table: test-workload, leader rebalance finish, leader transfer count: 5
I20260710 13:19:08.821467  5771 auto_leader_rebalancer.cc:554] All tables' leader rebalancing finished this round
I20260710 13:19:08.830369  6218 raft_consensus.cc:993] T 8a2ae0708c8a44c39a363e7e73858c42 P bac9ad4cd0ec485c8a804329571b7268: : Instructing follower c82c2585a63045a6bea039b9aa057b7a to start an election
I20260710 13:19:08.830926  6239 raft_consensus.cc:1081] T 8a2ae0708c8a44c39a363e7e73858c42 P bac9ad4cd0ec485c8a804329571b7268 [term 1 LEADER]: Signalling peer c82c2585a63045a6bea039b9aa057b7a to start an election
I20260710 13:19:08.832500  5906 tablet_service.cc:2044] Received Run Leader Election RPC: tablet_id: "8a2ae0708c8a44c39a363e7e73858c42"
dest_uuid: "c82c2585a63045a6bea039b9aa057b7a"
 from {username='slave'} at 127.0.0.1:43674
I20260710 13:19:08.833012  5906 raft_consensus.cc:493] T 8a2ae0708c8a44c39a363e7e73858c42 P c82c2585a63045a6bea039b9aa057b7a [term 1 FOLLOWER]: Starting forced leader election (received explicit request)
I20260710 13:19:08.833364  5906 raft_consensus.cc:3060] T 8a2ae0708c8a44c39a363e7e73858c42 P c82c2585a63045a6bea039b9aa057b7a [term 1 FOLLOWER]: Advancing to term 2
I20260710 13:19:08.838469  5906 raft_consensus.cc:515] T 8a2ae0708c8a44c39a363e7e73858c42 P c82c2585a63045a6bea039b9aa057b7a [term 2 FOLLOWER]: Starting forced leader election with config: opid_index: -1 OBSOLETE_local: false peers { permanent_uuid: "c82c2585a63045a6bea039b9aa057b7a" member_type: VOTER last_known_addr { host: "127.5.162.193" port: 42873 } } peers { permanent_uuid: "bac9ad4cd0ec485c8a804329571b7268" member_type: VOTER last_known_addr { host: "127.5.162.194" port: 42139 } } peers { permanent_uuid: "6e125394c69e4b9f9f2c357acf0d8170" member_type: VOTER last_known_addr { host: "127.5.162.195" port: 35441 } }
I20260710 13:19:08.840257  5906 leader_election.cc:290] T 8a2ae0708c8a44c39a363e7e73858c42 P c82c2585a63045a6bea039b9aa057b7a [CANDIDATE]: Term 2 election: Requested vote from peers bac9ad4cd0ec485c8a804329571b7268 (127.5.162.194:42139), 6e125394c69e4b9f9f2c357acf0d8170 (127.5.162.195:35441)
I20260710 13:19:08.841284  5980 tablet_service.cc:1917] Received RequestConsensusVote() RPC: tablet_id: "8a2ae0708c8a44c39a363e7e73858c42" candidate_uuid: "c82c2585a63045a6bea039b9aa057b7a" candidate_term: 2 candidate_status { last_received { term: 1 index: 1 } } ignore_live_leader: true dest_uuid: "bac9ad4cd0ec485c8a804329571b7268"
I20260710 13:19:08.841670  6055 tablet_service.cc:1917] Received RequestConsensusVote() RPC: tablet_id: "8a2ae0708c8a44c39a363e7e73858c42" candidate_uuid: "c82c2585a63045a6bea039b9aa057b7a" candidate_term: 2 candidate_status { last_received { term: 1 index: 1 } } ignore_live_leader: true dest_uuid: "6e125394c69e4b9f9f2c357acf0d8170"
