I20260710 13:19:10.801862 11950 catalog_manager.cc:5697] T b655bd4f889241bba90cdaadb63ffdf9 P 3dba6a0b0e114cf18afe06e731642a46 reported cstate change: term changed from 0 to 1, leader changed from <none> to 3dba6a0b0e114cf18afe06e731642a46 (127.11.36.195). New cstate: current_term: 1 leader_uuid: "3dba6a0b0e114cf18afe06e731642a46" committed_config { opid_index: -1 OBSOLETE_local: false peers { permanent_uuid: "3dba6a0b0e114cf18afe06e731642a46" member_type: VOTER last_known_addr { host: "127.11.36.195" port: 38453 } health_report { overall_health: HEALTHY } } peers { permanent_uuid: "eed5dda237d44733bc5376e9243c3dd0" member_type: VOTER last_known_addr { host: "127.11.36.193" port: 46611 } health_report { overall_health: UNKNOWN } } peers { permanent_uuid: "5ae5f9207b6d46df8a780535800b21ba" member_type: VOTER last_known_addr { host: "127.11.36.194" port: 41087 } health_report { overall_health: UNKNOWN } } }
I20260710 13:19:10.804754 12243 consensus_queue.cc:260] T 09540d557eb34d7a852cab6793120f30 P 3dba6a0b0e114cf18afe06e731642a46 [NON_LEADER]: Queue going to NON_LEADER mode. State: All replicated index: 0, Majority replicated index: 0, Committed index: 0, Last appended: 0.0, Last appended by leader: 0, Current term: 0, Majority size: -1, State: 0, Mode: NON_LEADER, active raft config: opid_index: -1 OBSOLETE_local: false peers { permanent_uuid: "eed5dda237d44733bc5376e9243c3dd0" member_type: VOTER last_known_addr { host: "127.11.36.193" port: 46611 } } peers { permanent_uuid: "5ae5f9207b6d46df8a780535800b21ba" member_type: VOTER last_known_addr { host: "127.11.36.194" port: 41087 } } peers { permanent_uuid: "3dba6a0b0e114cf18afe06e731642a46" member_type: VOTER last_known_addr { host: "127.11.36.195" port: 38453 } }
I20260710 13:19:10.808045 12243 ts_tablet_manager.cc:1434] T 09540d557eb34d7a852cab6793120f30 P 3dba6a0b0e114cf18afe06e731642a46: Time spent starting tablet: real 0.018s	user 0.005s	sys 0.002s
I20260710 13:19:10.808933 12243 tablet_bootstrap.cc:492] T e4c29c2278814dbbbe3fb195dfae043b P 3dba6a0b0e114cf18afe06e731642a46: Bootstrap starting.
I20260710 13:19:10.816501 12243 tablet_bootstrap.cc:654] T e4c29c2278814dbbbe3fb195dfae043b P 3dba6a0b0e114cf18afe06e731642a46: Neither blocks nor log segments found. Creating new log.
I20260710 13:19:10.816128 11952 catalog_manager.cc:5697] T e6037a367f5d41b586b55d0ffce22e25 P 5ae5f9207b6d46df8a780535800b21ba reported cstate change: term changed from 0 to 1, leader changed from <none> to 5ae5f9207b6d46df8a780535800b21ba (127.11.36.194). New cstate: current_term: 1 leader_uuid: "5ae5f9207b6d46df8a780535800b21ba" committed_config { opid_index: -1 OBSOLETE_local: false peers { permanent_uuid: "eed5dda237d44733bc5376e9243c3dd0" member_type: VOTER last_known_addr { host: "127.11.36.193" port: 46611 } health_report { overall_health: UNKNOWN } } peers { permanent_uuid: "5ae5f9207b6d46df8a780535800b21ba" member_type: VOTER last_known_addr { host: "127.11.36.194" port: 41087 } health_report { overall_health: HEALTHY } } peers { permanent_uuid: "3dba6a0b0e114cf18afe06e731642a46" member_type: VOTER last_known_addr { host: "127.11.36.195" port: 38453 } health_report { overall_health: UNKNOWN } } }
I20260710 13:19:10.817447 12249 raft_consensus.cc:493] T 416ccee1e0ee434687836e2d715519a8 P 3dba6a0b0e114cf18afe06e731642a46 [term 0 FOLLOWER]: Starting pre-election (no leader contacted us within the election timeout)
I20260710 13:19:10.817955 12249 raft_consensus.cc:515] T 416ccee1e0ee434687836e2d715519a8 P 3dba6a0b0e114cf18afe06e731642a46 [term 0 FOLLOWER]: Starting pre-election with config: opid_index: -1 OBSOLETE_local: false peers { permanent_uuid: "eed5dda237d44733bc5376e9243c3dd0" member_type: VOTER last_known_addr { host: "127.11.36.193" port: 46611 } } peers { permanent_uuid: "5ae5f9207b6d46df8a780535800b21ba" member_type: VOTER last_known_addr { host: "127.11.36.194" port: 41087 } } peers { permanent_uuid: "3dba6a0b0e114cf18afe06e731642a46" member_type: VOTER last_known_addr { host: "127.11.36.195" port: 38453 } }
I20260710 13:19:10.822631 12053 tablet_service.cc:1917] Received RequestConsensusVote() RPC: tablet_id: "416ccee1e0ee434687836e2d715519a8" candidate_uuid: "3dba6a0b0e114cf18afe06e731642a46" candidate_term: 1 candidate_status { last_received { term: 0 index: 0 } } ignore_live_leader: false dest_uuid: "eed5dda237d44733bc5376e9243c3dd0" is_pre_election: true
I20260710 13:19:10.823606 12053 raft_consensus.cc:2468] T 416ccee1e0ee434687836e2d715519a8 P eed5dda237d44733bc5376e9243c3dd0 [term 0 FOLLOWER]: Leader pre-election vote request: Granting yes vote for candidate 3dba6a0b0e114cf18afe06e731642a46 in term 0.
I20260710 13:19:10.824007 12244 tablet_bootstrap.cc:492] T e4c29c2278814dbbbe3fb195dfae043b P eed5dda237d44733bc5376e9243c3dd0: No bootstrap required, opened a new log
I20260710 13:19:10.824435 12244 ts_tablet_manager.cc:1403] T e4c29c2278814dbbbe3fb195dfae043b P eed5dda237d44733bc5376e9243c3dd0: Time spent bootstrapping tablet: real 0.049s	user 0.011s	sys 0.000s
I20260710 13:19:10.825217 12167 leader_election.cc:304] T 416ccee1e0ee434687836e2d715519a8 P 3dba6a0b0e114cf18afe06e731642a46 [CANDIDATE]: Term 1 pre-election: Election decided. Result: candidate won. Election summary: received 2 responses out of 3 voters: 2 yes votes; 0 no votes. yes voters: 3dba6a0b0e114cf18afe06e731642a46, eed5dda237d44733bc5376e9243c3dd0; no voters: 
I20260710 13:19:10.826844 12283 raft_consensus.cc:2804] T 416ccee1e0ee434687836e2d715519a8 P 3dba6a0b0e114cf18afe06e731642a46 [term 0 FOLLOWER]: Leader pre-election won for term 1
I20260710 13:19:10.827004 12244 raft_consensus.cc:359] T e4c29c2278814dbbbe3fb195dfae043b P eed5dda237d44733bc5376e9243c3dd0 [term 0 FOLLOWER]: Replica starting. Triggering 0 pending ops. Active config: opid_index: -1 OBSOLETE_local: false peers { permanent_uuid: "eed5dda237d44733bc5376e9243c3dd0" member_type: VOTER last_known_addr { host: "127.11.36.193" port: 46611 } } peers { permanent_uuid: "5ae5f9207b6d46df8a780535800b21ba" member_type: VOTER last_known_addr { host: "127.11.36.194" port: 41087 } } peers { permanent_uuid: "3dba6a0b0e114cf18afe06e731642a46" member_type: VOTER last_known_addr { host: "127.11.36.195" port: 38453 } }
I20260710 13:19:10.827389 12283 raft_consensus.cc:493] T 416ccee1e0ee434687836e2d715519a8 P 3dba6a0b0e114cf18afe06e731642a46 [term 0 FOLLOWER]: Starting leader election (no leader contacted us within the election timeout)
I20260710 13:19:10.827675 12244 raft_consensus.cc:385] T e4c29c2278814dbbbe3fb195dfae043b P eed5dda237d44733bc5376e9243c3dd0 [term 0 FOLLOWER]: Consensus starting up: Expiring failure detector timer to make a prompt election more likely
I20260710 13:19:10.827865 12283 raft_consensus.cc:3060] T 416ccee1e0ee434687836e2d715519a8 P 3dba6a0b0e114cf18afe06e731642a46 [term 0 FOLLOWER]: Advancing to term 1
I20260710 13:19:10.827994 12244 raft_consensus.cc:740] T e4c29c2278814dbbbe3fb195dfae043b P eed5dda237d44733bc5376e9243c3dd0 [term 0 FOLLOWER]: Becoming Follower/Learner. State: Replica: eed5dda237d44733bc5376e9243c3dd0, State: Initialized, Role: FOLLOWER
I20260710 13:19:10.829773 12244 consensus_queue.cc:260] T e4c29c2278814dbbbe3fb195dfae043b P eed5dda237d44733bc5376e9243c3dd0 [NON_LEADER]: Queue going to NON_LEADER mode. State: All replicated index: 0, Majority replicated index: 0, Committed index: 0, Last appended: 0.0, Last appended by leader: 0, Current term: 0, Majority size: -1, State: 0, Mode: NON_LEADER, active raft config: opid_index: -1 OBSOLETE_local: false peers { permanent_uuid: "eed5dda237d44733bc5376e9243c3dd0" member_type: VOTER last_known_addr { host: "127.11.36.193" port: 46611 } } peers { permanent_uuid: "5ae5f9207b6d46df8a780535800b21ba" member_type: VOTER last_known_addr { host: "127.11.36.194" port: 41087 } } peers { permanent_uuid: "3dba6a0b0e114cf18afe06e731642a46" member_type: VOTER last_known_addr { host: "127.11.36.195" port: 38453 } }
I20260710 13:19:10.832572 12244 ts_tablet_manager.cc:1434] T e4c29c2278814dbbbe3fb195dfae043b P eed5dda237d44733bc5376e9243c3dd0: Time spent starting tablet: real 0.008s	user 0.006s	sys 0.000s
I20260710 13:19:10.833710 12244 tablet_bootstrap.cc:492] T 09540d557eb34d7a852cab6793120f30 P eed5dda237d44733bc5376e9243c3dd0: Bootstrap starting.
I20260710 13:19:10.837006 12243 tablet_bootstrap.cc:492] T e4c29c2278814dbbbe3fb195dfae043b P 3dba6a0b0e114cf18afe06e731642a46: No bootstrap required, opened a new log
I20260710 13:19:10.837415 12243 ts_tablet_manager.cc:1403] T e4c29c2278814dbbbe3fb195dfae043b P 3dba6a0b0e114cf18afe06e731642a46: Time spent bootstrapping tablet: real 0.029s	user 0.026s	sys 0.000s
I20260710 13:19:10.838205 12249 leader_election.cc:290] T 416ccee1e0ee434687836e2d715519a8 P 3dba6a0b0e114cf18afe06e731642a46 [CANDIDATE]: Term 1 pre-election: Requested pre-vote from peers eed5dda237d44733bc5376e9243c3dd0 (127.11.36.193:46611), 5ae5f9207b6d46df8a780535800b21ba (127.11.36.194:41087)
I20260710 13:19:10.839386 12127 tablet_service.cc:1917] Received RequestConsensusVote() RPC: tablet_id: "416ccee1e0ee434687836e2d715519a8" candidate_uuid: "3dba6a0b0e114cf18afe06e731642a46" candidate_term: 1 candidate_status { last_received { term: 0 index: 0 } } ignore_live_leader: false dest_uuid: "5ae5f9207b6d46df8a780535800b21ba" is_pre_election: true
I20260710 13:19:10.840189 12244 tablet_bootstrap.cc:654] T 09540d557eb34d7a852cab6793120f30 P eed5dda237d44733bc5376e9243c3dd0: Neither blocks nor log segments found. Creating new log.
I20260710 13:19:10.839994 12127 raft_consensus.cc:2468] T 416ccee1e0ee434687836e2d715519a8 P 5ae5f9207b6d46df8a780535800b21ba [term 0 FOLLOWER]: Leader pre-election vote request: Granting yes vote for candidate 3dba6a0b0e114cf18afe06e731642a46 in term 0.
I20260710 13:19:10.839880 12243 raft_consensus.cc:359] T e4c29c2278814dbbbe3fb195dfae043b P 3dba6a0b0e114cf18afe06e731642a46 [term 0 FOLLOWER]: Replica starting. Triggering 0 pending ops. Active config: opid_index: -1 OBSOLETE_local: false peers { permanent_uuid: "eed5dda237d44733bc5376e9243c3dd0" member_type: VOTER last_known_addr { host: "127.11.36.193" port: 46611 } } peers { permanent_uuid: "5ae5f9207b6d46df8a780535800b21ba" member_type: VOTER last_known_addr { host: "127.11.36.194" port: 41087 } } peers { permanent_uuid: "3dba6a0b0e114cf18afe06e731642a46" member_type: VOTER last_known_addr { host: "127.11.36.195" port: 38453 } }
I20260710 13:19:10.840583 12243 raft_consensus.cc:385] T e4c29c2278814dbbbe3fb195dfae043b P 3dba6a0b0e114cf18afe06e731642a46 [term 0 FOLLOWER]: Consensus starting up: Expiring failure detector timer to make a prompt election more likely
I20260710 13:19:10.840857 12245 tablet_bootstrap.cc:492] T 09540d557eb34d7a852cab6793120f30 P 5ae5f9207b6d46df8a780535800b21ba: No bootstrap required, opened a new log
I20260710 13:19:10.841338 12245 ts_tablet_manager.cc:1403] T 09540d557eb34d7a852cab6793120f30 P 5ae5f9207b6d46df8a780535800b21ba: Time spent bootstrapping tablet: real 0.058s	user 0.008s	sys 0.009s
I20260710 13:19:10.837671 12283 raft_consensus.cc:515] T 416ccee1e0ee434687836e2d715519a8 P 3dba6a0b0e114cf18afe06e731642a46 [term 1 FOLLOWER]: Starting leader election with config: opid_index: -1 OBSOLETE_local: false peers { permanent_uuid: "eed5dda237d44733bc5376e9243c3dd0" member_type: VOTER last_known_addr { host: "127.11.36.193" port: 46611 } } peers { permanent_uuid: "5ae5f9207b6d46df8a780535800b21ba" member_type: VOTER last_known_addr { host: "127.11.36.194" port: 41087 } } peers { permanent_uuid: "3dba6a0b0e114cf18afe06e731642a46" member_type: VOTER last_known_addr { host: "127.11.36.195" port: 38453 } }
I20260710 13:19:10.843915 12053 tablet_service.cc:1917] Received RequestConsensusVote() RPC: tablet_id: "416ccee1e0ee434687836e2d715519a8" candidate_uuid: "3dba6a0b0e114cf18afe06e731642a46" candidate_term: 1 candidate_status { last_received { term: 0 index: 0 } } ignore_live_leader: false dest_uuid: "eed5dda237d44733bc5376e9243c3dd0"
I20260710 13:19:10.844458 12053 raft_consensus.cc:3060] T 416ccee1e0ee434687836e2d715519a8 P eed5dda237d44733bc5376e9243c3dd0 [term 0 FOLLOWER]: Advancing to term 1
I20260710 13:19:10.844611 12245 raft_consensus.cc:359] T 09540d557eb34d7a852cab6793120f30 P 5ae5f9207b6d46df8a780535800b21ba [term 0 FOLLOWER]: Replica starting. Triggering 0 pending ops. Active config: opid_index: -1 OBSOLETE_local: false peers { permanent_uuid: "eed5dda237d44733bc5376e9243c3dd0" member_type: VOTER last_known_addr { host: "127.11.36.193" port: 46611 } } peers { permanent_uuid: "5ae5f9207b6d46df8a780535800b21ba" member_type: VOTER last_known_addr { host: "127.11.36.194" port: 41087 } } peers { permanent_uuid: "3dba6a0b0e114cf18afe06e731642a46" member_type: VOTER last_known_addr { host: "127.11.36.195" port: 38453 } }
I20260710 13:19:10.845331 12245 raft_consensus.cc:385] T 09540d557eb34d7a852cab6793120f30 P 5ae5f9207b6d46df8a780535800b21ba [term 0 FOLLOWER]: Consensus starting up: Expiring failure detector timer to make a prompt election more likely
I20260710 13:19:10.845635 12245 raft_consensus.cc:740] T 09540d557eb34d7a852cab6793120f30 P 5ae5f9207b6d46df8a780535800b21ba [term 0 FOLLOWER]: Becoming Follower/Learner. State: Replica: 5ae5f9207b6d46df8a780535800b21ba, State: Initialized, Role: FOLLOWER
I20260710 13:19:10.840857 12243 raft_consensus.cc:740] T e4c29c2278814dbbbe3fb195dfae043b P 3dba6a0b0e114cf18afe06e731642a46 [term 0 FOLLOWER]: Becoming Follower/Learner. State: Replica: 3dba6a0b0e114cf18afe06e731642a46, State: Initialized, Role: FOLLOWER
I20260710 13:19:10.847289 12243 consensus_queue.cc:260] T e4c29c2278814dbbbe3fb195dfae043b P 3dba6a0b0e114cf18afe06e731642a46 [NON_LEADER]: Queue going to NON_LEADER mode. State: All replicated index: 0, Majority replicated index: 0, Committed index: 0, Last appended: 0.0, Last appended by leader: 0, Current term: 0, Majority size: -1, State: 0, Mode: NON_LEADER, active raft config: opid_index: -1 OBSOLETE_local: false peers { permanent_uuid: "eed5dda237d44733bc5376e9243c3dd0" member_type: VOTER last_known_addr { host: "127.11.36.193" port: 46611 } } peers { permanent_uuid: "5ae5f9207b6d46df8a780535800b21ba" member_type: VOTER last_known_addr { host: "127.11.36.194" port: 41087 } } peers { permanent_uuid: "3dba6a0b0e114cf18afe06e731642a46" member_type: VOTER last_known_addr { host: "127.11.36.195" port: 38453 } }
I20260710 13:19:10.848991 12245 consensus_queue.cc:260] T 09540d557eb34d7a852cab6793120f30 P 5ae5f9207b6d46df8a780535800b21ba [NON_LEADER]: Queue going to NON_LEADER mode. State: All replicated index: 0, Majority replicated index: 0, Committed index: 0, Last appended: 0.0, Last appended by leader: 0, Current term: 0, Majority size: -1, State: 0, Mode: NON_LEADER, active raft config: opid_index: -1 OBSOLETE_local: false peers { permanent_uuid: "eed5dda237d44733bc5376e9243c3dd0" member_type: VOTER last_known_addr { host: "127.11.36.193" port: 46611 } } peers { permanent_uuid: "5ae5f9207b6d46df8a780535800b21ba" member_type: VOTER last_known_addr { host: "127.11.36.194" port: 41087 } } peers { permanent_uuid: "3dba6a0b0e114cf18afe06e731642a46" member_type: VOTER last_known_addr { host: "127.11.36.195" port: 38453 } }
I20260710 13:19:10.851145 12053 raft_consensus.cc:2468] T 416ccee1e0ee434687836e2d715519a8 P eed5dda237d44733bc5376e9243c3dd0 [term 1 FOLLOWER]: Leader election vote request: Granting yes vote for candidate 3dba6a0b0e114cf18afe06e731642a46 in term 1.
I20260710 13:19:10.851722 12243 ts_tablet_manager.cc:1434] T e4c29c2278814dbbbe3fb195dfae043b P 3dba6a0b0e114cf18afe06e731642a46: Time spent starting tablet: real 0.014s	user 0.005s	sys 0.000s
I20260710 13:19:10.852319 12167 leader_election.cc:304] T 416ccee1e0ee434687836e2d715519a8 P 3dba6a0b0e114cf18afe06e731642a46 [CANDIDATE]: Term 1 election: Election decided. Result: candidate won. Election summary: received 2 responses out of 3 voters: 2 yes votes; 0 no votes. yes voters: 3dba6a0b0e114cf18afe06e731642a46, eed5dda237d44733bc5376e9243c3dd0; no voters: 
I20260710 13:19:10.852872 12243 tablet_bootstrap.cc:492] T 8f44f89276a64873becf5dd68587ae92 P 3dba6a0b0e114cf18afe06e731642a46: Bootstrap starting.
I20260710 13:19:10.853188 12249 raft_consensus.cc:2804] T 416ccee1e0ee434687836e2d715519a8 P 3dba6a0b0e114cf18afe06e731642a46 [term 1 FOLLOWER]: Leader election won for term 1
I20260710 13:19:10.853703 12249 raft_consensus.cc:697] T 416ccee1e0ee434687836e2d715519a8 P 3dba6a0b0e114cf18afe06e731642a46 [term 1 LEADER]: Becoming Leader. State: Replica: 3dba6a0b0e114cf18afe06e731642a46, State: Running, Role: LEADER
I20260710 13:19:10.854497 12249 consensus_queue.cc:237] T 416ccee1e0ee434687836e2d715519a8 P 3dba6a0b0e114cf18afe06e731642a46 [LEADER]: Queue going to LEADER mode. State: All replicated index: 0, Majority replicated index: 0, Committed index: 0, Last appended: 0.0, Last appended by leader: 0, Current term: 1, Majority size: 2, State: 0, Mode: LEADER, active raft config: opid_index: -1 OBSOLETE_local: false peers { permanent_uuid: "eed5dda237d44733bc5376e9243c3dd0" member_type: VOTER last_known_addr { host: "127.11.36.193" port: 46611 } } peers { permanent_uuid: "5ae5f9207b6d46df8a780535800b21ba" member_type: VOTER last_known_addr { host: "127.11.36.194" port: 41087 } } peers { permanent_uuid: "3dba6a0b0e114cf18afe06e731642a46" member_type: VOTER last_known_addr { host: "127.11.36.195" port: 38453 } }
I20260710 13:19:10.857177 12283 leader_election.cc:290] T 416ccee1e0ee434687836e2d715519a8 P 3dba6a0b0e114cf18afe06e731642a46 [CANDIDATE]: Term 1 election: Requested vote from peers eed5dda237d44733bc5376e9243c3dd0 (127.11.36.193:46611), 5ae5f9207b6d46df8a780535800b21ba (127.11.36.194:41087)
I20260710 13:19:10.858876 12127 tablet_service.cc:1917] Received RequestConsensusVote() RPC: tablet_id: "416ccee1e0ee434687836e2d715519a8" candidate_uuid: "3dba6a0b0e114cf18afe06e731642a46" candidate_term: 1 candidate_status { last_received { term: 0 index: 0 } } ignore_live_leader: false dest_uuid: "5ae5f9207b6d46df8a780535800b21ba"
I20260710 13:19:10.859550 12127 raft_consensus.cc:3060] T 416ccee1e0ee434687836e2d715519a8 P 5ae5f9207b6d46df8a780535800b21ba [term 0 FOLLOWER]: Advancing to term 1
I20260710 13:19:10.865875 12281 raft_consensus.cc:493] T e4c29c2278814dbbbe3fb195dfae043b P 3dba6a0b0e114cf18afe06e731642a46 [term 0 FOLLOWER]: Starting pre-election (no leader contacted us within the election timeout)
I20260710 13:19:10.866364 12281 raft_consensus.cc:515] T e4c29c2278814dbbbe3fb195dfae043b P 3dba6a0b0e114cf18afe06e731642a46 [term 0 FOLLOWER]: Starting pre-election with config: opid_index: -1 OBSOLETE_local: false peers { permanent_uuid: "eed5dda237d44733bc5376e9243c3dd0" member_type: VOTER last_known_addr { host: "127.11.36.193" port: 46611 } } peers { permanent_uuid: "5ae5f9207b6d46df8a780535800b21ba" member_type: VOTER last_known_addr { host: "127.11.36.194" port: 41087 } } peers { permanent_uuid: "3dba6a0b0e114cf18afe06e731642a46" member_type: VOTER last_known_addr { host: "127.11.36.195" port: 38453 } }
I20260710 13:19:10.867401 12245 ts_tablet_manager.cc:1434] T 09540d557eb34d7a852cab6793120f30 P 5ae5f9207b6d46df8a780535800b21ba: Time spent starting tablet: real 0.026s	user 0.006s	sys 0.000s
I20260710 13:19:10.868458 12281 leader_election.cc:290] T e4c29c2278814dbbbe3fb195dfae043b P 3dba6a0b0e114cf18afe06e731642a46 [CANDIDATE]: Term 1 pre-election: Requested pre-vote from peers eed5dda237d44733bc5376e9243c3dd0 (127.11.36.193:46611), 5ae5f9207b6d46df8a780535800b21ba (127.11.36.194:41087)
I20260710 13:19:10.869637 12128 tablet_service.cc:1917] Received RequestConsensusVote() RPC: tablet_id: "e4c29c2278814dbbbe3fb195dfae043b" candidate_uuid: "3dba6a0b0e114cf18afe06e731642a46" candidate_term: 1 candidate_status { last_received { term: 0 index: 0 } } ignore_live_leader: false dest_uuid: "5ae5f9207b6d46df8a780535800b21ba" is_pre_election: true
I20260710 13:19:10.871387 12245 tablet_bootstrap.cc:492] T 1c9757573adf4b1c994112fff242f9fe P 5ae5f9207b6d46df8a780535800b21ba: Bootstrap starting.
W20260710 13:19:10.872211 12166 leader_election.cc:343] T e4c29c2278814dbbbe3fb195dfae043b P 3dba6a0b0e114cf18afe06e731642a46 [CANDIDATE]: Term 1 pre-election: Tablet error from VoteRequest() call to peer 5ae5f9207b6d46df8a780535800b21ba (127.11.36.194:41087): Illegal state: must be running to vote when last-logged opid is not known
I20260710 13:19:10.872982 12053 tablet_service.cc:1917] Received RequestConsensusVote() RPC: tablet_id: "e4c29c2278814dbbbe3fb195dfae043b" candidate_uuid: "3dba6a0b0e114cf18afe06e731642a46" candidate_term: 1 candidate_status { last_received { term: 0 index: 0 } } ignore_live_leader: false dest_uuid: "eed5dda237d44733bc5376e9243c3dd0" is_pre_election: true
I20260710 13:19:10.873744 12053 raft_consensus.cc:2468] T e4c29c2278814dbbbe3fb195dfae043b P eed5dda237d44733bc5376e9243c3dd0 [term 0 FOLLOWER]: Leader pre-election vote request: Granting yes vote for candidate 3dba6a0b0e114cf18afe06e731642a46 in term 0.
I20260710 13:19:10.874825 12167 leader_election.cc:304] T e4c29c2278814dbbbe3fb195dfae043b P 3dba6a0b0e114cf18afe06e731642a46 [CANDIDATE]: Term 1 pre-election: Election decided. Result: candidate won. Election summary: received 3 responses out of 3 voters: 2 yes votes; 1 no votes. yes voters: 3dba6a0b0e114cf18afe06e731642a46, eed5dda237d44733bc5376e9243c3dd0; no voters: 5ae5f9207b6d46df8a780535800b21ba
I20260710 13:19:10.876036 12281 raft_consensus.cc:2804] T e4c29c2278814dbbbe3fb195dfae043b P 3dba6a0b0e114cf18afe06e731642a46 [term 0 FOLLOWER]: Leader pre-election won for term 1
I20260710 13:19:10.876469 12281 raft_consensus.cc:493] T e4c29c2278814dbbbe3fb195dfae043b P 3dba6a0b0e114cf18afe06e731642a46 [term 0 FOLLOWER]: Starting leader election (no leader contacted us within the election timeout)
I20260710 13:19:10.876825 12281 raft_consensus.cc:3060] T e4c29c2278814dbbbe3fb195dfae043b P 3dba6a0b0e114cf18afe06e731642a46 [term 0 FOLLOWER]: Advancing to term 1
I20260710 13:19:10.870146 12127 raft_consensus.cc:2468] T 416ccee1e0ee434687836e2d715519a8 P 5ae5f9207b6d46df8a780535800b21ba [term 1 FOLLOWER]: Leader election vote request: Granting yes vote for candidate 3dba6a0b0e114cf18afe06e731642a46 in term 1.
I20260710 13:19:10.878051 12244 tablet_bootstrap.cc:492] T 09540d557eb34d7a852cab6793120f30 P eed5dda237d44733bc5376e9243c3dd0: No bootstrap required, opened a new log
I20260710 13:19:10.878633 12244 ts_tablet_manager.cc:1403] T 09540d557eb34d7a852cab6793120f30 P eed5dda237d44733bc5376e9243c3dd0: Time spent bootstrapping tablet: real 0.045s	user 0.026s	sys 0.012s
I20260710 13:19:10.880826 12244 raft_consensus.cc:359] T 09540d557eb34d7a852cab6793120f30 P eed5dda237d44733bc5376e9243c3dd0 [term 0 FOLLOWER]: Replica starting. Triggering 0 pending ops. Active config: opid_index: -1 OBSOLETE_local: false peers { permanent_uuid: "eed5dda237d44733bc5376e9243c3dd0" member_type: VOTER last_known_addr { host: "127.11.36.193" port: 46611 } } peers { permanent_uuid: "5ae5f9207b6d46df8a780535800b21ba" member_type: VOTER last_known_addr { host: "127.11.36.194" port: 41087 } } peers { permanent_uuid: "3dba6a0b0e114cf18afe06e731642a46" member_type: VOTER last_known_addr { host: "127.11.36.195" port: 38453 } }
I20260710 13:19:10.881316 12244 raft_consensus.cc:385] T 09540d557eb34d7a852cab6793120f30 P eed5dda237d44733bc5376e9243c3dd0 [term 0 FOLLOWER]: Consensus starting up: Expiring failure detector timer to make a prompt election more likely
I20260710 13:19:10.881639 12245 tablet_bootstrap.cc:654] T 1c9757573adf4b1c994112fff242f9fe P 5ae5f9207b6d46df8a780535800b21ba: Neither blocks nor log segments found. Creating new log.
I20260710 13:19:10.881580 12244 raft_consensus.cc:740] T 09540d557eb34d7a852cab6793120f30 P eed5dda237d44733bc5376e9243c3dd0 [term 0 FOLLOWER]: Becoming Follower/Learner. State: Replica: eed5dda237d44733bc5376e9243c3dd0, State: Initialized, Role: FOLLOWER
I20260710 13:19:10.882443 12244 consensus_queue.cc:260] T 09540d557eb34d7a852cab6793120f30 P eed5dda237d44733bc5376e9243c3dd0 [NON_LEADER]: Queue going to NON_LEADER mode. State: All replicated index: 0, Majority replicated index: 0, Committed index: 0, Last appended: 0.0, Last appended by leader: 0, Current term: 0, Majority size: -1, State: 0, Mode: NON_LEADER, active raft config: opid_index: -1 OBSOLETE_local: false peers { permanent_uuid: "eed5dda237d44733bc5376e9243c3dd0" member_type: VOTER last_known_addr { host: "127.11.36.193" port: 46611 } } peers { permanent_uuid: "5ae5f9207b6d46df8a780535800b21ba" member_type: VOTER last_known_addr { host: "127.11.36.194" port: 41087 } } peers { permanent_uuid: "3dba6a0b0e114cf18afe06e731642a46" member_type: VOTER last_known_addr { host: "127.11.36.195" port: 38453 } }
I20260710 13:19:10.884042 12281 raft_consensus.cc:515] T e4c29c2278814dbbbe3fb195dfae043b P 3dba6a0b0e114cf18afe06e731642a46 [term 1 FOLLOWER]: Starting leader election with config: opid_index: -1 OBSOLETE_local: false peers { permanent_uuid: "eed5dda237d44733bc5376e9243c3dd0" member_type: VOTER last_known_addr { host: "127.11.36.193" port: 46611 } } peers { permanent_uuid: "5ae5f9207b6d46df8a780535800b21ba" member_type: VOTER last_known_addr { host: "127.11.36.194" port: 41087 } } peers { permanent_uuid: "3dba6a0b0e114cf18afe06e731642a46" member_type: VOTER last_known_addr { host: "127.11.36.195" port: 38453 } }
I20260710 13:19:10.882742 11952 catalog_manager.cc:5697] T 416ccee1e0ee434687836e2d715519a8 P 3dba6a0b0e114cf18afe06e731642a46 reported cstate change: term changed from 0 to 1, leader changed from <none> to 3dba6a0b0e114cf18afe06e731642a46 (127.11.36.195). New cstate: current_term: 1 leader_uuid: "3dba6a0b0e114cf18afe06e731642a46" committed_config { opid_index: -1 OBSOLETE_local: false peers { permanent_uuid: "eed5dda237d44733bc5376e9243c3dd0" member_type: VOTER last_known_addr { host: "127.11.36.193" port: 46611 } health_report { overall_health: UNKNOWN } } peers { permanent_uuid: "5ae5f9207b6d46df8a780535800b21ba" member_type: VOTER last_known_addr { host: "127.11.36.194" port: 41087 } health_report { overall_health: UNKNOWN } } peers { permanent_uuid: "3dba6a0b0e114cf18afe06e731642a46" member_type: VOTER last_known_addr { host: "127.11.36.195" port: 38453 } health_report { overall_health: HEALTHY } } }
I20260710 13:19:10.887333 12244 ts_tablet_manager.cc:1434] T 09540d557eb34d7a852cab6793120f30 P eed5dda237d44733bc5376e9243c3dd0: Time spent starting tablet: real 0.008s	user 0.004s	sys 0.000s
I20260710 13:19:10.887439 12053 tablet_service.cc:1917] Received RequestConsensusVote() RPC: tablet_id: "e4c29c2278814dbbbe3fb195dfae043b" candidate_uuid: "3dba6a0b0e114cf18afe06e731642a46" candidate_term: 1 candidate_status { last_received { term: 0 index: 0 } } ignore_live_leader: false dest_uuid: "eed5dda237d44733bc5376e9243c3dd0"
I20260710 13:19:10.888216 12053 raft_consensus.cc:3060] T e4c29c2278814dbbbe3fb195dfae043b P eed5dda237d44733bc5376e9243c3dd0 [term 0 FOLLOWER]: Advancing to term 1
I20260710 13:19:10.885722 12243 tablet_bootstrap.cc:654] T 8f44f89276a64873becf5dd68587ae92 P 3dba6a0b0e114cf18afe06e731642a46: Neither blocks nor log segments found. Creating new log.
I20260710 13:19:10.888850 12281 leader_election.cc:290] T e4c29c2278814dbbbe3fb195dfae043b P 3dba6a0b0e114cf18afe06e731642a46 [CANDIDATE]: Term 1 election: Requested vote from peers eed5dda237d44733bc5376e9243c3dd0 (127.11.36.193:46611), 5ae5f9207b6d46df8a780535800b21ba (127.11.36.194:41087)
I20260710 13:19:10.890038 12127 tablet_service.cc:1917] Received RequestConsensusVote() RPC: tablet_id: "e4c29c2278814dbbbe3fb195dfae043b" candidate_uuid: "3dba6a0b0e114cf18afe06e731642a46" candidate_term: 1 candidate_status { last_received { term: 0 index: 0 } } ignore_live_leader: false dest_uuid: "5ae5f9207b6d46df8a780535800b21ba"
I20260710 13:19:10.890412 12245 tablet_bootstrap.cc:492] T 1c9757573adf4b1c994112fff242f9fe P 5ae5f9207b6d46df8a780535800b21ba: No bootstrap required, opened a new log
I20260710 13:19:10.890879 12245 ts_tablet_manager.cc:1403] T 1c9757573adf4b1c994112fff242f9fe P 5ae5f9207b6d46df8a780535800b21ba: Time spent bootstrapping tablet: real 0.020s	user 0.010s	sys 0.004s
W20260710 13:19:10.891326 12166 leader_election.cc:343] T e4c29c2278814dbbbe3fb195dfae043b P 3dba6a0b0e114cf18afe06e731642a46 [CANDIDATE]: Term 1 election: Tablet error from VoteRequest() call to peer 5ae5f9207b6d46df8a780535800b21ba (127.11.36.194:41087): Illegal state: must be running to vote when last-logged opid is not known
I20260710 13:19:10.893728 12245 raft_consensus.cc:359] T 1c9757573adf4b1c994112fff242f9fe P 5ae5f9207b6d46df8a780535800b21ba [term 0 FOLLOWER]: Replica starting. Triggering 0 pending ops. Active config: opid_index: -1 OBSOLETE_local: false peers { permanent_uuid: "eed5dda237d44733bc5376e9243c3dd0" member_type: VOTER last_known_addr { host: "127.11.36.193" port: 46611 } } peers { permanent_uuid: "5ae5f9207b6d46df8a780535800b21ba" member_type: VOTER last_known_addr { host: "127.11.36.194" port: 41087 } } peers { permanent_uuid: "3dba6a0b0e114cf18afe06e731642a46" member_type: VOTER last_known_addr { host: "127.11.36.195" port: 38453 } }
I20260710 13:19:10.894402 12245 raft_consensus.cc:385] T 1c9757573adf4b1c994112fff242f9fe P 5ae5f9207b6d46df8a780535800b21ba [term 0 FOLLOWER]: Consensus starting up: Expiring failure detector timer to make a prompt election more likely
I20260710 13:19:10.894670 12245 raft_consensus.cc:740] T 1c9757573adf4b1c994112fff242f9fe P 5ae5f9207b6d46df8a780535800b21ba [term 0 FOLLOWER]: Becoming Follower/Learner. State: Replica: 5ae5f9207b6d46df8a780535800b21ba, State: Initialized, Role: FOLLOWER
I20260710 13:19:10.895337 12245 consensus_queue.cc:260] T 1c9757573adf4b1c994112fff242f9fe P 5ae5f9207b6d46df8a780535800b21ba [NON_LEADER]: Queue going to NON_LEADER mode. State: All replicated index: 0, Majority replicated index: 0, Committed index: 0, Last appended: 0.0, Last appended by leader: 0, Current term: 0, Majority size: -1, State: 0, Mode: NON_LEADER, active raft config: opid_index: -1 OBSOLETE_local: false peers { permanent_uuid: "eed5dda237d44733bc5376e9243c3dd0" member_type: VOTER last_known_addr { host: "127.11.36.193" port: 46611 } } peers { permanent_uuid: "5ae5f9207b6d46df8a780535800b21ba" member_type: VOTER last_known_addr { host: "127.11.36.194" port: 41087 } } peers { permanent_uuid: "3dba6a0b0e114cf18afe06e731642a46" member_type: VOTER last_known_addr { host: "127.11.36.195" port: 38453 } }
I20260710 13:19:10.895951 12262 raft_consensus.cc:493] T 1c9757573adf4b1c994112fff242f9fe P eed5dda237d44733bc5376e9243c3dd0 [term 0 FOLLOWER]: Starting pre-election (no leader contacted us within the election timeout)
I20260710 13:19:10.896553 12262 raft_consensus.cc:515] T 1c9757573adf4b1c994112fff242f9fe P eed5dda237d44733bc5376e9243c3dd0 [term 0 FOLLOWER]: Starting pre-election with config: opid_index: -1 OBSOLETE_local: false peers { permanent_uuid: "eed5dda237d44733bc5376e9243c3dd0" member_type: VOTER last_known_addr { host: "127.11.36.193" port: 46611 } } peers { permanent_uuid: "5ae5f9207b6d46df8a780535800b21ba" member_type: VOTER last_known_addr { host: "127.11.36.194" port: 41087 } } peers { permanent_uuid: "3dba6a0b0e114cf18afe06e731642a46" member_type: VOTER last_known_addr { host: "127.11.36.195" port: 38453 } }
I20260710 13:19:10.897451 12245 ts_tablet_manager.cc:1434] T 1c9757573adf4b1c994112fff242f9fe P 5ae5f9207b6d46df8a780535800b21ba: Time spent starting tablet: real 0.006s	user 0.004s	sys 0.000s
I20260710 13:19:10.898491 12245 tablet_bootstrap.cc:492] T a0c02a086fc0446ab4067e60fd72f3d5 P 5ae5f9207b6d46df8a780535800b21ba: Bootstrap starting.
I20260710 13:19:10.899102 12262 leader_election.cc:290] T 1c9757573adf4b1c994112fff242f9fe P eed5dda237d44733bc5376e9243c3dd0 [CANDIDATE]: Term 1 pre-election: Requested pre-vote from peers 5ae5f9207b6d46df8a780535800b21ba (127.11.36.194:41087), 3dba6a0b0e114cf18afe06e731642a46 (127.11.36.195:38453)
I20260710 13:19:10.895924 12053 raft_consensus.cc:2468] T e4c29c2278814dbbbe3fb195dfae043b P eed5dda237d44733bc5376e9243c3dd0 [term 1 FOLLOWER]: Leader election vote request: Granting yes vote for candidate 3dba6a0b0e114cf18afe06e731642a46 in term 1.
I20260710 13:19:10.901101 12167 leader_election.cc:304] T e4c29c2278814dbbbe3fb195dfae043b P 3dba6a0b0e114cf18afe06e731642a46 [CANDIDATE]: Term 1 election: Election decided. Result: candidate won. Election summary: received 3 responses out of 3 voters: 2 yes votes; 1 no votes. yes voters: 3dba6a0b0e114cf18afe06e731642a46, eed5dda237d44733bc5376e9243c3dd0; no voters: 5ae5f9207b6d46df8a780535800b21ba
I20260710 13:19:10.902526 12281 raft_consensus.cc:2804] T e4c29c2278814dbbbe3fb195dfae043b P 3dba6a0b0e114cf18afe06e731642a46 [term 1 FOLLOWER]: Leader election won for term 1
I20260710 13:19:10.903100 12281 raft_consensus.cc:697] T e4c29c2278814dbbbe3fb195dfae043b P 3dba6a0b0e114cf18afe06e731642a46 [term 1 LEADER]: Becoming Leader. State: Replica: 3dba6a0b0e114cf18afe06e731642a46, State: Running, Role: LEADER
I20260710 13:19:10.904822 12245 tablet_bootstrap.cc:654] T a0c02a086fc0446ab4067e60fd72f3d5 P 5ae5f9207b6d46df8a780535800b21ba: Neither blocks nor log segments found. Creating new log.
I20260710 13:19:10.904134 12281 consensus_queue.cc:237] T e4c29c2278814dbbbe3fb195dfae043b P 3dba6a0b0e114cf18afe06e731642a46 [LEADER]: Queue going to LEADER mode. State: All replicated index: 0, Majority replicated index: 0, Committed index: 0, Last appended: 0.0, Last appended by leader: 0, Current term: 1, Majority size: 2, State: 0, Mode: LEADER, active raft config: opid_index: -1 OBSOLETE_local: false peers { permanent_uuid: "eed5dda237d44733bc5376e9243c3dd0" member_type: VOTER last_known_addr { host: "127.11.36.193" port: 46611 } } peers { permanent_uuid: "5ae5f9207b6d46df8a780535800b21ba" member_type: VOTER last_known_addr { host: "127.11.36.194" port: 41087 } } peers { permanent_uuid: "3dba6a0b0e114cf18afe06e731642a46" member_type: VOTER last_known_addr { host: "127.11.36.195" port: 38453 } }
I20260710 13:19:10.907202 12127 tablet_service.cc:1917] Received RequestConsensusVote() RPC: tablet_id: "1c9757573adf4b1c994112fff242f9fe" candidate_uuid: "eed5dda237d44733bc5376e9243c3dd0" candidate_term: 1 candidate_status { last_received { term: 0 index: 0 } } ignore_live_leader: false dest_uuid: "5ae5f9207b6d46df8a780535800b21ba" is_pre_election: true
I20260710 13:19:10.907907 12127 raft_consensus.cc:2468] T 1c9757573adf4b1c994112fff242f9fe P 5ae5f9207b6d46df8a780535800b21ba [term 0 FOLLOWER]: Leader pre-election vote request: Granting yes vote for candidate eed5dda237d44733bc5376e9243c3dd0 in term 0.
I20260710 13:19:10.909538 12017 leader_election.cc:304] T 1c9757573adf4b1c994112fff242f9fe P eed5dda237d44733bc5376e9243c3dd0 [CANDIDATE]: Term 1 pre-election: Election decided. Result: candidate won. Election summary: received 2 responses out of 3 voters: 2 yes votes; 0 no votes. yes voters: 5ae5f9207b6d46df8a780535800b21ba, eed5dda237d44733bc5376e9243c3dd0; no voters: 
I20260710 13:19:10.914563 12203 tablet_service.cc:1917] Received RequestConsensusVote() RPC: tablet_id: "1c9757573adf4b1c994112fff242f9fe" candidate_uuid: "eed5dda237d44733bc5376e9243c3dd0" candidate_term: 1 candidate_status { last_received { term: 0 index: 0 } } ignore_live_leader: false dest_uuid: "3dba6a0b0e114cf18afe06e731642a46" is_pre_election: true
I20260710 13:19:10.915338 12203 raft_consensus.cc:2468] T 1c9757573adf4b1c994112fff242f9fe P 3dba6a0b0e114cf18afe06e731642a46 [term 0 FOLLOWER]: Leader pre-election vote request: Granting yes vote for candidate eed5dda237d44733bc5376e9243c3dd0 in term 0.
I20260710 13:19:10.918664 12262 raft_consensus.cc:2804] T 1c9757573adf4b1c994112fff242f9fe P eed5dda237d44733bc5376e9243c3dd0 [term 0 FOLLOWER]: Leader pre-election won for term 1
I20260710 13:19:10.919160 12262 raft_consensus.cc:493] T 1c9757573adf4b1c994112fff242f9fe P eed5dda237d44733bc5376e9243c3dd0 [term 0 FOLLOWER]: Starting leader election (no leader contacted us within the election timeout)
I20260710 13:19:10.919584 12262 raft_consensus.cc:3060] T 1c9757573adf4b1c994112fff242f9fe P eed5dda237d44733bc5376e9243c3dd0 [term 0 FOLLOWER]: Advancing to term 1
I20260710 13:19:10.921236 12243 tablet_bootstrap.cc:492] T 8f44f89276a64873becf5dd68587ae92 P 3dba6a0b0e114cf18afe06e731642a46: No bootstrap required, opened a new log
I20260710 13:19:10.921737 12243 ts_tablet_manager.cc:1403] T 8f44f89276a64873becf5dd68587ae92 P 3dba6a0b0e114cf18afe06e731642a46: Time spent bootstrapping tablet: real 0.069s	user 0.023s	sys 0.014s
I20260710 13:19:10.924496 12243 raft_consensus.cc:359] T 8f44f89276a64873becf5dd68587ae92 P 3dba6a0b0e114cf18afe06e731642a46 [term 0 FOLLOWER]: Replica starting. Triggering 0 pending ops. Active config: opid_index: -1 OBSOLETE_local: false peers { permanent_uuid: "eed5dda237d44733bc5376e9243c3dd0" member_type: VOTER last_known_addr { host: "127.11.36.193" port: 46611 } } peers { permanent_uuid: "5ae5f9207b6d46df8a780535800b21ba" member_type: VOTER last_known_addr { host: "127.11.36.194" port: 41087 } } peers { permanent_uuid: "3dba6a0b0e114cf18afe06e731642a46" member_type: VOTER last_known_addr { host: "127.11.36.195" port: 38453 } }
I20260710 13:19:10.925119 12243 raft_consensus.cc:385] T 8f44f89276a64873becf5dd68587ae92 P 3dba6a0b0e114cf18afe06e731642a46 [term 0 FOLLOWER]: Consensus starting up: Expiring failure detector timer to make a prompt election more likely
I20260710 13:19:10.925372 12243 raft_consensus.cc:740] T 8f44f89276a64873becf5dd68587ae92 P 3dba6a0b0e114cf18afe06e731642a46 [term 0 FOLLOWER]: Becoming Follower/Learner. State: Replica: 3dba6a0b0e114cf18afe06e731642a46, State: Initialized, Role: FOLLOWER
I20260710 13:19:10.929014 12243 consensus_queue.cc:260] T 8f44f89276a64873becf5dd68587ae92 P 3dba6a0b0e114cf18afe06e731642a46 [NON_LEADER]: Queue going to NON_LEADER mode. State: All replicated index: 0, Majority replicated index: 0, Committed index: 0, Last appended: 0.0, Last appended by leader: 0, Current term: 0, Majority size: -1, State: 0, Mode: NON_LEADER, active raft config: opid_index: -1 OBSOLETE_local: false peers { permanent_uuid: "eed5dda237d44733bc5376e9243c3dd0" member_type: VOTER last_known_addr { host: "127.11.36.193" port: 46611 } } peers { permanent_uuid: "5ae5f9207b6d46df8a780535800b21ba" member_type: VOTER last_known_addr { host: "127.11.36.194" port: 41087 } } peers { permanent_uuid: "3dba6a0b0e114cf18afe06e731642a46" member_type: VOTER last_known_addr { host: "127.11.36.195" port: 38453 } }
I20260710 13:19:10.931468 12243 ts_tablet_manager.cc:1434] T 8f44f89276a64873becf5dd68587ae92 P 3dba6a0b0e114cf18afe06e731642a46: Time spent starting tablet: real 0.009s	user 0.005s	sys 0.000s
I20260710 13:19:10.932475 12243 tablet_bootstrap.cc:492] T a0c02a086fc0446ab4067e60fd72f3d5 P 3dba6a0b0e114cf18afe06e731642a46: Bootstrap starting.
I20260710 13:19:10.938735 12243 tablet_bootstrap.cc:654] T a0c02a086fc0446ab4067e60fd72f3d5 P 3dba6a0b0e114cf18afe06e731642a46: Neither blocks nor log segments found. Creating new log.
I20260710 13:19:10.947145 12262 raft_consensus.cc:515] T 1c9757573adf4b1c994112fff242f9fe P eed5dda237d44733bc5376e9243c3dd0 [term 1 FOLLOWER]: Starting leader election with config: opid_index: -1 OBSOLETE_local: false peers { permanent_uuid: "eed5dda237d44733bc5376e9243c3dd0" member_type: VOTER last_known_addr { host: "127.11.36.193" port: 46611 } } peers { permanent_uuid: "5ae5f9207b6d46df8a780535800b21ba" member_type: VOTER last_known_addr { host: "127.11.36.194" port: 41087 } } peers { permanent_uuid: "3dba6a0b0e114cf18afe06e731642a46" member_type: VOTER last_known_addr { host: "127.11.36.195" port: 38453 } }
I20260710 13:19:10.951233 12243 tablet_bootstrap.cc:492] T a0c02a086fc0446ab4067e60fd72f3d5 P 3dba6a0b0e114cf18afe06e731642a46: No bootstrap required, opened a new log
I20260710 13:19:10.951717 12243 ts_tablet_manager.cc:1403] T a0c02a086fc0446ab4067e60fd72f3d5 P 3dba6a0b0e114cf18afe06e731642a46: Time spent bootstrapping tablet: real 0.019s	user 0.014s	sys 0.000s
I20260710 13:19:10.952613 12127 tablet_service.cc:1917] Received RequestConsensusVote() RPC: tablet_id: "1c9757573adf4b1c994112fff242f9fe" candidate_uuid: "eed5dda237d44733bc5376e9243c3dd0" candidate_term: 1 candidate_status { last_received { term: 0 index: 0 } } ignore_live_leader: false dest_uuid: "5ae5f9207b6d46df8a780535800b21ba"
I20260710 13:19:10.952870 12279 raft_consensus.cc:493] T 09540d557eb34d7a852cab6793120f30 P 5ae5f9207b6d46df8a780535800b21ba [term 0 FOLLOWER]: Starting pre-election (no leader contacted us within the election timeout)
I20260710 13:19:10.953197 12127 raft_consensus.cc:3060] T 1c9757573adf4b1c994112fff242f9fe P 5ae5f9207b6d46df8a780535800b21ba [term 0 FOLLOWER]: Advancing to term 1
I20260710 13:19:10.953298 12279 raft_consensus.cc:515] T 09540d557eb34d7a852cab6793120f30 P 5ae5f9207b6d46df8a780535800b21ba [term 0 FOLLOWER]: Starting pre-election with config: opid_index: -1 OBSOLETE_local: false peers { permanent_uuid: "eed5dda237d44733bc5376e9243c3dd0" member_type: VOTER last_known_addr { host: "127.11.36.193" port: 46611 } } peers { permanent_uuid: "5ae5f9207b6d46df8a780535800b21ba" member_type: VOTER last_known_addr { host: "127.11.36.194" port: 41087 } } peers { permanent_uuid: "3dba6a0b0e114cf18afe06e731642a46" member_type: VOTER last_known_addr { host: "127.11.36.195" port: 38453 } }
I20260710 13:19:10.954281 12243 raft_consensus.cc:359] T a0c02a086fc0446ab4067e60fd72f3d5 P 3dba6a0b0e114cf18afe06e731642a46 [term 0 FOLLOWER]: Replica starting. Triggering 0 pending ops. Active config: opid_index: -1 OBSOLETE_local: false peers { permanent_uuid: "eed5dda237d44733bc5376e9243c3dd0" member_type: VOTER last_known_addr { host: "127.11.36.193" port: 46611 } } peers { permanent_uuid: "5ae5f9207b6d46df8a780535800b21ba" member_type: VOTER last_known_addr { host: "127.11.36.194" port: 41087 } } peers { permanent_uuid: "3dba6a0b0e114cf18afe06e731642a46" member_type: VOTER last_known_addr { host: "127.11.36.195" port: 38453 } }
I20260710 13:19:10.954931 12243 raft_consensus.cc:385] T a0c02a086fc0446ab4067e60fd72f3d5 P 3dba6a0b0e114cf18afe06e731642a46 [term 0 FOLLOWER]: Consensus starting up: Expiring failure detector timer to make a prompt election more likely
I20260710 13:19:10.955180 12243 raft_consensus.cc:740] T a0c02a086fc0446ab4067e60fd72f3d5 P 3dba6a0b0e114cf18afe06e731642a46 [term 0 FOLLOWER]: Becoming Follower/Learner. State: Replica: 3dba6a0b0e114cf18afe06e731642a46, State: Initialized, Role: FOLLOWER
I20260710 13:19:10.955399 12279 leader_election.cc:290] T 09540d557eb34d7a852cab6793120f30 P 5ae5f9207b6d46df8a780535800b21ba [CANDIDATE]: Term 1 pre-election: Requested pre-vote from peers eed5dda237d44733bc5376e9243c3dd0 (127.11.36.193:46611), 3dba6a0b0e114cf18afe06e731642a46 (127.11.36.195:38453)
I20260710 13:19:10.956115 12053 tablet_service.cc:1917] Received RequestConsensusVote() RPC: tablet_id: "09540d557eb34d7a852cab6793120f30" candidate_uuid: "5ae5f9207b6d46df8a780535800b21ba" candidate_term: 1 candidate_status { last_received { term: 0 index: 0 } } ignore_live_leader: false dest_uuid: "eed5dda237d44733bc5376e9243c3dd0" is_pre_election: true
I20260710 13:19:10.956670 12053 raft_consensus.cc:2468] T 09540d557eb34d7a852cab6793120f30 P eed5dda237d44733bc5376e9243c3dd0 [term 0 FOLLOWER]: Leader pre-election vote request: Granting yes vote for candidate 5ae5f9207b6d46df8a780535800b21ba in term 0.
I20260710 13:19:10.956856 12203 tablet_service.cc:1917] Received RequestConsensusVote() RPC: tablet_id: "09540d557eb34d7a852cab6793120f30" candidate_uuid: "5ae5f9207b6d46df8a780535800b21ba" candidate_term: 1 candidate_status { last_received { term: 0 index: 0 } } ignore_live_leader: false dest_uuid: "3dba6a0b0e114cf18afe06e731642a46" is_pre_election: true
I20260710 13:19:10.957402 12203 raft_consensus.cc:2468] T 09540d557eb34d7a852cab6793120f30 P 3dba6a0b0e114cf18afe06e731642a46 [term 0 FOLLOWER]: Leader pre-election vote request: Granting yes vote for candidate 5ae5f9207b6d46df8a780535800b21ba in term 0.
I20260710 13:19:10.957875 12093 leader_election.cc:304] T 09540d557eb34d7a852cab6793120f30 P 5ae5f9207b6d46df8a780535800b21ba [CANDIDATE]: Term 1 pre-election: Election decided. Result: candidate won. Election summary: received 2 responses out of 3 voters: 2 yes votes; 0 no votes. yes voters: 5ae5f9207b6d46df8a780535800b21ba, eed5dda237d44733bc5376e9243c3dd0; no voters: 
I20260710 13:19:10.958667 12279 raft_consensus.cc:2804] T 09540d557eb34d7a852cab6793120f30 P 5ae5f9207b6d46df8a780535800b21ba [term 0 FOLLOWER]: Leader pre-election won for term 1
I20260710 13:19:10.959038 12279 raft_consensus.cc:493] T 09540d557eb34d7a852cab6793120f30 P 5ae5f9207b6d46df8a780535800b21ba [term 0 FOLLOWER]: Starting leader election (no leader contacted us within the election timeout)
I20260710 13:19:10.959350 12279 raft_consensus.cc:3060] T 09540d557eb34d7a852cab6793120f30 P 5ae5f9207b6d46df8a780535800b21ba [term 0 FOLLOWER]: Advancing to term 1
I20260710 13:19:10.955933 12243 consensus_queue.cc:260] T a0c02a086fc0446ab4067e60fd72f3d5 P 3dba6a0b0e114cf18afe06e731642a46 [NON_LEADER]: Queue going to NON_LEADER mode. State: All replicated index: 0, Majority replicated index: 0, Committed index: 0, Last appended: 0.0, Last appended by leader: 0, Current term: 0, Majority size: -1, State: 0, Mode: NON_LEADER, active raft config: opid_index: -1 OBSOLETE_local: false peers { permanent_uuid: "eed5dda237d44733bc5376e9243c3dd0" member_type: VOTER last_known_addr { host: "127.11.36.193" port: 46611 } } peers { permanent_uuid: "5ae5f9207b6d46df8a780535800b21ba" member_type: VOTER last_known_addr { host: "127.11.36.194" port: 41087 } } peers { permanent_uuid: "3dba6a0b0e114cf18afe06e731642a46" member_type: VOTER last_known_addr { host: "127.11.36.195" port: 38453 } }
I20260710 13:19:10.961189 12127 raft_consensus.cc:2468] T 1c9757573adf4b1c994112fff242f9fe P 5ae5f9207b6d46df8a780535800b21ba [term 1 FOLLOWER]: Leader election vote request: Granting yes vote for candidate eed5dda237d44733bc5376e9243c3dd0 in term 1.
I20260710 13:19:10.961671 12245 tablet_bootstrap.cc:492] T a0c02a086fc0446ab4067e60fd72f3d5 P 5ae5f9207b6d46df8a780535800b21ba: No bootstrap required, opened a new log
I20260710 13:19:10.962137 12245 ts_tablet_manager.cc:1403] T a0c02a086fc0446ab4067e60fd72f3d5 P 5ae5f9207b6d46df8a780535800b21ba: Time spent bootstrapping tablet: real 0.064s	user 0.033s	sys 0.024s
I20260710 13:19:10.962380 12017 leader_election.cc:304] T 1c9757573adf4b1c994112fff242f9fe P eed5dda237d44733bc5376e9243c3dd0 [CANDIDATE]: Term 1 election: Election decided. Result: candidate won. Election summary: received 2 responses out of 3 voters: 2 yes votes; 0 no votes. yes voters: 5ae5f9207b6d46df8a780535800b21ba, eed5dda237d44733bc5376e9243c3dd0; no voters: 
I20260710 13:19:10.963194 12250 raft_consensus.cc:2804] T 1c9757573adf4b1c994112fff242f9fe P eed5dda237d44733bc5376e9243c3dd0 [term 1 FOLLOWER]: Leader election won for term 1
I20260710 13:19:10.963625 12250 raft_consensus.cc:697] T 1c9757573adf4b1c994112fff242f9fe P eed5dda237d44733bc5376e9243c3dd0 [term 1 LEADER]: Becoming Leader. State: Replica: eed5dda237d44733bc5376e9243c3dd0, State: Running, Role: LEADER
I20260710 13:19:10.964362 12243 ts_tablet_manager.cc:1434] T a0c02a086fc0446ab4067e60fd72f3d5 P 3dba6a0b0e114cf18afe06e731642a46: Time spent starting tablet: real 0.012s	user 0.008s	sys 0.000s
I20260710 13:19:10.964425 12250 consensus_queue.cc:237] T 1c9757573adf4b1c994112fff242f9fe P eed5dda237d44733bc5376e9243c3dd0 [LEADER]: Queue going to LEADER mode. State: All replicated index: 0, Majority replicated index: 0, Committed index: 0, Last appended: 0.0, Last appended by leader: 0, Current term: 1, Majority size: 2, State: 0, Mode: LEADER, active raft config: opid_index: -1 OBSOLETE_local: false peers { permanent_uuid: "eed5dda237d44733bc5376e9243c3dd0" member_type: VOTER last_known_addr { host: "127.11.36.193" port: 46611 } } peers { permanent_uuid: "5ae5f9207b6d46df8a780535800b21ba" member_type: VOTER last_known_addr { host: "127.11.36.194" port: 41087 } } peers { permanent_uuid: "3dba6a0b0e114cf18afe06e731642a46" member_type: VOTER last_known_addr { host: "127.11.36.195" port: 38453 } }
I20260710 13:19:10.964761 12245 raft_consensus.cc:359] T a0c02a086fc0446ab4067e60fd72f3d5 P 5ae5f9207b6d46df8a780535800b21ba [term 0 FOLLOWER]: Replica starting. Triggering 0 pending ops. Active config: opid_index: -1 OBSOLETE_local: false peers { permanent_uuid: "eed5dda237d44733bc5376e9243c3dd0" member_type: VOTER last_known_addr { host: "127.11.36.193" port: 46611 } } peers { permanent_uuid: "5ae5f9207b6d46df8a780535800b21ba" member_type: VOTER last_known_addr { host: "127.11.36.194" port: 41087 } } peers { permanent_uuid: "3dba6a0b0e114cf18afe06e731642a46" member_type: VOTER last_known_addr { host: "127.11.36.195" port: 38453 } }
I20260710 13:19:10.965409 12245 raft_consensus.cc:385] T a0c02a086fc0446ab4067e60fd72f3d5 P 5ae5f9207b6d46df8a780535800b21ba [term 0 FOLLOWER]: Consensus starting up: Expiring failure detector timer to make a prompt election more likely
I20260710 13:19:10.965705 12245 raft_consensus.cc:740] T a0c02a086fc0446ab4067e60fd72f3d5 P 5ae5f9207b6d46df8a780535800b21ba [term 0 FOLLOWER]: Becoming Follower/Learner. State: Replica: 5ae5f9207b6d46df8a780535800b21ba, State: Initialized, Role: FOLLOWER
I20260710 13:19:10.966218 12279 raft_consensus.cc:515] T 09540d557eb34d7a852cab6793120f30 P 5ae5f9207b6d46df8a780535800b21ba [term 1 FOLLOWER]: Starting leader election with config: opid_index: -1 OBSOLETE_local: false peers { permanent_uuid: "eed5dda237d44733bc5376e9243c3dd0" member_type: VOTER last_known_addr { host: "127.11.36.193" port: 46611 } } peers { permanent_uuid: "5ae5f9207b6d46df8a780535800b21ba" member_type: VOTER last_known_addr { host: "127.11.36.194" port: 41087 } } peers { permanent_uuid: "3dba6a0b0e114cf18afe06e731642a46" member_type: VOTER last_known_addr { host: "127.11.36.195" port: 38453 } }
