I20260710 13:19:17.649796 12241 raft_consensus.cc:385] T 47a26ea6f7c74563863e9baf3544bacc P 8674cde4f4ab475b971e324c5b78a297 [term 0 FOLLOWER]: Consensus starting up: Expiring failure detector timer to make a prompt election more likely
I20260710 13:19:17.650051 12241 raft_consensus.cc:740] T 47a26ea6f7c74563863e9baf3544bacc P 8674cde4f4ab475b971e324c5b78a297 [term 0 FOLLOWER]: Becoming Follower/Learner. State: Replica: 8674cde4f4ab475b971e324c5b78a297, State: Initialized, Role: FOLLOWER
I20260710 13:19:17.651098 12251 consensus_queue.cc:1048] T 94566527c42641e193b941636ddf4c7c P a1abee981d204d8a9e38ce5216c640f1 [LEADER]: Connected to new peer: Peer: permanent_uuid: "8674cde4f4ab475b971e324c5b78a297" member_type: VOTER last_known_addr { host: "127.10.179.3" port: 46225 }, Status: LMP_MISMATCH, Last received: 0.0, Next index: 1, Last known committed idx: 0, Time since last communication: 0.001s
W20260710 13:19:17.653357 11997 auto_rebalancer.cc:288] Could not retrieve cluster info: Service unavailable: Tablet not running
I20260710 13:19:17.647462 12245 raft_consensus.cc:2804] T b5eeece5e9a04870ae2d866d1db9cfea P a4d84194bb044314a9a7c805982c39ad [term 0 FOLLOWER]: Leader pre-election won for term 1
I20260710 13:19:17.655026 11948 catalog_manager.cc:5697] T 3bda9cebaaba4954a86ab730833dac7d P 8674cde4f4ab475b971e324c5b78a297 reported cstate change: term changed from 0 to 1, leader changed from <none> to 8674cde4f4ab475b971e324c5b78a297 (127.10.179.3). New cstate: current_term: 1 leader_uuid: "8674cde4f4ab475b971e324c5b78a297" committed_config { opid_index: -1 OBSOLETE_local: false peers { permanent_uuid: "a1abee981d204d8a9e38ce5216c640f1" member_type: VOTER last_known_addr { host: "127.10.179.1" port: 46623 } health_report { overall_health: UNKNOWN } } peers { permanent_uuid: "a4d84194bb044314a9a7c805982c39ad" member_type: VOTER last_known_addr { host: "127.10.179.2" port: 36979 } health_report { overall_health: UNKNOWN } } peers { permanent_uuid: "8674cde4f4ab475b971e324c5b78a297" member_type: VOTER last_known_addr { host: "127.10.179.3" port: 46225 } health_report { overall_health: HEALTHY } } }
I20260710 13:19:17.657383 12245 raft_consensus.cc:493] T b5eeece5e9a04870ae2d866d1db9cfea P a4d84194bb044314a9a7c805982c39ad [term 0 FOLLOWER]: Starting leader election (no leader contacted us within the election timeout)
I20260710 13:19:17.657791 12245 raft_consensus.cc:3060] T b5eeece5e9a04870ae2d866d1db9cfea P a4d84194bb044314a9a7c805982c39ad [term 0 FOLLOWER]: Advancing to term 1
I20260710 13:19:17.657866 12241 consensus_queue.cc:260] T 47a26ea6f7c74563863e9baf3544bacc P 8674cde4f4ab475b971e324c5b78a297 [NON_LEADER]: Queue going to NON_LEADER mode. State: All replicated index: 0, Majority replicated index: 0, Committed index: 0, Last appended: 0.0, Last appended by leader: 0, Current term: 0, Majority size: -1, State: 0, Mode: NON_LEADER, active raft config: opid_index: -1 OBSOLETE_local: false peers { permanent_uuid: "a1abee981d204d8a9e38ce5216c640f1" member_type: VOTER last_known_addr { host: "127.10.179.1" port: 46623 } } peers { permanent_uuid: "a4d84194bb044314a9a7c805982c39ad" member_type: VOTER last_known_addr { host: "127.10.179.2" port: 36979 } } peers { permanent_uuid: "8674cde4f4ab475b971e324c5b78a297" member_type: VOTER last_known_addr { host: "127.10.179.3" port: 46225 } }
I20260710 13:19:17.658748 12309 raft_consensus.cc:493] T 47a26ea6f7c74563863e9baf3544bacc P a4d84194bb044314a9a7c805982c39ad [term 0 FOLLOWER]: Starting pre-election (no leader contacted us within the election timeout)
I20260710 13:19:17.659210 12309 raft_consensus.cc:515] T 47a26ea6f7c74563863e9baf3544bacc P a4d84194bb044314a9a7c805982c39ad [term 0 FOLLOWER]: Starting pre-election with config: opid_index: -1 OBSOLETE_local: false peers { permanent_uuid: "a1abee981d204d8a9e38ce5216c640f1" member_type: VOTER last_known_addr { host: "127.10.179.1" port: 46623 } } peers { permanent_uuid: "a4d84194bb044314a9a7c805982c39ad" member_type: VOTER last_known_addr { host: "127.10.179.2" port: 36979 } } peers { permanent_uuid: "8674cde4f4ab475b971e324c5b78a297" member_type: VOTER last_known_addr { host: "127.10.179.3" port: 46225 } }
I20260710 13:19:17.661187 12241 ts_tablet_manager.cc:1434] T 47a26ea6f7c74563863e9baf3544bacc P 8674cde4f4ab475b971e324c5b78a297: Time spent starting tablet: real 0.015s	user 0.007s	sys 0.000s
I20260710 13:19:17.662439 12241 tablet_bootstrap.cc:492] T d2c39c58fdb142239d74ef3e38da46d3 P 8674cde4f4ab475b971e324c5b78a297: Bootstrap starting.
I20260710 13:19:17.662796 12198 tablet_service.cc:1917] Received RequestConsensusVote() RPC: tablet_id: "47a26ea6f7c74563863e9baf3544bacc" candidate_uuid: "a4d84194bb044314a9a7c805982c39ad" candidate_term: 1 candidate_status { last_received { term: 0 index: 0 } } ignore_live_leader: false dest_uuid: "8674cde4f4ab475b971e324c5b78a297" is_pre_election: true
I20260710 13:19:17.663424 12198 raft_consensus.cc:2468] T 47a26ea6f7c74563863e9baf3544bacc P 8674cde4f4ab475b971e324c5b78a297 [term 0 FOLLOWER]: Leader pre-election vote request: Granting yes vote for candidate a4d84194bb044314a9a7c805982c39ad in term 0.
I20260710 13:19:17.664433 12050 tablet_service.cc:1917] Received RequestConsensusVote() RPC: tablet_id: "47a26ea6f7c74563863e9baf3544bacc" candidate_uuid: "a4d84194bb044314a9a7c805982c39ad" candidate_term: 1 candidate_status { last_received { term: 0 index: 0 } } ignore_live_leader: false dest_uuid: "a1abee981d204d8a9e38ce5216c640f1" is_pre_election: true
I20260710 13:19:17.665006 12240 raft_consensus.cc:359] T ec6c6753690040b79198aff7e39d4085 P a4d84194bb044314a9a7c805982c39ad [term 0 FOLLOWER]: Replica starting. Triggering 0 pending ops. Active config: opid_index: -1 OBSOLETE_local: false peers { permanent_uuid: "a1abee981d204d8a9e38ce5216c640f1" member_type: VOTER last_known_addr { host: "127.10.179.1" port: 46623 } } peers { permanent_uuid: "a4d84194bb044314a9a7c805982c39ad" member_type: VOTER last_known_addr { host: "127.10.179.2" port: 36979 } } peers { permanent_uuid: "8674cde4f4ab475b971e324c5b78a297" member_type: VOTER last_known_addr { host: "127.10.179.3" port: 46225 } }
I20260710 13:19:17.665663 12240 raft_consensus.cc:385] T ec6c6753690040b79198aff7e39d4085 P a4d84194bb044314a9a7c805982c39ad [term 0 FOLLOWER]: Consensus starting up: Expiring failure detector timer to make a prompt election more likely
I20260710 13:19:17.665967 12240 raft_consensus.cc:740] T ec6c6753690040b79198aff7e39d4085 P a4d84194bb044314a9a7c805982c39ad [term 0 FOLLOWER]: Becoming Follower/Learner. State: Replica: a4d84194bb044314a9a7c805982c39ad, State: Initialized, Role: FOLLOWER
I20260710 13:19:17.666711 12240 consensus_queue.cc:260] T ec6c6753690040b79198aff7e39d4085 P a4d84194bb044314a9a7c805982c39ad [NON_LEADER]: Queue going to NON_LEADER mode. State: All replicated index: 0, Majority replicated index: 0, Committed index: 0, Last appended: 0.0, Last appended by leader: 0, Current term: 0, Majority size: -1, State: 0, Mode: NON_LEADER, active raft config: opid_index: -1 OBSOLETE_local: false peers { permanent_uuid: "a1abee981d204d8a9e38ce5216c640f1" member_type: VOTER last_known_addr { host: "127.10.179.1" port: 46623 } } peers { permanent_uuid: "a4d84194bb044314a9a7c805982c39ad" member_type: VOTER last_known_addr { host: "127.10.179.2" port: 36979 } } peers { permanent_uuid: "8674cde4f4ab475b971e324c5b78a297" member_type: VOTER last_known_addr { host: "127.10.179.3" port: 46225 } }
I20260710 13:19:17.665416 12245 raft_consensus.cc:515] T b5eeece5e9a04870ae2d866d1db9cfea P a4d84194bb044314a9a7c805982c39ad [term 1 FOLLOWER]: Starting leader election with config: opid_index: -1 OBSOLETE_local: false peers { permanent_uuid: "a1abee981d204d8a9e38ce5216c640f1" member_type: VOTER last_known_addr { host: "127.10.179.1" port: 46623 } } peers { permanent_uuid: "a4d84194bb044314a9a7c805982c39ad" member_type: VOTER last_known_addr { host: "127.10.179.2" port: 36979 } } peers { permanent_uuid: "8674cde4f4ab475b971e324c5b78a297" member_type: VOTER last_known_addr { host: "127.10.179.3" port: 46225 } }
I20260710 13:19:17.674233 12240 ts_tablet_manager.cc:1434] T ec6c6753690040b79198aff7e39d4085 P a4d84194bb044314a9a7c805982c39ad: Time spent starting tablet: real 0.048s	user 0.008s	sys 0.000s
I20260710 13:19:17.675448 12240 tablet_bootstrap.cc:492] T c07660b9ef9a4ddc922539dcbf250a0f P a4d84194bb044314a9a7c805982c39ad: Bootstrap starting.
I20260710 13:19:17.675655 12091 leader_election.cc:304] T 47a26ea6f7c74563863e9baf3544bacc P a4d84194bb044314a9a7c805982c39ad [CANDIDATE]: Term 1 pre-election: Election decided. Result: candidate won. Election summary: received 2 responses out of 3 voters: 2 yes votes; 0 no votes. yes voters: 8674cde4f4ab475b971e324c5b78a297, a4d84194bb044314a9a7c805982c39ad; no voters: 
W20260710 13:19:17.676551 12091 leader_election.cc:343] T 47a26ea6f7c74563863e9baf3544bacc P a4d84194bb044314a9a7c805982c39ad [CANDIDATE]: Term 1 pre-election: Tablet error from VoteRequest() call to peer a1abee981d204d8a9e38ce5216c640f1 (127.10.179.1:46623): Illegal state: must be running to vote when last-logged opid is not known
I20260710 13:19:17.678934 12248 consensus_queue.cc:1048] T d87695e0de054a76992980bbbd07c6ed P 8674cde4f4ab475b971e324c5b78a297 [LEADER]: Connected to new peer: Peer: permanent_uuid: "a1abee981d204d8a9e38ce5216c640f1" member_type: VOTER last_known_addr { host: "127.10.179.1" port: 46623 }, Status: LMP_MISMATCH, Last received: 0.0, Next index: 1, Last known committed idx: 0, Time since last communication: 0.000s
I20260710 13:19:17.680310 12280 raft_consensus.cc:2804] T 47a26ea6f7c74563863e9baf3544bacc P a4d84194bb044314a9a7c805982c39ad [term 0 FOLLOWER]: Leader pre-election won for term 1
I20260710 13:19:17.671826 12245 leader_election.cc:290] T b5eeece5e9a04870ae2d866d1db9cfea P a4d84194bb044314a9a7c805982c39ad [CANDIDATE]: Term 1 election: Requested vote from peers a1abee981d204d8a9e38ce5216c640f1 (127.10.179.1:46623), 8674cde4f4ab475b971e324c5b78a297 (127.10.179.3:46225)
I20260710 13:19:17.680699 12280 raft_consensus.cc:493] T 47a26ea6f7c74563863e9baf3544bacc P a4d84194bb044314a9a7c805982c39ad [term 0 FOLLOWER]: Starting leader election (no leader contacted us within the election timeout)
I20260710 13:19:17.661213 12309 leader_election.cc:290] T 47a26ea6f7c74563863e9baf3544bacc P a4d84194bb044314a9a7c805982c39ad [CANDIDATE]: Term 1 pre-election: Requested pre-vote from peers a1abee981d204d8a9e38ce5216c640f1 (127.10.179.1:46623), 8674cde4f4ab475b971e324c5b78a297 (127.10.179.3:46225)
I20260710 13:19:17.684266 12280 raft_consensus.cc:3060] T 47a26ea6f7c74563863e9baf3544bacc P a4d84194bb044314a9a7c805982c39ad [term 0 FOLLOWER]: Advancing to term 1
I20260710 13:19:17.695433 12051 tablet_service.cc:1917] Received RequestConsensusVote() RPC: tablet_id: "b5eeece5e9a04870ae2d866d1db9cfea" candidate_uuid: "a4d84194bb044314a9a7c805982c39ad" candidate_term: 1 candidate_status { last_received { term: 0 index: 0 } } ignore_live_leader: false dest_uuid: "a1abee981d204d8a9e38ce5216c640f1"
I20260710 13:19:17.697991 12200 tablet_service.cc:1917] Received RequestConsensusVote() RPC: tablet_id: "b5eeece5e9a04870ae2d866d1db9cfea" candidate_uuid: "a4d84194bb044314a9a7c805982c39ad" candidate_term: 1 candidate_status { last_received { term: 0 index: 0 } } ignore_live_leader: false dest_uuid: "8674cde4f4ab475b971e324c5b78a297"
I20260710 13:19:17.698747 12200 raft_consensus.cc:3060] T b5eeece5e9a04870ae2d866d1db9cfea P 8674cde4f4ab475b971e324c5b78a297 [term 0 FOLLOWER]: Advancing to term 1
W20260710 13:19:17.705322 12091 leader_election.cc:343] T b5eeece5e9a04870ae2d866d1db9cfea P a4d84194bb044314a9a7c805982c39ad [CANDIDATE]: Term 1 election: Tablet error from VoteRequest() call to peer a1abee981d204d8a9e38ce5216c640f1 (127.10.179.1:46623): Illegal state: must be running to vote when last-logged opid is not known
I20260710 13:19:17.715382 12200 raft_consensus.cc:2468] T b5eeece5e9a04870ae2d866d1db9cfea P 8674cde4f4ab475b971e324c5b78a297 [term 1 FOLLOWER]: Leader election vote request: Granting yes vote for candidate a4d84194bb044314a9a7c805982c39ad in term 1.
I20260710 13:19:17.716907 12091 leader_election.cc:304] T b5eeece5e9a04870ae2d866d1db9cfea P a4d84194bb044314a9a7c805982c39ad [CANDIDATE]: Term 1 election: Election decided. Result: candidate won. Election summary: received 3 responses out of 3 voters: 2 yes votes; 1 no votes. yes voters: 8674cde4f4ab475b971e324c5b78a297, a4d84194bb044314a9a7c805982c39ad; no voters: a1abee981d204d8a9e38ce5216c640f1
I20260710 13:19:17.717941 12310 raft_consensus.cc:2804] T b5eeece5e9a04870ae2d866d1db9cfea P a4d84194bb044314a9a7c805982c39ad [term 1 FOLLOWER]: Leader election won for term 1
I20260710 13:19:17.718544 12310 raft_consensus.cc:697] T b5eeece5e9a04870ae2d866d1db9cfea P a4d84194bb044314a9a7c805982c39ad [term 1 LEADER]: Becoming Leader. State: Replica: a4d84194bb044314a9a7c805982c39ad, State: Running, Role: LEADER
I20260710 13:19:17.719650 12310 consensus_queue.cc:237] T b5eeece5e9a04870ae2d866d1db9cfea P a4d84194bb044314a9a7c805982c39ad [LEADER]: Queue going to LEADER mode. State: All replicated index: 0, Majority replicated index: 0, Committed index: 0, Last appended: 0.0, Last appended by leader: 0, Current term: 1, Majority size: 2, State: 0, Mode: LEADER, active raft config: opid_index: -1 OBSOLETE_local: false peers { permanent_uuid: "a1abee981d204d8a9e38ce5216c640f1" member_type: VOTER last_known_addr { host: "127.10.179.1" port: 46623 } } peers { permanent_uuid: "a4d84194bb044314a9a7c805982c39ad" member_type: VOTER last_known_addr { host: "127.10.179.2" port: 36979 } } peers { permanent_uuid: "8674cde4f4ab475b971e324c5b78a297" member_type: VOTER last_known_addr { host: "127.10.179.3" port: 46225 } }
I20260710 13:19:17.740516 12280 raft_consensus.cc:515] T 47a26ea6f7c74563863e9baf3544bacc P a4d84194bb044314a9a7c805982c39ad [term 1 FOLLOWER]: Starting leader election with config: opid_index: -1 OBSOLETE_local: false peers { permanent_uuid: "a1abee981d204d8a9e38ce5216c640f1" member_type: VOTER last_known_addr { host: "127.10.179.1" port: 46623 } } peers { permanent_uuid: "a4d84194bb044314a9a7c805982c39ad" member_type: VOTER last_known_addr { host: "127.10.179.2" port: 36979 } } peers { permanent_uuid: "8674cde4f4ab475b971e324c5b78a297" member_type: VOTER last_known_addr { host: "127.10.179.3" port: 46225 } }
I20260710 13:19:17.744696 12244 tablet_bootstrap.cc:492] T 4449a955f9a94202a2306fddc724c3ad P a1abee981d204d8a9e38ce5216c640f1: No bootstrap required, opened a new log
I20260710 13:19:17.745391 12244 ts_tablet_manager.cc:1403] T 4449a955f9a94202a2306fddc724c3ad P a1abee981d204d8a9e38ce5216c640f1: Time spent bootstrapping tablet: real 0.214s	user 0.032s	sys 0.022s
I20260710 13:19:17.749284 12244 raft_consensus.cc:359] T 4449a955f9a94202a2306fddc724c3ad P a1abee981d204d8a9e38ce5216c640f1 [term 0 FOLLOWER]: Replica starting. Triggering 0 pending ops. Active config: opid_index: -1 OBSOLETE_local: false peers { permanent_uuid: "a1abee981d204d8a9e38ce5216c640f1" member_type: VOTER last_known_addr { host: "127.10.179.1" port: 46623 } } peers { permanent_uuid: "a4d84194bb044314a9a7c805982c39ad" member_type: VOTER last_known_addr { host: "127.10.179.2" port: 36979 } } peers { permanent_uuid: "8674cde4f4ab475b971e324c5b78a297" member_type: VOTER last_known_addr { host: "127.10.179.3" port: 46225 } }
I20260710 13:19:17.749790 12244 raft_consensus.cc:385] T 4449a955f9a94202a2306fddc724c3ad P a1abee981d204d8a9e38ce5216c640f1 [term 0 FOLLOWER]: Consensus starting up: Expiring failure detector timer to make a prompt election more likely
I20260710 13:19:17.750012 12244 raft_consensus.cc:740] T 4449a955f9a94202a2306fddc724c3ad P a1abee981d204d8a9e38ce5216c640f1 [term 0 FOLLOWER]: Becoming Follower/Learner. State: Replica: a1abee981d204d8a9e38ce5216c640f1, State: Initialized, Role: FOLLOWER
I20260710 13:19:17.751078 12244 consensus_queue.cc:260] T 4449a955f9a94202a2306fddc724c3ad P a1abee981d204d8a9e38ce5216c640f1 [NON_LEADER]: Queue going to NON_LEADER mode. State: All replicated index: 0, Majority replicated index: 0, Committed index: 0, Last appended: 0.0, Last appended by leader: 0, Current term: 0, Majority size: -1, State: 0, Mode: NON_LEADER, active raft config: opid_index: -1 OBSOLETE_local: false peers { permanent_uuid: "a1abee981d204d8a9e38ce5216c640f1" member_type: VOTER last_known_addr { host: "127.10.179.1" port: 46623 } } peers { permanent_uuid: "a4d84194bb044314a9a7c805982c39ad" member_type: VOTER last_known_addr { host: "127.10.179.2" port: 36979 } } peers { permanent_uuid: "8674cde4f4ab475b971e324c5b78a297" member_type: VOTER last_known_addr { host: "127.10.179.3" port: 46225 } }
I20260710 13:19:17.753010 12244 ts_tablet_manager.cc:1434] T 4449a955f9a94202a2306fddc724c3ad P a1abee981d204d8a9e38ce5216c640f1: Time spent starting tablet: real 0.007s	user 0.005s	sys 0.000s
I20260710 13:19:17.756587 12244 tablet_bootstrap.cc:492] T 48dde999e8244d889a17f0217955319c P a1abee981d204d8a9e38ce5216c640f1: Bootstrap starting.
I20260710 13:19:17.762118 12049 tablet_service.cc:1917] Received RequestConsensusVote() RPC: tablet_id: "47a26ea6f7c74563863e9baf3544bacc" candidate_uuid: "a4d84194bb044314a9a7c805982c39ad" candidate_term: 1 candidate_status { last_received { term: 0 index: 0 } } ignore_live_leader: false dest_uuid: "a1abee981d204d8a9e38ce5216c640f1"
W20260710 13:19:17.763917 12091 leader_election.cc:343] T 47a26ea6f7c74563863e9baf3544bacc P a4d84194bb044314a9a7c805982c39ad [CANDIDATE]: Term 1 election: Tablet error from VoteRequest() call to peer a1abee981d204d8a9e38ce5216c640f1 (127.10.179.1:46623): Illegal state: must be running to vote when last-logged opid is not known
I20260710 13:19:17.764039 12051 raft_consensus.cc:3060] T 65c966021810401c801d057a92f212a2 P a1abee981d204d8a9e38ce5216c640f1 [term 0 FOLLOWER]: Advancing to term 1
I20260710 13:19:17.765194 12310 consensus_queue.cc:1048] T 65c966021810401c801d057a92f212a2 P a4d84194bb044314a9a7c805982c39ad [LEADER]: Connected to new peer: Peer: permanent_uuid: "8674cde4f4ab475b971e324c5b78a297" member_type: VOTER last_known_addr { host: "127.10.179.3" port: 46225 }, Status: LMP_MISMATCH, Last received: 0.0, Next index: 1, Last known committed idx: 0, Time since last communication: 0.001s
I20260710 13:19:17.767953 12241 tablet_bootstrap.cc:654] T d2c39c58fdb142239d74ef3e38da46d3 P 8674cde4f4ab475b971e324c5b78a297: Neither blocks nor log segments found. Creating new log.
I20260710 13:19:17.772784 12304 consensus_queue.cc:1048] T 94566527c42641e193b941636ddf4c7c P a1abee981d204d8a9e38ce5216c640f1 [LEADER]: Connected to new peer: Peer: permanent_uuid: "a4d84194bb044314a9a7c805982c39ad" member_type: VOTER last_known_addr { host: "127.10.179.2" port: 36979 }, Status: LMP_MISMATCH, Last received: 0.0, Next index: 1, Last known committed idx: 0, Time since last communication: 0.000s
I20260710 13:19:17.783798 12240 tablet_bootstrap.cc:654] T c07660b9ef9a4ddc922539dcbf250a0f P a4d84194bb044314a9a7c805982c39ad: Neither blocks nor log segments found. Creating new log.
I20260710 13:19:17.790887 12309 consensus_queue.cc:1048] T 65c966021810401c801d057a92f212a2 P a4d84194bb044314a9a7c805982c39ad [LEADER]: Connected to new peer: Peer: permanent_uuid: "a1abee981d204d8a9e38ce5216c640f1" member_type: VOTER last_known_addr { host: "127.10.179.1" port: 46623 }, Status: LMP_MISMATCH, Last received: 0.0, Next index: 1, Last known committed idx: 0, Time since last communication: 0.001s
I20260710 13:19:17.797145 12280 leader_election.cc:290] T 47a26ea6f7c74563863e9baf3544bacc P a4d84194bb044314a9a7c805982c39ad [CANDIDATE]: Term 1 election: Requested vote from peers a1abee981d204d8a9e38ce5216c640f1 (127.10.179.1:46623), 8674cde4f4ab475b971e324c5b78a297 (127.10.179.3:46225)
I20260710 13:19:17.799322 12286 raft_consensus.cc:493] T ec6c6753690040b79198aff7e39d4085 P 8674cde4f4ab475b971e324c5b78a297 [term 0 FOLLOWER]: Starting pre-election (no leader contacted us within the election timeout)
I20260710 13:19:17.808802 12244 tablet_bootstrap.cc:654] T 48dde999e8244d889a17f0217955319c P a1abee981d204d8a9e38ce5216c640f1: Neither blocks nor log segments found. Creating new log.
I20260710 13:19:17.808710 12200 tablet_service.cc:1917] Received RequestConsensusVote() RPC: tablet_id: "47a26ea6f7c74563863e9baf3544bacc" candidate_uuid: "a4d84194bb044314a9a7c805982c39ad" candidate_term: 1 candidate_status { last_received { term: 0 index: 0 } } ignore_live_leader: false dest_uuid: "8674cde4f4ab475b971e324c5b78a297"
I20260710 13:19:17.809379 12200 raft_consensus.cc:3060] T 47a26ea6f7c74563863e9baf3544bacc P 8674cde4f4ab475b971e324c5b78a297 [term 0 FOLLOWER]: Advancing to term 1
I20260710 13:19:17.816257 12274 raft_consensus.cc:493] T 1652f73e489146b2b4017bca9c1c392a P a1abee981d204d8a9e38ce5216c640f1 [term 0 FOLLOWER]: Starting pre-election (no leader contacted us within the election timeout)
I20260710 13:19:17.817147 12274 raft_consensus.cc:515] T 1652f73e489146b2b4017bca9c1c392a P a1abee981d204d8a9e38ce5216c640f1 [term 0 FOLLOWER]: Starting pre-election with config: opid_index: -1 OBSOLETE_local: false peers { permanent_uuid: "a1abee981d204d8a9e38ce5216c640f1" member_type: VOTER last_known_addr { host: "127.10.179.1" port: 46623 } } peers { permanent_uuid: "a4d84194bb044314a9a7c805982c39ad" member_type: VOTER last_known_addr { host: "127.10.179.2" port: 36979 } } peers { permanent_uuid: "8674cde4f4ab475b971e324c5b78a297" member_type: VOTER last_known_addr { host: "127.10.179.3" port: 46225 } }
I20260710 13:19:17.809594 12286 raft_consensus.cc:515] T ec6c6753690040b79198aff7e39d4085 P 8674cde4f4ab475b971e324c5b78a297 [term 0 FOLLOWER]: Starting pre-election with config: opid_index: -1 OBSOLETE_local: false peers { permanent_uuid: "a1abee981d204d8a9e38ce5216c640f1" member_type: VOTER last_known_addr { host: "127.10.179.1" port: 46623 } } peers { permanent_uuid: "a4d84194bb044314a9a7c805982c39ad" member_type: VOTER last_known_addr { host: "127.10.179.2" port: 36979 } } peers { permanent_uuid: "8674cde4f4ab475b971e324c5b78a297" member_type: VOTER last_known_addr { host: "127.10.179.3" port: 46225 } }
I20260710 13:19:17.821967 12280 raft_consensus.cc:493] T 22b605eb0e374882a690cb2d893e6edd P a4d84194bb044314a9a7c805982c39ad [term 0 FOLLOWER]: Starting pre-election (no leader contacted us within the election timeout)
I20260710 13:19:17.822500 12280 raft_consensus.cc:515] T 22b605eb0e374882a690cb2d893e6edd P a4d84194bb044314a9a7c805982c39ad [term 0 FOLLOWER]: Starting pre-election with config: opid_index: -1 OBSOLETE_local: false peers { permanent_uuid: "a1abee981d204d8a9e38ce5216c640f1" member_type: VOTER last_known_addr { host: "127.10.179.1" port: 46623 } } peers { permanent_uuid: "a4d84194bb044314a9a7c805982c39ad" member_type: VOTER last_known_addr { host: "127.10.179.2" port: 36979 } } peers { permanent_uuid: "8674cde4f4ab475b971e324c5b78a297" member_type: VOTER last_known_addr { host: "127.10.179.3" port: 46225 } }
I20260710 13:19:17.827687 12051 tablet_service.cc:1917] Received RequestConsensusVote() RPC: tablet_id: "ec6c6753690040b79198aff7e39d4085" candidate_uuid: "8674cde4f4ab475b971e324c5b78a297" candidate_term: 1 candidate_status { last_received { term: 0 index: 0 } } ignore_live_leader: false dest_uuid: "a1abee981d204d8a9e38ce5216c640f1" is_pre_election: true
W20260710 13:19:17.829471 12165 leader_election.cc:343] T ec6c6753690040b79198aff7e39d4085 P 8674cde4f4ab475b971e324c5b78a297 [CANDIDATE]: Term 1 pre-election: Tablet error from VoteRequest() call to peer a1abee981d204d8a9e38ce5216c640f1 (127.10.179.1:46623): Illegal state: must be running to vote when last-logged opid is not known
I20260710 13:19:17.846269 12286 leader_election.cc:290] T ec6c6753690040b79198aff7e39d4085 P 8674cde4f4ab475b971e324c5b78a297 [CANDIDATE]: Term 1 pre-election: Requested pre-vote from peers a1abee981d204d8a9e38ce5216c640f1 (127.10.179.1:46623), a4d84194bb044314a9a7c805982c39ad (127.10.179.2:36979)
I20260710 13:19:17.847477 12125 tablet_service.cc:1917] Received RequestConsensusVote() RPC: tablet_id: "ec6c6753690040b79198aff7e39d4085" candidate_uuid: "8674cde4f4ab475b971e324c5b78a297" candidate_term: 1 candidate_status { last_received { term: 0 index: 0 } } ignore_live_leader: false dest_uuid: "a4d84194bb044314a9a7c805982c39ad" is_pre_election: true
I20260710 13:19:17.847582 12248 consensus_queue.cc:1048] T 387a8be007a141d89d923678dcea5a6b P 8674cde4f4ab475b971e324c5b78a297 [LEADER]: Connected to new peer: Peer: permanent_uuid: "a1abee981d204d8a9e38ce5216c640f1" member_type: VOTER last_known_addr { host: "127.10.179.1" port: 46623 }, Status: LMP_MISMATCH, Last received: 0.0, Next index: 1, Last known committed idx: 0, Time since last communication: 0.000s
I20260710 13:19:17.848232 12126 tablet_service.cc:1917] Received RequestConsensusVote() RPC: tablet_id: "1652f73e489146b2b4017bca9c1c392a" candidate_uuid: "a1abee981d204d8a9e38ce5216c640f1" candidate_term: 1 candidate_status { last_received { term: 0 index: 0 } } ignore_live_leader: false dest_uuid: "a4d84194bb044314a9a7c805982c39ad" is_pre_election: true
I20260710 13:19:17.848402 12274 leader_election.cc:290] T 1652f73e489146b2b4017bca9c1c392a P a1abee981d204d8a9e38ce5216c640f1 [CANDIDATE]: Term 1 pre-election: Requested pre-vote from peers a4d84194bb044314a9a7c805982c39ad (127.10.179.2:36979), 8674cde4f4ab475b971e324c5b78a297 (127.10.179.3:46225)
I20260710 13:19:17.849123 12280 leader_election.cc:290] T 22b605eb0e374882a690cb2d893e6edd P a4d84194bb044314a9a7c805982c39ad [CANDIDATE]: Term 1 pre-election: Requested pre-vote from peers a1abee981d204d8a9e38ce5216c640f1 (127.10.179.1:46623), 8674cde4f4ab475b971e324c5b78a297 (127.10.179.3:46225)
I20260710 13:19:17.849004 12199 tablet_service.cc:1917] Received RequestConsensusVote() RPC: tablet_id: "1652f73e489146b2b4017bca9c1c392a" candidate_uuid: "a1abee981d204d8a9e38ce5216c640f1" candidate_term: 1 candidate_status { last_received { term: 0 index: 0 } } ignore_live_leader: false dest_uuid: "8674cde4f4ab475b971e324c5b78a297" is_pre_election: true
I20260710 13:19:17.843461 12200 raft_consensus.cc:2468] T 47a26ea6f7c74563863e9baf3544bacc P 8674cde4f4ab475b971e324c5b78a297 [term 1 FOLLOWER]: Leader election vote request: Granting yes vote for candidate a4d84194bb044314a9a7c805982c39ad in term 1.
I20260710 13:19:17.851008 12050 tablet_service.cc:1917] Received RequestConsensusVote() RPC: tablet_id: "22b605eb0e374882a690cb2d893e6edd" candidate_uuid: "a4d84194bb044314a9a7c805982c39ad" candidate_term: 1 candidate_status { last_received { term: 0 index: 0 } } ignore_live_leader: false dest_uuid: "a1abee981d204d8a9e38ce5216c640f1" is_pre_election: true
I20260710 13:19:17.851758 12198 tablet_service.cc:1917] Received RequestConsensusVote() RPC: tablet_id: "22b605eb0e374882a690cb2d893e6edd" candidate_uuid: "a4d84194bb044314a9a7c805982c39ad" candidate_term: 1 candidate_status { last_received { term: 0 index: 0 } } ignore_live_leader: false dest_uuid: "8674cde4f4ab475b971e324c5b78a297" is_pre_election: true
I20260710 13:19:17.854972 12125 raft_consensus.cc:2468] T ec6c6753690040b79198aff7e39d4085 P a4d84194bb044314a9a7c805982c39ad [term 0 FOLLOWER]: Leader pre-election vote request: Granting yes vote for candidate 8674cde4f4ab475b971e324c5b78a297 in term 0.
I20260710 13:19:17.857240 12198 raft_consensus.cc:2468] T 22b605eb0e374882a690cb2d893e6edd P 8674cde4f4ab475b971e324c5b78a297 [term 0 FOLLOWER]: Leader pre-election vote request: Granting yes vote for candidate a4d84194bb044314a9a7c805982c39ad in term 0.
I20260710 13:19:17.858419 12091 leader_election.cc:304] T 22b605eb0e374882a690cb2d893e6edd P a4d84194bb044314a9a7c805982c39ad [CANDIDATE]: Term 1 pre-election: Election decided. Result: candidate won. Election summary: received 2 responses out of 3 voters: 2 yes votes; 0 no votes. yes voters: 8674cde4f4ab475b971e324c5b78a297, a4d84194bb044314a9a7c805982c39ad; no voters: 
I20260710 13:19:17.858888 12016 leader_election.cc:304] T 1652f73e489146b2b4017bca9c1c392a P a1abee981d204d8a9e38ce5216c640f1 [CANDIDATE]: Term 1 pre-election: Election decided. Result: candidate lost. Election summary: received 3 responses out of 3 voters: 1 yes votes; 2 no votes. yes voters: a1abee981d204d8a9e38ce5216c640f1; no voters: 8674cde4f4ab475b971e324c5b78a297, a4d84194bb044314a9a7c805982c39ad
I20260710 13:19:17.859549 12240 tablet_bootstrap.cc:492] T c07660b9ef9a4ddc922539dcbf250a0f P a4d84194bb044314a9a7c805982c39ad: No bootstrap required, opened a new log
I20260710 13:19:17.859766 12274 raft_consensus.cc:2749] T 1652f73e489146b2b4017bca9c1c392a P a1abee981d204d8a9e38ce5216c640f1 [term 0 FOLLOWER]: Leader pre-election lost for term 1. Reason: could not achieve majority
I20260710 13:19:17.859978 12240 ts_tablet_manager.cc:1403] T c07660b9ef9a4ddc922539dcbf250a0f P a4d84194bb044314a9a7c805982c39ad: Time spent bootstrapping tablet: real 0.185s	user 0.011s	sys 0.005s
I20260710 13:19:17.858937 12163 leader_election.cc:304] T ec6c6753690040b79198aff7e39d4085 P 8674cde4f4ab475b971e324c5b78a297 [CANDIDATE]: Term 1 pre-election: Election decided. Result: candidate won. Election summary: received 3 responses out of 3 voters: 2 yes votes; 1 no votes. yes voters: 8674cde4f4ab475b971e324c5b78a297, a4d84194bb044314a9a7c805982c39ad; no voters: a1abee981d204d8a9e38ce5216c640f1
W20260710 13:19:17.862272 12091 leader_election.cc:343] T 22b605eb0e374882a690cb2d893e6edd P a4d84194bb044314a9a7c805982c39ad [CANDIDATE]: Term 1 pre-election: Tablet error from VoteRequest() call to peer a1abee981d204d8a9e38ce5216c640f1 (127.10.179.1:46623): Illegal state: must be running to vote when last-logged opid is not known
I20260710 13:19:17.862651 12248 raft_consensus.cc:2804] T ec6c6753690040b79198aff7e39d4085 P 8674cde4f4ab475b971e324c5b78a297 [term 0 FOLLOWER]: Leader pre-election won for term 1
I20260710 13:19:17.862998 12248 raft_consensus.cc:493] T ec6c6753690040b79198aff7e39d4085 P 8674cde4f4ab475b971e324c5b78a297 [term 0 FOLLOWER]: Starting leader election (no leader contacted us within the election timeout)
I20260710 13:19:17.863343 12248 raft_consensus.cc:3060] T ec6c6753690040b79198aff7e39d4085 P 8674cde4f4ab475b971e324c5b78a297 [term 0 FOLLOWER]: Advancing to term 1
I20260710 13:19:17.863256 12091 leader_election.cc:304] T 47a26ea6f7c74563863e9baf3544bacc P a4d84194bb044314a9a7c805982c39ad [CANDIDATE]: Term 1 election: Election decided. Result: candidate won. Election summary: received 3 responses out of 3 voters: 2 yes votes; 1 no votes. yes voters: 8674cde4f4ab475b971e324c5b78a297, a4d84194bb044314a9a7c805982c39ad; no voters: a1abee981d204d8a9e38ce5216c640f1
I20260710 13:19:17.864127 12245 raft_consensus.cc:2804] T 47a26ea6f7c74563863e9baf3544bacc P a4d84194bb044314a9a7c805982c39ad [term 1 FOLLOWER]: Leader election won for term 1
I20260710 13:19:17.864573 12245 raft_consensus.cc:697] T 47a26ea6f7c74563863e9baf3544bacc P a4d84194bb044314a9a7c805982c39ad [term 1 LEADER]: Becoming Leader. State: Replica: a4d84194bb044314a9a7c805982c39ad, State: Running, Role: LEADER
I20260710 13:19:17.865342 12245 consensus_queue.cc:237] T 47a26ea6f7c74563863e9baf3544bacc P a4d84194bb044314a9a7c805982c39ad [LEADER]: Queue going to LEADER mode. State: All replicated index: 0, Majority replicated index: 0, Committed index: 0, Last appended: 0.0, Last appended by leader: 0, Current term: 1, Majority size: 2, State: 0, Mode: LEADER, active raft config: opid_index: -1 OBSOLETE_local: false peers { permanent_uuid: "a1abee981d204d8a9e38ce5216c640f1" member_type: VOTER last_known_addr { host: "127.10.179.1" port: 46623 } } peers { permanent_uuid: "a4d84194bb044314a9a7c805982c39ad" member_type: VOTER last_known_addr { host: "127.10.179.2" port: 36979 } } peers { permanent_uuid: "8674cde4f4ab475b971e324c5b78a297" member_type: VOTER last_known_addr { host: "127.10.179.3" port: 46225 } }
I20260710 13:19:17.867878 12240 raft_consensus.cc:359] T c07660b9ef9a4ddc922539dcbf250a0f P a4d84194bb044314a9a7c805982c39ad [term 0 FOLLOWER]: Replica starting. Triggering 0 pending ops. Active config: opid_index: -1 OBSOLETE_local: false peers { permanent_uuid: "a1abee981d204d8a9e38ce5216c640f1" member_type: VOTER last_known_addr { host: "127.10.179.1" port: 46623 } } peers { permanent_uuid: "a4d84194bb044314a9a7c805982c39ad" member_type: VOTER last_known_addr { host: "127.10.179.2" port: 36979 } } peers { permanent_uuid: "8674cde4f4ab475b971e324c5b78a297" member_type: VOTER last_known_addr { host: "127.10.179.3" port: 46225 } }
I20260710 13:19:17.869414 12240 raft_consensus.cc:385] T c07660b9ef9a4ddc922539dcbf250a0f P a4d84194bb044314a9a7c805982c39ad [term 0 FOLLOWER]: Consensus starting up: Expiring failure detector timer to make a prompt election more likely
I20260710 13:19:17.869731 12240 raft_consensus.cc:740] T c07660b9ef9a4ddc922539dcbf250a0f P a4d84194bb044314a9a7c805982c39ad [term 0 FOLLOWER]: Becoming Follower/Learner. State: Replica: a4d84194bb044314a9a7c805982c39ad, State: Initialized, Role: FOLLOWER
I20260710 13:19:17.870748 12240 consensus_queue.cc:260] T c07660b9ef9a4ddc922539dcbf250a0f P a4d84194bb044314a9a7c805982c39ad [NON_LEADER]: Queue going to NON_LEADER mode. State: All replicated index: 0, Majority replicated index: 0, Committed index: 0, Last appended: 0.0, Last appended by leader: 0, Current term: 0, Majority size: -1, State: 0, Mode: NON_LEADER, active raft config: opid_index: -1 OBSOLETE_local: false peers { permanent_uuid: "a1abee981d204d8a9e38ce5216c640f1" member_type: VOTER last_known_addr { host: "127.10.179.1" port: 46623 } } peers { permanent_uuid: "a4d84194bb044314a9a7c805982c39ad" member_type: VOTER last_known_addr { host: "127.10.179.2" port: 36979 } } peers { permanent_uuid: "8674cde4f4ab475b971e324c5b78a297" member_type: VOTER last_known_addr { host: "127.10.179.3" port: 46225 } }
I20260710 13:19:17.860917 12280 raft_consensus.cc:2804] T 22b605eb0e374882a690cb2d893e6edd P a4d84194bb044314a9a7c805982c39ad [term 0 FOLLOWER]: Leader pre-election won for term 1
I20260710 13:19:17.872946 12241 tablet_bootstrap.cc:492] T d2c39c58fdb142239d74ef3e38da46d3 P 8674cde4f4ab475b971e324c5b78a297: No bootstrap required, opened a new log
I20260710 13:19:17.873872 12241 ts_tablet_manager.cc:1403] T d2c39c58fdb142239d74ef3e38da46d3 P 8674cde4f4ab475b971e324c5b78a297: Time spent bootstrapping tablet: real 0.212s	user 0.016s	sys 0.000s
I20260710 13:19:17.877409 12240 ts_tablet_manager.cc:1434] T c07660b9ef9a4ddc922539dcbf250a0f P a4d84194bb044314a9a7c805982c39ad: Time spent starting tablet: real 0.017s	user 0.006s	sys 0.000s
I20260710 13:19:17.878791 12240 tablet_bootstrap.cc:492] T a8e220a9a2f0497bb78c3707e06d75e6 P a4d84194bb044314a9a7c805982c39ad: Bootstrap starting.
I20260710 13:19:17.877383 11948 catalog_manager.cc:5697] T b5eeece5e9a04870ae2d866d1db9cfea P a4d84194bb044314a9a7c805982c39ad reported cstate change: term changed from 0 to 1, leader changed from <none> to a4d84194bb044314a9a7c805982c39ad (127.10.179.2). New cstate: current_term: 1 leader_uuid: "a4d84194bb044314a9a7c805982c39ad" committed_config { opid_index: -1 OBSOLETE_local: false peers { permanent_uuid: "a1abee981d204d8a9e38ce5216c640f1" member_type: VOTER last_known_addr { host: "127.10.179.1" port: 46623 } health_report { overall_health: UNKNOWN } } peers { permanent_uuid: "a4d84194bb044314a9a7c805982c39ad" member_type: VOTER last_known_addr { host: "127.10.179.2" port: 36979 } health_report { overall_health: HEALTHY } } peers { permanent_uuid: "8674cde4f4ab475b971e324c5b78a297" member_type: VOTER last_known_addr { host: "127.10.179.3" port: 46225 } health_report { overall_health: UNKNOWN } } }
I20260710 13:19:17.886471 12274 consensus_queue.cc:1048] T 76d98b357f994518a07ff3c20560f216 P a1abee981d204d8a9e38ce5216c640f1 [LEADER]: Connected to new peer: Peer: permanent_uuid: "8674cde4f4ab475b971e324c5b78a297" member_type: VOTER last_known_addr { host: "127.10.179.3" port: 46225 }, Status: LMP_MISMATCH, Last received: 0.0, Next index: 1, Last known committed idx: 0, Time since last communication: 0.000s
I20260710 13:19:17.873600 12280 raft_consensus.cc:493] T 22b605eb0e374882a690cb2d893e6edd P a4d84194bb044314a9a7c805982c39ad [term 0 FOLLOWER]: Starting leader election (no leader contacted us within the election timeout)
I20260710 13:19:17.899457 12050 raft_consensus.cc:3060] T 1652f73e489146b2b4017bca9c1c392a P a1abee981d204d8a9e38ce5216c640f1 [term 0 FOLLOWER]: Advancing to term 1
I20260710 13:19:17.894747 12280 raft_consensus.cc:3060] T 22b605eb0e374882a690cb2d893e6edd P a4d84194bb044314a9a7c805982c39ad [term 0 FOLLOWER]: Advancing to term 1
I20260710 13:19:17.903828 12241 raft_consensus.cc:359] T d2c39c58fdb142239d74ef3e38da46d3 P 8674cde4f4ab475b971e324c5b78a297 [term 0 FOLLOWER]: Replica starting. Triggering 0 pending ops. Active config: opid_index: -1 OBSOLETE_local: false peers { permanent_uuid: "a1abee981d204d8a9e38ce5216c640f1" member_type: VOTER last_known_addr { host: "127.10.179.1" port: 46623 } } peers { permanent_uuid: "a4d84194bb044314a9a7c805982c39ad" member_type: VOTER last_known_addr { host: "127.10.179.2" port: 36979 } } peers { permanent_uuid: "8674cde4f4ab475b971e324c5b78a297" member_type: VOTER last_known_addr { host: "127.10.179.3" port: 46225 } }
I20260710 13:19:17.904939 12241 raft_consensus.cc:385] T d2c39c58fdb142239d74ef3e38da46d3 P 8674cde4f4ab475b971e324c5b78a297 [term 0 FOLLOWER]: Consensus starting up: Expiring failure detector timer to make a prompt election more likely
I20260710 13:19:17.905355 12241 raft_consensus.cc:740] T d2c39c58fdb142239d74ef3e38da46d3 P 8674cde4f4ab475b971e324c5b78a297 [term 0 FOLLOWER]: Becoming Follower/Learner. State: Replica: 8674cde4f4ab475b971e324c5b78a297, State: Initialized, Role: FOLLOWER
I20260710 13:19:17.909413 12241 consensus_queue.cc:260] T d2c39c58fdb142239d74ef3e38da46d3 P 8674cde4f4ab475b971e324c5b78a297 [NON_LEADER]: Queue going to NON_LEADER mode. State: All replicated index: 0, Majority replicated index: 0, Committed index: 0, Last appended: 0.0, Last appended by leader: 0, Current term: 0, Majority size: -1, State: 0, Mode: NON_LEADER, active raft config: opid_index: -1 OBSOLETE_local: false peers { permanent_uuid: "a1abee981d204d8a9e38ce5216c640f1" member_type: VOTER last_known_addr { host: "127.10.179.1" port: 46623 } } peers { permanent_uuid: "a4d84194bb044314a9a7c805982c39ad" member_type: VOTER last_known_addr { host: "127.10.179.2" port: 36979 } } peers { permanent_uuid: "8674cde4f4ab475b971e324c5b78a297" member_type: VOTER last_known_addr { host: "127.10.179.3" port: 46225 } }
I20260710 13:19:17.912479 12244 tablet_bootstrap.cc:492] T 48dde999e8244d889a17f0217955319c P a1abee981d204d8a9e38ce5216c640f1: No bootstrap required, opened a new log
I20260710 13:19:17.912928 12244 ts_tablet_manager.cc:1403] T 48dde999e8244d889a17f0217955319c P a1abee981d204d8a9e38ce5216c640f1: Time spent bootstrapping tablet: real 0.159s	user 0.006s	sys 0.005s
I20260710 13:19:17.915743 12244 raft_consensus.cc:359] T 48dde999e8244d889a17f0217955319c P a1abee981d204d8a9e38ce5216c640f1 [term 0 FOLLOWER]: Replica starting. Triggering 0 pending ops. Active config: opid_index: -1 OBSOLETE_local: false peers { permanent_uuid: "a1abee981d204d8a9e38ce5216c640f1" member_type: VOTER last_known_addr { host: "127.10.179.1" port: 46623 } } peers { permanent_uuid: "a4d84194bb044314a9a7c805982c39ad" member_type: VOTER last_known_addr { host: "127.10.179.2" port: 36979 } } peers { permanent_uuid: "8674cde4f4ab475b971e324c5b78a297" member_type: VOTER last_known_addr { host: "127.10.179.3" port: 46225 } }
I20260710 13:19:17.917069 12286 raft_consensus.cc:493] T d2c39c58fdb142239d74ef3e38da46d3 P 8674cde4f4ab475b971e324c5b78a297 [term 0 FOLLOWER]: Starting pre-election (no leader contacted us within the election timeout)
I20260710 13:19:17.917536 12286 raft_consensus.cc:515] T d2c39c58fdb142239d74ef3e38da46d3 P 8674cde4f4ab475b971e324c5b78a297 [term 0 FOLLOWER]: Starting pre-election with config: opid_index: -1 OBSOLETE_local: false peers { permanent_uuid: "a1abee981d204d8a9e38ce5216c640f1" member_type: VOTER last_known_addr { host: "127.10.179.1" port: 46623 } } peers { permanent_uuid: "a4d84194bb044314a9a7c805982c39ad" member_type: VOTER last_known_addr { host: "127.10.179.2" port: 36979 } } peers { permanent_uuid: "8674cde4f4ab475b971e324c5b78a297" member_type: VOTER last_known_addr { host: "127.10.179.3" port: 46225 } }
I20260710 13:19:17.920336 12241 ts_tablet_manager.cc:1434] T d2c39c58fdb142239d74ef3e38da46d3 P 8674cde4f4ab475b971e324c5b78a297: Time spent starting tablet: real 0.045s	user 0.006s	sys 0.001s
I20260710 13:19:17.920562 12124 tablet_service.cc:1917] Received RequestConsensusVote() RPC: tablet_id: "d2c39c58fdb142239d74ef3e38da46d3" candidate_uuid: "8674cde4f4ab475b971e324c5b78a297" candidate_term: 1 candidate_status { last_received { term: 0 index: 0 } } ignore_live_leader: false dest_uuid: "a4d84194bb044314a9a7c805982c39ad" is_pre_election: true
I20260710 13:19:17.921255 12241 tablet_bootstrap.cc:492] T c07660b9ef9a4ddc922539dcbf250a0f P 8674cde4f4ab475b971e324c5b78a297: Bootstrap starting.
I20260710 13:19:17.916395 12244 raft_consensus.cc:385] T 48dde999e8244d889a17f0217955319c P a1abee981d204d8a9e38ce5216c640f1 [term 0 FOLLOWER]: Consensus starting up: Expiring failure detector timer to make a prompt election more likely
I20260710 13:19:17.921572 12244 raft_consensus.cc:740] T 48dde999e8244d889a17f0217955319c P a1abee981d204d8a9e38ce5216c640f1 [term 0 FOLLOWER]: Becoming Follower/Learner. State: Replica: a1abee981d204d8a9e38ce5216c640f1, State: Initialized, Role: FOLLOWER
W20260710 13:19:17.922737 12163 leader_election.cc:343] T d2c39c58fdb142239d74ef3e38da46d3 P 8674cde4f4ab475b971e324c5b78a297 [CANDIDATE]: Term 1 pre-election: Tablet error from VoteRequest() call to peer a4d84194bb044314a9a7c805982c39ad (127.10.179.2:36979): Illegal state: must be running to vote when last-logged opid is not known
I20260710 13:19:17.922755 12286 leader_election.cc:290] T d2c39c58fdb142239d74ef3e38da46d3 P 8674cde4f4ab475b971e324c5b78a297 [CANDIDATE]: Term 1 pre-election: Requested pre-vote from peers a1abee981d204d8a9e38ce5216c640f1 (127.10.179.1:46623), a4d84194bb044314a9a7c805982c39ad (127.10.179.2:36979)
W20260710 13:19:17.922721 12165 consensus_peers.cc:597] T 1c6a14948d1e46c88ea179d000c68e2c P 8674cde4f4ab475b971e324c5b78a297 -> Peer a1abee981d204d8a9e38ce5216c640f1 (127.10.179.1:46623): Couldn't send request to peer a1abee981d204d8a9e38ce5216c640f1. Error code: TABLET_NOT_RUNNING (12). Status: Illegal state: Tablet not RUNNING: INITIALIZED. This is attempt 1: this message will repeat every 5th retry.
I20260710 13:19:17.930275 12244 consensus_queue.cc:260] T 48dde999e8244d889a17f0217955319c P a1abee981d204d8a9e38ce5216c640f1 [NON_LEADER]: Queue going to NON_LEADER mode. State: All replicated index: 0, Majority replicated index: 0, Committed index: 0, Last appended: 0.0, Last appended by leader: 0, Current term: 0, Majority size: -1, State: 0, Mode: NON_LEADER, active raft config: opid_index: -1 OBSOLETE_local: false peers { permanent_uuid: "a1abee981d204d8a9e38ce5216c640f1" member_type: VOTER last_known_addr { host: "127.10.179.1" port: 46623 } } peers { permanent_uuid: "a4d84194bb044314a9a7c805982c39ad" member_type: VOTER last_known_addr { host: "127.10.179.2" port: 36979 } } peers { permanent_uuid: "8674cde4f4ab475b971e324c5b78a297" member_type: VOTER last_known_addr { host: "127.10.179.3" port: 46225 } }
I20260710 13:19:17.933467 12244 ts_tablet_manager.cc:1434] T 48dde999e8244d889a17f0217955319c P a1abee981d204d8a9e38ce5216c640f1: Time spent starting tablet: real 0.020s	user 0.007s	sys 0.000s
I20260710 13:19:17.934693 12244 tablet_bootstrap.cc:492] T 47a26ea6f7c74563863e9baf3544bacc P a1abee981d204d8a9e38ce5216c640f1: Bootstrap starting.
I20260710 13:19:17.938664 12049 tablet_service.cc:1917] Received RequestConsensusVote() RPC: tablet_id: "d2c39c58fdb142239d74ef3e38da46d3" candidate_uuid: "8674cde4f4ab475b971e324c5b78a297" candidate_term: 1 candidate_status { last_received { term: 0 index: 0 } } ignore_live_leader: false dest_uuid: "a1abee981d204d8a9e38ce5216c640f1" is_pre_election: true
I20260710 13:19:17.939265 12240 tablet_bootstrap.cc:654] T a8e220a9a2f0497bb78c3707e06d75e6 P a4d84194bb044314a9a7c805982c39ad: Neither blocks nor log segments found. Creating new log.
W20260710 13:19:17.944239 12165 leader_election.cc:343] T d2c39c58fdb142239d74ef3e38da46d3 P 8674cde4f4ab475b971e324c5b78a297 [CANDIDATE]: Term 1 pre-election: Tablet error from VoteRequest() call to peer a1abee981d204d8a9e38ce5216c640f1 (127.10.179.1:46623): Illegal state: must be running to vote when last-logged opid is not known
I20260710 13:19:17.944674 12165 leader_election.cc:304] T d2c39c58fdb142239d74ef3e38da46d3 P 8674cde4f4ab475b971e324c5b78a297 [CANDIDATE]: Term 1 pre-election: Election decided. Result: candidate lost. Election summary: received 3 responses out of 3 voters: 1 yes votes; 2 no votes. yes voters: 8674cde4f4ab475b971e324c5b78a297; no voters: a1abee981d204d8a9e38ce5216c640f1, a4d84194bb044314a9a7c805982c39ad
I20260710 13:19:17.945735 12300 raft_consensus.cc:2749] T d2c39c58fdb142239d74ef3e38da46d3 P 8674cde4f4ab475b971e324c5b78a297 [term 0 FOLLOWER]: Leader pre-election lost for term 1. Reason: could not achieve majority
I20260710 13:19:17.946161 12246 consensus_queue.cc:1048] T 387a8be007a141d89d923678dcea5a6b P 8674cde4f4ab475b971e324c5b78a297 [LEADER]: Connected to new peer: Peer: permanent_uuid: "a4d84194bb044314a9a7c805982c39ad" member_type: VOTER last_known_addr { host: "127.10.179.2" port: 36979 }, Status: LMP_MISMATCH, Last received: 0.0, Next index: 1, Last known committed idx: 0, Time since last communication: 0.000s
I20260710 13:19:17.954986 12244 tablet_bootstrap.cc:654] T 47a26ea6f7c74563863e9baf3544bacc P a1abee981d204d8a9e38ce5216c640f1: Neither blocks nor log segments found. Creating new log.
I20260710 13:19:17.952662 12246 consensus_queue.cc:1048] T 3bda9cebaaba4954a86ab730833dac7d P 8674cde4f4ab475b971e324c5b78a297 [LEADER]: Connected to new peer: Peer: permanent_uuid: "a1abee981d204d8a9e38ce5216c640f1" member_type: VOTER last_known_addr { host: "127.10.179.1" port: 46623 }, Status: LMP_MISMATCH, Last received: 0.0, Next index: 1, Last known committed idx: 0, Time since last communication: 0.005s
I20260710 13:19:17.957806 12274 raft_consensus.cc:493] T 4449a955f9a94202a2306fddc724c3ad P a1abee981d204d8a9e38ce5216c640f1 [term 0 FOLLOWER]: Starting pre-election (no leader contacted us within the election timeout)
I20260710 13:19:17.959815 12274 raft_consensus.cc:515] T 4449a955f9a94202a2306fddc724c3ad P a1abee981d204d8a9e38ce5216c640f1 [term 0 FOLLOWER]: Starting pre-election with config: opid_index: -1 OBSOLETE_local: false peers { permanent_uuid: "a1abee981d204d8a9e38ce5216c640f1" member_type: VOTER last_known_addr { host: "127.10.179.1" port: 46623 } } peers { permanent_uuid: "a4d84194bb044314a9a7c805982c39ad" member_type: VOTER last_known_addr { host: "127.10.179.2" port: 36979 } } peers { permanent_uuid: "8674cde4f4ab475b971e324c5b78a297" member_type: VOTER last_known_addr { host: "127.10.179.3" port: 46225 } }
I20260710 13:19:17.961468 12274 leader_election.cc:290] T 4449a955f9a94202a2306fddc724c3ad P a1abee981d204d8a9e38ce5216c640f1 [CANDIDATE]: Term 1 pre-election: Requested pre-vote from peers a4d84194bb044314a9a7c805982c39ad (127.10.179.2:36979), 8674cde4f4ab475b971e324c5b78a297 (127.10.179.3:46225)
I20260710 13:19:17.941303 12280 raft_consensus.cc:515] T 22b605eb0e374882a690cb2d893e6edd P a4d84194bb044314a9a7c805982c39ad [term 1 FOLLOWER]: Starting leader election with config: opid_index: -1 OBSOLETE_local: false peers { permanent_uuid: "a1abee981d204d8a9e38ce5216c640f1" member_type: VOTER last_known_addr { host: "127.10.179.1" port: 46623 } } peers { permanent_uuid: "a4d84194bb044314a9a7c805982c39ad" member_type: VOTER last_known_addr { host: "127.10.179.2" port: 36979 } } peers { permanent_uuid: "8674cde4f4ab475b971e324c5b78a297" member_type: VOTER last_known_addr { host: "127.10.179.3" port: 46225 } }
I20260710 13:19:17.966076 12199 tablet_service.cc:1917] Received RequestConsensusVote() RPC: tablet_id: "4449a955f9a94202a2306fddc724c3ad" candidate_uuid: "a1abee981d204d8a9e38ce5216c640f1" candidate_term: 1 candidate_status { last_received { term: 0 index: 0 } } ignore_live_leader: false dest_uuid: "8674cde4f4ab475b971e324c5b78a297" is_pre_election: true
I20260710 13:19:17.966084 12125 tablet_service.cc:1917] Received RequestConsensusVote() RPC: tablet_id: "4449a955f9a94202a2306fddc724c3ad" candidate_uuid: "a1abee981d204d8a9e38ce5216c640f1" candidate_term: 1 candidate_status { last_received { term: 0 index: 0 } } ignore_live_leader: false dest_uuid: "a4d84194bb044314a9a7c805982c39ad" is_pre_election: true
W20260710 13:19:17.967887 12016 leader_election.cc:343] T 4449a955f9a94202a2306fddc724c3ad P a1abee981d204d8a9e38ce5216c640f1 [CANDIDATE]: Term 1 pre-election: Tablet error from VoteRequest() call to peer 8674cde4f4ab475b971e324c5b78a297 (127.10.179.3:46225): Illegal state: must be running to vote when last-logged opid is not known
W20260710 13:19:17.968374 12014 leader_election.cc:343] T 4449a955f9a94202a2306fddc724c3ad P a1abee981d204d8a9e38ce5216c640f1 [CANDIDATE]: Term 1 pre-election: Tablet error from VoteRequest() call to peer a4d84194bb044314a9a7c805982c39ad (127.10.179.2:36979): Illegal state: must be running to vote when last-logged opid is not known
