I20260710 13:19:16.390820  7173 raft_consensus.cc:2955] T 0d66206796d64fc08f122ecebc694a60 P 23bd986a1939459e8eff9f0a5afe1e7e [term 1 LEADER]: Committing config change with OpId 1.2: config changed from index -1 to 2, NON_VOTER 546a41493f764b68b7f963bc406d631e (127.5.160.196) added. New config: { opid_index: 2 OBSOLETE_local: false peers { permanent_uuid: "7d91e5927a574ef29901463cc752c688" member_type: VOTER last_known_addr { host: "127.5.160.193" port: 38679 } } peers { permanent_uuid: "23bd986a1939459e8eff9f0a5afe1e7e" member_type: VOTER last_known_addr { host: "127.5.160.194" port: 42241 } } peers { permanent_uuid: "1e94bbf42231423eb1a8a0d17e3be48c" member_type: VOTER last_known_addr { host: "127.5.160.195" port: 34023 } attrs { replace: true } } peers { permanent_uuid: "546a41493f764b68b7f963bc406d631e" member_type: NON_VOTER last_known_addr { host: "127.5.160.196" port: 36925 } attrs { promote: true } } }
I20260710 13:19:16.392423  6894 raft_consensus.cc:2955] T 0d66206796d64fc08f122ecebc694a60 P 7d91e5927a574ef29901463cc752c688 [term 1 FOLLOWER]: Committing config change with OpId 1.2: config changed from index -1 to 2, NON_VOTER 546a41493f764b68b7f963bc406d631e (127.5.160.196) added. New config: { opid_index: 2 OBSOLETE_local: false peers { permanent_uuid: "7d91e5927a574ef29901463cc752c688" member_type: VOTER last_known_addr { host: "127.5.160.193" port: 38679 } } peers { permanent_uuid: "23bd986a1939459e8eff9f0a5afe1e7e" member_type: VOTER last_known_addr { host: "127.5.160.194" port: 42241 } } peers { permanent_uuid: "1e94bbf42231423eb1a8a0d17e3be48c" member_type: VOTER last_known_addr { host: "127.5.160.195" port: 34023 } attrs { replace: true } } peers { permanent_uuid: "546a41493f764b68b7f963bc406d631e" member_type: NON_VOTER last_known_addr { host: "127.5.160.196" port: 36925 } attrs { promote: true } } }
W20260710 13:19:16.398439  6939 consensus_peers.cc:597] T 0d66206796d64fc08f122ecebc694a60 P 23bd986a1939459e8eff9f0a5afe1e7e -> Peer 546a41493f764b68b7f963bc406d631e (127.5.160.196:36925): Couldn't send request to peer 546a41493f764b68b7f963bc406d631e. Error code: TABLET_NOT_FOUND (6). Status: Not found: Tablet not found: 0d66206796d64fc08f122ecebc694a60. This is attempt 1: this message will repeat every 5th retry.
I20260710 13:19:16.405553  7048 raft_consensus.cc:2955] T 0d66206796d64fc08f122ecebc694a60 P 1e94bbf42231423eb1a8a0d17e3be48c [term 1 FOLLOWER]: Committing config change with OpId 1.2: config changed from index -1 to 2, NON_VOTER 546a41493f764b68b7f963bc406d631e (127.5.160.196) added. New config: { opid_index: 2 OBSOLETE_local: false peers { permanent_uuid: "7d91e5927a574ef29901463cc752c688" member_type: VOTER last_known_addr { host: "127.5.160.193" port: 38679 } } peers { permanent_uuid: "23bd986a1939459e8eff9f0a5afe1e7e" member_type: VOTER last_known_addr { host: "127.5.160.194" port: 42241 } } peers { permanent_uuid: "1e94bbf42231423eb1a8a0d17e3be48c" member_type: VOTER last_known_addr { host: "127.5.160.195" port: 34023 } attrs { replace: true } } peers { permanent_uuid: "546a41493f764b68b7f963bc406d631e" member_type: NON_VOTER last_known_addr { host: "127.5.160.196" port: 36925 } attrs { promote: true } } }
I20260710 13:19:16.411446  6797 catalog_manager.cc:5697] T 0d66206796d64fc08f122ecebc694a60 P 7d91e5927a574ef29901463cc752c688 reported cstate change: config changed from index -1 to 2, NON_VOTER 546a41493f764b68b7f963bc406d631e (127.5.160.196) added. New cstate: current_term: 1 leader_uuid: "23bd986a1939459e8eff9f0a5afe1e7e" committed_config { opid_index: 2 OBSOLETE_local: false peers { permanent_uuid: "7d91e5927a574ef29901463cc752c688" member_type: VOTER last_known_addr { host: "127.5.160.193" port: 38679 } } peers { permanent_uuid: "23bd986a1939459e8eff9f0a5afe1e7e" member_type: VOTER last_known_addr { host: "127.5.160.194" port: 42241 } } peers { permanent_uuid: "1e94bbf42231423eb1a8a0d17e3be48c" member_type: VOTER last_known_addr { host: "127.5.160.195" port: 34023 } attrs { replace: true } } peers { permanent_uuid: "546a41493f764b68b7f963bc406d631e" member_type: NON_VOTER last_known_addr { host: "127.5.160.196" port: 36925 } attrs { promote: true } } }
I20260710 13:19:16.423852  7049 consensus_queue.cc:237] T ca7d81b07a044b249fbfa0024f8f8af2 P 1e94bbf42231423eb1a8a0d17e3be48c [LEADER]: Queue going to LEADER mode. State: All replicated index: 0, Majority replicated index: 1, Committed index: 1, Last appended: 1.1, Last appended by leader: 0, Current term: 1, Majority size: 2, State: 0, Mode: LEADER, active raft config: opid_index: 2 OBSOLETE_local: false peers { permanent_uuid: "7d91e5927a574ef29901463cc752c688" member_type: VOTER last_known_addr { host: "127.5.160.193" port: 38679 } attrs { replace: true } } peers { permanent_uuid: "23bd986a1939459e8eff9f0a5afe1e7e" member_type: VOTER last_known_addr { host: "127.5.160.194" port: 42241 } } peers { permanent_uuid: "1e94bbf42231423eb1a8a0d17e3be48c" member_type: VOTER last_known_addr { host: "127.5.160.195" port: 34023 } } peers { permanent_uuid: "546a41493f764b68b7f963bc406d631e" member_type: NON_VOTER last_known_addr { host: "127.5.160.196" port: 36925 } attrs { promote: true } }
I20260710 13:19:16.432277  6973 raft_consensus.cc:1275] T ca7d81b07a044b249fbfa0024f8f8af2 P 23bd986a1939459e8eff9f0a5afe1e7e [term 1 FOLLOWER]: Refusing update from remote peer 1e94bbf42231423eb1a8a0d17e3be48c: Log matching property violated. Preceding OpId in replica: term: 1 index: 1. Preceding OpId from leader: term: 1 index: 2. (index mismatch)
I20260710 13:19:16.433825  7186 consensus_queue.cc:1048] T ca7d81b07a044b249fbfa0024f8f8af2 P 1e94bbf42231423eb1a8a0d17e3be48c [LEADER]: Connected to new peer: Peer: permanent_uuid: "23bd986a1939459e8eff9f0a5afe1e7e" member_type: VOTER last_known_addr { host: "127.5.160.194" port: 42241 }, Status: LMP_MISMATCH, Last received: 0.0, Next index: 2, Last known committed idx: 1, Time since last communication: 0.000s
I20260710 13:19:16.434543  6899 raft_consensus.cc:1275] T ca7d81b07a044b249fbfa0024f8f8af2 P 7d91e5927a574ef29901463cc752c688 [term 1 FOLLOWER]: Refusing update from remote peer 1e94bbf42231423eb1a8a0d17e3be48c: Log matching property violated. Preceding OpId in replica: term: 1 index: 1. Preceding OpId from leader: term: 1 index: 2. (index mismatch)
I20260710 13:19:16.436648  7130 consensus_queue.cc:1048] T ca7d81b07a044b249fbfa0024f8f8af2 P 1e94bbf42231423eb1a8a0d17e3be48c [LEADER]: Connected to new peer: Peer: permanent_uuid: "7d91e5927a574ef29901463cc752c688" member_type: VOTER last_known_addr { host: "127.5.160.193" port: 38679 } attrs { replace: true }, Status: LMP_MISMATCH, Last received: 0.0, Next index: 2, Last known committed idx: 1, Time since last communication: 0.000s
W20260710 13:19:16.444582  7013 consensus_peers.cc:597] T ca7d81b07a044b249fbfa0024f8f8af2 P 1e94bbf42231423eb1a8a0d17e3be48c -> Peer 546a41493f764b68b7f963bc406d631e (127.5.160.196:36925): Couldn't send request to peer 546a41493f764b68b7f963bc406d631e. Error code: TABLET_NOT_FOUND (6). Status: Not found: Tablet not found: ca7d81b07a044b249fbfa0024f8f8af2. This is attempt 1: this message will repeat every 5th retry.
I20260710 13:19:16.448351  7130 raft_consensus.cc:2955] T ca7d81b07a044b249fbfa0024f8f8af2 P 1e94bbf42231423eb1a8a0d17e3be48c [term 1 LEADER]: Committing config change with OpId 1.2: config changed from index -1 to 2, NON_VOTER 546a41493f764b68b7f963bc406d631e (127.5.160.196) added. New config: { opid_index: 2 OBSOLETE_local: false peers { permanent_uuid: "7d91e5927a574ef29901463cc752c688" member_type: VOTER last_known_addr { host: "127.5.160.193" port: 38679 } attrs { replace: true } } peers { permanent_uuid: "23bd986a1939459e8eff9f0a5afe1e7e" member_type: VOTER last_known_addr { host: "127.5.160.194" port: 42241 } } peers { permanent_uuid: "1e94bbf42231423eb1a8a0d17e3be48c" member_type: VOTER last_known_addr { host: "127.5.160.195" port: 34023 } } peers { permanent_uuid: "546a41493f764b68b7f963bc406d631e" member_type: NON_VOTER last_known_addr { host: "127.5.160.196" port: 36925 } attrs { promote: true } } }
I20260710 13:19:16.451380  6894 raft_consensus.cc:2955] T ca7d81b07a044b249fbfa0024f8f8af2 P 7d91e5927a574ef29901463cc752c688 [term 1 FOLLOWER]: Committing config change with OpId 1.2: config changed from index -1 to 2, NON_VOTER 546a41493f764b68b7f963bc406d631e (127.5.160.196) added. New config: { opid_index: 2 OBSOLETE_local: false peers { permanent_uuid: "7d91e5927a574ef29901463cc752c688" member_type: VOTER last_known_addr { host: "127.5.160.193" port: 38679 } attrs { replace: true } } peers { permanent_uuid: "23bd986a1939459e8eff9f0a5afe1e7e" member_type: VOTER last_known_addr { host: "127.5.160.194" port: 42241 } } peers { permanent_uuid: "1e94bbf42231423eb1a8a0d17e3be48c" member_type: VOTER last_known_addr { host: "127.5.160.195" port: 34023 } } peers { permanent_uuid: "546a41493f764b68b7f963bc406d631e" member_type: NON_VOTER last_known_addr { host: "127.5.160.196" port: 36925 } attrs { promote: true } } }
I20260710 13:19:16.453693  6973 raft_consensus.cc:2955] T ca7d81b07a044b249fbfa0024f8f8af2 P 23bd986a1939459e8eff9f0a5afe1e7e [term 1 FOLLOWER]: Committing config change with OpId 1.2: config changed from index -1 to 2, NON_VOTER 546a41493f764b68b7f963bc406d631e (127.5.160.196) added. New config: { opid_index: 2 OBSOLETE_local: false peers { permanent_uuid: "7d91e5927a574ef29901463cc752c688" member_type: VOTER last_known_addr { host: "127.5.160.193" port: 38679 } attrs { replace: true } } peers { permanent_uuid: "23bd986a1939459e8eff9f0a5afe1e7e" member_type: VOTER last_known_addr { host: "127.5.160.194" port: 42241 } } peers { permanent_uuid: "1e94bbf42231423eb1a8a0d17e3be48c" member_type: VOTER last_known_addr { host: "127.5.160.195" port: 34023 } } peers { permanent_uuid: "546a41493f764b68b7f963bc406d631e" member_type: NON_VOTER last_known_addr { host: "127.5.160.196" port: 36925 } attrs { promote: true } } }
I20260710 13:19:16.463042  6796 catalog_manager.cc:5697] T ca7d81b07a044b249fbfa0024f8f8af2 P 1e94bbf42231423eb1a8a0d17e3be48c reported cstate change: config changed from index -1 to 2, NON_VOTER 546a41493f764b68b7f963bc406d631e (127.5.160.196) added. New cstate: current_term: 1 leader_uuid: "1e94bbf42231423eb1a8a0d17e3be48c" committed_config { opid_index: 2 OBSOLETE_local: false peers { permanent_uuid: "7d91e5927a574ef29901463cc752c688" member_type: VOTER last_known_addr { host: "127.5.160.193" port: 38679 } attrs { replace: true } health_report { overall_health: HEALTHY } } peers { permanent_uuid: "23bd986a1939459e8eff9f0a5afe1e7e" member_type: VOTER last_known_addr { host: "127.5.160.194" port: 42241 } health_report { overall_health: HEALTHY } } peers { permanent_uuid: "1e94bbf42231423eb1a8a0d17e3be48c" member_type: VOTER last_known_addr { host: "127.5.160.195" port: 34023 } health_report { overall_health: HEALTHY } } peers { permanent_uuid: "546a41493f764b68b7f963bc406d631e" member_type: NON_VOTER last_known_addr { host: "127.5.160.196" port: 36925 } attrs { promote: true } health_report { overall_health: UNKNOWN } } }
I20260710 13:19:16.481431  6894 consensus_queue.cc:237] T 90cac4b6a1d04936a20f0fcb24df9d07 P 7d91e5927a574ef29901463cc752c688 [LEADER]: Queue going to LEADER mode. State: All replicated index: 0, Majority replicated index: 1, Committed index: 1, Last appended: 1.1, Last appended by leader: 0, Current term: 1, Majority size: 2, State: 0, Mode: LEADER, active raft config: opid_index: 2 OBSOLETE_local: false peers { permanent_uuid: "7d91e5927a574ef29901463cc752c688" member_type: VOTER last_known_addr { host: "127.5.160.193" port: 38679 } } peers { permanent_uuid: "23bd986a1939459e8eff9f0a5afe1e7e" member_type: VOTER last_known_addr { host: "127.5.160.194" port: 42241 } attrs { replace: true } } peers { permanent_uuid: "1e94bbf42231423eb1a8a0d17e3be48c" member_type: VOTER last_known_addr { host: "127.5.160.195" port: 34023 } } peers { permanent_uuid: "546a41493f764b68b7f963bc406d631e" member_type: NON_VOTER last_known_addr { host: "127.5.160.196" port: 36925 } attrs { promote: true } }
I20260710 13:19:16.489615  7049 raft_consensus.cc:1275] T 90cac4b6a1d04936a20f0fcb24df9d07 P 1e94bbf42231423eb1a8a0d17e3be48c [term 1 FOLLOWER]: Refusing update from remote peer 7d91e5927a574ef29901463cc752c688: Log matching property violated. Preceding OpId in replica: term: 1 index: 1. Preceding OpId from leader: term: 1 index: 2. (index mismatch)
I20260710 13:19:16.490069  6973 raft_consensus.cc:1275] T 90cac4b6a1d04936a20f0fcb24df9d07 P 23bd986a1939459e8eff9f0a5afe1e7e [term 1 FOLLOWER]: Refusing update from remote peer 7d91e5927a574ef29901463cc752c688: Log matching property violated. Preceding OpId in replica: term: 1 index: 1. Preceding OpId from leader: term: 1 index: 2. (index mismatch)
I20260710 13:19:16.490999  7373 consensus_queue.cc:1048] T 90cac4b6a1d04936a20f0fcb24df9d07 P 7d91e5927a574ef29901463cc752c688 [LEADER]: Connected to new peer: Peer: permanent_uuid: "1e94bbf42231423eb1a8a0d17e3be48c" member_type: VOTER last_known_addr { host: "127.5.160.195" port: 34023 }, Status: LMP_MISMATCH, Last received: 0.0, Next index: 2, Last known committed idx: 1, Time since last communication: 0.000s
I20260710 13:19:16.491689  7241 consensus_queue.cc:1048] T 90cac4b6a1d04936a20f0fcb24df9d07 P 7d91e5927a574ef29901463cc752c688 [LEADER]: Connected to new peer: Peer: permanent_uuid: "23bd986a1939459e8eff9f0a5afe1e7e" member_type: VOTER last_known_addr { host: "127.5.160.194" port: 42241 } attrs { replace: true }, Status: LMP_MISMATCH, Last received: 0.0, Next index: 2, Last known committed idx: 1, Time since last communication: 0.000s
W20260710 13:19:16.497684  6864 consensus_peers.cc:597] T 90cac4b6a1d04936a20f0fcb24df9d07 P 7d91e5927a574ef29901463cc752c688 -> Peer 546a41493f764b68b7f963bc406d631e (127.5.160.196:36925): Couldn't send request to peer 546a41493f764b68b7f963bc406d631e. Error code: TABLET_NOT_FOUND (6). Status: Not found: Tablet not found: 90cac4b6a1d04936a20f0fcb24df9d07. This is attempt 1: this message will repeat every 5th retry.
I20260710 13:19:16.499526  7241 raft_consensus.cc:2955] T 90cac4b6a1d04936a20f0fcb24df9d07 P 7d91e5927a574ef29901463cc752c688 [term 1 LEADER]: Committing config change with OpId 1.2: config changed from index -1 to 2, NON_VOTER 546a41493f764b68b7f963bc406d631e (127.5.160.196) added. New config: { opid_index: 2 OBSOLETE_local: false peers { permanent_uuid: "7d91e5927a574ef29901463cc752c688" member_type: VOTER last_known_addr { host: "127.5.160.193" port: 38679 } } peers { permanent_uuid: "23bd986a1939459e8eff9f0a5afe1e7e" member_type: VOTER last_known_addr { host: "127.5.160.194" port: 42241 } attrs { replace: true } } peers { permanent_uuid: "1e94bbf42231423eb1a8a0d17e3be48c" member_type: VOTER last_known_addr { host: "127.5.160.195" port: 34023 } } peers { permanent_uuid: "546a41493f764b68b7f963bc406d631e" member_type: NON_VOTER last_known_addr { host: "127.5.160.196" port: 36925 } attrs { promote: true } } }
I20260710 13:19:16.500814  6973 raft_consensus.cc:2955] T 90cac4b6a1d04936a20f0fcb24df9d07 P 23bd986a1939459e8eff9f0a5afe1e7e [term 1 FOLLOWER]: Committing config change with OpId 1.2: config changed from index -1 to 2, NON_VOTER 546a41493f764b68b7f963bc406d631e (127.5.160.196) added. New config: { opid_index: 2 OBSOLETE_local: false peers { permanent_uuid: "7d91e5927a574ef29901463cc752c688" member_type: VOTER last_known_addr { host: "127.5.160.193" port: 38679 } } peers { permanent_uuid: "23bd986a1939459e8eff9f0a5afe1e7e" member_type: VOTER last_known_addr { host: "127.5.160.194" port: 42241 } attrs { replace: true } } peers { permanent_uuid: "1e94bbf42231423eb1a8a0d17e3be48c" member_type: VOTER last_known_addr { host: "127.5.160.195" port: 34023 } } peers { permanent_uuid: "546a41493f764b68b7f963bc406d631e" member_type: NON_VOTER last_known_addr { host: "127.5.160.196" port: 36925 } attrs { promote: true } } }
I20260710 13:19:16.511494  6796 catalog_manager.cc:5697] T 90cac4b6a1d04936a20f0fcb24df9d07 P 23bd986a1939459e8eff9f0a5afe1e7e reported cstate change: config changed from index -1 to 2, NON_VOTER 546a41493f764b68b7f963bc406d631e (127.5.160.196) added. New cstate: current_term: 1 leader_uuid: "7d91e5927a574ef29901463cc752c688" committed_config { opid_index: 2 OBSOLETE_local: false peers { permanent_uuid: "7d91e5927a574ef29901463cc752c688" member_type: VOTER last_known_addr { host: "127.5.160.193" port: 38679 } } peers { permanent_uuid: "23bd986a1939459e8eff9f0a5afe1e7e" member_type: VOTER last_known_addr { host: "127.5.160.194" port: 42241 } attrs { replace: true } } peers { permanent_uuid: "1e94bbf42231423eb1a8a0d17e3be48c" member_type: VOTER last_known_addr { host: "127.5.160.195" port: 34023 } } peers { permanent_uuid: "546a41493f764b68b7f963bc406d631e" member_type: NON_VOTER last_known_addr { host: "127.5.160.196" port: 36925 } attrs { promote: true } } }
I20260710 13:19:16.517539  6973 consensus_queue.cc:237] T 0d64a9507e794d0b93e4c692d71cf427 P 23bd986a1939459e8eff9f0a5afe1e7e [LEADER]: Queue going to LEADER mode. State: All replicated index: 0, Majority replicated index: 1, Committed index: 1, Last appended: 1.1, Last appended by leader: 0, Current term: 1, Majority size: 2, State: 0, Mode: LEADER, active raft config: opid_index: 2 OBSOLETE_local: false peers { permanent_uuid: "7d91e5927a574ef29901463cc752c688" member_type: VOTER last_known_addr { host: "127.5.160.193" port: 38679 } } peers { permanent_uuid: "23bd986a1939459e8eff9f0a5afe1e7e" member_type: VOTER last_known_addr { host: "127.5.160.194" port: 42241 } } peers { permanent_uuid: "1e94bbf42231423eb1a8a0d17e3be48c" member_type: VOTER last_known_addr { host: "127.5.160.195" port: 34023 } attrs { replace: true } } peers { permanent_uuid: "546a41493f764b68b7f963bc406d631e" member_type: NON_VOTER last_known_addr { host: "127.5.160.196" port: 36925 } attrs { promote: true } }
I20260710 13:19:16.524659  7048 raft_consensus.cc:1275] T 0d64a9507e794d0b93e4c692d71cf427 P 1e94bbf42231423eb1a8a0d17e3be48c [term 1 FOLLOWER]: Refusing update from remote peer 23bd986a1939459e8eff9f0a5afe1e7e: Log matching property violated. Preceding OpId in replica: term: 1 index: 1. Preceding OpId from leader: term: 1 index: 2. (index mismatch)
W20260710 13:19:16.526791  6939 consensus_peers.cc:597] T 0d64a9507e794d0b93e4c692d71cf427 P 23bd986a1939459e8eff9f0a5afe1e7e -> Peer 546a41493f764b68b7f963bc406d631e (127.5.160.196:36925): Couldn't send request to peer 546a41493f764b68b7f963bc406d631e. Error code: TABLET_NOT_FOUND (6). Status: Not found: Tablet not found: 0d64a9507e794d0b93e4c692d71cf427. This is attempt 1: this message will repeat every 5th retry.
I20260710 13:19:16.529862  6894 raft_consensus.cc:1275] T 0d64a9507e794d0b93e4c692d71cf427 P 7d91e5927a574ef29901463cc752c688 [term 1 FOLLOWER]: Refusing update from remote peer 23bd986a1939459e8eff9f0a5afe1e7e: Log matching property violated. Preceding OpId in replica: term: 1 index: 1. Preceding OpId from leader: term: 1 index: 2. (index mismatch)
I20260710 13:19:16.529644  7049 raft_consensus.cc:2955] T 90cac4b6a1d04936a20f0fcb24df9d07 P 1e94bbf42231423eb1a8a0d17e3be48c [term 1 FOLLOWER]: Committing config change with OpId 1.2: config changed from index -1 to 2, NON_VOTER 546a41493f764b68b7f963bc406d631e (127.5.160.196) added. New config: { opid_index: 2 OBSOLETE_local: false peers { permanent_uuid: "7d91e5927a574ef29901463cc752c688" member_type: VOTER last_known_addr { host: "127.5.160.193" port: 38679 } } peers { permanent_uuid: "23bd986a1939459e8eff9f0a5afe1e7e" member_type: VOTER last_known_addr { host: "127.5.160.194" port: 42241 } attrs { replace: true } } peers { permanent_uuid: "1e94bbf42231423eb1a8a0d17e3be48c" member_type: VOTER last_known_addr { host: "127.5.160.195" port: 34023 } } peers { permanent_uuid: "546a41493f764b68b7f963bc406d631e" member_type: NON_VOTER last_known_addr { host: "127.5.160.196" port: 36925 } attrs { promote: true } } }
I20260710 13:19:16.529038  7173 consensus_queue.cc:1048] T 0d64a9507e794d0b93e4c692d71cf427 P 23bd986a1939459e8eff9f0a5afe1e7e [LEADER]: Connected to new peer: Peer: permanent_uuid: "1e94bbf42231423eb1a8a0d17e3be48c" member_type: VOTER last_known_addr { host: "127.5.160.195" port: 34023 } attrs { replace: true }, Status: LMP_MISMATCH, Last received: 0.0, Next index: 2, Last known committed idx: 1, Time since last communication: 0.003s
I20260710 13:19:16.533015  7172 consensus_queue.cc:1048] T 0d64a9507e794d0b93e4c692d71cf427 P 23bd986a1939459e8eff9f0a5afe1e7e [LEADER]: Connected to new peer: Peer: permanent_uuid: "7d91e5927a574ef29901463cc752c688" member_type: VOTER last_known_addr { host: "127.5.160.193" port: 38679 }, Status: LMP_MISMATCH, Last received: 0.0, Next index: 2, Last known committed idx: 1, Time since last communication: 0.000s
I20260710 13:19:16.540915  7172 raft_consensus.cc:2955] T 0d64a9507e794d0b93e4c692d71cf427 P 23bd986a1939459e8eff9f0a5afe1e7e [term 1 LEADER]: Committing config change with OpId 1.2: config changed from index -1 to 2, NON_VOTER 546a41493f764b68b7f963bc406d631e (127.5.160.196) added. New config: { opid_index: 2 OBSOLETE_local: false peers { permanent_uuid: "7d91e5927a574ef29901463cc752c688" member_type: VOTER last_known_addr { host: "127.5.160.193" port: 38679 } } peers { permanent_uuid: "23bd986a1939459e8eff9f0a5afe1e7e" member_type: VOTER last_known_addr { host: "127.5.160.194" port: 42241 } } peers { permanent_uuid: "1e94bbf42231423eb1a8a0d17e3be48c" member_type: VOTER last_known_addr { host: "127.5.160.195" port: 34023 } attrs { replace: true } } peers { permanent_uuid: "546a41493f764b68b7f963bc406d631e" member_type: NON_VOTER last_known_addr { host: "127.5.160.196" port: 36925 } attrs { promote: true } } }
I20260710 13:19:16.546512  7049 raft_consensus.cc:2955] T 0d64a9507e794d0b93e4c692d71cf427 P 1e94bbf42231423eb1a8a0d17e3be48c [term 1 FOLLOWER]: Committing config change with OpId 1.2: config changed from index -1 to 2, NON_VOTER 546a41493f764b68b7f963bc406d631e (127.5.160.196) added. New config: { opid_index: 2 OBSOLETE_local: false peers { permanent_uuid: "7d91e5927a574ef29901463cc752c688" member_type: VOTER last_known_addr { host: "127.5.160.193" port: 38679 } } peers { permanent_uuid: "23bd986a1939459e8eff9f0a5afe1e7e" member_type: VOTER last_known_addr { host: "127.5.160.194" port: 42241 } } peers { permanent_uuid: "1e94bbf42231423eb1a8a0d17e3be48c" member_type: VOTER last_known_addr { host: "127.5.160.195" port: 34023 } attrs { replace: true } } peers { permanent_uuid: "546a41493f764b68b7f963bc406d631e" member_type: NON_VOTER last_known_addr { host: "127.5.160.196" port: 36925 } attrs { promote: true } } }
I20260710 13:19:16.547910  6894 raft_consensus.cc:2955] T 0d64a9507e794d0b93e4c692d71cf427 P 7d91e5927a574ef29901463cc752c688 [term 1 FOLLOWER]: Committing config change with OpId 1.2: config changed from index -1 to 2, NON_VOTER 546a41493f764b68b7f963bc406d631e (127.5.160.196) added. New config: { opid_index: 2 OBSOLETE_local: false peers { permanent_uuid: "7d91e5927a574ef29901463cc752c688" member_type: VOTER last_known_addr { host: "127.5.160.193" port: 38679 } } peers { permanent_uuid: "23bd986a1939459e8eff9f0a5afe1e7e" member_type: VOTER last_known_addr { host: "127.5.160.194" port: 42241 } } peers { permanent_uuid: "1e94bbf42231423eb1a8a0d17e3be48c" member_type: VOTER last_known_addr { host: "127.5.160.195" port: 34023 } attrs { replace: true } } peers { permanent_uuid: "546a41493f764b68b7f963bc406d631e" member_type: NON_VOTER last_known_addr { host: "127.5.160.196" port: 36925 } attrs { promote: true } } }
I20260710 13:19:16.562098  6797 catalog_manager.cc:5697] T 0d64a9507e794d0b93e4c692d71cf427 P 7d91e5927a574ef29901463cc752c688 reported cstate change: config changed from index -1 to 2, NON_VOTER 546a41493f764b68b7f963bc406d631e (127.5.160.196) added. New cstate: current_term: 1 leader_uuid: "23bd986a1939459e8eff9f0a5afe1e7e" committed_config { opid_index: 2 OBSOLETE_local: false peers { permanent_uuid: "7d91e5927a574ef29901463cc752c688" member_type: VOTER last_known_addr { host: "127.5.160.193" port: 38679 } } peers { permanent_uuid: "23bd986a1939459e8eff9f0a5afe1e7e" member_type: VOTER last_known_addr { host: "127.5.160.194" port: 42241 } } peers { permanent_uuid: "1e94bbf42231423eb1a8a0d17e3be48c" member_type: VOTER last_known_addr { host: "127.5.160.195" port: 34023 } attrs { replace: true } } peers { permanent_uuid: "546a41493f764b68b7f963bc406d631e" member_type: NON_VOTER last_known_addr { host: "127.5.160.196" port: 36925 } attrs { promote: true } } }
W20260710 13:19:16.590451  6996 debug-util.cc:398] Leaking SignalData structure 0x7b080019c1c0 after lost signal to thread 5766
I20260710 13:19:16.922214  7382 ts_tablet_manager.cc:933] T ca7d81b07a044b249fbfa0024f8f8af2 P 546a41493f764b68b7f963bc406d631e: Initiating tablet copy from peer 1e94bbf42231423eb1a8a0d17e3be48c (127.5.160.195:34023)
I20260710 13:19:16.928716  7382 tablet_copy_client.cc:323] T ca7d81b07a044b249fbfa0024f8f8af2 P 546a41493f764b68b7f963bc406d631e: tablet copy: Beginning tablet copy session from remote peer at address 127.5.160.195:34023
I20260710 13:19:16.939610  7387 ts_tablet_manager.cc:933] T 0d66206796d64fc08f122ecebc694a60 P 546a41493f764b68b7f963bc406d631e: Initiating tablet copy from peer 23bd986a1939459e8eff9f0a5afe1e7e (127.5.160.194:42241)
I20260710 13:19:16.941357  7384 ts_tablet_manager.cc:933] T 90cac4b6a1d04936a20f0fcb24df9d07 P 546a41493f764b68b7f963bc406d631e: Initiating tablet copy from peer 7d91e5927a574ef29901463cc752c688 (127.5.160.193:38679)
I20260710 13:19:16.942721  7387 tablet_copy_client.cc:323] T 0d66206796d64fc08f122ecebc694a60 P 546a41493f764b68b7f963bc406d631e: tablet copy: Beginning tablet copy session from remote peer at address 127.5.160.194:42241
I20260710 13:19:16.952167  7384 tablet_copy_client.cc:323] T 90cac4b6a1d04936a20f0fcb24df9d07 P 546a41493f764b68b7f963bc406d631e: tablet copy: Beginning tablet copy session from remote peer at address 127.5.160.193:38679
I20260710 13:19:16.971067  6985 tablet_copy_service.cc:140] P 23bd986a1939459e8eff9f0a5afe1e7e: Received BeginTabletCopySession request for tablet 0d66206796d64fc08f122ecebc694a60 from peer 546a41493f764b68b7f963bc406d631e ({username='slave'} at 127.0.0.1:36380)
I20260710 13:19:16.971642  6985 tablet_copy_service.cc:161] P 23bd986a1939459e8eff9f0a5afe1e7e: Beginning new tablet copy session on tablet 0d66206796d64fc08f122ecebc694a60 from peer 546a41493f764b68b7f963bc406d631e at {username='slave'} at 127.0.0.1:36380: session id = 546a41493f764b68b7f963bc406d631e-0d66206796d64fc08f122ecebc694a60
I20260710 13:19:16.979857  6985 tablet_copy_source_session.cc:215] T 0d66206796d64fc08f122ecebc694a60 P 23bd986a1939459e8eff9f0a5afe1e7e: Tablet Copy: opened 0 blocks and 1 log segments
I20260710 13:19:16.983856  7387 data_dirs.cc:400] Could only allocate 1 dirs of requested 3 for tablet 0d66206796d64fc08f122ecebc694a60. 1 dirs total, 0 dirs full, 0 dirs failed
I20260710 13:19:16.998157  7393 ts_tablet_manager.cc:933] T 0d64a9507e794d0b93e4c692d71cf427 P 546a41493f764b68b7f963bc406d631e: Initiating tablet copy from peer 23bd986a1939459e8eff9f0a5afe1e7e (127.5.160.194:42241)
I20260710 13:19:17.003058  7387 tablet_copy_client.cc:806] T 0d66206796d64fc08f122ecebc694a60 P 546a41493f764b68b7f963bc406d631e: tablet copy: Starting download of 0 data blocks...
I20260710 13:19:17.003675  7387 tablet_copy_client.cc:670] T 0d66206796d64fc08f122ecebc694a60 P 546a41493f764b68b7f963bc406d631e: tablet copy: Starting download of 1 WAL segments...
I20260710 13:19:17.007982  7387 tablet_copy_client.cc:538] T 0d66206796d64fc08f122ecebc694a60 P 546a41493f764b68b7f963bc406d631e: tablet copy: Tablet Copy complete. Replacing tablet superblock.
I20260710 13:19:17.012177  7059 tablet_copy_service.cc:140] P 1e94bbf42231423eb1a8a0d17e3be48c: Received BeginTabletCopySession request for tablet ca7d81b07a044b249fbfa0024f8f8af2 from peer 546a41493f764b68b7f963bc406d631e ({username='slave'} at 127.0.0.1:47908)
I20260710 13:19:17.012710  7059 tablet_copy_service.cc:161] P 1e94bbf42231423eb1a8a0d17e3be48c: Beginning new tablet copy session on tablet ca7d81b07a044b249fbfa0024f8f8af2 from peer 546a41493f764b68b7f963bc406d631e at {username='slave'} at 127.0.0.1:47908: session id = 546a41493f764b68b7f963bc406d631e-ca7d81b07a044b249fbfa0024f8f8af2
I20260710 13:19:17.018728  7393 tablet_copy_client.cc:323] T 0d64a9507e794d0b93e4c692d71cf427 P 546a41493f764b68b7f963bc406d631e: tablet copy: Beginning tablet copy session from remote peer at address 127.5.160.194:42241
I20260710 13:19:17.020990  6985 tablet_copy_service.cc:140] P 23bd986a1939459e8eff9f0a5afe1e7e: Received BeginTabletCopySession request for tablet 0d64a9507e794d0b93e4c692d71cf427 from peer 546a41493f764b68b7f963bc406d631e ({username='slave'} at 127.0.0.1:36380)
I20260710 13:19:17.021518  6985 tablet_copy_service.cc:161] P 23bd986a1939459e8eff9f0a5afe1e7e: Beginning new tablet copy session on tablet 0d64a9507e794d0b93e4c692d71cf427 from peer 546a41493f764b68b7f963bc406d631e at {username='slave'} at 127.0.0.1:36380: session id = 546a41493f764b68b7f963bc406d631e-0d64a9507e794d0b93e4c692d71cf427
I20260710 13:19:17.022445  7059 tablet_copy_source_session.cc:215] T ca7d81b07a044b249fbfa0024f8f8af2 P 1e94bbf42231423eb1a8a0d17e3be48c: Tablet Copy: opened 0 blocks and 1 log segments
I20260710 13:19:17.022956  7387 tablet_bootstrap.cc:492] T 0d66206796d64fc08f122ecebc694a60 P 546a41493f764b68b7f963bc406d631e: Bootstrap starting.
I20260710 13:19:17.026533  7382 data_dirs.cc:400] Could only allocate 1 dirs of requested 3 for tablet ca7d81b07a044b249fbfa0024f8f8af2. 1 dirs total, 0 dirs full, 0 dirs failed
I20260710 13:19:17.030408  6985 tablet_copy_source_session.cc:215] T 0d64a9507e794d0b93e4c692d71cf427 P 23bd986a1939459e8eff9f0a5afe1e7e: Tablet Copy: opened 0 blocks and 1 log segments
I20260710 13:19:17.036187  7393 data_dirs.cc:400] Could only allocate 1 dirs of requested 3 for tablet 0d64a9507e794d0b93e4c692d71cf427. 1 dirs total, 0 dirs full, 0 dirs failed
I20260710 13:19:17.041662  6910 tablet_copy_service.cc:140] P 7d91e5927a574ef29901463cc752c688: Received BeginTabletCopySession request for tablet 90cac4b6a1d04936a20f0fcb24df9d07 from peer 546a41493f764b68b7f963bc406d631e ({username='slave'} at 127.0.0.1:57334)
I20260710 13:19:17.042201  6910 tablet_copy_service.cc:161] P 7d91e5927a574ef29901463cc752c688: Beginning new tablet copy session on tablet 90cac4b6a1d04936a20f0fcb24df9d07 from peer 546a41493f764b68b7f963bc406d631e at {username='slave'} at 127.0.0.1:57334: session id = 546a41493f764b68b7f963bc406d631e-90cac4b6a1d04936a20f0fcb24df9d07
I20260710 13:19:17.050938  6910 tablet_copy_source_session.cc:215] T 90cac4b6a1d04936a20f0fcb24df9d07 P 7d91e5927a574ef29901463cc752c688: Tablet Copy: opened 0 blocks and 1 log segments
I20260710 13:19:17.058310  7382 tablet_copy_client.cc:806] T ca7d81b07a044b249fbfa0024f8f8af2 P 546a41493f764b68b7f963bc406d631e: tablet copy: Starting download of 0 data blocks...
I20260710 13:19:17.058871  7382 tablet_copy_client.cc:670] T ca7d81b07a044b249fbfa0024f8f8af2 P 546a41493f764b68b7f963bc406d631e: tablet copy: Starting download of 1 WAL segments...
I20260710 13:19:17.069341  7382 tablet_copy_client.cc:538] T ca7d81b07a044b249fbfa0024f8f8af2 P 546a41493f764b68b7f963bc406d631e: tablet copy: Tablet Copy complete. Replacing tablet superblock.
I20260710 13:19:17.073587  7384 data_dirs.cc:400] Could only allocate 1 dirs of requested 3 for tablet 90cac4b6a1d04936a20f0fcb24df9d07. 1 dirs total, 0 dirs full, 0 dirs failed
I20260710 13:19:17.078883  7393 tablet_copy_client.cc:806] T 0d64a9507e794d0b93e4c692d71cf427 P 546a41493f764b68b7f963bc406d631e: tablet copy: Starting download of 0 data blocks...
I20260710 13:19:17.079459  7393 tablet_copy_client.cc:670] T 0d64a9507e794d0b93e4c692d71cf427 P 546a41493f764b68b7f963bc406d631e: tablet copy: Starting download of 1 WAL segments...
I20260710 13:19:17.084661  7387 tablet_bootstrap.cc:492] T 0d66206796d64fc08f122ecebc694a60 P 546a41493f764b68b7f963bc406d631e: Bootstrap replayed 1/1 log segments. Stats: ops{read=2 overwritten=0 applied=2 ignored=0} inserts{seen=0 ignored=0} mutations{seen=0 ignored=0} orphaned_commits=0. Pending: 0 replicates
I20260710 13:19:17.084887  7393 tablet_copy_client.cc:538] T 0d64a9507e794d0b93e4c692d71cf427 P 546a41493f764b68b7f963bc406d631e: tablet copy: Tablet Copy complete. Replacing tablet superblock.
I20260710 13:19:17.085584  7387 tablet_bootstrap.cc:492] T 0d66206796d64fc08f122ecebc694a60 P 546a41493f764b68b7f963bc406d631e: Bootstrap complete.
I20260710 13:19:17.086263  7387 ts_tablet_manager.cc:1403] T 0d66206796d64fc08f122ecebc694a60 P 546a41493f764b68b7f963bc406d631e: Time spent bootstrapping tablet: real 0.064s	user 0.026s	sys 0.008s
I20260710 13:19:17.089296  7387 raft_consensus.cc:359] T 0d66206796d64fc08f122ecebc694a60 P 546a41493f764b68b7f963bc406d631e [term 1 LEARNER]: Replica starting. Triggering 0 pending ops. Active config: opid_index: 2 OBSOLETE_local: false peers { permanent_uuid: "7d91e5927a574ef29901463cc752c688" member_type: VOTER last_known_addr { host: "127.5.160.193" port: 38679 } } peers { permanent_uuid: "23bd986a1939459e8eff9f0a5afe1e7e" member_type: VOTER last_known_addr { host: "127.5.160.194" port: 42241 } } peers { permanent_uuid: "1e94bbf42231423eb1a8a0d17e3be48c" member_type: VOTER last_known_addr { host: "127.5.160.195" port: 34023 } attrs { replace: true } } peers { permanent_uuid: "546a41493f764b68b7f963bc406d631e" member_type: NON_VOTER last_known_addr { host: "127.5.160.196" port: 36925 } attrs { promote: true } }
I20260710 13:19:17.090226  7387 raft_consensus.cc:740] T 0d66206796d64fc08f122ecebc694a60 P 546a41493f764b68b7f963bc406d631e [term 1 LEARNER]: Becoming Follower/Learner. State: Replica: 546a41493f764b68b7f963bc406d631e, State: Initialized, Role: LEARNER
I20260710 13:19:17.090875  7387 consensus_queue.cc:260] T 0d66206796d64fc08f122ecebc694a60 P 546a41493f764b68b7f963bc406d631e [NON_LEADER]: Queue going to NON_LEADER mode. State: All replicated index: 0, Majority replicated index: 0, Committed index: 2, Last appended: 1.2, Last appended by leader: 2, Current term: 0, Majority size: -1, State: 0, Mode: NON_LEADER, active raft config: opid_index: 2 OBSOLETE_local: false peers { permanent_uuid: "7d91e5927a574ef29901463cc752c688" member_type: VOTER last_known_addr { host: "127.5.160.193" port: 38679 } } peers { permanent_uuid: "23bd986a1939459e8eff9f0a5afe1e7e" member_type: VOTER last_known_addr { host: "127.5.160.194" port: 42241 } } peers { permanent_uuid: "1e94bbf42231423eb1a8a0d17e3be48c" member_type: VOTER last_known_addr { host: "127.5.160.195" port: 34023 } attrs { replace: true } } peers { permanent_uuid: "546a41493f764b68b7f963bc406d631e" member_type: NON_VOTER last_known_addr { host: "127.5.160.196" port: 36925 } attrs { promote: true } }
I20260710 13:19:17.093318  7393 tablet_bootstrap.cc:492] T 0d64a9507e794d0b93e4c692d71cf427 P 546a41493f764b68b7f963bc406d631e: Bootstrap starting.
I20260710 13:19:17.100680  7382 tablet_bootstrap.cc:492] T ca7d81b07a044b249fbfa0024f8f8af2 P 546a41493f764b68b7f963bc406d631e: Bootstrap starting.
I20260710 13:19:17.111100  7384 tablet_copy_client.cc:806] T 90cac4b6a1d04936a20f0fcb24df9d07 P 546a41493f764b68b7f963bc406d631e: tablet copy: Starting download of 0 data blocks...
I20260710 13:19:17.111779  7384 tablet_copy_client.cc:670] T 90cac4b6a1d04936a20f0fcb24df9d07 P 546a41493f764b68b7f963bc406d631e: tablet copy: Starting download of 1 WAL segments...
I20260710 13:19:17.118994  7384 tablet_copy_client.cc:538] T 90cac4b6a1d04936a20f0fcb24df9d07 P 546a41493f764b68b7f963bc406d631e: tablet copy: Tablet Copy complete. Replacing tablet superblock.
I20260710 13:19:17.123683  7354 heartbeater.cc:499] Master 127.5.160.254:46431 was elected leader, sending a full tablet report...
I20260710 13:19:17.130925  7393 tablet_bootstrap.cc:492] T 0d64a9507e794d0b93e4c692d71cf427 P 546a41493f764b68b7f963bc406d631e: Bootstrap replayed 1/1 log segments. Stats: ops{read=2 overwritten=0 applied=2 ignored=0} inserts{seen=0 ignored=0} mutations{seen=0 ignored=0} orphaned_commits=0. Pending: 0 replicates
I20260710 13:19:17.131830  7393 tablet_bootstrap.cc:492] T 0d64a9507e794d0b93e4c692d71cf427 P 546a41493f764b68b7f963bc406d631e: Bootstrap complete.
I20260710 13:19:17.132531  7393 ts_tablet_manager.cc:1403] T 0d64a9507e794d0b93e4c692d71cf427 P 546a41493f764b68b7f963bc406d631e: Time spent bootstrapping tablet: real 0.039s	user 0.019s	sys 0.008s
I20260710 13:19:17.135331  7393 raft_consensus.cc:359] T 0d64a9507e794d0b93e4c692d71cf427 P 546a41493f764b68b7f963bc406d631e [term 1 LEARNER]: Replica starting. Triggering 0 pending ops. Active config: opid_index: 2 OBSOLETE_local: false peers { permanent_uuid: "7d91e5927a574ef29901463cc752c688" member_type: VOTER last_known_addr { host: "127.5.160.193" port: 38679 } } peers { permanent_uuid: "23bd986a1939459e8eff9f0a5afe1e7e" member_type: VOTER last_known_addr { host: "127.5.160.194" port: 42241 } } peers { permanent_uuid: "1e94bbf42231423eb1a8a0d17e3be48c" member_type: VOTER last_known_addr { host: "127.5.160.195" port: 34023 } attrs { replace: true } } peers { permanent_uuid: "546a41493f764b68b7f963bc406d631e" member_type: NON_VOTER last_known_addr { host: "127.5.160.196" port: 36925 } attrs { promote: true } }
I20260710 13:19:17.136160  7393 raft_consensus.cc:740] T 0d64a9507e794d0b93e4c692d71cf427 P 546a41493f764b68b7f963bc406d631e [term 1 LEARNER]: Becoming Follower/Learner. State: Replica: 546a41493f764b68b7f963bc406d631e, State: Initialized, Role: LEARNER
I20260710 13:19:17.136824  7393 consensus_queue.cc:260] T 0d64a9507e794d0b93e4c692d71cf427 P 546a41493f764b68b7f963bc406d631e [NON_LEADER]: Queue going to NON_LEADER mode. State: All replicated index: 0, Majority replicated index: 0, Committed index: 2, Last appended: 1.2, Last appended by leader: 2, Current term: 0, Majority size: -1, State: 0, Mode: NON_LEADER, active raft config: opid_index: 2 OBSOLETE_local: false peers { permanent_uuid: "7d91e5927a574ef29901463cc752c688" member_type: VOTER last_known_addr { host: "127.5.160.193" port: 38679 } } peers { permanent_uuid: "23bd986a1939459e8eff9f0a5afe1e7e" member_type: VOTER last_known_addr { host: "127.5.160.194" port: 42241 } } peers { permanent_uuid: "1e94bbf42231423eb1a8a0d17e3be48c" member_type: VOTER last_known_addr { host: "127.5.160.195" port: 34023 } attrs { replace: true } } peers { permanent_uuid: "546a41493f764b68b7f963bc406d631e" member_type: NON_VOTER last_known_addr { host: "127.5.160.196" port: 36925 } attrs { promote: true } }
I20260710 13:19:17.140709  7387 ts_tablet_manager.cc:1434] T 0d66206796d64fc08f122ecebc694a60 P 546a41493f764b68b7f963bc406d631e: Time spent starting tablet: real 0.054s	user 0.021s	sys 0.022s
I20260710 13:19:17.142894  6985 tablet_copy_service.cc:342] P 23bd986a1939459e8eff9f0a5afe1e7e: Request end of tablet copy session 546a41493f764b68b7f963bc406d631e-0d66206796d64fc08f122ecebc694a60 received from {username='slave'} at 127.0.0.1:36380
I20260710 13:19:17.143337  6985 tablet_copy_service.cc:434] P 23bd986a1939459e8eff9f0a5afe1e7e: ending tablet copy session 546a41493f764b68b7f963bc406d631e-0d66206796d64fc08f122ecebc694a60 on tablet 0d66206796d64fc08f122ecebc694a60 with peer 546a41493f764b68b7f963bc406d631e
I20260710 13:19:17.162741  7384 tablet_bootstrap.cc:492] T 90cac4b6a1d04936a20f0fcb24df9d07 P 546a41493f764b68b7f963bc406d631e: Bootstrap starting.
I20260710 13:19:17.163609  7393 ts_tablet_manager.cc:1434] T 0d64a9507e794d0b93e4c692d71cf427 P 546a41493f764b68b7f963bc406d631e: Time spent starting tablet: real 0.031s	user 0.021s	sys 0.008s
I20260710 13:19:17.171087  6985 tablet_copy_service.cc:342] P 23bd986a1939459e8eff9f0a5afe1e7e: Request end of tablet copy session 546a41493f764b68b7f963bc406d631e-0d64a9507e794d0b93e4c692d71cf427 received from {username='slave'} at 127.0.0.1:36380
I20260710 13:19:17.171685  6985 tablet_copy_service.cc:434] P 23bd986a1939459e8eff9f0a5afe1e7e: ending tablet copy session 546a41493f764b68b7f963bc406d631e-0d64a9507e794d0b93e4c692d71cf427 on tablet 0d64a9507e794d0b93e4c692d71cf427 with peer 546a41493f764b68b7f963bc406d631e
I20260710 13:19:17.192776  7384 tablet_bootstrap.cc:492] T 90cac4b6a1d04936a20f0fcb24df9d07 P 546a41493f764b68b7f963bc406d631e: Bootstrap replayed 1/1 log segments. Stats: ops{read=2 overwritten=0 applied=2 ignored=0} inserts{seen=0 ignored=0} mutations{seen=0 ignored=0} orphaned_commits=0. Pending: 0 replicates
I20260710 13:19:17.192878  7382 tablet_bootstrap.cc:492] T ca7d81b07a044b249fbfa0024f8f8af2 P 546a41493f764b68b7f963bc406d631e: Bootstrap replayed 1/1 log segments. Stats: ops{read=2 overwritten=0 applied=2 ignored=0} inserts{seen=0 ignored=0} mutations{seen=0 ignored=0} orphaned_commits=0. Pending: 0 replicates
I20260710 13:19:17.193737  7384 tablet_bootstrap.cc:492] T 90cac4b6a1d04936a20f0fcb24df9d07 P 546a41493f764b68b7f963bc406d631e: Bootstrap complete.
I20260710 13:19:17.193807  7382 tablet_bootstrap.cc:492] T ca7d81b07a044b249fbfa0024f8f8af2 P 546a41493f764b68b7f963bc406d631e: Bootstrap complete.
I20260710 13:19:17.194474  7382 ts_tablet_manager.cc:1403] T ca7d81b07a044b249fbfa0024f8f8af2 P 546a41493f764b68b7f963bc406d631e: Time spent bootstrapping tablet: real 0.094s	user 0.022s	sys 0.015s
I20260710 13:19:17.194481  7384 ts_tablet_manager.cc:1403] T 90cac4b6a1d04936a20f0fcb24df9d07 P 546a41493f764b68b7f963bc406d631e: Time spent bootstrapping tablet: real 0.033s	user 0.013s	sys 0.007s
I20260710 13:19:17.198381  7382 raft_consensus.cc:359] T ca7d81b07a044b249fbfa0024f8f8af2 P 546a41493f764b68b7f963bc406d631e [term 1 LEARNER]: Replica starting. Triggering 0 pending ops. Active config: opid_index: 2 OBSOLETE_local: false peers { permanent_uuid: "7d91e5927a574ef29901463cc752c688" member_type: VOTER last_known_addr { host: "127.5.160.193" port: 38679 } attrs { replace: true } } peers { permanent_uuid: "23bd986a1939459e8eff9f0a5afe1e7e" member_type: VOTER last_known_addr { host: "127.5.160.194" port: 42241 } } peers { permanent_uuid: "1e94bbf42231423eb1a8a0d17e3be48c" member_type: VOTER last_known_addr { host: "127.5.160.195" port: 34023 } } peers { permanent_uuid: "546a41493f764b68b7f963bc406d631e" member_type: NON_VOTER last_known_addr { host: "127.5.160.196" port: 36925 } attrs { promote: true } }
I20260710 13:19:17.199164  7382 raft_consensus.cc:740] T ca7d81b07a044b249fbfa0024f8f8af2 P 546a41493f764b68b7f963bc406d631e [term 1 LEARNER]: Becoming Follower/Learner. State: Replica: 546a41493f764b68b7f963bc406d631e, State: Initialized, Role: LEARNER
I20260710 13:19:17.199821  7382 consensus_queue.cc:260] T ca7d81b07a044b249fbfa0024f8f8af2 P 546a41493f764b68b7f963bc406d631e [NON_LEADER]: Queue going to NON_LEADER mode. State: All replicated index: 0, Majority replicated index: 0, Committed index: 2, Last appended: 1.2, Last appended by leader: 2, Current term: 0, Majority size: -1, State: 0, Mode: NON_LEADER, active raft config: opid_index: 2 OBSOLETE_local: false peers { permanent_uuid: "7d91e5927a574ef29901463cc752c688" member_type: VOTER last_known_addr { host: "127.5.160.193" port: 38679 } attrs { replace: true } } peers { permanent_uuid: "23bd986a1939459e8eff9f0a5afe1e7e" member_type: VOTER last_known_addr { host: "127.5.160.194" port: 42241 } } peers { permanent_uuid: "1e94bbf42231423eb1a8a0d17e3be48c" member_type: VOTER last_known_addr { host: "127.5.160.195" port: 34023 } } peers { permanent_uuid: "546a41493f764b68b7f963bc406d631e" member_type: NON_VOTER last_known_addr { host: "127.5.160.196" port: 36925 } attrs { promote: true } }
I20260710 13:19:17.202152  7382 ts_tablet_manager.cc:1434] T ca7d81b07a044b249fbfa0024f8f8af2 P 546a41493f764b68b7f963bc406d631e: Time spent starting tablet: real 0.007s	user 0.002s	sys 0.004s
I20260710 13:19:17.203750  7059 tablet_copy_service.cc:342] P 1e94bbf42231423eb1a8a0d17e3be48c: Request end of tablet copy session 546a41493f764b68b7f963bc406d631e-ca7d81b07a044b249fbfa0024f8f8af2 received from {username='slave'} at 127.0.0.1:47908
I20260710 13:19:17.204128  7059 tablet_copy_service.cc:434] P 1e94bbf42231423eb1a8a0d17e3be48c: ending tablet copy session 546a41493f764b68b7f963bc406d631e-ca7d81b07a044b249fbfa0024f8f8af2 on tablet ca7d81b07a044b249fbfa0024f8f8af2 with peer 546a41493f764b68b7f963bc406d631e
I20260710 13:19:17.207679  7384 raft_consensus.cc:359] T 90cac4b6a1d04936a20f0fcb24df9d07 P 546a41493f764b68b7f963bc406d631e [term 1 LEARNER]: Replica starting. Triggering 0 pending ops. Active config: opid_index: 2 OBSOLETE_local: false peers { permanent_uuid: "7d91e5927a574ef29901463cc752c688" member_type: VOTER last_known_addr { host: "127.5.160.193" port: 38679 } } peers { permanent_uuid: "23bd986a1939459e8eff9f0a5afe1e7e" member_type: VOTER last_known_addr { host: "127.5.160.194" port: 42241 } attrs { replace: true } } peers { permanent_uuid: "1e94bbf42231423eb1a8a0d17e3be48c" member_type: VOTER last_known_addr { host: "127.5.160.195" port: 34023 } } peers { permanent_uuid: "546a41493f764b68b7f963bc406d631e" member_type: NON_VOTER last_known_addr { host: "127.5.160.196" port: 36925 } attrs { promote: true } }
I20260710 13:19:17.208508  7384 raft_consensus.cc:740] T 90cac4b6a1d04936a20f0fcb24df9d07 P 546a41493f764b68b7f963bc406d631e [term 1 LEARNER]: Becoming Follower/Learner. State: Replica: 546a41493f764b68b7f963bc406d631e, State: Initialized, Role: LEARNER
I20260710 13:19:17.209152  7384 consensus_queue.cc:260] T 90cac4b6a1d04936a20f0fcb24df9d07 P 546a41493f764b68b7f963bc406d631e [NON_LEADER]: Queue going to NON_LEADER mode. State: All replicated index: 0, Majority replicated index: 0, Committed index: 2, Last appended: 1.2, Last appended by leader: 2, Current term: 0, Majority size: -1, State: 0, Mode: NON_LEADER, active raft config: opid_index: 2 OBSOLETE_local: false peers { permanent_uuid: "7d91e5927a574ef29901463cc752c688" member_type: VOTER last_known_addr { host: "127.5.160.193" port: 38679 } } peers { permanent_uuid: "23bd986a1939459e8eff9f0a5afe1e7e" member_type: VOTER last_known_addr { host: "127.5.160.194" port: 42241 } attrs { replace: true } } peers { permanent_uuid: "1e94bbf42231423eb1a8a0d17e3be48c" member_type: VOTER last_known_addr { host: "127.5.160.195" port: 34023 } } peers { permanent_uuid: "546a41493f764b68b7f963bc406d631e" member_type: NON_VOTER last_known_addr { host: "127.5.160.196" port: 36925 } attrs { promote: true } }
I20260710 13:19:17.216490  7384 ts_tablet_manager.cc:1434] T 90cac4b6a1d04936a20f0fcb24df9d07 P 546a41493f764b68b7f963bc406d631e: Time spent starting tablet: real 0.021s	user 0.005s	sys 0.000s
I20260710 13:19:17.218526  6910 tablet_copy_service.cc:342] P 7d91e5927a574ef29901463cc752c688: Request end of tablet copy session 546a41493f764b68b7f963bc406d631e-90cac4b6a1d04936a20f0fcb24df9d07 received from {username='slave'} at 127.0.0.1:57334
I20260710 13:19:17.218871  6910 tablet_copy_service.cc:434] P 7d91e5927a574ef29901463cc752c688: ending tablet copy session 546a41493f764b68b7f963bc406d631e-90cac4b6a1d04936a20f0fcb24df9d07 on tablet 90cac4b6a1d04936a20f0fcb24df9d07 with peer 546a41493f764b68b7f963bc406d631e
I20260710 13:19:17.317571  7310 raft_consensus.cc:1217] T 90cac4b6a1d04936a20f0fcb24df9d07 P 546a41493f764b68b7f963bc406d631e [term 1 LEARNER]: Deduplicated request from leader. Original: 1.1->[1.2-1.2]   Dedup: 1.2->[]
I20260710 13:19:17.412180  7310 raft_consensus.cc:1217] T 0d66206796d64fc08f122ecebc694a60 P 546a41493f764b68b7f963bc406d631e [term 1 LEARNER]: Deduplicated request from leader. Original: 1.1->[1.2-1.2]   Dedup: 1.2->[]
I20260710 13:19:17.450953  7310 raft_consensus.cc:1217] T ca7d81b07a044b249fbfa0024f8f8af2 P 546a41493f764b68b7f963bc406d631e [term 1 LEARNER]: Deduplicated request from leader. Original: 1.1->[1.2-1.2]   Dedup: 1.2->[]
I20260710 13:19:17.570834  7310 raft_consensus.cc:1217] T 0d64a9507e794d0b93e4c692d71cf427 P 546a41493f764b68b7f963bc406d631e [term 1 LEARNER]: Deduplicated request from leader. Original: 1.1->[1.2-1.2]   Dedup: 1.2->[]
I20260710 13:19:17.756124  7402 raft_consensus.cc:1064] T 90cac4b6a1d04936a20f0fcb24df9d07 P 7d91e5927a574ef29901463cc752c688: attempting to promote NON_VOTER 546a41493f764b68b7f963bc406d631e to VOTER
I20260710 13:19:17.758785  7402 consensus_queue.cc:237] T 90cac4b6a1d04936a20f0fcb24df9d07 P 7d91e5927a574ef29901463cc752c688 [LEADER]: Queue going to LEADER mode. State: All replicated index: 0, Majority replicated index: 2, Committed index: 2, Last appended: 1.2, Last appended by leader: 0, Current term: 1, Majority size: 3, State: 0, Mode: LEADER, active raft config: opid_index: 3 OBSOLETE_local: false peers { permanent_uuid: "7d91e5927a574ef29901463cc752c688" member_type: VOTER last_known_addr { host: "127.5.160.193" port: 38679 } } peers { permanent_uuid: "23bd986a1939459e8eff9f0a5afe1e7e" member_type: VOTER last_known_addr { host: "127.5.160.194" port: 42241 } attrs { replace: true } } peers { permanent_uuid: "1e94bbf42231423eb1a8a0d17e3be48c" member_type: VOTER last_known_addr { host: "127.5.160.195" port: 34023 } } peers { permanent_uuid: "546a41493f764b68b7f963bc406d631e" member_type: VOTER last_known_addr { host: "127.5.160.196" port: 36925 } attrs { promote: false } }
I20260710 13:19:17.765710  7049 raft_consensus.cc:1275] T 90cac4b6a1d04936a20f0fcb24df9d07 P 1e94bbf42231423eb1a8a0d17e3be48c [term 1 FOLLOWER]: Refusing update from remote peer 7d91e5927a574ef29901463cc752c688: Log matching property violated. Preceding OpId in replica: term: 1 index: 2. Preceding OpId from leader: term: 1 index: 3. (index mismatch)
I20260710 13:19:17.766974  7310 raft_consensus.cc:1275] T 90cac4b6a1d04936a20f0fcb24df9d07 P 546a41493f764b68b7f963bc406d631e [term 1 LEARNER]: Refusing update from remote peer 7d91e5927a574ef29901463cc752c688: Log matching property violated. Preceding OpId in replica: term: 1 index: 2. Preceding OpId from leader: term: 1 index: 3. (index mismatch)
