I20260710 13:18:58.727201 11817 consensus_queue.cc:237] T c5797496de9a4d5da98882f142143722 P 0f8316e8a75840b6a75a967075eecb4f [LEADER]: Queue going to LEADER mode. State: All replicated index: 0, Majority replicated index: 3, Committed index: 3, Last appended: 3.3, Last appended by leader: 3, Current term: 4, Majority size: 2, State: 0, Mode: LEADER, active raft config: opid_index: -1 OBSOLETE_local: false peers { permanent_uuid: "0f8316e8a75840b6a75a967075eecb4f" member_type: VOTER last_known_addr { host: "127.11.20.65" port: 46713 } } peers { permanent_uuid: "9ab1f6d30eb845838a9b668c417d9046" member_type: VOTER last_known_addr { host: "127.11.20.66" port: 38867 } } peers { permanent_uuid: "f82d233654e24667bb47c7b3330ff749" member_type: VOTER last_known_addr { host: "127.11.20.67" port: 35951 } }
I20260710 13:18:58.729744 11553 raft_consensus.cc:2468] T c5797496de9a4d5da98882f142143722 P 9ab1f6d30eb845838a9b668c417d9046 [term 4 FOLLOWER]: Leader election vote request: Granting yes vote for candidate 0f8316e8a75840b6a75a967075eecb4f in term 4.
I20260710 13:18:58.736119 11377 catalog_manager.cc:5697] T c5797496de9a4d5da98882f142143722 P 0f8316e8a75840b6a75a967075eecb4f reported cstate change: term changed from 3 to 4, leader changed from 9ab1f6d30eb845838a9b668c417d9046 (127.11.20.66) to 0f8316e8a75840b6a75a967075eecb4f (127.11.20.65). New cstate: current_term: 4 leader_uuid: "0f8316e8a75840b6a75a967075eecb4f" committed_config { opid_index: -1 OBSOLETE_local: false peers { permanent_uuid: "0f8316e8a75840b6a75a967075eecb4f" member_type: VOTER last_known_addr { host: "127.11.20.65" port: 46713 } health_report { overall_health: HEALTHY } } peers { permanent_uuid: "9ab1f6d30eb845838a9b668c417d9046" member_type: VOTER last_known_addr { host: "127.11.20.66" port: 38867 } health_report { overall_health: UNKNOWN } } peers { permanent_uuid: "f82d233654e24667bb47c7b3330ff749" member_type: VOTER last_known_addr { host: "127.11.20.67" port: 35951 } health_report { overall_health: UNKNOWN } } }
I20260710 13:18:58.797902 11771 raft_consensus.cc:993] T efdb1cfeb20f4c6dab6256989894af36 P 9ab1f6d30eb845838a9b668c417d9046: : Instructing follower f82d233654e24667bb47c7b3330ff749 to start an election
I20260710 13:18:58.798434 11816 raft_consensus.cc:1081] T efdb1cfeb20f4c6dab6256989894af36 P 9ab1f6d30eb845838a9b668c417d9046 [term 2 LEADER]: Signalling peer f82d233654e24667bb47c7b3330ff749 to start an election
I20260710 13:18:58.799768 11627 tablet_service.cc:2044] Received Run Leader Election RPC: tablet_id: "efdb1cfeb20f4c6dab6256989894af36"
dest_uuid: "f82d233654e24667bb47c7b3330ff749"
 from {username='slave'} at 127.0.0.1:35564
I20260710 13:18:58.800204 11627 raft_consensus.cc:493] T efdb1cfeb20f4c6dab6256989894af36 P f82d233654e24667bb47c7b3330ff749 [term 2 FOLLOWER]: Starting forced leader election (received explicit request)
I20260710 13:18:58.800424 11627 raft_consensus.cc:3060] T efdb1cfeb20f4c6dab6256989894af36 P f82d233654e24667bb47c7b3330ff749 [term 2 FOLLOWER]: Advancing to term 3
I20260710 13:18:58.805106 11627 raft_consensus.cc:515] T efdb1cfeb20f4c6dab6256989894af36 P f82d233654e24667bb47c7b3330ff749 [term 3 FOLLOWER]: Starting forced leader election with config: opid_index: -1 OBSOLETE_local: false peers { permanent_uuid: "0f8316e8a75840b6a75a967075eecb4f" member_type: VOTER last_known_addr { host: "127.11.20.65" port: 46713 } } peers { permanent_uuid: "9ab1f6d30eb845838a9b668c417d9046" member_type: VOTER last_known_addr { host: "127.11.20.66" port: 38867 } } peers { permanent_uuid: "f82d233654e24667bb47c7b3330ff749" member_type: VOTER last_known_addr { host: "127.11.20.67" port: 35951 } }
I20260710 13:18:58.806805 11627 leader_election.cc:290] T efdb1cfeb20f4c6dab6256989894af36 P f82d233654e24667bb47c7b3330ff749 [CANDIDATE]: Term 3 election: Requested vote from peers 0f8316e8a75840b6a75a967075eecb4f (127.11.20.65:46713), 9ab1f6d30eb845838a9b668c417d9046 (127.11.20.66:38867)
I20260710 13:18:58.807646 11480 tablet_service.cc:1917] Received RequestConsensusVote() RPC: tablet_id: "efdb1cfeb20f4c6dab6256989894af36" candidate_uuid: "f82d233654e24667bb47c7b3330ff749" candidate_term: 3 candidate_status { last_received { term: 2 index: 2 } } ignore_live_leader: true dest_uuid: "0f8316e8a75840b6a75a967075eecb4f"
I20260710 13:18:58.807924 11553 tablet_service.cc:1917] Received RequestConsensusVote() RPC: tablet_id: "efdb1cfeb20f4c6dab6256989894af36" candidate_uuid: "f82d233654e24667bb47c7b3330ff749" candidate_term: 3 candidate_status { last_received { term: 2 index: 2 } } ignore_live_leader: true dest_uuid: "9ab1f6d30eb845838a9b668c417d9046"
I20260710 13:18:58.808194 11480 raft_consensus.cc:3060] T efdb1cfeb20f4c6dab6256989894af36 P 0f8316e8a75840b6a75a967075eecb4f [term 2 FOLLOWER]: Advancing to term 3
I20260710 13:18:58.808432 11553 raft_consensus.cc:3055] T efdb1cfeb20f4c6dab6256989894af36 P 9ab1f6d30eb845838a9b668c417d9046 [term 2 LEADER]: Stepping down as leader of term 2
I20260710 13:18:58.808768 11553 raft_consensus.cc:740] T efdb1cfeb20f4c6dab6256989894af36 P 9ab1f6d30eb845838a9b668c417d9046 [term 2 LEADER]: Becoming Follower/Learner. State: Replica: 9ab1f6d30eb845838a9b668c417d9046, State: Running, Role: LEADER
I20260710 13:18:58.809334 11553 consensus_queue.cc:260] T efdb1cfeb20f4c6dab6256989894af36 P 9ab1f6d30eb845838a9b668c417d9046 [NON_LEADER]: Queue going to NON_LEADER mode. State: All replicated index: 0, Majority replicated index: 2, Committed index: 2, Last appended: 2.2, Last appended by leader: 2, Current term: 2, Majority size: -1, State: 0, Mode: NON_LEADER, active raft config: opid_index: -1 OBSOLETE_local: false peers { permanent_uuid: "0f8316e8a75840b6a75a967075eecb4f" member_type: VOTER last_known_addr { host: "127.11.20.65" port: 46713 } } peers { permanent_uuid: "9ab1f6d30eb845838a9b668c417d9046" member_type: VOTER last_known_addr { host: "127.11.20.66" port: 38867 } } peers { permanent_uuid: "f82d233654e24667bb47c7b3330ff749" member_type: VOTER last_known_addr { host: "127.11.20.67" port: 35951 } }
I20260710 13:18:58.810123 11553 raft_consensus.cc:3060] T efdb1cfeb20f4c6dab6256989894af36 P 9ab1f6d30eb845838a9b668c417d9046 [term 2 FOLLOWER]: Advancing to term 3
I20260710 13:18:58.812875 11480 raft_consensus.cc:2468] T efdb1cfeb20f4c6dab6256989894af36 P 0f8316e8a75840b6a75a967075eecb4f [term 3 FOLLOWER]: Leader election vote request: Granting yes vote for candidate f82d233654e24667bb47c7b3330ff749 in term 3.
I20260710 13:18:58.814041 11594 leader_election.cc:304] T efdb1cfeb20f4c6dab6256989894af36 P f82d233654e24667bb47c7b3330ff749 [CANDIDATE]: Term 3 election: Election decided. Result: candidate won. Election summary: received 2 responses out of 3 voters: 2 yes votes; 0 no votes. yes voters: 0f8316e8a75840b6a75a967075eecb4f, f82d233654e24667bb47c7b3330ff749; no voters: 
I20260710 13:18:58.814150 11553 raft_consensus.cc:2468] T efdb1cfeb20f4c6dab6256989894af36 P 9ab1f6d30eb845838a9b668c417d9046 [term 3 FOLLOWER]: Leader election vote request: Granting yes vote for candidate f82d233654e24667bb47c7b3330ff749 in term 3.
I20260710 13:18:58.814899 11796 raft_consensus.cc:2804] T efdb1cfeb20f4c6dab6256989894af36 P f82d233654e24667bb47c7b3330ff749 [term 3 FOLLOWER]: Leader election won for term 3
I20260710 13:18:58.815946 11796 raft_consensus.cc:697] T efdb1cfeb20f4c6dab6256989894af36 P f82d233654e24667bb47c7b3330ff749 [term 3 LEADER]: Becoming Leader. State: Replica: f82d233654e24667bb47c7b3330ff749, State: Running, Role: LEADER
I20260710 13:18:58.816713 11796 consensus_queue.cc:237] T efdb1cfeb20f4c6dab6256989894af36 P f82d233654e24667bb47c7b3330ff749 [LEADER]: Queue going to LEADER mode. State: All replicated index: 0, Majority replicated index: 2, Committed index: 2, Last appended: 2.2, Last appended by leader: 2, Current term: 3, Majority size: 2, State: 0, Mode: LEADER, active raft config: opid_index: -1 OBSOLETE_local: false peers { permanent_uuid: "0f8316e8a75840b6a75a967075eecb4f" member_type: VOTER last_known_addr { host: "127.11.20.65" port: 46713 } } peers { permanent_uuid: "9ab1f6d30eb845838a9b668c417d9046" member_type: VOTER last_known_addr { host: "127.11.20.66" port: 38867 } } peers { permanent_uuid: "f82d233654e24667bb47c7b3330ff749" member_type: VOTER last_known_addr { host: "127.11.20.67" port: 35951 } }
I20260710 13:18:58.823156 11377 catalog_manager.cc:5697] T efdb1cfeb20f4c6dab6256989894af36 P f82d233654e24667bb47c7b3330ff749 reported cstate change: term changed from 2 to 3, leader changed from 9ab1f6d30eb845838a9b668c417d9046 (127.11.20.66) to f82d233654e24667bb47c7b3330ff749 (127.11.20.67). New cstate: current_term: 3 leader_uuid: "f82d233654e24667bb47c7b3330ff749" committed_config { opid_index: -1 OBSOLETE_local: false peers { permanent_uuid: "0f8316e8a75840b6a75a967075eecb4f" member_type: VOTER last_known_addr { host: "127.11.20.65" port: 46713 } health_report { overall_health: UNKNOWN } } peers { permanent_uuid: "9ab1f6d30eb845838a9b668c417d9046" member_type: VOTER last_known_addr { host: "127.11.20.66" port: 38867 } health_report { overall_health: UNKNOWN } } peers { permanent_uuid: "f82d233654e24667bb47c7b3330ff749" member_type: VOTER last_known_addr { host: "127.11.20.67" port: 35951 } health_report { overall_health: HEALTHY } } }
I20260710 13:18:58.841277 11771 raft_consensus.cc:993] T c978fb6885fa464f9f051a1e84de6ae7 P 9ab1f6d30eb845838a9b668c417d9046: : Instructing follower 0f8316e8a75840b6a75a967075eecb4f to start an election
I20260710 13:18:58.841713 11816 raft_consensus.cc:1081] T c978fb6885fa464f9f051a1e84de6ae7 P 9ab1f6d30eb845838a9b668c417d9046 [term 2 LEADER]: Signalling peer 0f8316e8a75840b6a75a967075eecb4f to start an election
I20260710 13:18:58.843396 11480 tablet_service.cc:2044] Received Run Leader Election RPC: tablet_id: "c978fb6885fa464f9f051a1e84de6ae7"
dest_uuid: "0f8316e8a75840b6a75a967075eecb4f"
 from {username='slave'} at 127.0.0.1:59722
I20260710 13:18:58.843961 11480 raft_consensus.cc:493] T c978fb6885fa464f9f051a1e84de6ae7 P 0f8316e8a75840b6a75a967075eecb4f [term 2 FOLLOWER]: Starting forced leader election (received explicit request)
I20260710 13:18:58.844300 11480 raft_consensus.cc:3060] T c978fb6885fa464f9f051a1e84de6ae7 P 0f8316e8a75840b6a75a967075eecb4f [term 2 FOLLOWER]: Advancing to term 3
I20260710 13:18:58.845772 11771 raft_consensus.cc:993] T 9be3266ac5c74baa81a4cd852eee5118 P 9ab1f6d30eb845838a9b668c417d9046: : Instructing follower 0f8316e8a75840b6a75a967075eecb4f to start an election
I20260710 13:18:58.846227 11816 raft_consensus.cc:1081] T 9be3266ac5c74baa81a4cd852eee5118 P 9ab1f6d30eb845838a9b668c417d9046 [term 1 LEADER]: Signalling peer 0f8316e8a75840b6a75a967075eecb4f to start an election
I20260710 13:18:58.847903 11478 tablet_service.cc:2044] Received Run Leader Election RPC: tablet_id: "9be3266ac5c74baa81a4cd852eee5118"
dest_uuid: "0f8316e8a75840b6a75a967075eecb4f"
 from {username='slave'} at 127.0.0.1:59722
I20260710 13:18:58.848383 11478 raft_consensus.cc:493] T 9be3266ac5c74baa81a4cd852eee5118 P 0f8316e8a75840b6a75a967075eecb4f [term 1 FOLLOWER]: Starting forced leader election (received explicit request)
I20260710 13:18:58.848726 11478 raft_consensus.cc:3060] T 9be3266ac5c74baa81a4cd852eee5118 P 0f8316e8a75840b6a75a967075eecb4f [term 1 FOLLOWER]: Advancing to term 2
I20260710 13:18:58.849972 11480 raft_consensus.cc:515] T c978fb6885fa464f9f051a1e84de6ae7 P 0f8316e8a75840b6a75a967075eecb4f [term 3 FOLLOWER]: Starting forced leader election with config: opid_index: -1 OBSOLETE_local: false peers { permanent_uuid: "0f8316e8a75840b6a75a967075eecb4f" member_type: VOTER last_known_addr { host: "127.11.20.65" port: 46713 } } peers { permanent_uuid: "9ab1f6d30eb845838a9b668c417d9046" member_type: VOTER last_known_addr { host: "127.11.20.66" port: 38867 } } peers { permanent_uuid: "f82d233654e24667bb47c7b3330ff749" member_type: VOTER last_known_addr { host: "127.11.20.67" port: 35951 } }
I20260710 13:18:58.851761 11480 leader_election.cc:290] T c978fb6885fa464f9f051a1e84de6ae7 P 0f8316e8a75840b6a75a967075eecb4f [CANDIDATE]: Term 3 election: Requested vote from peers 9ab1f6d30eb845838a9b668c417d9046 (127.11.20.66:38867), f82d233654e24667bb47c7b3330ff749 (127.11.20.67:35951)
I20260710 13:18:58.852398 11553 tablet_service.cc:1917] Received RequestConsensusVote() RPC: tablet_id: "c978fb6885fa464f9f051a1e84de6ae7" candidate_uuid: "0f8316e8a75840b6a75a967075eecb4f" candidate_term: 3 candidate_status { last_received { term: 2 index: 2 } } ignore_live_leader: true dest_uuid: "9ab1f6d30eb845838a9b668c417d9046"
I20260710 13:18:58.852948 11553 raft_consensus.cc:3055] T c978fb6885fa464f9f051a1e84de6ae7 P 9ab1f6d30eb845838a9b668c417d9046 [term 2 LEADER]: Stepping down as leader of term 2
I20260710 13:18:58.853235 11553 raft_consensus.cc:740] T c978fb6885fa464f9f051a1e84de6ae7 P 9ab1f6d30eb845838a9b668c417d9046 [term 2 LEADER]: Becoming Follower/Learner. State: Replica: 9ab1f6d30eb845838a9b668c417d9046, State: Running, Role: LEADER
I20260710 13:18:58.853912 11553 consensus_queue.cc:260] T c978fb6885fa464f9f051a1e84de6ae7 P 9ab1f6d30eb845838a9b668c417d9046 [NON_LEADER]: Queue going to NON_LEADER mode. State: All replicated index: 0, Majority replicated index: 2, Committed index: 2, Last appended: 2.2, Last appended by leader: 2, Current term: 2, Majority size: -1, State: 0, Mode: NON_LEADER, active raft config: opid_index: -1 OBSOLETE_local: false peers { permanent_uuid: "0f8316e8a75840b6a75a967075eecb4f" member_type: VOTER last_known_addr { host: "127.11.20.65" port: 46713 } } peers { permanent_uuid: "9ab1f6d30eb845838a9b668c417d9046" member_type: VOTER last_known_addr { host: "127.11.20.66" port: 38867 } } peers { permanent_uuid: "f82d233654e24667bb47c7b3330ff749" member_type: VOTER last_known_addr { host: "127.11.20.67" port: 35951 } }
I20260710 13:18:58.855006 11553 raft_consensus.cc:3060] T c978fb6885fa464f9f051a1e84de6ae7 P 9ab1f6d30eb845838a9b668c417d9046 [term 2 FOLLOWER]: Advancing to term 3
I20260710 13:18:58.856050 11478 raft_consensus.cc:515] T 9be3266ac5c74baa81a4cd852eee5118 P 0f8316e8a75840b6a75a967075eecb4f [term 2 FOLLOWER]: Starting forced leader election with config: opid_index: -1 OBSOLETE_local: false peers { permanent_uuid: "0f8316e8a75840b6a75a967075eecb4f" member_type: VOTER last_known_addr { host: "127.11.20.65" port: 46713 } } peers { permanent_uuid: "9ab1f6d30eb845838a9b668c417d9046" member_type: VOTER last_known_addr { host: "127.11.20.66" port: 38867 } } peers { permanent_uuid: "f82d233654e24667bb47c7b3330ff749" member_type: VOTER last_known_addr { host: "127.11.20.67" port: 35951 } }
I20260710 13:18:58.857159 11627 tablet_service.cc:1917] Received RequestConsensusVote() RPC: tablet_id: "c978fb6885fa464f9f051a1e84de6ae7" candidate_uuid: "0f8316e8a75840b6a75a967075eecb4f" candidate_term: 3 candidate_status { last_received { term: 2 index: 2 } } ignore_live_leader: true dest_uuid: "f82d233654e24667bb47c7b3330ff749"
I20260710 13:18:58.857661 11627 raft_consensus.cc:3060] T c978fb6885fa464f9f051a1e84de6ae7 P f82d233654e24667bb47c7b3330ff749 [term 2 FOLLOWER]: Advancing to term 3
I20260710 13:18:58.858371 11478 leader_election.cc:290] T 9be3266ac5c74baa81a4cd852eee5118 P 0f8316e8a75840b6a75a967075eecb4f [CANDIDATE]: Term 2 election: Requested vote from peers 9ab1f6d30eb845838a9b668c417d9046 (127.11.20.66:38867), f82d233654e24667bb47c7b3330ff749 (127.11.20.67:35951)
I20260710 13:18:58.859025 11555 tablet_service.cc:1917] Received RequestConsensusVote() RPC: tablet_id: "9be3266ac5c74baa81a4cd852eee5118" candidate_uuid: "0f8316e8a75840b6a75a967075eecb4f" candidate_term: 2 candidate_status { last_received { term: 1 index: 1 } } ignore_live_leader: true dest_uuid: "9ab1f6d30eb845838a9b668c417d9046"
I20260710 13:18:58.859095 11626 tablet_service.cc:1917] Received RequestConsensusVote() RPC: tablet_id: "9be3266ac5c74baa81a4cd852eee5118" candidate_uuid: "0f8316e8a75840b6a75a967075eecb4f" candidate_term: 2 candidate_status { last_received { term: 1 index: 1 } } ignore_live_leader: true dest_uuid: "f82d233654e24667bb47c7b3330ff749"
I20260710 13:18:58.859743 11555 raft_consensus.cc:3055] T 9be3266ac5c74baa81a4cd852eee5118 P 9ab1f6d30eb845838a9b668c417d9046 [term 1 LEADER]: Stepping down as leader of term 1
I20260710 13:18:58.859795 11626 raft_consensus.cc:3060] T 9be3266ac5c74baa81a4cd852eee5118 P f82d233654e24667bb47c7b3330ff749 [term 1 FOLLOWER]: Advancing to term 2
I20260710 13:18:58.860186 11555 raft_consensus.cc:740] T 9be3266ac5c74baa81a4cd852eee5118 P 9ab1f6d30eb845838a9b668c417d9046 [term 1 LEADER]: Becoming Follower/Learner. State: Replica: 9ab1f6d30eb845838a9b668c417d9046, State: Running, Role: LEADER
I20260710 13:18:58.860898 11553 raft_consensus.cc:2468] T c978fb6885fa464f9f051a1e84de6ae7 P 9ab1f6d30eb845838a9b668c417d9046 [term 3 FOLLOWER]: Leader election vote request: Granting yes vote for candidate 0f8316e8a75840b6a75a967075eecb4f in term 3.
I20260710 13:18:58.861073 11555 consensus_queue.cc:260] T 9be3266ac5c74baa81a4cd852eee5118 P 9ab1f6d30eb845838a9b668c417d9046 [NON_LEADER]: Queue going to NON_LEADER mode. State: All replicated index: 0, Majority replicated index: 1, Committed index: 1, Last appended: 1.1, Last appended by leader: 1, Current term: 1, Majority size: -1, State: 0, Mode: NON_LEADER, active raft config: opid_index: -1 OBSOLETE_local: false peers { permanent_uuid: "0f8316e8a75840b6a75a967075eecb4f" member_type: VOTER last_known_addr { host: "127.11.20.65" port: 46713 } } peers { permanent_uuid: "9ab1f6d30eb845838a9b668c417d9046" member_type: VOTER last_known_addr { host: "127.11.20.66" port: 38867 } } peers { permanent_uuid: "f82d233654e24667bb47c7b3330ff749" member_type: VOTER last_known_addr { host: "127.11.20.67" port: 35951 } }
I20260710 13:18:58.862344 11445 leader_election.cc:304] T c978fb6885fa464f9f051a1e84de6ae7 P 0f8316e8a75840b6a75a967075eecb4f [CANDIDATE]: Term 3 election: Election decided. Result: candidate won. Election summary: received 2 responses out of 3 voters: 2 yes votes; 0 no votes. yes voters: 0f8316e8a75840b6a75a967075eecb4f, 9ab1f6d30eb845838a9b668c417d9046; no voters: 
I20260710 13:18:58.862447 11555 raft_consensus.cc:3060] T 9be3266ac5c74baa81a4cd852eee5118 P 9ab1f6d30eb845838a9b668c417d9046 [term 1 FOLLOWER]: Advancing to term 2
I20260710 13:18:58.863216 11817 raft_consensus.cc:2804] T c978fb6885fa464f9f051a1e84de6ae7 P 0f8316e8a75840b6a75a967075eecb4f [term 3 FOLLOWER]: Leader election won for term 3
I20260710 13:18:58.864306 11817 raft_consensus.cc:697] T c978fb6885fa464f9f051a1e84de6ae7 P 0f8316e8a75840b6a75a967075eecb4f [term 3 LEADER]: Becoming Leader. State: Replica: 0f8316e8a75840b6a75a967075eecb4f, State: Running, Role: LEADER
I20260710 13:18:58.865166 11817 consensus_queue.cc:237] T c978fb6885fa464f9f051a1e84de6ae7 P 0f8316e8a75840b6a75a967075eecb4f [LEADER]: Queue going to LEADER mode. State: All replicated index: 0, Majority replicated index: 2, Committed index: 2, Last appended: 2.2, Last appended by leader: 2, Current term: 3, Majority size: 2, State: 0, Mode: LEADER, active raft config: opid_index: -1 OBSOLETE_local: false peers { permanent_uuid: "0f8316e8a75840b6a75a967075eecb4f" member_type: VOTER last_known_addr { host: "127.11.20.65" port: 46713 } } peers { permanent_uuid: "9ab1f6d30eb845838a9b668c417d9046" member_type: VOTER last_known_addr { host: "127.11.20.66" port: 38867 } } peers { permanent_uuid: "f82d233654e24667bb47c7b3330ff749" member_type: VOTER last_known_addr { host: "127.11.20.67" port: 35951 } }
I20260710 13:18:58.867206 11627 raft_consensus.cc:2468] T c978fb6885fa464f9f051a1e84de6ae7 P f82d233654e24667bb47c7b3330ff749 [term 3 FOLLOWER]: Leader election vote request: Granting yes vote for candidate 0f8316e8a75840b6a75a967075eecb4f in term 3.
I20260710 13:18:58.867480 11626 raft_consensus.cc:2468] T 9be3266ac5c74baa81a4cd852eee5118 P f82d233654e24667bb47c7b3330ff749 [term 2 FOLLOWER]: Leader election vote request: Granting yes vote for candidate 0f8316e8a75840b6a75a967075eecb4f in term 2.
I20260710 13:18:58.869570 11443 leader_election.cc:304] T 9be3266ac5c74baa81a4cd852eee5118 P 0f8316e8a75840b6a75a967075eecb4f [CANDIDATE]: Term 2 election: Election decided. Result: candidate won. Election summary: received 2 responses out of 3 voters: 2 yes votes; 0 no votes. yes voters: 0f8316e8a75840b6a75a967075eecb4f, f82d233654e24667bb47c7b3330ff749; no voters: 
I20260710 13:18:58.870137 11555 raft_consensus.cc:2468] T 9be3266ac5c74baa81a4cd852eee5118 P 9ab1f6d30eb845838a9b668c417d9046 [term 2 FOLLOWER]: Leader election vote request: Granting yes vote for candidate 0f8316e8a75840b6a75a967075eecb4f in term 2.
I20260710 13:18:58.870671 11818 raft_consensus.cc:2804] T 9be3266ac5c74baa81a4cd852eee5118 P 0f8316e8a75840b6a75a967075eecb4f [term 2 FOLLOWER]: Leader election won for term 2
I20260710 13:18:58.872324 11818 raft_consensus.cc:697] T 9be3266ac5c74baa81a4cd852eee5118 P 0f8316e8a75840b6a75a967075eecb4f [term 2 LEADER]: Becoming Leader. State: Replica: 0f8316e8a75840b6a75a967075eecb4f, State: Running, Role: LEADER
I20260710 13:18:58.873157 11818 consensus_queue.cc:237] T 9be3266ac5c74baa81a4cd852eee5118 P 0f8316e8a75840b6a75a967075eecb4f [LEADER]: Queue going to LEADER mode. State: All replicated index: 0, Majority replicated index: 1, Committed index: 1, Last appended: 1.1, Last appended by leader: 1, Current term: 2, Majority size: 2, State: 0, Mode: LEADER, active raft config: opid_index: -1 OBSOLETE_local: false peers { permanent_uuid: "0f8316e8a75840b6a75a967075eecb4f" member_type: VOTER last_known_addr { host: "127.11.20.65" port: 46713 } } peers { permanent_uuid: "9ab1f6d30eb845838a9b668c417d9046" member_type: VOTER last_known_addr { host: "127.11.20.66" port: 38867 } } peers { permanent_uuid: "f82d233654e24667bb47c7b3330ff749" member_type: VOTER last_known_addr { host: "127.11.20.67" port: 35951 } }
I20260710 13:18:58.873433 11377 catalog_manager.cc:5697] T c978fb6885fa464f9f051a1e84de6ae7 P 0f8316e8a75840b6a75a967075eecb4f reported cstate change: term changed from 2 to 3, leader changed from 9ab1f6d30eb845838a9b668c417d9046 (127.11.20.66) to 0f8316e8a75840b6a75a967075eecb4f (127.11.20.65). New cstate: current_term: 3 leader_uuid: "0f8316e8a75840b6a75a967075eecb4f" committed_config { opid_index: -1 OBSOLETE_local: false peers { permanent_uuid: "0f8316e8a75840b6a75a967075eecb4f" member_type: VOTER last_known_addr { host: "127.11.20.65" port: 46713 } health_report { overall_health: HEALTHY } } peers { permanent_uuid: "9ab1f6d30eb845838a9b668c417d9046" member_type: VOTER last_known_addr { host: "127.11.20.66" port: 38867 } health_report { overall_health: UNKNOWN } } peers { permanent_uuid: "f82d233654e24667bb47c7b3330ff749" member_type: VOTER last_known_addr { host: "127.11.20.67" port: 35951 } health_report { overall_health: UNKNOWN } } }
I20260710 13:18:58.884335 11377 catalog_manager.cc:5697] T 9be3266ac5c74baa81a4cd852eee5118 P 0f8316e8a75840b6a75a967075eecb4f reported cstate change: term changed from 1 to 2, leader changed from 9ab1f6d30eb845838a9b668c417d9046 (127.11.20.66) to 0f8316e8a75840b6a75a967075eecb4f (127.11.20.65). New cstate: current_term: 2 leader_uuid: "0f8316e8a75840b6a75a967075eecb4f" committed_config { opid_index: -1 OBSOLETE_local: false peers { permanent_uuid: "0f8316e8a75840b6a75a967075eecb4f" member_type: VOTER last_known_addr { host: "127.11.20.65" port: 46713 } health_report { overall_health: HEALTHY } } peers { permanent_uuid: "9ab1f6d30eb845838a9b668c417d9046" member_type: VOTER last_known_addr { host: "127.11.20.66" port: 38867 } health_report { overall_health: UNKNOWN } } peers { permanent_uuid: "f82d233654e24667bb47c7b3330ff749" member_type: VOTER last_known_addr { host: "127.11.20.67" port: 35951 } health_report { overall_health: UNKNOWN } } }
I20260710 13:18:59.105403 11771 raft_consensus.cc:993] T 2a097674e26f4232a3fcb02dc2fa3c40 P 9ab1f6d30eb845838a9b668c417d9046: : Instructing follower f82d233654e24667bb47c7b3330ff749 to start an election
I20260710 13:18:59.105825 11816 raft_consensus.cc:1081] T 2a097674e26f4232a3fcb02dc2fa3c40 P 9ab1f6d30eb845838a9b668c417d9046 [term 3 LEADER]: Signalling peer f82d233654e24667bb47c7b3330ff749 to start an election
I20260710 13:18:59.107307 11627 tablet_service.cc:2044] Received Run Leader Election RPC: tablet_id: "2a097674e26f4232a3fcb02dc2fa3c40"
dest_uuid: "f82d233654e24667bb47c7b3330ff749"
 from {username='slave'} at 127.0.0.1:35564
I20260710 13:18:59.107820 11627 raft_consensus.cc:493] T 2a097674e26f4232a3fcb02dc2fa3c40 P f82d233654e24667bb47c7b3330ff749 [term 3 FOLLOWER]: Starting forced leader election (received explicit request)
I20260710 13:18:59.108110 11627 raft_consensus.cc:3060] T 2a097674e26f4232a3fcb02dc2fa3c40 P f82d233654e24667bb47c7b3330ff749 [term 3 FOLLOWER]: Advancing to term 4
I20260710 13:18:59.112354 11627 raft_consensus.cc:515] T 2a097674e26f4232a3fcb02dc2fa3c40 P f82d233654e24667bb47c7b3330ff749 [term 4 FOLLOWER]: Starting forced leader election with config: opid_index: -1 OBSOLETE_local: false peers { permanent_uuid: "0f8316e8a75840b6a75a967075eecb4f" member_type: VOTER last_known_addr { host: "127.11.20.65" port: 46713 } } peers { permanent_uuid: "9ab1f6d30eb845838a9b668c417d9046" member_type: VOTER last_known_addr { host: "127.11.20.66" port: 38867 } } peers { permanent_uuid: "f82d233654e24667bb47c7b3330ff749" member_type: VOTER last_known_addr { host: "127.11.20.67" port: 35951 } }
I20260710 13:18:59.113755 11627 leader_election.cc:290] T 2a097674e26f4232a3fcb02dc2fa3c40 P f82d233654e24667bb47c7b3330ff749 [CANDIDATE]: Term 4 election: Requested vote from peers 0f8316e8a75840b6a75a967075eecb4f (127.11.20.65:46713), 9ab1f6d30eb845838a9b668c417d9046 (127.11.20.66:38867)
I20260710 13:18:59.114571 11478 tablet_service.cc:1917] Received RequestConsensusVote() RPC: tablet_id: "2a097674e26f4232a3fcb02dc2fa3c40" candidate_uuid: "f82d233654e24667bb47c7b3330ff749" candidate_term: 4 candidate_status { last_received { term: 3 index: 3 } } ignore_live_leader: true dest_uuid: "0f8316e8a75840b6a75a967075eecb4f"
I20260710 13:18:59.114849 11555 tablet_service.cc:1917] Received RequestConsensusVote() RPC: tablet_id: "2a097674e26f4232a3fcb02dc2fa3c40" candidate_uuid: "f82d233654e24667bb47c7b3330ff749" candidate_term: 4 candidate_status { last_received { term: 3 index: 3 } } ignore_live_leader: true dest_uuid: "9ab1f6d30eb845838a9b668c417d9046"
I20260710 13:18:59.115024 11478 raft_consensus.cc:3060] T 2a097674e26f4232a3fcb02dc2fa3c40 P 0f8316e8a75840b6a75a967075eecb4f [term 3 FOLLOWER]: Advancing to term 4
I20260710 13:18:59.115373 11555 raft_consensus.cc:3055] T 2a097674e26f4232a3fcb02dc2fa3c40 P 9ab1f6d30eb845838a9b668c417d9046 [term 3 LEADER]: Stepping down as leader of term 3
I20260710 13:18:59.115700 11555 raft_consensus.cc:740] T 2a097674e26f4232a3fcb02dc2fa3c40 P 9ab1f6d30eb845838a9b668c417d9046 [term 3 LEADER]: Becoming Follower/Learner. State: Replica: 9ab1f6d30eb845838a9b668c417d9046, State: Running, Role: LEADER
I20260710 13:18:59.116416 11555 consensus_queue.cc:260] T 2a097674e26f4232a3fcb02dc2fa3c40 P 9ab1f6d30eb845838a9b668c417d9046 [NON_LEADER]: Queue going to NON_LEADER mode. State: All replicated index: 0, Majority replicated index: 3, Committed index: 3, Last appended: 3.3, Last appended by leader: 3, Current term: 3, Majority size: -1, State: 0, Mode: NON_LEADER, active raft config: opid_index: -1 OBSOLETE_local: false peers { permanent_uuid: "0f8316e8a75840b6a75a967075eecb4f" member_type: VOTER last_known_addr { host: "127.11.20.65" port: 46713 } } peers { permanent_uuid: "9ab1f6d30eb845838a9b668c417d9046" member_type: VOTER last_known_addr { host: "127.11.20.66" port: 38867 } } peers { permanent_uuid: "f82d233654e24667bb47c7b3330ff749" member_type: VOTER last_known_addr { host: "127.11.20.67" port: 35951 } }
I20260710 13:18:59.117393 11555 raft_consensus.cc:3060] T 2a097674e26f4232a3fcb02dc2fa3c40 P 9ab1f6d30eb845838a9b668c417d9046 [term 3 FOLLOWER]: Advancing to term 4
I20260710 13:18:59.119488 11478 raft_consensus.cc:2468] T 2a097674e26f4232a3fcb02dc2fa3c40 P 0f8316e8a75840b6a75a967075eecb4f [term 4 FOLLOWER]: Leader election vote request: Granting yes vote for candidate f82d233654e24667bb47c7b3330ff749 in term 4.
I20260710 13:18:59.120479 11594 leader_election.cc:304] T 2a097674e26f4232a3fcb02dc2fa3c40 P f82d233654e24667bb47c7b3330ff749 [CANDIDATE]: Term 4 election: Election decided. Result: candidate won. Election summary: received 2 responses out of 3 voters: 2 yes votes; 0 no votes. yes voters: 0f8316e8a75840b6a75a967075eecb4f, f82d233654e24667bb47c7b3330ff749; no voters: 
I20260710 13:18:59.121312 11796 raft_consensus.cc:2804] T 2a097674e26f4232a3fcb02dc2fa3c40 P f82d233654e24667bb47c7b3330ff749 [term 4 FOLLOWER]: Leader election won for term 4
I20260710 13:18:59.121728 11796 raft_consensus.cc:697] T 2a097674e26f4232a3fcb02dc2fa3c40 P f82d233654e24667bb47c7b3330ff749 [term 4 LEADER]: Becoming Leader. State: Replica: f82d233654e24667bb47c7b3330ff749, State: Running, Role: LEADER
I20260710 13:18:59.122576 11555 raft_consensus.cc:2468] T 2a097674e26f4232a3fcb02dc2fa3c40 P 9ab1f6d30eb845838a9b668c417d9046 [term 4 FOLLOWER]: Leader election vote request: Granting yes vote for candidate f82d233654e24667bb47c7b3330ff749 in term 4.
I20260710 13:18:59.122577 11796 consensus_queue.cc:237] T 2a097674e26f4232a3fcb02dc2fa3c40 P f82d233654e24667bb47c7b3330ff749 [LEADER]: Queue going to LEADER mode. State: All replicated index: 0, Majority replicated index: 3, Committed index: 3, Last appended: 3.3, Last appended by leader: 3, Current term: 4, Majority size: 2, State: 0, Mode: LEADER, active raft config: opid_index: -1 OBSOLETE_local: false peers { permanent_uuid: "0f8316e8a75840b6a75a967075eecb4f" member_type: VOTER last_known_addr { host: "127.11.20.65" port: 46713 } } peers { permanent_uuid: "9ab1f6d30eb845838a9b668c417d9046" member_type: VOTER last_known_addr { host: "127.11.20.66" port: 38867 } } peers { permanent_uuid: "f82d233654e24667bb47c7b3330ff749" member_type: VOTER last_known_addr { host: "127.11.20.67" port: 35951 } }
I20260710 13:18:59.129562 11377 catalog_manager.cc:5697] T 2a097674e26f4232a3fcb02dc2fa3c40 P f82d233654e24667bb47c7b3330ff749 reported cstate change: term changed from 3 to 4, leader changed from 9ab1f6d30eb845838a9b668c417d9046 (127.11.20.66) to f82d233654e24667bb47c7b3330ff749 (127.11.20.67). New cstate: current_term: 4 leader_uuid: "f82d233654e24667bb47c7b3330ff749" committed_config { opid_index: -1 OBSOLETE_local: false peers { permanent_uuid: "0f8316e8a75840b6a75a967075eecb4f" member_type: VOTER last_known_addr { host: "127.11.20.65" port: 46713 } health_report { overall_health: UNKNOWN } } peers { permanent_uuid: "9ab1f6d30eb845838a9b668c417d9046" member_type: VOTER last_known_addr { host: "127.11.20.66" port: 38867 } health_report { overall_health: UNKNOWN } } peers { permanent_uuid: "f82d233654e24667bb47c7b3330ff749" member_type: VOTER last_known_addr { host: "127.11.20.67" port: 35951 } health_report { overall_health: HEALTHY } } }
I20260710 13:18:59.136346 11627 raft_consensus.cc:1275] T c5797496de9a4d5da98882f142143722 P f82d233654e24667bb47c7b3330ff749 [term 4 FOLLOWER]: Refusing update from remote peer 0f8316e8a75840b6a75a967075eecb4f: Log matching property violated. Preceding OpId in replica: term: 3 index: 3. Preceding OpId from leader: term: 4 index: 4. (index mismatch)
I20260710 13:18:59.137658 11818 consensus_queue.cc:1048] T c5797496de9a4d5da98882f142143722 P 0f8316e8a75840b6a75a967075eecb4f [LEADER]: Connected to new peer: Peer: permanent_uuid: "f82d233654e24667bb47c7b3330ff749" member_type: VOTER last_known_addr { host: "127.11.20.67" port: 35951 }, Status: LMP_MISMATCH, Last received: 0.0, Next index: 4, Last known committed idx: 3, Time since last communication: 0.000s
I20260710 13:18:59.148217 11555 raft_consensus.cc:1275] T c5797496de9a4d5da98882f142143722 P 9ab1f6d30eb845838a9b668c417d9046 [term 4 FOLLOWER]: Refusing update from remote peer 0f8316e8a75840b6a75a967075eecb4f: Log matching property violated. Preceding OpId in replica: term: 3 index: 3. Preceding OpId from leader: term: 4 index: 4. (index mismatch)
I20260710 13:18:59.150182 11818 consensus_queue.cc:1048] T c5797496de9a4d5da98882f142143722 P 0f8316e8a75840b6a75a967075eecb4f [LEADER]: Connected to new peer: Peer: permanent_uuid: "9ab1f6d30eb845838a9b668c417d9046" member_type: VOTER last_known_addr { host: "127.11.20.66" port: 38867 }, Status: LMP_MISMATCH, Last received: 0.0, Next index: 4, Last known committed idx: 3, Time since last communication: 0.000s
I20260710 13:18:59.283035 11555 raft_consensus.cc:1275] T efdb1cfeb20f4c6dab6256989894af36 P 9ab1f6d30eb845838a9b668c417d9046 [term 3 FOLLOWER]: Refusing update from remote peer f82d233654e24667bb47c7b3330ff749: Log matching property violated. Preceding OpId in replica: term: 2 index: 2. Preceding OpId from leader: term: 3 index: 3. (index mismatch)
I20260710 13:18:59.284622 11796 consensus_queue.cc:1048] T efdb1cfeb20f4c6dab6256989894af36 P f82d233654e24667bb47c7b3330ff749 [LEADER]: Connected to new peer: Peer: permanent_uuid: "9ab1f6d30eb845838a9b668c417d9046" member_type: VOTER last_known_addr { host: "127.11.20.66" port: 38867 }, Status: LMP_MISMATCH, Last received: 0.0, Next index: 3, Last known committed idx: 2, Time since last communication: 0.000s
I20260710 13:18:59.294605 11478 raft_consensus.cc:1275] T efdb1cfeb20f4c6dab6256989894af36 P 0f8316e8a75840b6a75a967075eecb4f [term 3 FOLLOWER]: Refusing update from remote peer f82d233654e24667bb47c7b3330ff749: Log matching property violated. Preceding OpId in replica: term: 2 index: 2. Preceding OpId from leader: term: 3 index: 3. (index mismatch)
I20260710 13:18:59.297634 11836 consensus_queue.cc:1048] T efdb1cfeb20f4c6dab6256989894af36 P f82d233654e24667bb47c7b3330ff749 [LEADER]: Connected to new peer: Peer: permanent_uuid: "0f8316e8a75840b6a75a967075eecb4f" member_type: VOTER last_known_addr { host: "127.11.20.65" port: 46713 }, Status: LMP_MISMATCH, Last received: 0.0, Next index: 3, Last known committed idx: 2, Time since last communication: 0.001s
I20260710 13:18:59.375586 11627 raft_consensus.cc:1275] T 9be3266ac5c74baa81a4cd852eee5118 P f82d233654e24667bb47c7b3330ff749 [term 2 FOLLOWER]: Refusing update from remote peer 0f8316e8a75840b6a75a967075eecb4f: Log matching property violated. Preceding OpId in replica: term: 1 index: 1. Preceding OpId from leader: term: 2 index: 2. (index mismatch)
I20260710 13:18:59.376820 11818 consensus_queue.cc:1048] T 9be3266ac5c74baa81a4cd852eee5118 P 0f8316e8a75840b6a75a967075eecb4f [LEADER]: Connected to new peer: Peer: permanent_uuid: "f82d233654e24667bb47c7b3330ff749" member_type: VOTER last_known_addr { host: "127.11.20.67" port: 35951 }, Status: LMP_MISMATCH, Last received: 0.0, Next index: 2, Last known committed idx: 1, Time since last communication: 0.000s
I20260710 13:18:59.386034 11555 raft_consensus.cc:1275] T 9be3266ac5c74baa81a4cd852eee5118 P 9ab1f6d30eb845838a9b668c417d9046 [term 2 FOLLOWER]: Refusing update from remote peer 0f8316e8a75840b6a75a967075eecb4f: Log matching property violated. Preceding OpId in replica: term: 1 index: 1. Preceding OpId from leader: term: 2 index: 2. (index mismatch)
I20260710 13:18:59.387938 11817 consensus_queue.cc:1048] T 9be3266ac5c74baa81a4cd852eee5118 P 0f8316e8a75840b6a75a967075eecb4f [LEADER]: Connected to new peer: Peer: permanent_uuid: "9ab1f6d30eb845838a9b668c417d9046" member_type: VOTER last_known_addr { host: "127.11.20.66" port: 38867 }, Status: LMP_MISMATCH, Last received: 0.0, Next index: 2, Last known committed idx: 1, Time since last communication: 0.000s
I20260710 13:18:59.402944 11555 raft_consensus.cc:1275] T c978fb6885fa464f9f051a1e84de6ae7 P 9ab1f6d30eb845838a9b668c417d9046 [term 3 FOLLOWER]: Refusing update from remote peer 0f8316e8a75840b6a75a967075eecb4f: Log matching property violated. Preceding OpId in replica: term: 2 index: 2. Preceding OpId from leader: term: 3 index: 3. (index mismatch)
I20260710 13:18:59.404021 11817 consensus_queue.cc:1048] T c978fb6885fa464f9f051a1e84de6ae7 P 0f8316e8a75840b6a75a967075eecb4f [LEADER]: Connected to new peer: Peer: permanent_uuid: "9ab1f6d30eb845838a9b668c417d9046" member_type: VOTER last_known_addr { host: "127.11.20.66" port: 38867 }, Status: LMP_MISMATCH, Last received: 0.0, Next index: 3, Last known committed idx: 2, Time since last communication: 0.000s
I20260710 13:18:59.412425 11627 raft_consensus.cc:1275] T c978fb6885fa464f9f051a1e84de6ae7 P f82d233654e24667bb47c7b3330ff749 [term 3 FOLLOWER]: Refusing update from remote peer 0f8316e8a75840b6a75a967075eecb4f: Log matching property violated. Preceding OpId in replica: term: 2 index: 2. Preceding OpId from leader: term: 3 index: 3. (index mismatch)
I20260710 13:18:59.414247 11827 consensus_queue.cc:1048] T c978fb6885fa464f9f051a1e84de6ae7 P 0f8316e8a75840b6a75a967075eecb4f [LEADER]: Connected to new peer: Peer: permanent_uuid: "f82d233654e24667bb47c7b3330ff749" member_type: VOTER last_known_addr { host: "127.11.20.67" port: 35951 }, Status: LMP_MISMATCH, Last received: 0.0, Next index: 3, Last known committed idx: 2, Time since last communication: 0.001s
I20260710 13:18:59.531044 11555 raft_consensus.cc:1275] T 2a097674e26f4232a3fcb02dc2fa3c40 P 9ab1f6d30eb845838a9b668c417d9046 [term 4 FOLLOWER]: Refusing update from remote peer f82d233654e24667bb47c7b3330ff749: Log matching property violated. Preceding OpId in replica: term: 3 index: 3. Preceding OpId from leader: term: 4 index: 4. (index mismatch)
I20260710 13:18:59.532308 11836 consensus_queue.cc:1048] T 2a097674e26f4232a3fcb02dc2fa3c40 P f82d233654e24667bb47c7b3330ff749 [LEADER]: Connected to new peer: Peer: permanent_uuid: "9ab1f6d30eb845838a9b668c417d9046" member_type: VOTER last_known_addr { host: "127.11.20.66" port: 38867 }, Status: LMP_MISMATCH, Last received: 0.0, Next index: 4, Last known committed idx: 3, Time since last communication: 0.000s
I20260710 13:18:59.540992 11478 raft_consensus.cc:1275] T 2a097674e26f4232a3fcb02dc2fa3c40 P 0f8316e8a75840b6a75a967075eecb4f [term 4 FOLLOWER]: Refusing update from remote peer f82d233654e24667bb47c7b3330ff749: Log matching property violated. Preceding OpId in replica: term: 3 index: 3. Preceding OpId from leader: term: 4 index: 4. (index mismatch)
I20260710 13:18:59.543224 11836 consensus_queue.cc:1048] T 2a097674e26f4232a3fcb02dc2fa3c40 P f82d233654e24667bb47c7b3330ff749 [LEADER]: Connected to new peer: Peer: permanent_uuid: "0f8316e8a75840b6a75a967075eecb4f" member_type: VOTER last_known_addr { host: "127.11.20.65" port: 46713 }, Status: LMP_MISMATCH, Last received: 0.0, Next index: 4, Last known committed idx: 3, Time since last communication: 0.000s
I20260710 13:18:59.646333 11345 auto_leader_rebalancer.cc:141] leader rebalance for table test-workload
I20260710 13:18:59.651691 11345 tablet_server.cc:179] TabletServer@127.11.20.65:0 shutting down...
I20260710 13:18:59.675920 11345 ts_tablet_manager.cc:1507] Shutting down tablet manager...
I20260710 13:18:59.676540 11345 tablet_replica.cc:333] T c978fb6885fa464f9f051a1e84de6ae7 P 0f8316e8a75840b6a75a967075eecb4f: stopping tablet replica
I20260710 13:18:59.677412 11345 raft_consensus.cc:2243] T c978fb6885fa464f9f051a1e84de6ae7 P 0f8316e8a75840b6a75a967075eecb4f [term 3 LEADER]: Raft consensus shutting down.
I20260710 13:18:59.678200 11345 raft_consensus.cc:2272] T c978fb6885fa464f9f051a1e84de6ae7 P 0f8316e8a75840b6a75a967075eecb4f [term 3 FOLLOWER]: Raft consensus is shut down!
I20260710 13:18:59.680598 11345 tablet_replica.cc:333] T 4aed305e26e84282aec0f551e1c0925b P 0f8316e8a75840b6a75a967075eecb4f: stopping tablet replica
I20260710 13:18:59.681176 11345 raft_consensus.cc:2243] T 4aed305e26e84282aec0f551e1c0925b P 0f8316e8a75840b6a75a967075eecb4f [term 1 FOLLOWER]: Raft consensus shutting down.
I20260710 13:18:59.681571 11345 raft_consensus.cc:2272] T 4aed305e26e84282aec0f551e1c0925b P 0f8316e8a75840b6a75a967075eecb4f [term 1 FOLLOWER]: Raft consensus is shut down!
I20260710 13:18:59.683301 11345 tablet_replica.cc:333] T 05a8f312a0054a31bdebfa3402e7ef0d P 0f8316e8a75840b6a75a967075eecb4f: stopping tablet replica
I20260710 13:18:59.683796 11345 raft_consensus.cc:2243] T 05a8f312a0054a31bdebfa3402e7ef0d P 0f8316e8a75840b6a75a967075eecb4f [term 2 FOLLOWER]: Raft consensus shutting down.
I20260710 13:18:59.684206 11345 raft_consensus.cc:2272] T 05a8f312a0054a31bdebfa3402e7ef0d P 0f8316e8a75840b6a75a967075eecb4f [term 2 FOLLOWER]: Raft consensus is shut down!
I20260710 13:18:59.685825 11345 tablet_replica.cc:333] T c5797496de9a4d5da98882f142143722 P 0f8316e8a75840b6a75a967075eecb4f: stopping tablet replica
I20260710 13:18:59.686316 11345 raft_consensus.cc:2243] T c5797496de9a4d5da98882f142143722 P 0f8316e8a75840b6a75a967075eecb4f [term 4 LEADER]: Raft consensus shutting down.
I20260710 13:18:59.686983 11345 raft_consensus.cc:2272] T c5797496de9a4d5da98882f142143722 P 0f8316e8a75840b6a75a967075eecb4f [term 4 FOLLOWER]: Raft consensus is shut down!
I20260710 13:18:59.688829 11345 tablet_replica.cc:333] T 2a097674e26f4232a3fcb02dc2fa3c40 P 0f8316e8a75840b6a75a967075eecb4f: stopping tablet replica
I20260710 13:18:59.689311 11345 raft_consensus.cc:2243] T 2a097674e26f4232a3fcb02dc2fa3c40 P 0f8316e8a75840b6a75a967075eecb4f [term 4 FOLLOWER]: Raft consensus shutting down.
I20260710 13:18:59.689728 11345 raft_consensus.cc:2272] T 2a097674e26f4232a3fcb02dc2fa3c40 P 0f8316e8a75840b6a75a967075eecb4f [term 4 FOLLOWER]: Raft consensus is shut down!
I20260710 13:18:59.691638 11345 tablet_replica.cc:333] T 9be3266ac5c74baa81a4cd852eee5118 P 0f8316e8a75840b6a75a967075eecb4f: stopping tablet replica
I20260710 13:18:59.692122 11345 raft_consensus.cc:2243] T 9be3266ac5c74baa81a4cd852eee5118 P 0f8316e8a75840b6a75a967075eecb4f [term 2 LEADER]: Raft consensus shutting down.
I20260710 13:18:59.692862 11345 raft_consensus.cc:2272] T 9be3266ac5c74baa81a4cd852eee5118 P 0f8316e8a75840b6a75a967075eecb4f [term 2 FOLLOWER]: Raft consensus is shut down!
I20260710 13:18:59.694614 11345 tablet_replica.cc:333] T efdb1cfeb20f4c6dab6256989894af36 P 0f8316e8a75840b6a75a967075eecb4f: stopping tablet replica
I20260710 13:18:59.695086 11345 raft_consensus.cc:2243] T efdb1cfeb20f4c6dab6256989894af36 P 0f8316e8a75840b6a75a967075eecb4f [term 3 FOLLOWER]: Raft consensus shutting down.
I20260710 13:18:59.695483 11345 raft_consensus.cc:2272] T efdb1cfeb20f4c6dab6256989894af36 P 0f8316e8a75840b6a75a967075eecb4f [term 3 FOLLOWER]: Raft consensus is shut down!
I20260710 13:18:59.697234 11345 tablet_replica.cc:333] T df97d68c51644290a18d0581eecff20d P 0f8316e8a75840b6a75a967075eecb4f: stopping tablet replica
I20260710 13:18:59.697678 11345 raft_consensus.cc:2243] T df97d68c51644290a18d0581eecff20d P 0f8316e8a75840b6a75a967075eecb4f [term 3 FOLLOWER]: Raft consensus shutting down.
I20260710 13:18:59.698082 11345 raft_consensus.cc:2272] T df97d68c51644290a18d0581eecff20d P 0f8316e8a75840b6a75a967075eecb4f [term 3 FOLLOWER]: Raft consensus is shut down!
I20260710 13:18:59.699623 11345 tablet_replica.cc:333] T b66bff8420a6406aa58fee17e7aefcfa P 0f8316e8a75840b6a75a967075eecb4f: stopping tablet replica
I20260710 13:18:59.700050 11345 raft_consensus.cc:2243] T b66bff8420a6406aa58fee17e7aefcfa P 0f8316e8a75840b6a75a967075eecb4f [term 3 FOLLOWER]: Raft consensus shutting down.
I20260710 13:18:59.700420 11345 raft_consensus.cc:2272] T b66bff8420a6406aa58fee17e7aefcfa P 0f8316e8a75840b6a75a967075eecb4f [term 3 FOLLOWER]: Raft consensus is shut down!
W20260710 13:18:59.797478 11594 proxy.cc:239] Call had error, refreshing address and retrying: Network error: Client connection negotiation failed: client connection to 127.11.20.65:46713: connect: Connection refused (error 111)
I20260710 13:18:59.799080 11345 tablet_server.cc:196] TabletServer@127.11.20.65:0 shutdown complete.
W20260710 13:18:59.801681 11594 consensus_peers.cc:597] T efdb1cfeb20f4c6dab6256989894af36 P f82d233654e24667bb47c7b3330ff749 -> Peer 0f8316e8a75840b6a75a967075eecb4f (127.11.20.65:46713): Couldn't send request to peer 0f8316e8a75840b6a75a967075eecb4f. Status: Network error: Client connection negotiation failed: client connection to 127.11.20.65:46713: connect: Connection refused (error 111). This is attempt 1: this message will repeat every 5th retry.
I20260710 13:18:59.818341 11345 tablet_server.cc:179] TabletServer@127.11.20.66:0 shutting down...
I20260710 13:18:59.847231 11345 ts_tablet_manager.cc:1507] Shutting down tablet manager...
I20260710 13:18:59.847987 11345 tablet_replica.cc:333] T c978fb6885fa464f9f051a1e84de6ae7 P 9ab1f6d30eb845838a9b668c417d9046: stopping tablet replica
W20260710 13:18:59.848518 11520 consensus_peers.cc:597] T b66bff8420a6406aa58fee17e7aefcfa P 9ab1f6d30eb845838a9b668c417d9046 -> Peer 0f8316e8a75840b6a75a967075eecb4f (127.11.20.65:46713): Couldn't send request to peer 0f8316e8a75840b6a75a967075eecb4f. Status: Network error: Client connection negotiation failed: client connection to 127.11.20.65:46713: connect: Connection refused (error 111). This is attempt 1: this message will repeat every 5th retry.
I20260710 13:18:59.848883 11345 raft_consensus.cc:2243] T c978fb6885fa464f9f051a1e84de6ae7 P 9ab1f6d30eb845838a9b668c417d9046 [term 3 FOLLOWER]: Raft consensus shutting down.
I20260710 13:18:59.849423 11345 raft_consensus.cc:2272] T c978fb6885fa464f9f051a1e84de6ae7 P 9ab1f6d30eb845838a9b668c417d9046 [term 3 FOLLOWER]: Raft consensus is shut down!
I20260710 13:18:59.851521 11345 tablet_replica.cc:333] T 9be3266ac5c74baa81a4cd852eee5118 P 9ab1f6d30eb845838a9b668c417d9046: stopping tablet replica
I20260710 13:18:59.851976 11345 raft_consensus.cc:2243] T 9be3266ac5c74baa81a4cd852eee5118 P 9ab1f6d30eb845838a9b668c417d9046 [term 2 FOLLOWER]: Raft consensus shutting down.
I20260710 13:18:59.852326 11345 raft_consensus.cc:2272] T 9be3266ac5c74baa81a4cd852eee5118 P 9ab1f6d30eb845838a9b668c417d9046 [term 2 FOLLOWER]: Raft consensus is shut down!
I20260710 13:18:59.854205 11345 tablet_replica.cc:333] T efdb1cfeb20f4c6dab6256989894af36 P 9ab1f6d30eb845838a9b668c417d9046: stopping tablet replica
I20260710 13:18:59.854648 11345 raft_consensus.cc:2243] T efdb1cfeb20f4c6dab6256989894af36 P 9ab1f6d30eb845838a9b668c417d9046 [term 3 FOLLOWER]: Raft consensus shutting down.
I20260710 13:18:59.854982 11345 raft_consensus.cc:2272] T efdb1cfeb20f4c6dab6256989894af36 P 9ab1f6d30eb845838a9b668c417d9046 [term 3 FOLLOWER]: Raft consensus is shut down!
I20260710 13:18:59.856928 11345 tablet_replica.cc:333] T 4aed305e26e84282aec0f551e1c0925b P 9ab1f6d30eb845838a9b668c417d9046: stopping tablet replica
I20260710 13:18:59.857441 11345 raft_consensus.cc:2243] T 4aed305e26e84282aec0f551e1c0925b P 9ab1f6d30eb845838a9b668c417d9046 [term 1 LEADER]: Raft consensus shutting down.
I20260710 13:18:59.858214 11345 raft_consensus.cc:2272] T 4aed305e26e84282aec0f551e1c0925b P 9ab1f6d30eb845838a9b668c417d9046 [term 1 FOLLOWER]: Raft consensus is shut down!
I20260710 13:18:59.859941 11345 tablet_replica.cc:333] T df97d68c51644290a18d0581eecff20d P 9ab1f6d30eb845838a9b668c417d9046: stopping tablet replica
I20260710 13:18:59.860407 11345 raft_consensus.cc:2243] T df97d68c51644290a18d0581eecff20d P 9ab1f6d30eb845838a9b668c417d9046 [term 3 LEADER]: Raft consensus shutting down.
I20260710 13:18:59.861249 11345 raft_consensus.cc:2272] T df97d68c51644290a18d0581eecff20d P 9ab1f6d30eb845838a9b668c417d9046 [term 3 FOLLOWER]: Raft consensus is shut down!
I20260710 13:18:59.862874 11345 tablet_replica.cc:333] T b66bff8420a6406aa58fee17e7aefcfa P 9ab1f6d30eb845838a9b668c417d9046: stopping tablet replica
I20260710 13:18:59.863344 11345 raft_consensus.cc:2243] T b66bff8420a6406aa58fee17e7aefcfa P 9ab1f6d30eb845838a9b668c417d9046 [term 3 LEADER]: Raft consensus shutting down.
I20260710 13:18:59.864107 11345 raft_consensus.cc:2272] T b66bff8420a6406aa58fee17e7aefcfa P 9ab1f6d30eb845838a9b668c417d9046 [term 3 FOLLOWER]: Raft consensus is shut down!
I20260710 13:18:59.865974 11345 tablet_replica.cc:333] T 05a8f312a0054a31bdebfa3402e7ef0d P 9ab1f6d30eb845838a9b668c417d9046: stopping tablet replica
I20260710 13:18:59.866438 11345 raft_consensus.cc:2243] T 05a8f312a0054a31bdebfa3402e7ef0d P 9ab1f6d30eb845838a9b668c417d9046 [term 2 FOLLOWER]: Raft consensus shutting down.
I20260710 13:18:59.866837 11345 raft_consensus.cc:2272] T 05a8f312a0054a31bdebfa3402e7ef0d P 9ab1f6d30eb845838a9b668c417d9046 [term 2 FOLLOWER]: Raft consensus is shut down!
I20260710 13:18:59.868512 11345 tablet_replica.cc:333] T 2a097674e26f4232a3fcb02dc2fa3c40 P 9ab1f6d30eb845838a9b668c417d9046: stopping tablet replica
I20260710 13:18:59.869029 11345 raft_consensus.cc:2243] T 2a097674e26f4232a3fcb02dc2fa3c40 P 9ab1f6d30eb845838a9b668c417d9046 [term 4 FOLLOWER]: Raft consensus shutting down.
I20260710 13:18:59.869410 11345 raft_consensus.cc:2272] T 2a097674e26f4232a3fcb02dc2fa3c40 P 9ab1f6d30eb845838a9b668c417d9046 [term 4 FOLLOWER]: Raft consensus is shut down!
I20260710 13:18:59.871289 11345 tablet_replica.cc:333] T c5797496de9a4d5da98882f142143722 P 9ab1f6d30eb845838a9b668c417d9046: stopping tablet replica
I20260710 13:18:59.871738 11345 raft_consensus.cc:2243] T c5797496de9a4d5da98882f142143722 P 9ab1f6d30eb845838a9b668c417d9046 [term 4 FOLLOWER]: Raft consensus shutting down.
I20260710 13:18:59.872114 11345 raft_consensus.cc:2272] T c5797496de9a4d5da98882f142143722 P 9ab1f6d30eb845838a9b668c417d9046 [term 4 FOLLOWER]: Raft consensus is shut down!
I20260710 13:18:59.899860 11345 tablet_server.cc:196] TabletServer@127.11.20.66:0 shutdown complete.
I20260710 13:18:59.916069 11345 tablet_server.cc:179] TabletServer@127.11.20.67:0 shutting down...
I20260710 13:18:59.939481 11345 ts_tablet_manager.cc:1507] Shutting down tablet manager...
I20260710 13:18:59.940229 11345 tablet_replica.cc:333] T 05a8f312a0054a31bdebfa3402e7ef0d P f82d233654e24667bb47c7b3330ff749: stopping tablet replica
I20260710 13:18:59.941031 11345 raft_consensus.cc:2243] T 05a8f312a0054a31bdebfa3402e7ef0d P f82d233654e24667bb47c7b3330ff749 [term 2 LEADER]: Raft consensus shutting down.
