I20260710 13:18:59.942081 11345 raft_consensus.cc:2272] T 05a8f312a0054a31bdebfa3402e7ef0d P f82d233654e24667bb47c7b3330ff749 [term 2 FOLLOWER]: Raft consensus is shut down!
I20260710 13:18:59.943959 11345 tablet_replica.cc:333] T c978fb6885fa464f9f051a1e84de6ae7 P f82d233654e24667bb47c7b3330ff749: stopping tablet replica
I20260710 13:18:59.944496 11345 raft_consensus.cc:2243] T c978fb6885fa464f9f051a1e84de6ae7 P f82d233654e24667bb47c7b3330ff749 [term 3 FOLLOWER]: Raft consensus shutting down.
I20260710 13:18:59.945017 11345 raft_consensus.cc:2272] T c978fb6885fa464f9f051a1e84de6ae7 P f82d233654e24667bb47c7b3330ff749 [term 3 FOLLOWER]: Raft consensus is shut down!
I20260710 13:18:59.947877 11345 tablet_replica.cc:333] T b66bff8420a6406aa58fee17e7aefcfa P f82d233654e24667bb47c7b3330ff749: stopping tablet replica
I20260710 13:18:59.948470 11345 raft_consensus.cc:2243] T b66bff8420a6406aa58fee17e7aefcfa P f82d233654e24667bb47c7b3330ff749 [term 3 FOLLOWER]: Raft consensus shutting down.
I20260710 13:18:59.948987 11345 raft_consensus.cc:2272] T b66bff8420a6406aa58fee17e7aefcfa P f82d233654e24667bb47c7b3330ff749 [term 3 FOLLOWER]: Raft consensus is shut down!
I20260710 13:18:59.950770 11345 tablet_replica.cc:333] T 4aed305e26e84282aec0f551e1c0925b P f82d233654e24667bb47c7b3330ff749: stopping tablet replica
I20260710 13:18:59.951292 11345 raft_consensus.cc:2243] T 4aed305e26e84282aec0f551e1c0925b P f82d233654e24667bb47c7b3330ff749 [term 1 FOLLOWER]: Raft consensus shutting down.
I20260710 13:18:59.951730 11345 raft_consensus.cc:2272] T 4aed305e26e84282aec0f551e1c0925b P f82d233654e24667bb47c7b3330ff749 [term 1 FOLLOWER]: Raft consensus is shut down!
I20260710 13:18:59.953523 11345 tablet_replica.cc:333] T 2a097674e26f4232a3fcb02dc2fa3c40 P f82d233654e24667bb47c7b3330ff749: stopping tablet replica
I20260710 13:18:59.954038 11345 raft_consensus.cc:2243] T 2a097674e26f4232a3fcb02dc2fa3c40 P f82d233654e24667bb47c7b3330ff749 [term 4 LEADER]: Raft consensus shutting down.
I20260710 13:18:59.954808 11345 raft_consensus.cc:2272] T 2a097674e26f4232a3fcb02dc2fa3c40 P f82d233654e24667bb47c7b3330ff749 [term 4 FOLLOWER]: Raft consensus is shut down!
I20260710 13:18:59.957062 11345 tablet_replica.cc:333] T c5797496de9a4d5da98882f142143722 P f82d233654e24667bb47c7b3330ff749: stopping tablet replica
I20260710 13:18:59.957600 11345 raft_consensus.cc:2243] T c5797496de9a4d5da98882f142143722 P f82d233654e24667bb47c7b3330ff749 [term 4 FOLLOWER]: Raft consensus shutting down.
I20260710 13:18:59.958036 11345 raft_consensus.cc:2272] T c5797496de9a4d5da98882f142143722 P f82d233654e24667bb47c7b3330ff749 [term 4 FOLLOWER]: Raft consensus is shut down!
I20260710 13:18:59.960266 11345 tablet_replica.cc:333] T df97d68c51644290a18d0581eecff20d P f82d233654e24667bb47c7b3330ff749: stopping tablet replica
I20260710 13:18:59.960875 11345 raft_consensus.cc:2243] T df97d68c51644290a18d0581eecff20d P f82d233654e24667bb47c7b3330ff749 [term 3 FOLLOWER]: Raft consensus shutting down.
I20260710 13:18:59.961344 11345 raft_consensus.cc:2272] T df97d68c51644290a18d0581eecff20d P f82d233654e24667bb47c7b3330ff749 [term 3 FOLLOWER]: Raft consensus is shut down!
I20260710 13:18:59.963027 11345 tablet_replica.cc:333] T 9be3266ac5c74baa81a4cd852eee5118 P f82d233654e24667bb47c7b3330ff749: stopping tablet replica
I20260710 13:18:59.963528 11345 raft_consensus.cc:2243] T 9be3266ac5c74baa81a4cd852eee5118 P f82d233654e24667bb47c7b3330ff749 [term 2 FOLLOWER]: Raft consensus shutting down.
I20260710 13:18:59.963958 11345 raft_consensus.cc:2272] T 9be3266ac5c74baa81a4cd852eee5118 P f82d233654e24667bb47c7b3330ff749 [term 2 FOLLOWER]: Raft consensus is shut down!
I20260710 13:18:59.966059 11345 tablet_replica.cc:333] T efdb1cfeb20f4c6dab6256989894af36 P f82d233654e24667bb47c7b3330ff749: stopping tablet replica
I20260710 13:18:59.966568 11345 raft_consensus.cc:2243] T efdb1cfeb20f4c6dab6256989894af36 P f82d233654e24667bb47c7b3330ff749 [term 3 LEADER]: Raft consensus shutting down.
I20260710 13:18:59.967336 11345 raft_consensus.cc:2272] T efdb1cfeb20f4c6dab6256989894af36 P f82d233654e24667bb47c7b3330ff749 [term 3 FOLLOWER]: Raft consensus is shut down!
I20260710 13:18:59.994336 11345 tablet_server.cc:196] TabletServer@127.11.20.67:0 shutdown complete.
I20260710 13:19:00.010411 11345 master.cc:562] Master@127.11.20.126:33817 shutting down...
I20260710 13:19:00.223402 11345 raft_consensus.cc:2243] T 00000000000000000000000000000000 P abae058870c349099051aa0adae5f03c [term 1 LEADER]: Raft consensus shutting down.
I20260710 13:19:00.224025 11345 raft_consensus.cc:2272] T 00000000000000000000000000000000 P abae058870c349099051aa0adae5f03c [term 1 FOLLOWER]: Raft consensus is shut down!
I20260710 13:19:00.224381 11345 tablet_replica.cc:333] T 00000000000000000000000000000000 P abae058870c349099051aa0adae5f03c: stopping tablet replica
I20260710 13:19:00.244045 11345 master.cc:584] Master@127.11.20.126:33817 shutdown complete.
0f8316e8a75840b6a75a967075eecb4f  4
9ab1f6d30eb845838a9b668c417d9046  4
f82d233654e24667bb47c7b3330ff749  1
[       OK ] LeaderRebalancerTest.FunctionalTestForDivided (13053 ms)
[ RUN      ] LeaderRebalancerTest.FunctionalTestForNotDivided
I20260710 13:19:00.283962 11345 internal_mini_cluster.cc:156] Creating distributed mini masters. Addrs: 127.11.20.126:33237
I20260710 13:19:00.285213 11345 file_cache.cc:504] Constructed file cache file cache with capacity 419430
W20260710 13:19:00.291159 11849 instance_detector.cc:116] could not retrieve Azure instance metadata: Network error: curl error: HTTP response code said error: The requested URL returned error: 404
W20260710 13:19:00.291388 11848 instance_detector.cc:116] could not retrieve AWS instance metadata: Network error: curl error: HTTP response code said error: The requested URL returned error: 404
W20260710 13:19:00.293023 11851 instance_detector.cc:116] could not retrieve OpenStack instance metadata: Network error: curl error: HTTP response code said error: The requested URL returned error: 404
I20260710 13:19:00.293804 11345 server_base.cc:1061] running on GCE node
I20260710 13:19:00.294595 11345 hybrid_clock.cc:584] initializing the hybrid clock with 'system_unsync' time source
W20260710 13:19:00.294790 11345 system_unsync_time.cc:38] NTP support is disabled. Clock error bounds will not be accurate. This configuration is not suitable for distributed clusters.
I20260710 13:19:00.294967 11345 hybrid_clock.cc:648] HybridClock initialized: now 1783689540294952 us; error 0 us; skew 500 ppm
I20260710 13:19:00.295521 11345 server_base.cc:861] Flag tcmalloc_max_total_thread_cache_bytes is not working since tcmalloc is not enabled.
I20260710 13:19:00.297952 11345 webserver.cc:533] Webserver started at http://127.11.20.126:37373/ using document root <none> and password file <none>
I20260710 13:19:00.298454 11345 fs_manager.cc:362] Metadata directory not provided
I20260710 13:19:00.298633 11345 fs_manager.cc:368] Using write-ahead log directory (fs_wal_dir) as metadata directory
I20260710 13:19:00.298926 11345 server_base.cc:909] This appears to be a new deployment of Kudu; creating new FS layout
I20260710 13:19:00.300036 11345 fs_manager.cc:1068] Generated new instance metadata in path /tmp/dist-test-taskczpniY/test-tmp/auto_leader_rebalancer-test.0.LeaderRebalancerTest.FunctionalTestForNotDivided.1783689527065759-11345-0/minicluster-data/master-0-root/instance:
uuid: "5f10ffae25954580995fcc981da016ef"
format_stamp: "Formatted at 2026-07-10 13:19:00 on dist-test-slave-jr5q"
I20260710 13:19:00.304461 11345 fs_manager.cc:696] Time spent creating directory manager: real 0.004s	user 0.006s	sys 0.000s
I20260710 13:19:00.307942 11856 log_block_manager.cc:4127] Time spent loading block containers with low live blocks: real 0.000s	user 0.000s	sys 0.000s
I20260710 13:19:00.308959 11345 fs_manager.cc:730] Time spent opening block manager: real 0.002s	user 0.003s	sys 0.000s
I20260710 13:19:00.309229 11345 fs_manager.cc:647] Opened local filesystem: /tmp/dist-test-taskczpniY/test-tmp/auto_leader_rebalancer-test.0.LeaderRebalancerTest.FunctionalTestForNotDivided.1783689527065759-11345-0/minicluster-data/master-0-root
uuid: "5f10ffae25954580995fcc981da016ef"
format_stamp: "Formatted at 2026-07-10 13:19:00 on dist-test-slave-jr5q"
I20260710 13:19:00.309484 11345 fs_report.cc:389] FS layout report
--------------------
wal directory: /tmp/dist-test-taskczpniY/test-tmp/auto_leader_rebalancer-test.0.LeaderRebalancerTest.FunctionalTestForNotDivided.1783689527065759-11345-0/minicluster-data/master-0-root
metadata directory: /tmp/dist-test-taskczpniY/test-tmp/auto_leader_rebalancer-test.0.LeaderRebalancerTest.FunctionalTestForNotDivided.1783689527065759-11345-0/minicluster-data/master-0-root
1 data directories: /tmp/dist-test-taskczpniY/test-tmp/auto_leader_rebalancer-test.0.LeaderRebalancerTest.FunctionalTestForNotDivided.1783689527065759-11345-0/minicluster-data/master-0-root/data
Total live blocks: 0
Total live bytes: 0
Total live bytes (after alignment): 0
Total number of LBM containers: 0 (0 full)
Did not check for missing blocks
Did not check for orphaned blocks
Total full LBM containers with extra space: 0 (0 repaired)
Total full LBM container extra space in bytes: 0 (0 repaired)
Total incomplete LBM containers: 0 (0 repaired)
Total LBM partial records: 0 (0 repaired)
Total corrupted LBM metadata records in RocksDB: 0 (0 repaired)
I20260710 13:19:00.329142 11345 rpc_server.cc:225] running with OpenSSL 1.1.1  11 Sep 2018
I20260710 13:19:00.330394 11345 kserver.cc:163] Server-wide thread pool size limit: 3276
I20260710 13:19:00.368391 11345 rpc_server.cc:307] RPC server started. Bound to: 127.11.20.126:33237
I20260710 13:19:00.368516 11907 acceptor_pool.cc:272] collecting diagnostics on the listening RPC socket 127.11.20.126:33237 every 8 connection(s)
I20260710 13:19:00.372579 11908 data_dirs.cc:400] Could only allocate 1 dirs of requested 3 for tablet 00000000000000000000000000000000. 1 dirs total, 0 dirs full, 0 dirs failed
I20260710 13:19:00.381865 11908 tablet_bootstrap.cc:492] T 00000000000000000000000000000000 P 5f10ffae25954580995fcc981da016ef: Bootstrap starting.
I20260710 13:19:00.386296 11908 tablet_bootstrap.cc:654] T 00000000000000000000000000000000 P 5f10ffae25954580995fcc981da016ef: Neither blocks nor log segments found. Creating new log.
I20260710 13:19:00.390482 11908 tablet_bootstrap.cc:492] T 00000000000000000000000000000000 P 5f10ffae25954580995fcc981da016ef: No bootstrap required, opened a new log
I20260710 13:19:00.392730 11908 raft_consensus.cc:359] T 00000000000000000000000000000000 P 5f10ffae25954580995fcc981da016ef [term 0 FOLLOWER]: Replica starting. Triggering 0 pending ops. Active config: opid_index: -1 OBSOLETE_local: true peers { permanent_uuid: "5f10ffae25954580995fcc981da016ef" member_type: VOTER }
I20260710 13:19:00.393106 11908 raft_consensus.cc:385] T 00000000000000000000000000000000 P 5f10ffae25954580995fcc981da016ef [term 0 FOLLOWER]: Consensus starting up: Expiring failure detector timer to make a prompt election more likely
I20260710 13:19:00.393352 11908 raft_consensus.cc:740] T 00000000000000000000000000000000 P 5f10ffae25954580995fcc981da016ef [term 0 FOLLOWER]: Becoming Follower/Learner. State: Replica: 5f10ffae25954580995fcc981da016ef, State: Initialized, Role: FOLLOWER
I20260710 13:19:00.394023 11908 consensus_queue.cc:260] T 00000000000000000000000000000000 P 5f10ffae25954580995fcc981da016ef [NON_LEADER]: Queue going to NON_LEADER mode. State: All replicated index: 0, Majority replicated index: 0, Committed index: 0, Last appended: 0.0, Last appended by leader: 0, Current term: 0, Majority size: -1, State: 0, Mode: NON_LEADER, active raft config: opid_index: -1 OBSOLETE_local: true peers { permanent_uuid: "5f10ffae25954580995fcc981da016ef" member_type: VOTER }
I20260710 13:19:00.394482 11908 raft_consensus.cc:399] T 00000000000000000000000000000000 P 5f10ffae25954580995fcc981da016ef [term 0 FOLLOWER]: Only one voter in the Raft config. Triggering election immediately
I20260710 13:19:00.394701 11908 raft_consensus.cc:493] T 00000000000000000000000000000000 P 5f10ffae25954580995fcc981da016ef [term 0 FOLLOWER]: Starting leader election (initial election of a single-replica configuration)
I20260710 13:19:00.394975 11908 raft_consensus.cc:3060] T 00000000000000000000000000000000 P 5f10ffae25954580995fcc981da016ef [term 0 FOLLOWER]: Advancing to term 1
I20260710 13:19:00.399015 11908 raft_consensus.cc:515] T 00000000000000000000000000000000 P 5f10ffae25954580995fcc981da016ef [term 1 FOLLOWER]: Starting leader election with config: opid_index: -1 OBSOLETE_local: true peers { permanent_uuid: "5f10ffae25954580995fcc981da016ef" member_type: VOTER }
I20260710 13:19:00.399557 11908 leader_election.cc:304] T 00000000000000000000000000000000 P 5f10ffae25954580995fcc981da016ef [CANDIDATE]: Term 1 election: Election decided. Result: candidate won. Election summary: received 1 responses out of 1 voters: 1 yes votes; 0 no votes. yes voters: 5f10ffae25954580995fcc981da016ef; no voters: 
I20260710 13:19:00.400910 11908 leader_election.cc:290] T 00000000000000000000000000000000 P 5f10ffae25954580995fcc981da016ef [CANDIDATE]: Term 1 election: Requested vote from peers 
I20260710 13:19:00.401306 11911 raft_consensus.cc:2804] T 00000000000000000000000000000000 P 5f10ffae25954580995fcc981da016ef [term 1 FOLLOWER]: Leader election won for term 1
I20260710 13:19:00.402707 11911 raft_consensus.cc:697] T 00000000000000000000000000000000 P 5f10ffae25954580995fcc981da016ef [term 1 LEADER]: Becoming Leader. State: Replica: 5f10ffae25954580995fcc981da016ef, State: Running, Role: LEADER
I20260710 13:19:00.403446 11911 consensus_queue.cc:237] T 00000000000000000000000000000000 P 5f10ffae25954580995fcc981da016ef [LEADER]: Queue going to LEADER mode. State: All replicated index: 0, Majority replicated index: 0, Committed index: 0, Last appended: 0.0, Last appended by leader: 0, Current term: 1, Majority size: 1, State: 0, Mode: LEADER, active raft config: opid_index: -1 OBSOLETE_local: true peers { permanent_uuid: "5f10ffae25954580995fcc981da016ef" member_type: VOTER }
I20260710 13:19:00.403913 11908 sys_catalog.cc:565] T 00000000000000000000000000000000 P 5f10ffae25954580995fcc981da016ef [sys.catalog]: configured and running, proceeding with master startup.
I20260710 13:19:00.409128 11912 sys_catalog.cc:455] T 00000000000000000000000000000000 P 5f10ffae25954580995fcc981da016ef [sys.catalog]: SysCatalogTable state changed. Reason: RaftConsensus started. Latest consensus state: current_term: 1 leader_uuid: "5f10ffae25954580995fcc981da016ef" committed_config { opid_index: -1 OBSOLETE_local: true peers { permanent_uuid: "5f10ffae25954580995fcc981da016ef" member_type: VOTER } }
I20260710 13:19:00.409397 11913 sys_catalog.cc:455] T 00000000000000000000000000000000 P 5f10ffae25954580995fcc981da016ef [sys.catalog]: SysCatalogTable state changed. Reason: New leader 5f10ffae25954580995fcc981da016ef. Latest consensus state: current_term: 1 leader_uuid: "5f10ffae25954580995fcc981da016ef" committed_config { opid_index: -1 OBSOLETE_local: true peers { permanent_uuid: "5f10ffae25954580995fcc981da016ef" member_type: VOTER } }
I20260710 13:19:00.409983 11912 sys_catalog.cc:458] T 00000000000000000000000000000000 P 5f10ffae25954580995fcc981da016ef [sys.catalog]: This master's current role is: LEADER
I20260710 13:19:00.410142 11913 sys_catalog.cc:458] T 00000000000000000000000000000000 P 5f10ffae25954580995fcc981da016ef [sys.catalog]: This master's current role is: LEADER
I20260710 13:19:00.413075 11919 catalog_manager.cc:1511] Loading table and tablet metadata into memory...
I20260710 13:19:00.418941 11919 catalog_manager.cc:1520] Initializing Kudu cluster ID...
I20260710 13:19:00.421015 11345 internal_mini_cluster.cc:184] Waiting to initialize catalog manager on master 0
I20260710 13:19:00.428105 11919 catalog_manager.cc:1383] Generated new cluster ID: 4985bfbdc20d43f68b7f331a947b31f7
I20260710 13:19:00.428517 11919 catalog_manager.cc:1531] Initializing Kudu internal certificate authority...
I20260710 13:19:00.443605 11919 catalog_manager.cc:1406] Generated new certificate authority record
I20260710 13:19:00.444871 11919 catalog_manager.cc:1540] Loading token signing keys...
I20260710 13:19:00.459331 11919 catalog_manager.cc:6070] T 00000000000000000000000000000000 P 5f10ffae25954580995fcc981da016ef: Generated new TSK 0
I20260710 13:19:00.459961 11919 catalog_manager.cc:1550] Initializing in-progress tserver states...
I20260710 13:19:00.487231 11345 file_cache.cc:504] Constructed file cache file cache with capacity 419430
W20260710 13:19:00.492959 11929 instance_detector.cc:116] could not retrieve AWS instance metadata: Network error: curl error: HTTP response code said error: The requested URL returned error: 404
W20260710 13:19:00.494402 11930 instance_detector.cc:116] could not retrieve Azure instance metadata: Network error: curl error: HTTP response code said error: The requested URL returned error: 404
I20260710 13:19:00.496366 11345 server_base.cc:1061] running on GCE node
W20260710 13:19:00.496570 11932 instance_detector.cc:116] could not retrieve OpenStack instance metadata: Network error: curl error: HTTP response code said error: The requested URL returned error: 404
I20260710 13:19:00.497538 11345 hybrid_clock.cc:584] initializing the hybrid clock with 'system_unsync' time source
W20260710 13:19:00.497754 11345 system_unsync_time.cc:38] NTP support is disabled. Clock error bounds will not be accurate. This configuration is not suitable for distributed clusters.
I20260710 13:19:00.497960 11345 hybrid_clock.cc:648] HybridClock initialized: now 1783689540497940 us; error 0 us; skew 500 ppm
I20260710 13:19:00.498549 11345 server_base.cc:861] Flag tcmalloc_max_total_thread_cache_bytes is not working since tcmalloc is not enabled.
I20260710 13:19:00.501631 11345 webserver.cc:533] Webserver started at http://127.11.20.65:35291/ using document root <none> and password file <none>
I20260710 13:19:00.502148 11345 fs_manager.cc:362] Metadata directory not provided
I20260710 13:19:00.502342 11345 fs_manager.cc:368] Using write-ahead log directory (fs_wal_dir) as metadata directory
I20260710 13:19:00.502611 11345 server_base.cc:909] This appears to be a new deployment of Kudu; creating new FS layout
I20260710 13:19:00.503631 11345 fs_manager.cc:1068] Generated new instance metadata in path /tmp/dist-test-taskczpniY/test-tmp/auto_leader_rebalancer-test.0.LeaderRebalancerTest.FunctionalTestForNotDivided.1783689527065759-11345-0/minicluster-data/ts-0-root/instance:
uuid: "ace33be282e5402b809e63f7361abdc6"
format_stamp: "Formatted at 2026-07-10 13:19:00 on dist-test-slave-jr5q"
I20260710 13:19:00.508129 11345 fs_manager.cc:696] Time spent creating directory manager: real 0.004s	user 0.003s	sys 0.003s
I20260710 13:19:00.511458 11937 log_block_manager.cc:4127] Time spent loading block containers with low live blocks: real 0.000s	user 0.000s	sys 0.000s
I20260710 13:19:00.512238 11345 fs_manager.cc:730] Time spent opening block manager: real 0.002s	user 0.002s	sys 0.000s
I20260710 13:19:00.512558 11345 fs_manager.cc:647] Opened local filesystem: /tmp/dist-test-taskczpniY/test-tmp/auto_leader_rebalancer-test.0.LeaderRebalancerTest.FunctionalTestForNotDivided.1783689527065759-11345-0/minicluster-data/ts-0-root
uuid: "ace33be282e5402b809e63f7361abdc6"
format_stamp: "Formatted at 2026-07-10 13:19:00 on dist-test-slave-jr5q"
I20260710 13:19:00.512995 11345 fs_report.cc:389] FS layout report
--------------------
wal directory: /tmp/dist-test-taskczpniY/test-tmp/auto_leader_rebalancer-test.0.LeaderRebalancerTest.FunctionalTestForNotDivided.1783689527065759-11345-0/minicluster-data/ts-0-root
metadata directory: /tmp/dist-test-taskczpniY/test-tmp/auto_leader_rebalancer-test.0.LeaderRebalancerTest.FunctionalTestForNotDivided.1783689527065759-11345-0/minicluster-data/ts-0-root
1 data directories: /tmp/dist-test-taskczpniY/test-tmp/auto_leader_rebalancer-test.0.LeaderRebalancerTest.FunctionalTestForNotDivided.1783689527065759-11345-0/minicluster-data/ts-0-root/data
Total live blocks: 0
Total live bytes: 0
Total live bytes (after alignment): 0
Total number of LBM containers: 0 (0 full)
Did not check for missing blocks
Did not check for orphaned blocks
Total full LBM containers with extra space: 0 (0 repaired)
Total full LBM container extra space in bytes: 0 (0 repaired)
Total incomplete LBM containers: 0 (0 repaired)
Total LBM partial records: 0 (0 repaired)
Total corrupted LBM metadata records in RocksDB: 0 (0 repaired)
I20260710 13:19:00.527374 11345 rpc_server.cc:225] running with OpenSSL 1.1.1  11 Sep 2018
I20260710 13:19:00.528750 11345 kserver.cc:163] Server-wide thread pool size limit: 3276
I20260710 13:19:00.530233 11345 txn_system_client.cc:432] TxnSystemClient initialization is disabled...
I20260710 13:19:00.532476 11345 ts_tablet_manager.cc:585] Loaded tablet metadata (0 total tablets, 0 live tablets)
I20260710 13:19:00.532734 11345 ts_tablet_manager.cc:531] Time spent load tablet metadata: real 0.000s	user 0.001s	sys 0.000s
I20260710 13:19:00.532980 11345 ts_tablet_manager.cc:616] Registered 0 tablets
I20260710 13:19:00.533169 11345 ts_tablet_manager.cc:595] Time spent register tablets: real 0.000s	user 0.000s	sys 0.000s
I20260710 13:19:00.572297 11345 rpc_server.cc:307] RPC server started. Bound to: 127.11.20.65:34943
I20260710 13:19:00.572417 11999 acceptor_pool.cc:272] collecting diagnostics on the listening RPC socket 127.11.20.65:34943 every 8 connection(s)
I20260710 13:19:00.577203 11345 file_cache.cc:504] Constructed file cache file cache with capacity 419430
W20260710 13:19:00.583751 12004 instance_detector.cc:116] could not retrieve AWS instance metadata: Network error: curl error: HTTP response code said error: The requested URL returned error: 404
W20260710 13:19:00.586197 12005 instance_detector.cc:116] could not retrieve Azure instance metadata: Network error: curl error: HTTP response code said error: The requested URL returned error: 404
W20260710 13:19:00.587000 12007 instance_detector.cc:116] could not retrieve OpenStack instance metadata: Network error: curl error: HTTP response code said error: The requested URL returned error: 404
I20260710 13:19:00.587579 11345 server_base.cc:1061] running on GCE node
I20260710 13:19:00.588469 11345 hybrid_clock.cc:584] initializing the hybrid clock with 'system_unsync' time source
W20260710 13:19:00.588735 11345 system_unsync_time.cc:38] NTP support is disabled. Clock error bounds will not be accurate. This configuration is not suitable for distributed clusters.
I20260710 13:19:00.588959 11345 hybrid_clock.cc:648] HybridClock initialized: now 1783689540588939 us; error 0 us; skew 500 ppm
I20260710 13:19:00.589614 11345 server_base.cc:861] Flag tcmalloc_max_total_thread_cache_bytes is not working since tcmalloc is not enabled.
I20260710 13:19:00.592551 11345 webserver.cc:533] Webserver started at http://127.11.20.66:36685/ using document root <none> and password file <none>
I20260710 13:19:00.592608 12000 heartbeater.cc:344] Connected to a master server at 127.11.20.126:33237
I20260710 13:19:00.593094 12000 heartbeater.cc:461] Registering TS with master...
I20260710 13:19:00.593272 11345 fs_manager.cc:362] Metadata directory not provided
I20260710 13:19:00.593530 11345 fs_manager.cc:368] Using write-ahead log directory (fs_wal_dir) as metadata directory
I20260710 13:19:00.593814 11345 server_base.cc:909] This appears to be a new deployment of Kudu; creating new FS layout
I20260710 13:19:00.593927 12000 heartbeater.cc:507] Master 127.11.20.126:33237 requested a full tablet report, sending...
I20260710 13:19:00.594982 11345 fs_manager.cc:1068] Generated new instance metadata in path /tmp/dist-test-taskczpniY/test-tmp/auto_leader_rebalancer-test.0.LeaderRebalancerTest.FunctionalTestForNotDivided.1783689527065759-11345-0/minicluster-data/ts-1-root/instance:
uuid: "5a3b99d8ec544ff28d9781d61dc62fed"
format_stamp: "Formatted at 2026-07-10 13:19:00 on dist-test-slave-jr5q"
I20260710 13:19:00.595999 11873 ts_manager.cc:194] Registered new tserver with Master: ace33be282e5402b809e63f7361abdc6 (127.11.20.65:34943)
I20260710 13:19:00.597779 11873 master_service.cc:502] Signed X509 certificate for tserver {username='slave'} at 127.0.0.1:48178
I20260710 13:19:00.599875 11345 fs_manager.cc:696] Time spent creating directory manager: real 0.004s	user 0.006s	sys 0.000s
I20260710 13:19:00.603389 12012 log_block_manager.cc:4127] Time spent loading block containers with low live blocks: real 0.000s	user 0.000s	sys 0.000s
I20260710 13:19:00.604184 11345 fs_manager.cc:730] Time spent opening block manager: real 0.002s	user 0.002s	sys 0.000s
I20260710 13:19:00.604499 11345 fs_manager.cc:647] Opened local filesystem: /tmp/dist-test-taskczpniY/test-tmp/auto_leader_rebalancer-test.0.LeaderRebalancerTest.FunctionalTestForNotDivided.1783689527065759-11345-0/minicluster-data/ts-1-root
uuid: "5a3b99d8ec544ff28d9781d61dc62fed"
format_stamp: "Formatted at 2026-07-10 13:19:00 on dist-test-slave-jr5q"
I20260710 13:19:00.604863 11345 fs_report.cc:389] FS layout report
--------------------
wal directory: /tmp/dist-test-taskczpniY/test-tmp/auto_leader_rebalancer-test.0.LeaderRebalancerTest.FunctionalTestForNotDivided.1783689527065759-11345-0/minicluster-data/ts-1-root
metadata directory: /tmp/dist-test-taskczpniY/test-tmp/auto_leader_rebalancer-test.0.LeaderRebalancerTest.FunctionalTestForNotDivided.1783689527065759-11345-0/minicluster-data/ts-1-root
1 data directories: /tmp/dist-test-taskczpniY/test-tmp/auto_leader_rebalancer-test.0.LeaderRebalancerTest.FunctionalTestForNotDivided.1783689527065759-11345-0/minicluster-data/ts-1-root/data
Total live blocks: 0
Total live bytes: 0
Total live bytes (after alignment): 0
Total number of LBM containers: 0 (0 full)
Did not check for missing blocks
Did not check for orphaned blocks
Total full LBM containers with extra space: 0 (0 repaired)
Total full LBM container extra space in bytes: 0 (0 repaired)
Total incomplete LBM containers: 0 (0 repaired)
Total LBM partial records: 0 (0 repaired)
Total corrupted LBM metadata records in RocksDB: 0 (0 repaired)
I20260710 13:19:00.628167 11345 rpc_server.cc:225] running with OpenSSL 1.1.1  11 Sep 2018
I20260710 13:19:00.629796 11345 kserver.cc:163] Server-wide thread pool size limit: 3276
I20260710 13:19:00.631327 11345 txn_system_client.cc:432] TxnSystemClient initialization is disabled...
I20260710 13:19:00.633673 11345 ts_tablet_manager.cc:585] Loaded tablet metadata (0 total tablets, 0 live tablets)
I20260710 13:19:00.633872 11345 ts_tablet_manager.cc:531] Time spent load tablet metadata: real 0.000s	user 0.000s	sys 0.000s
I20260710 13:19:00.634177 11345 ts_tablet_manager.cc:616] Registered 0 tablets
I20260710 13:19:00.634338 11345 ts_tablet_manager.cc:595] Time spent register tablets: real 0.000s	user 0.000s	sys 0.000s
I20260710 13:19:00.673499 11345 rpc_server.cc:307] RPC server started. Bound to: 127.11.20.66:36521
I20260710 13:19:00.673601 12074 acceptor_pool.cc:272] collecting diagnostics on the listening RPC socket 127.11.20.66:36521 every 8 connection(s)
I20260710 13:19:00.678213 11345 file_cache.cc:504] Constructed file cache file cache with capacity 419430
W20260710 13:19:00.685134 12078 instance_detector.cc:116] could not retrieve AWS instance metadata: Network error: curl error: HTTP response code said error: The requested URL returned error: 404
W20260710 13:19:00.686299 12079 instance_detector.cc:116] could not retrieve Azure instance metadata: Network error: curl error: HTTP response code said error: The requested URL returned error: 404
W20260710 13:19:00.690824 12081 instance_detector.cc:116] could not retrieve OpenStack instance metadata: Network error: curl error: HTTP response code said error: The requested URL returned error: 404
I20260710 13:19:00.691888 11345 server_base.cc:1061] running on GCE node
I20260710 13:19:00.691911 12075 heartbeater.cc:344] Connected to a master server at 127.11.20.126:33237
I20260710 13:19:00.692449 12075 heartbeater.cc:461] Registering TS with master...
I20260710 13:19:00.692978 11345 hybrid_clock.cc:584] initializing the hybrid clock with 'system_unsync' time source
W20260710 13:19:00.693177 11345 system_unsync_time.cc:38] NTP support is disabled. Clock error bounds will not be accurate. This configuration is not suitable for distributed clusters.
I20260710 13:19:00.693382 11345 hybrid_clock.cc:648] HybridClock initialized: now 1783689540693362 us; error 0 us; skew 500 ppm
I20260710 13:19:00.693434 12075 heartbeater.cc:507] Master 127.11.20.126:33237 requested a full tablet report, sending...
I20260710 13:19:00.693989 11345 server_base.cc:861] Flag tcmalloc_max_total_thread_cache_bytes is not working since tcmalloc is not enabled.
I20260710 13:19:00.695703 11873 ts_manager.cc:194] Registered new tserver with Master: 5a3b99d8ec544ff28d9781d61dc62fed (127.11.20.66:36521)
I20260710 13:19:00.696717 11345 webserver.cc:533] Webserver started at http://127.11.20.67:46463/ using document root <none> and password file <none>
I20260710 13:19:00.697238 11345 fs_manager.cc:362] Metadata directory not provided
I20260710 13:19:00.697242 11873 master_service.cc:502] Signed X509 certificate for tserver {username='slave'} at 127.0.0.1:48182
I20260710 13:19:00.697613 11345 fs_manager.cc:368] Using write-ahead log directory (fs_wal_dir) as metadata directory
I20260710 13:19:00.697952 11345 server_base.cc:909] This appears to be a new deployment of Kudu; creating new FS layout
I20260710 13:19:00.699410 11345 fs_manager.cc:1068] Generated new instance metadata in path /tmp/dist-test-taskczpniY/test-tmp/auto_leader_rebalancer-test.0.LeaderRebalancerTest.FunctionalTestForNotDivided.1783689527065759-11345-0/minicluster-data/ts-2-root/instance:
uuid: "d9f608e4bc474b64b0d01502981bdd95"
format_stamp: "Formatted at 2026-07-10 13:19:00 on dist-test-slave-jr5q"
I20260710 13:19:00.703820 11345 fs_manager.cc:696] Time spent creating directory manager: real 0.004s	user 0.006s	sys 0.000s
I20260710 13:19:00.707159 12086 log_block_manager.cc:4127] Time spent loading block containers with low live blocks: real 0.000s	user 0.000s	sys 0.000s
I20260710 13:19:00.707887 11345 fs_manager.cc:730] Time spent opening block manager: real 0.002s	user 0.002s	sys 0.000s
I20260710 13:19:00.708186 11345 fs_manager.cc:647] Opened local filesystem: /tmp/dist-test-taskczpniY/test-tmp/auto_leader_rebalancer-test.0.LeaderRebalancerTest.FunctionalTestForNotDivided.1783689527065759-11345-0/minicluster-data/ts-2-root
uuid: "d9f608e4bc474b64b0d01502981bdd95"
format_stamp: "Formatted at 2026-07-10 13:19:00 on dist-test-slave-jr5q"
I20260710 13:19:00.708475 11345 fs_report.cc:389] FS layout report
--------------------
wal directory: /tmp/dist-test-taskczpniY/test-tmp/auto_leader_rebalancer-test.0.LeaderRebalancerTest.FunctionalTestForNotDivided.1783689527065759-11345-0/minicluster-data/ts-2-root
metadata directory: /tmp/dist-test-taskczpniY/test-tmp/auto_leader_rebalancer-test.0.LeaderRebalancerTest.FunctionalTestForNotDivided.1783689527065759-11345-0/minicluster-data/ts-2-root
1 data directories: /tmp/dist-test-taskczpniY/test-tmp/auto_leader_rebalancer-test.0.LeaderRebalancerTest.FunctionalTestForNotDivided.1783689527065759-11345-0/minicluster-data/ts-2-root/data
Total live blocks: 0
Total live bytes: 0
Total live bytes (after alignment): 0
Total number of LBM containers: 0 (0 full)
Did not check for missing blocks
Did not check for orphaned blocks
Total full LBM containers with extra space: 0 (0 repaired)
Total full LBM container extra space in bytes: 0 (0 repaired)
Total incomplete LBM containers: 0 (0 repaired)
Total LBM partial records: 0 (0 repaired)
Total corrupted LBM metadata records in RocksDB: 0 (0 repaired)
I20260710 13:19:00.725366 11345 rpc_server.cc:225] running with OpenSSL 1.1.1  11 Sep 2018
I20260710 13:19:00.726603 11345 kserver.cc:163] Server-wide thread pool size limit: 3276
I20260710 13:19:00.728144 11345 txn_system_client.cc:432] TxnSystemClient initialization is disabled...
I20260710 13:19:00.730360 11345 ts_tablet_manager.cc:585] Loaded tablet metadata (0 total tablets, 0 live tablets)
I20260710 13:19:00.730595 11345 ts_tablet_manager.cc:531] Time spent load tablet metadata: real 0.000s	user 0.000s	sys 0.000s
I20260710 13:19:00.730841 11345 ts_tablet_manager.cc:616] Registered 0 tablets
I20260710 13:19:00.731010 11345 ts_tablet_manager.cc:595] Time spent register tablets: real 0.000s	user 0.000s	sys 0.000s
I20260710 13:19:00.771152 11345 rpc_server.cc:307] RPC server started. Bound to: 127.11.20.67:35515
I20260710 13:19:00.771267 12148 acceptor_pool.cc:272] collecting diagnostics on the listening RPC socket 127.11.20.67:35515 every 8 connection(s)
I20260710 13:19:00.784940 12149 heartbeater.cc:344] Connected to a master server at 127.11.20.126:33237
I20260710 13:19:00.785317 12149 heartbeater.cc:461] Registering TS with master...
I20260710 13:19:00.786023 12149 heartbeater.cc:507] Master 127.11.20.126:33237 requested a full tablet report, sending...
I20260710 13:19:00.787851 11873 ts_manager.cc:194] Registered new tserver with Master: d9f608e4bc474b64b0d01502981bdd95 (127.11.20.67:35515)
I20260710 13:19:00.788832 11345 internal_mini_cluster.cc:371] 3 TS(s) registered with all masters after 0.014543886s
I20260710 13:19:00.789242 11873 master_service.cc:502] Signed X509 certificate for tserver {username='slave'} at 127.0.0.1:48186
I20260710 13:19:00.814030 11873 catalog_manager.cc:2283] Servicing CreateTable request from {username='slave'} at 127.0.0.1:48192:
name: "test-workload"
schema {
  columns {
    name: "key"
    type: INT32
    is_key: true
    is_nullable: false
    encoding: AUTO_ENCODING
    compression: DEFAULT_COMPRESSION
    cfile_block_size: 0
    immutable: false
  }
  columns {
    name: "int_val"
    type: INT32
    is_key: false
    is_nullable: false
    encoding: AUTO_ENCODING
    compression: DEFAULT_COMPRESSION
    cfile_block_size: 0
    immutable: false
  }
  columns {
    name: "string_val"
    type: STRING
    is_key: false
    is_nullable: true
    encoding: AUTO_ENCODING
    compression: DEFAULT_COMPRESSION
    cfile_block_size: 0
    immutable: false
  }
}
num_replicas: 3
split_rows_range_bounds {
  rows: "\004\001\000\314\314\314\014\004\001\000\230\231\231\031\004\001\000dff&\004\001\0000333\004\001\000\374\377\377?\004\001\000\310\314\314L\004\001\000\224\231\231Y\004\001\000`fff\004\001\000,33s""\004\001\000\314\314\314\014\004\001\000\230\231\231\031\004\001\000dff&\004\001\0000333\004\001\000\374\377\377?\004\001\000\310\314\314L\004\001\000\224\231\231Y\004\001\000`fff\004\001\000,33s"
  indirect_data: """"
}
partition_schema {
  range_schema {
    columns {
      name: "key"
    }
  }
}
W20260710 13:19:00.816977 11873 catalog_manager.cc:7077] The number of live tablet servers is not enough to re-replicate a tablet replica of the newly created table test-workload in case of a server failure: 4 tablet servers would be needed, 3 are available. Consider bringing up more tablet servers.
I20260710 13:19:00.886183 12114 tablet_service.cc:1511] Processing CreateTablet for tablet 46b62739fbb145bf9d02ae3ff743b806 (DEFAULT_TABLE table=test-workload [id=8e75a99ec0404af1a08fe265004ae553]), partition=RANGE (key) PARTITION VALUES < 214748364
I20260710 13:19:00.887938 12114 data_dirs.cc:400] Could only allocate 1 dirs of requested 3 for tablet 46b62739fbb145bf9d02ae3ff743b806. 1 dirs total, 0 dirs full, 0 dirs failed
I20260710 13:19:00.890920 12113 tablet_service.cc:1511] Processing CreateTablet for tablet 7efd1c9053774180a0a84f61dab22eea (DEFAULT_TABLE table=test-workload [id=8e75a99ec0404af1a08fe265004ae553]), partition=RANGE (key) PARTITION 214748364 <= VALUES < 429496728
I20260710 13:19:00.892383 12113 data_dirs.cc:400] Could only allocate 1 dirs of requested 3 for tablet 7efd1c9053774180a0a84f61dab22eea. 1 dirs total, 0 dirs full, 0 dirs failed
I20260710 13:19:00.894924 12112 tablet_service.cc:1511] Processing CreateTablet for tablet b1d8ce1e9b0d42659580d1e47ebfcd28 (DEFAULT_TABLE table=test-workload [id=8e75a99ec0404af1a08fe265004ae553]), partition=RANGE (key) PARTITION 429496728 <= VALUES < 644245092
I20260710 13:19:00.896309 12112 data_dirs.cc:400] Could only allocate 1 dirs of requested 3 for tablet b1d8ce1e9b0d42659580d1e47ebfcd28. 1 dirs total, 0 dirs full, 0 dirs failed
I20260710 13:19:00.901849 12111 tablet_service.cc:1511] Processing CreateTablet for tablet d19432c350274f25bc0c378353a87018 (DEFAULT_TABLE table=test-workload [id=8e75a99ec0404af1a08fe265004ae553]), partition=RANGE (key) PARTITION 644245092 <= VALUES < 858993456
I20260710 13:19:00.903192 12111 data_dirs.cc:400] Could only allocate 1 dirs of requested 3 for tablet d19432c350274f25bc0c378353a87018. 1 dirs total, 0 dirs full, 0 dirs failed
I20260710 13:19:00.905890 11964 tablet_service.cc:1511] Processing CreateTablet for tablet 7efd1c9053774180a0a84f61dab22eea (DEFAULT_TABLE table=test-workload [id=8e75a99ec0404af1a08fe265004ae553]), partition=RANGE (key) PARTITION 214748364 <= VALUES < 429496728
I20260710 13:19:00.905931 12110 tablet_service.cc:1511] Processing CreateTablet for tablet e6cbf8cb5aff4125b064fed916c7af58 (DEFAULT_TABLE table=test-workload [id=8e75a99ec0404af1a08fe265004ae553]), partition=RANGE (key) PARTITION 858993456 <= VALUES < 1073741820
I20260710 13:19:00.907306 11964 data_dirs.cc:400] Could only allocate 1 dirs of requested 3 for tablet 7efd1c9053774180a0a84f61dab22eea. 1 dirs total, 0 dirs full, 0 dirs failed
I20260710 13:19:00.907514 12110 data_dirs.cc:400] Could only allocate 1 dirs of requested 3 for tablet e6cbf8cb5aff4125b064fed916c7af58. 1 dirs total, 0 dirs full, 0 dirs failed
I20260710 13:19:00.909854 11963 tablet_service.cc:1511] Processing CreateTablet for tablet b1d8ce1e9b0d42659580d1e47ebfcd28 (DEFAULT_TABLE table=test-workload [id=8e75a99ec0404af1a08fe265004ae553]), partition=RANGE (key) PARTITION 429496728 <= VALUES < 644245092
I20260710 13:19:00.910223 12109 tablet_service.cc:1511] Processing CreateTablet for tablet fca6d6337fec40238366f206834e1e4e (DEFAULT_TABLE table=test-workload [id=8e75a99ec0404af1a08fe265004ae553]), partition=RANGE (key) PARTITION 1073741820 <= VALUES < 1288490184
I20260710 13:19:00.911276 11963 data_dirs.cc:400] Could only allocate 1 dirs of requested 3 for tablet b1d8ce1e9b0d42659580d1e47ebfcd28. 1 dirs total, 0 dirs full, 0 dirs failed
I20260710 13:19:00.911571 12109 data_dirs.cc:400] Could only allocate 1 dirs of requested 3 for tablet fca6d6337fec40238366f206834e1e4e. 1 dirs total, 0 dirs full, 0 dirs failed
I20260710 13:19:00.913654 11962 tablet_service.cc:1511] Processing CreateTablet for tablet d19432c350274f25bc0c378353a87018 (DEFAULT_TABLE table=test-workload [id=8e75a99ec0404af1a08fe265004ae553]), partition=RANGE (key) PARTITION 644245092 <= VALUES < 858993456
I20260710 13:19:00.914945 11962 data_dirs.cc:400] Could only allocate 1 dirs of requested 3 for tablet d19432c350274f25bc0c378353a87018. 1 dirs total, 0 dirs full, 0 dirs failed
I20260710 13:19:00.918470 11961 tablet_service.cc:1511] Processing CreateTablet for tablet e6cbf8cb5aff4125b064fed916c7af58 (DEFAULT_TABLE table=test-workload [id=8e75a99ec0404af1a08fe265004ae553]), partition=RANGE (key) PARTITION 858993456 <= VALUES < 1073741820
I20260710 13:19:00.919240 12108 tablet_service.cc:1511] Processing CreateTablet for tablet 1b8f48acf33d4a509996c32ab3168858 (DEFAULT_TABLE table=test-workload [id=8e75a99ec0404af1a08fe265004ae553]), partition=RANGE (key) PARTITION 1288490184 <= VALUES < 1503238548
I20260710 13:19:00.919821 11961 data_dirs.cc:400] Could only allocate 1 dirs of requested 3 for tablet e6cbf8cb5aff4125b064fed916c7af58. 1 dirs total, 0 dirs full, 0 dirs failed
I20260710 13:19:00.920564 12108 data_dirs.cc:400] Could only allocate 1 dirs of requested 3 for tablet 1b8f48acf33d4a509996c32ab3168858. 1 dirs total, 0 dirs full, 0 dirs failed
I20260710 13:19:00.921326 11965 tablet_service.cc:1511] Processing CreateTablet for tablet 46b62739fbb145bf9d02ae3ff743b806 (DEFAULT_TABLE table=test-workload [id=8e75a99ec0404af1a08fe265004ae553]), partition=RANGE (key) PARTITION VALUES < 214748364
I20260710 13:19:00.921766 12036 tablet_service.cc:1511] Processing CreateTablet for tablet e6cbf8cb5aff4125b064fed916c7af58 (DEFAULT_TABLE table=test-workload [id=8e75a99ec0404af1a08fe265004ae553]), partition=RANGE (key) PARTITION 858993456 <= VALUES < 1073741820
I20260710 13:19:00.922575 11965 data_dirs.cc:400] Could only allocate 1 dirs of requested 3 for tablet 46b62739fbb145bf9d02ae3ff743b806. 1 dirs total, 0 dirs full, 0 dirs failed
I20260710 13:19:00.923111 12036 data_dirs.cc:400] Could only allocate 1 dirs of requested 3 for tablet e6cbf8cb5aff4125b064fed916c7af58. 1 dirs total, 0 dirs full, 0 dirs failed
I20260710 13:19:00.924690 12107 tablet_service.cc:1511] Processing CreateTablet for tablet 37818476bd72407da9470b4cfb6a16b6 (DEFAULT_TABLE table=test-workload [id=8e75a99ec0404af1a08fe265004ae553]), partition=RANGE (key) PARTITION 1503238548 <= VALUES < 1717986912
I20260710 13:19:00.926028 12107 data_dirs.cc:400] Could only allocate 1 dirs of requested 3 for tablet 37818476bd72407da9470b4cfb6a16b6. 1 dirs total, 0 dirs full, 0 dirs failed
I20260710 13:19:00.925719 12035 tablet_service.cc:1511] Processing CreateTablet for tablet fca6d6337fec40238366f206834e1e4e (DEFAULT_TABLE table=test-workload [id=8e75a99ec0404af1a08fe265004ae553]), partition=RANGE (key) PARTITION 1073741820 <= VALUES < 1288490184
I20260710 13:19:00.926945 12035 data_dirs.cc:400] Could only allocate 1 dirs of requested 3 for tablet fca6d6337fec40238366f206834e1e4e. 1 dirs total, 0 dirs full, 0 dirs failed
I20260710 13:19:00.928057 11960 tablet_service.cc:1511] Processing CreateTablet for tablet fca6d6337fec40238366f206834e1e4e (DEFAULT_TABLE table=test-workload [id=8e75a99ec0404af1a08fe265004ae553]), partition=RANGE (key) PARTITION 1073741820 <= VALUES < 1288490184
I20260710 13:19:00.929327 11960 data_dirs.cc:400] Could only allocate 1 dirs of requested 3 for tablet fca6d6337fec40238366f206834e1e4e. 1 dirs total, 0 dirs full, 0 dirs failed
I20260710 13:19:00.929855 12034 tablet_service.cc:1511] Processing CreateTablet for tablet 1b8f48acf33d4a509996c32ab3168858 (DEFAULT_TABLE table=test-workload [id=8e75a99ec0404af1a08fe265004ae553]), partition=RANGE (key) PARTITION 1288490184 <= VALUES < 1503238548
I20260710 13:19:00.931114 12034 data_dirs.cc:400] Could only allocate 1 dirs of requested 3 for tablet 1b8f48acf33d4a509996c32ab3168858. 1 dirs total, 0 dirs full, 0 dirs failed
I20260710 13:19:00.933182 12106 tablet_service.cc:1511] Processing CreateTablet for tablet 2bb4b1ebea7249628af5acb11d36da18 (DEFAULT_TABLE table=test-workload [id=8e75a99ec0404af1a08fe265004ae553]), partition=RANGE (key) PARTITION 1717986912 <= VALUES < 1932735276
I20260710 13:19:00.933825 12037 tablet_service.cc:1511] Processing CreateTablet for tablet d19432c350274f25bc0c378353a87018 (DEFAULT_TABLE table=test-workload [id=8e75a99ec0404af1a08fe265004ae553]), partition=RANGE (key) PARTITION 644245092 <= VALUES < 858993456
I20260710 13:19:00.933741 11959 tablet_service.cc:1511] Processing CreateTablet for tablet 1b8f48acf33d4a509996c32ab3168858 (DEFAULT_TABLE table=test-workload [id=8e75a99ec0404af1a08fe265004ae553]), partition=RANGE (key) PARTITION 1288490184 <= VALUES < 1503238548
I20260710 13:19:00.934976 12106 data_dirs.cc:400] Could only allocate 1 dirs of requested 3 for tablet 2bb4b1ebea7249628af5acb11d36da18. 1 dirs total, 0 dirs full, 0 dirs failed
I20260710 13:19:00.935204 12037 data_dirs.cc:400] Could only allocate 1 dirs of requested 3 for tablet d19432c350274f25bc0c378353a87018. 1 dirs total, 0 dirs full, 0 dirs failed
I20260710 13:19:00.935580 11959 data_dirs.cc:400] Could only allocate 1 dirs of requested 3 for tablet 1b8f48acf33d4a509996c32ab3168858. 1 dirs total, 0 dirs full, 0 dirs failed
I20260710 13:19:00.938138 12039 tablet_service.cc:1511] Processing CreateTablet for tablet 7efd1c9053774180a0a84f61dab22eea (DEFAULT_TABLE table=test-workload [id=8e75a99ec0404af1a08fe265004ae553]), partition=RANGE (key) PARTITION 214748364 <= VALUES < 429496728
I20260710 13:19:00.938084 11958 tablet_service.cc:1511] Processing CreateTablet for tablet 37818476bd72407da9470b4cfb6a16b6 (DEFAULT_TABLE table=test-workload [id=8e75a99ec0404af1a08fe265004ae553]), partition=RANGE (key) PARTITION 1503238548 <= VALUES < 1717986912
I20260710 13:19:00.939755 12039 data_dirs.cc:400] Could only allocate 1 dirs of requested 3 for tablet 7efd1c9053774180a0a84f61dab22eea. 1 dirs total, 0 dirs full, 0 dirs failed
I20260710 13:19:00.939960 11958 data_dirs.cc:400] Could only allocate 1 dirs of requested 3 for tablet 37818476bd72407da9470b4cfb6a16b6. 1 dirs total, 0 dirs full, 0 dirs failed
I20260710 13:19:00.941973 12038 tablet_service.cc:1511] Processing CreateTablet for tablet b1d8ce1e9b0d42659580d1e47ebfcd28 (DEFAULT_TABLE table=test-workload [id=8e75a99ec0404af1a08fe265004ae553]), partition=RANGE (key) PARTITION 429496728 <= VALUES < 644245092
I20260710 13:19:00.942274 11957 tablet_service.cc:1511] Processing CreateTablet for tablet 2bb4b1ebea7249628af5acb11d36da18 (DEFAULT_TABLE table=test-workload [id=8e75a99ec0404af1a08fe265004ae553]), partition=RANGE (key) PARTITION 1717986912 <= VALUES < 1932735276
I20260710 13:19:00.943746 12038 data_dirs.cc:400] Could only allocate 1 dirs of requested 3 for tablet b1d8ce1e9b0d42659580d1e47ebfcd28. 1 dirs total, 0 dirs full, 0 dirs failed
I20260710 13:19:00.944049 11957 data_dirs.cc:400] Could only allocate 1 dirs of requested 3 for tablet 2bb4b1ebea7249628af5acb11d36da18. 1 dirs total, 0 dirs full, 0 dirs failed
I20260710 13:19:00.945447 12040 tablet_service.cc:1511] Processing CreateTablet for tablet 46b62739fbb145bf9d02ae3ff743b806 (DEFAULT_TABLE table=test-workload [id=8e75a99ec0404af1a08fe265004ae553]), partition=RANGE (key) PARTITION VALUES < 214748364
I20260710 13:19:00.947100 12040 data_dirs.cc:400] Could only allocate 1 dirs of requested 3 for tablet 46b62739fbb145bf9d02ae3ff743b806. 1 dirs total, 0 dirs full, 0 dirs failed
I20260710 13:19:00.948801 11956 tablet_service.cc:1511] Processing CreateTablet for tablet 9f4ba1b0d75042b484d08ae0f4cf4cd1 (DEFAULT_TABLE table=test-workload [id=8e75a99ec0404af1a08fe265004ae553]), partition=RANGE (key) PARTITION 1932735276 <= VALUES
I20260710 13:19:00.951025 12033 tablet_service.cc:1511] Processing CreateTablet for tablet 37818476bd72407da9470b4cfb6a16b6 (DEFAULT_TABLE table=test-workload [id=8e75a99ec0404af1a08fe265004ae553]), partition=RANGE (key) PARTITION 1503238548 <= VALUES < 1717986912
I20260710 13:19:00.953128 12032 tablet_service.cc:1511] Processing CreateTablet for tablet 2bb4b1ebea7249628af5acb11d36da18 (DEFAULT_TABLE table=test-workload [id=8e75a99ec0404af1a08fe265004ae553]), partition=RANGE (key) PARTITION 1717986912 <= VALUES < 1932735276
I20260710 13:19:00.955363 11956 data_dirs.cc:400] Could only allocate 1 dirs of requested 3 for tablet 9f4ba1b0d75042b484d08ae0f4cf4cd1. 1 dirs total, 0 dirs full, 0 dirs failed
I20260710 13:19:00.956700 12033 data_dirs.cc:400] Could only allocate 1 dirs of requested 3 for tablet 37818476bd72407da9470b4cfb6a16b6. 1 dirs total, 0 dirs full, 0 dirs failed
I20260710 13:19:00.958307 12032 data_dirs.cc:400] Could only allocate 1 dirs of requested 3 for tablet 2bb4b1ebea7249628af5acb11d36da18. 1 dirs total, 0 dirs full, 0 dirs failed
I20260710 13:19:00.977839 12031 tablet_service.cc:1511] Processing CreateTablet for tablet 9f4ba1b0d75042b484d08ae0f4cf4cd1 (DEFAULT_TABLE table=test-workload [id=8e75a99ec0404af1a08fe265004ae553]), partition=RANGE (key) PARTITION 1932735276 <= VALUES
I20260710 13:19:00.979223 12031 data_dirs.cc:400] Could only allocate 1 dirs of requested 3 for tablet 9f4ba1b0d75042b484d08ae0f4cf4cd1. 1 dirs total, 0 dirs full, 0 dirs failed
I20260710 13:19:00.981918 12105 tablet_service.cc:1511] Processing CreateTablet for tablet 9f4ba1b0d75042b484d08ae0f4cf4cd1 (DEFAULT_TABLE table=test-workload [id=8e75a99ec0404af1a08fe265004ae553]), partition=RANGE (key) PARTITION 1932735276 <= VALUES
I20260710 13:19:00.983340 12105 data_dirs.cc:400] Could only allocate 1 dirs of requested 3 for tablet 9f4ba1b0d75042b484d08ae0f4cf4cd1. 1 dirs total, 0 dirs full, 0 dirs failed
I20260710 13:19:01.089929 12165 tablet_bootstrap.cc:492] T d19432c350274f25bc0c378353a87018 P ace33be282e5402b809e63f7361abdc6: Bootstrap starting.
I20260710 13:19:01.117404 12166 tablet_bootstrap.cc:492] T fca6d6337fec40238366f206834e1e4e P 5a3b99d8ec544ff28d9781d61dc62fed: Bootstrap starting.
I20260710 13:19:01.122952 12166 tablet_bootstrap.cc:654] T fca6d6337fec40238366f206834e1e4e P 5a3b99d8ec544ff28d9781d61dc62fed: Neither blocks nor log segments found. Creating new log.
I20260710 13:19:01.132844 12164 tablet_bootstrap.cc:492] T 46b62739fbb145bf9d02ae3ff743b806 P d9f608e4bc474b64b0d01502981bdd95: Bootstrap starting.
I20260710 13:19:01.152176 12164 tablet_bootstrap.cc:654] T 46b62739fbb145bf9d02ae3ff743b806 P d9f608e4bc474b64b0d01502981bdd95: Neither blocks nor log segments found. Creating new log.
I20260710 13:19:01.155475 12165 tablet_bootstrap.cc:654] T d19432c350274f25bc0c378353a87018 P ace33be282e5402b809e63f7361abdc6: Neither blocks nor log segments found. Creating new log.
I20260710 13:19:01.163888 12166 tablet_bootstrap.cc:492] T fca6d6337fec40238366f206834e1e4e P 5a3b99d8ec544ff28d9781d61dc62fed: No bootstrap required, opened a new log
I20260710 13:19:01.164388 12166 ts_tablet_manager.cc:1403] T fca6d6337fec40238366f206834e1e4e P 5a3b99d8ec544ff28d9781d61dc62fed: Time spent bootstrapping tablet: real 0.053s	user 0.012s	sys 0.033s
