I20260710 13:14:34.824319   857 consensus_queue.cc:237] T 50ac24f220b0491c96cbb1ca191d5189 P d6ec8bfe76794b5990be163deda2d46d [LEADER]: Queue going to LEADER mode. State: All replicated index: 0, Majority replicated index: 3, Committed index: 3, Last appended: 3.3, Last appended by leader: 3, Current term: 4, Majority size: 2, State: 0, Mode: LEADER, active raft config: opid_index: -1 OBSOLETE_local: false peers { permanent_uuid: "5fc5923603ef4f5587a459487f49530a" member_type: VOTER last_known_addr { host: "127.0.107.193" port: 38067 } } peers { permanent_uuid: "d6ec8bfe76794b5990be163deda2d46d" member_type: VOTER last_known_addr { host: "127.0.107.194" port: 40219 } } peers { permanent_uuid: "c1d5e93ce4bc46bb904c60388433cecc" member_type: VOTER last_known_addr { host: "127.0.107.195" port: 42111 } }
I20260710 13:14:34.826117   715 raft_consensus.cc:2468] T 50ac24f220b0491c96cbb1ca191d5189 P c1d5e93ce4bc46bb904c60388433cecc [term 4 FOLLOWER]: Leader election vote request: Granting yes vote for candidate d6ec8bfe76794b5990be163deda2d46d in term 4.
I20260710 13:14:34.826803   566 tablet_service.cc:1917] Received RequestConsensusVote() RPC: tablet_id: "30532af55d124cd38c9d72488b9bc6a8" candidate_uuid: "d6ec8bfe76794b5990be163deda2d46d" candidate_term: 3 candidate_status { last_received { term: 2 index: 2 } } ignore_live_leader: true dest_uuid: "5fc5923603ef4f5587a459487f49530a"
I20260710 13:14:34.827533   566 raft_consensus.cc:3055] T 30532af55d124cd38c9d72488b9bc6a8 P 5fc5923603ef4f5587a459487f49530a [term 2 LEADER]: Stepping down as leader of term 2
I20260710 13:14:34.827286   713 tablet_service.cc:1917] Received RequestConsensusVote() RPC: tablet_id: "30532af55d124cd38c9d72488b9bc6a8" candidate_uuid: "d6ec8bfe76794b5990be163deda2d46d" candidate_term: 3 candidate_status { last_received { term: 2 index: 2 } } ignore_live_leader: true dest_uuid: "c1d5e93ce4bc46bb904c60388433cecc"
I20260710 13:14:34.827806   566 raft_consensus.cc:740] T 30532af55d124cd38c9d72488b9bc6a8 P 5fc5923603ef4f5587a459487f49530a [term 2 LEADER]: Becoming Follower/Learner. State: Replica: 5fc5923603ef4f5587a459487f49530a, State: Running, Role: LEADER
I20260710 13:14:34.828049   713 raft_consensus.cc:3060] T 30532af55d124cd38c9d72488b9bc6a8 P c1d5e93ce4bc46bb904c60388433cecc [term 2 FOLLOWER]: Advancing to term 3
I20260710 13:14:34.828541   566 consensus_queue.cc:260] T 30532af55d124cd38c9d72488b9bc6a8 P 5fc5923603ef4f5587a459487f49530a [NON_LEADER]: Queue going to NON_LEADER mode. State: All replicated index: 0, Majority replicated index: 2, Committed index: 2, Last appended: 2.2, Last appended by leader: 2, Current term: 2, Majority size: -1, State: 0, Mode: NON_LEADER, active raft config: opid_index: -1 OBSOLETE_local: false peers { permanent_uuid: "5fc5923603ef4f5587a459487f49530a" member_type: VOTER last_known_addr { host: "127.0.107.193" port: 38067 } } peers { permanent_uuid: "d6ec8bfe76794b5990be163deda2d46d" member_type: VOTER last_known_addr { host: "127.0.107.194" port: 40219 } } peers { permanent_uuid: "c1d5e93ce4bc46bb904c60388433cecc" member_type: VOTER last_known_addr { host: "127.0.107.195" port: 42111 } }
I20260710 13:14:34.829293   566 raft_consensus.cc:3060] T 30532af55d124cd38c9d72488b9bc6a8 P 5fc5923603ef4f5587a459487f49530a [term 2 FOLLOWER]: Advancing to term 3
I20260710 13:14:34.835214   566 raft_consensus.cc:2468] T 30532af55d124cd38c9d72488b9bc6a8 P 5fc5923603ef4f5587a459487f49530a [term 3 FOLLOWER]: Leader election vote request: Granting yes vote for candidate d6ec8bfe76794b5990be163deda2d46d in term 3.
I20260710 13:14:34.835830   713 raft_consensus.cc:2468] T 30532af55d124cd38c9d72488b9bc6a8 P c1d5e93ce4bc46bb904c60388433cecc [term 3 FOLLOWER]: Leader election vote request: Granting yes vote for candidate d6ec8bfe76794b5990be163deda2d46d in term 3.
I20260710 13:14:34.836376   605 leader_election.cc:304] T 30532af55d124cd38c9d72488b9bc6a8 P d6ec8bfe76794b5990be163deda2d46d [CANDIDATE]: Term 3 election: Election decided. Result: candidate won. Election summary: received 2 responses out of 3 voters: 2 yes votes; 0 no votes. yes voters: 5fc5923603ef4f5587a459487f49530a, d6ec8bfe76794b5990be163deda2d46d; no voters: 
I20260710 13:14:34.835971   462 catalog_manager.cc:5697] T 50ac24f220b0491c96cbb1ca191d5189 P d6ec8bfe76794b5990be163deda2d46d reported cstate change: term changed from 3 to 4, leader changed from c1d5e93ce4bc46bb904c60388433cecc (127.0.107.195) to d6ec8bfe76794b5990be163deda2d46d (127.0.107.194). New cstate: current_term: 4 leader_uuid: "d6ec8bfe76794b5990be163deda2d46d" committed_config { opid_index: -1 OBSOLETE_local: false peers { permanent_uuid: "5fc5923603ef4f5587a459487f49530a" member_type: VOTER last_known_addr { host: "127.0.107.193" port: 38067 } health_report { overall_health: UNKNOWN } } peers { permanent_uuid: "d6ec8bfe76794b5990be163deda2d46d" member_type: VOTER last_known_addr { host: "127.0.107.194" port: 40219 } health_report { overall_health: HEALTHY } } peers { permanent_uuid: "c1d5e93ce4bc46bb904c60388433cecc" member_type: VOTER last_known_addr { host: "127.0.107.195" port: 42111 } health_report { overall_health: UNKNOWN } } }
I20260710 13:14:34.836767   640 leader_election.cc:290] T 30532af55d124cd38c9d72488b9bc6a8 P d6ec8bfe76794b5990be163deda2d46d [CANDIDATE]: Term 3 election: Requested vote from peers 5fc5923603ef4f5587a459487f49530a (127.0.107.193:38067), c1d5e93ce4bc46bb904c60388433cecc (127.0.107.195:42111)
I20260710 13:14:34.837309   880 raft_consensus.cc:2804] T 30532af55d124cd38c9d72488b9bc6a8 P d6ec8bfe76794b5990be163deda2d46d [term 3 FOLLOWER]: Leader election won for term 3
I20260710 13:14:34.837777   880 raft_consensus.cc:697] T 30532af55d124cd38c9d72488b9bc6a8 P d6ec8bfe76794b5990be163deda2d46d [term 3 LEADER]: Becoming Leader. State: Replica: d6ec8bfe76794b5990be163deda2d46d, State: Running, Role: LEADER
I20260710 13:14:34.838402   880 consensus_queue.cc:237] T 30532af55d124cd38c9d72488b9bc6a8 P d6ec8bfe76794b5990be163deda2d46d [LEADER]: Queue going to LEADER mode. State: All replicated index: 0, Majority replicated index: 2, Committed index: 2, Last appended: 2.2, Last appended by leader: 2, Current term: 3, Majority size: 2, State: 0, Mode: LEADER, active raft config: opid_index: -1 OBSOLETE_local: false peers { permanent_uuid: "5fc5923603ef4f5587a459487f49530a" member_type: VOTER last_known_addr { host: "127.0.107.193" port: 38067 } } peers { permanent_uuid: "d6ec8bfe76794b5990be163deda2d46d" member_type: VOTER last_known_addr { host: "127.0.107.194" port: 40219 } } peers { permanent_uuid: "c1d5e93ce4bc46bb904c60388433cecc" member_type: VOTER last_known_addr { host: "127.0.107.195" port: 42111 } }
I20260710 13:14:34.849344   462 catalog_manager.cc:5697] T 30532af55d124cd38c9d72488b9bc6a8 P d6ec8bfe76794b5990be163deda2d46d reported cstate change: term changed from 2 to 3, leader changed from 5fc5923603ef4f5587a459487f49530a (127.0.107.193) to d6ec8bfe76794b5990be163deda2d46d (127.0.107.194). New cstate: current_term: 3 leader_uuid: "d6ec8bfe76794b5990be163deda2d46d" committed_config { opid_index: -1 OBSOLETE_local: false peers { permanent_uuid: "5fc5923603ef4f5587a459487f49530a" member_type: VOTER last_known_addr { host: "127.0.107.193" port: 38067 } health_report { overall_health: UNKNOWN } } peers { permanent_uuid: "d6ec8bfe76794b5990be163deda2d46d" member_type: VOTER last_known_addr { host: "127.0.107.194" port: 40219 } health_report { overall_health: HEALTHY } } peers { permanent_uuid: "c1d5e93ce4bc46bb904c60388433cecc" member_type: VOTER last_known_addr { host: "127.0.107.195" port: 42111 } health_report { overall_health: UNKNOWN } } }
I20260710 13:14:35.012238   713 raft_consensus.cc:1275] T 57f49ae0c5e545d3b282bc38f3c31a13 P c1d5e93ce4bc46bb904c60388433cecc [term 3 FOLLOWER]: Refusing update from remote peer d6ec8bfe76794b5990be163deda2d46d: Log matching property violated. Preceding OpId in replica: term: 2 index: 2. Preceding OpId from leader: term: 3 index: 3. (index mismatch)
I20260710 13:14:35.013717   880 consensus_queue.cc:1048] T 57f49ae0c5e545d3b282bc38f3c31a13 P d6ec8bfe76794b5990be163deda2d46d [LEADER]: Connected to new peer: Peer: permanent_uuid: "c1d5e93ce4bc46bb904c60388433cecc" member_type: VOTER last_known_addr { host: "127.0.107.195" port: 42111 }, Status: LMP_MISMATCH, Last received: 0.0, Next index: 3, Last known committed idx: 2, Time since last communication: 0.000s
I20260710 13:14:35.021900   566 raft_consensus.cc:1275] T 57f49ae0c5e545d3b282bc38f3c31a13 P 5fc5923603ef4f5587a459487f49530a [term 3 FOLLOWER]: Refusing update from remote peer d6ec8bfe76794b5990be163deda2d46d: Log matching property violated. Preceding OpId in replica: term: 2 index: 2. Preceding OpId from leader: term: 3 index: 3. (index mismatch)
I20260710 13:14:35.023428   880 consensus_queue.cc:1048] T 57f49ae0c5e545d3b282bc38f3c31a13 P d6ec8bfe76794b5990be163deda2d46d [LEADER]: Connected to new peer: Peer: permanent_uuid: "5fc5923603ef4f5587a459487f49530a" member_type: VOTER last_known_addr { host: "127.0.107.193" port: 38067 }, Status: LMP_MISMATCH, Last received: 0.0, Next index: 3, Last known committed idx: 2, Time since last communication: 0.000s
I20260710 13:14:35.243053   566 raft_consensus.cc:1275] T 30532af55d124cd38c9d72488b9bc6a8 P 5fc5923603ef4f5587a459487f49530a [term 3 FOLLOWER]: Refusing update from remote peer d6ec8bfe76794b5990be163deda2d46d: Log matching property violated. Preceding OpId in replica: term: 2 index: 2. Preceding OpId from leader: term: 3 index: 3. (index mismatch)
I20260710 13:14:35.244381   880 consensus_queue.cc:1048] T 30532af55d124cd38c9d72488b9bc6a8 P d6ec8bfe76794b5990be163deda2d46d [LEADER]: Connected to new peer: Peer: permanent_uuid: "5fc5923603ef4f5587a459487f49530a" member_type: VOTER last_known_addr { host: "127.0.107.193" port: 38067 }, Status: LMP_MISMATCH, Last received: 0.0, Next index: 3, Last known committed idx: 2, Time since last communication: 0.000s
I20260710 13:14:35.253582   713 raft_consensus.cc:1275] T 30532af55d124cd38c9d72488b9bc6a8 P c1d5e93ce4bc46bb904c60388433cecc [term 3 FOLLOWER]: Refusing update from remote peer d6ec8bfe76794b5990be163deda2d46d: Log matching property violated. Preceding OpId in replica: term: 2 index: 2. Preceding OpId from leader: term: 3 index: 3. (index mismatch)
I20260710 13:14:35.256513   873 consensus_queue.cc:1048] T 30532af55d124cd38c9d72488b9bc6a8 P d6ec8bfe76794b5990be163deda2d46d [LEADER]: Connected to new peer: Peer: permanent_uuid: "c1d5e93ce4bc46bb904c60388433cecc" member_type: VOTER last_known_addr { host: "127.0.107.195" port: 42111 }, Status: LMP_MISMATCH, Last received: 0.0, Next index: 3, Last known committed idx: 2, Time since last communication: 0.000s
I20260710 13:14:35.268447   566 raft_consensus.cc:1275] T 990397428ff1477e8b11e0b40fedcd92 P 5fc5923603ef4f5587a459487f49530a [term 3 FOLLOWER]: Refusing update from remote peer d6ec8bfe76794b5990be163deda2d46d: Log matching property violated. Preceding OpId in replica: term: 2 index: 2. Preceding OpId from leader: term: 3 index: 3. (index mismatch)
I20260710 13:14:35.269731   873 consensus_queue.cc:1048] T 990397428ff1477e8b11e0b40fedcd92 P d6ec8bfe76794b5990be163deda2d46d [LEADER]: Connected to new peer: Peer: permanent_uuid: "5fc5923603ef4f5587a459487f49530a" member_type: VOTER last_known_addr { host: "127.0.107.193" port: 38067 }, Status: LMP_MISMATCH, Last received: 0.0, Next index: 3, Last known committed idx: 2, Time since last communication: 0.000s
I20260710 13:14:35.280110   713 raft_consensus.cc:1275] T 990397428ff1477e8b11e0b40fedcd92 P c1d5e93ce4bc46bb904c60388433cecc [term 3 FOLLOWER]: Refusing update from remote peer d6ec8bfe76794b5990be163deda2d46d: Log matching property violated. Preceding OpId in replica: term: 2 index: 2. Preceding OpId from leader: term: 3 index: 3. (index mismatch)
I20260710 13:14:35.281608   857 consensus_queue.cc:1048] T 990397428ff1477e8b11e0b40fedcd92 P d6ec8bfe76794b5990be163deda2d46d [LEADER]: Connected to new peer: Peer: permanent_uuid: "c1d5e93ce4bc46bb904c60388433cecc" member_type: VOTER last_known_addr { host: "127.0.107.195" port: 42111 }, Status: LMP_MISMATCH, Last received: 0.0, Next index: 3, Last known committed idx: 2, Time since last communication: 0.000s
I20260710 13:14:35.293040   566 raft_consensus.cc:1275] T 50ac24f220b0491c96cbb1ca191d5189 P 5fc5923603ef4f5587a459487f49530a [term 4 FOLLOWER]: Refusing update from remote peer d6ec8bfe76794b5990be163deda2d46d: Log matching property violated. Preceding OpId in replica: term: 3 index: 3. Preceding OpId from leader: term: 4 index: 4. (index mismatch)
I20260710 13:14:35.294389   857 consensus_queue.cc:1048] T 50ac24f220b0491c96cbb1ca191d5189 P d6ec8bfe76794b5990be163deda2d46d [LEADER]: Connected to new peer: Peer: permanent_uuid: "5fc5923603ef4f5587a459487f49530a" member_type: VOTER last_known_addr { host: "127.0.107.193" port: 38067 }, Status: LMP_MISMATCH, Last received: 0.0, Next index: 4, Last known committed idx: 3, Time since last communication: 0.000s
I20260710 13:14:35.300630   713 raft_consensus.cc:1275] T 50ac24f220b0491c96cbb1ca191d5189 P c1d5e93ce4bc46bb904c60388433cecc [term 4 FOLLOWER]: Refusing update from remote peer d6ec8bfe76794b5990be163deda2d46d: Log matching property violated. Preceding OpId in replica: term: 3 index: 3. Preceding OpId from leader: term: 4 index: 4. (index mismatch)
I20260710 13:14:35.302589   857 consensus_queue.cc:1048] T 50ac24f220b0491c96cbb1ca191d5189 P d6ec8bfe76794b5990be163deda2d46d [LEADER]: Connected to new peer: Peer: permanent_uuid: "c1d5e93ce4bc46bb904c60388433cecc" member_type: VOTER last_known_addr { host: "127.0.107.195" port: 42111 }, Status: LMP_MISMATCH, Last received: 0.0, Next index: 4, Last known committed idx: 3, Time since last communication: 0.001s
I20260710 13:14:37.278368   431 auto_leader_rebalancer.cc:141] leader rebalance for table test-workload
I20260710 13:14:37.287659   640 tablet_service.cc:2072] Received LeaderStepDown RPC: tablet_id: "50ac24f220b0491c96cbb1ca191d5189"
dest_uuid: "d6ec8bfe76794b5990be163deda2d46d"
mode: GRACEFUL
new_leader_uuid: "5fc5923603ef4f5587a459487f49530a"
 from {username='slave'} at 127.0.0.1:41598
I20260710 13:14:37.288580   640 raft_consensus.cc:606] T 50ac24f220b0491c96cbb1ca191d5189 P d6ec8bfe76794b5990be163deda2d46d [term 4 LEADER]: Received request to transfer leadership to TS 5fc5923603ef4f5587a459487f49530a
I20260710 13:14:37.291121   640 tablet_service.cc:2072] Received LeaderStepDown RPC: tablet_id: "57f49ae0c5e545d3b282bc38f3c31a13"
dest_uuid: "d6ec8bfe76794b5990be163deda2d46d"
mode: GRACEFUL
new_leader_uuid: "c1d5e93ce4bc46bb904c60388433cecc"
 from {username='slave'} at 127.0.0.1:41598
I20260710 13:14:37.291652   640 raft_consensus.cc:606] T 57f49ae0c5e545d3b282bc38f3c31a13 P d6ec8bfe76794b5990be163deda2d46d [term 3 LEADER]: Received request to transfer leadership to TS c1d5e93ce4bc46bb904c60388433cecc
I20260710 13:14:37.293808   640 tablet_service.cc:2072] Received LeaderStepDown RPC: tablet_id: "87c370560f944dc3b988088f4888076e"
dest_uuid: "d6ec8bfe76794b5990be163deda2d46d"
mode: GRACEFUL
new_leader_uuid: "c1d5e93ce4bc46bb904c60388433cecc"
 from {username='slave'} at 127.0.0.1:41598
I20260710 13:14:37.294252   640 raft_consensus.cc:606] T 87c370560f944dc3b988088f4888076e P d6ec8bfe76794b5990be163deda2d46d [term 2 LEADER]: Received request to transfer leadership to TS c1d5e93ce4bc46bb904c60388433cecc
I20260710 13:14:37.296545   640 tablet_service.cc:2072] Received LeaderStepDown RPC: tablet_id: "990397428ff1477e8b11e0b40fedcd92"
dest_uuid: "d6ec8bfe76794b5990be163deda2d46d"
mode: GRACEFUL
new_leader_uuid: "5fc5923603ef4f5587a459487f49530a"
 from {username='slave'} at 127.0.0.1:41598
I20260710 13:14:37.297269   640 raft_consensus.cc:606] T 990397428ff1477e8b11e0b40fedcd92 P d6ec8bfe76794b5990be163deda2d46d [term 3 LEADER]: Received request to transfer leadership to TS 5fc5923603ef4f5587a459487f49530a
I20260710 13:14:37.299541   640 tablet_service.cc:2072] Received LeaderStepDown RPC: tablet_id: "d3b3c34a817d4136962a82dd233df53e"
dest_uuid: "d6ec8bfe76794b5990be163deda2d46d"
mode: GRACEFUL
new_leader_uuid: "5fc5923603ef4f5587a459487f49530a"
 from {username='slave'} at 127.0.0.1:41598
I20260710 13:14:37.299974   640 raft_consensus.cc:606] T d3b3c34a817d4136962a82dd233df53e P d6ec8bfe76794b5990be163deda2d46d [term 1 LEADER]: Received request to transfer leadership to TS 5fc5923603ef4f5587a459487f49530a
I20260710 13:14:37.300936   431 auto_leader_rebalancer.cc:479] table: test-workload, leader rebalance finish, leader transfer count: 5
I20260710 13:14:37.301366   431 auto_leader_rebalancer.cc:554] All tables' leader rebalancing finished this round
I20260710 13:14:37.531060   873 raft_consensus.cc:993] T 50ac24f220b0491c96cbb1ca191d5189 P d6ec8bfe76794b5990be163deda2d46d: : Instructing follower 5fc5923603ef4f5587a459487f49530a to start an election
I20260710 13:14:37.531574   896 raft_consensus.cc:1081] T 50ac24f220b0491c96cbb1ca191d5189 P d6ec8bfe76794b5990be163deda2d46d [term 4 LEADER]: Signalling peer 5fc5923603ef4f5587a459487f49530a to start an election
I20260710 13:14:37.533205   566 tablet_service.cc:2044] Received Run Leader Election RPC: tablet_id: "50ac24f220b0491c96cbb1ca191d5189"
dest_uuid: "5fc5923603ef4f5587a459487f49530a"
 from {username='slave'} at 127.0.0.1:35246
I20260710 13:14:37.533820   566 raft_consensus.cc:493] T 50ac24f220b0491c96cbb1ca191d5189 P 5fc5923603ef4f5587a459487f49530a [term 4 FOLLOWER]: Starting forced leader election (received explicit request)
I20260710 13:14:37.534202   566 raft_consensus.cc:3060] T 50ac24f220b0491c96cbb1ca191d5189 P 5fc5923603ef4f5587a459487f49530a [term 4 FOLLOWER]: Advancing to term 5
I20260710 13:14:37.539731   566 raft_consensus.cc:515] T 50ac24f220b0491c96cbb1ca191d5189 P 5fc5923603ef4f5587a459487f49530a [term 5 FOLLOWER]: Starting forced leader election with config: opid_index: -1 OBSOLETE_local: false peers { permanent_uuid: "5fc5923603ef4f5587a459487f49530a" member_type: VOTER last_known_addr { host: "127.0.107.193" port: 38067 } } peers { permanent_uuid: "d6ec8bfe76794b5990be163deda2d46d" member_type: VOTER last_known_addr { host: "127.0.107.194" port: 40219 } } peers { permanent_uuid: "c1d5e93ce4bc46bb904c60388433cecc" member_type: VOTER last_known_addr { host: "127.0.107.195" port: 42111 } }
I20260710 13:14:37.541544   566 leader_election.cc:290] T 50ac24f220b0491c96cbb1ca191d5189 P 5fc5923603ef4f5587a459487f49530a [CANDIDATE]: Term 5 election: Requested vote from peers d6ec8bfe76794b5990be163deda2d46d (127.0.107.194:40219), c1d5e93ce4bc46bb904c60388433cecc (127.0.107.195:42111)
I20260710 13:14:37.542733   713 tablet_service.cc:1917] Received RequestConsensusVote() RPC: tablet_id: "50ac24f220b0491c96cbb1ca191d5189" candidate_uuid: "5fc5923603ef4f5587a459487f49530a" candidate_term: 5 candidate_status { last_received { term: 4 index: 4 } } ignore_live_leader: true dest_uuid: "c1d5e93ce4bc46bb904c60388433cecc"
I20260710 13:14:37.542644   640 tablet_service.cc:1917] Received RequestConsensusVote() RPC: tablet_id: "50ac24f220b0491c96cbb1ca191d5189" candidate_uuid: "5fc5923603ef4f5587a459487f49530a" candidate_term: 5 candidate_status { last_received { term: 4 index: 4 } } ignore_live_leader: true dest_uuid: "d6ec8bfe76794b5990be163deda2d46d"
I20260710 13:14:37.543498   713 raft_consensus.cc:3060] T 50ac24f220b0491c96cbb1ca191d5189 P c1d5e93ce4bc46bb904c60388433cecc [term 4 FOLLOWER]: Advancing to term 5
I20260710 13:14:37.543519   640 raft_consensus.cc:3055] T 50ac24f220b0491c96cbb1ca191d5189 P d6ec8bfe76794b5990be163deda2d46d [term 4 LEADER]: Stepping down as leader of term 4
I20260710 13:14:37.544040   640 raft_consensus.cc:740] T 50ac24f220b0491c96cbb1ca191d5189 P d6ec8bfe76794b5990be163deda2d46d [term 4 LEADER]: Becoming Follower/Learner. State: Replica: d6ec8bfe76794b5990be163deda2d46d, State: Running, Role: LEADER
I20260710 13:14:37.544937   640 consensus_queue.cc:260] T 50ac24f220b0491c96cbb1ca191d5189 P d6ec8bfe76794b5990be163deda2d46d [NON_LEADER]: Queue going to NON_LEADER mode. State: All replicated index: 0, Majority replicated index: 4, Committed index: 4, Last appended: 4.4, Last appended by leader: 4, Current term: 4, Majority size: -1, State: 0, Mode: NON_LEADER, active raft config: opid_index: -1 OBSOLETE_local: false peers { permanent_uuid: "5fc5923603ef4f5587a459487f49530a" member_type: VOTER last_known_addr { host: "127.0.107.193" port: 38067 } } peers { permanent_uuid: "d6ec8bfe76794b5990be163deda2d46d" member_type: VOTER last_known_addr { host: "127.0.107.194" port: 40219 } } peers { permanent_uuid: "c1d5e93ce4bc46bb904c60388433cecc" member_type: VOTER last_known_addr { host: "127.0.107.195" port: 42111 } }
I20260710 13:14:37.546294   640 raft_consensus.cc:3060] T 50ac24f220b0491c96cbb1ca191d5189 P d6ec8bfe76794b5990be163deda2d46d [term 4 FOLLOWER]: Advancing to term 5
I20260710 13:14:37.551340   713 raft_consensus.cc:2468] T 50ac24f220b0491c96cbb1ca191d5189 P c1d5e93ce4bc46bb904c60388433cecc [term 5 FOLLOWER]: Leader election vote request: Granting yes vote for candidate 5fc5923603ef4f5587a459487f49530a in term 5.
I20260710 13:14:37.552985   532 leader_election.cc:304] T 50ac24f220b0491c96cbb1ca191d5189 P 5fc5923603ef4f5587a459487f49530a [CANDIDATE]: Term 5 election: Election decided. Result: candidate won. Election summary: received 2 responses out of 3 voters: 2 yes votes; 0 no votes. yes voters: 5fc5923603ef4f5587a459487f49530a, c1d5e93ce4bc46bb904c60388433cecc; no voters: 
I20260710 13:14:37.553169   640 raft_consensus.cc:2468] T 50ac24f220b0491c96cbb1ca191d5189 P d6ec8bfe76794b5990be163deda2d46d [term 5 FOLLOWER]: Leader election vote request: Granting yes vote for candidate 5fc5923603ef4f5587a459487f49530a in term 5.
I20260710 13:14:37.555069   897 raft_consensus.cc:2804] T 50ac24f220b0491c96cbb1ca191d5189 P 5fc5923603ef4f5587a459487f49530a [term 5 FOLLOWER]: Leader election won for term 5
I20260710 13:14:37.556186   897 raft_consensus.cc:697] T 50ac24f220b0491c96cbb1ca191d5189 P 5fc5923603ef4f5587a459487f49530a [term 5 LEADER]: Becoming Leader. State: Replica: 5fc5923603ef4f5587a459487f49530a, State: Running, Role: LEADER
I20260710 13:14:37.557078   897 consensus_queue.cc:237] T 50ac24f220b0491c96cbb1ca191d5189 P 5fc5923603ef4f5587a459487f49530a [LEADER]: Queue going to LEADER mode. State: All replicated index: 0, Majority replicated index: 4, Committed index: 4, Last appended: 4.4, Last appended by leader: 4, Current term: 5, Majority size: 2, State: 0, Mode: LEADER, active raft config: opid_index: -1 OBSOLETE_local: false peers { permanent_uuid: "5fc5923603ef4f5587a459487f49530a" member_type: VOTER last_known_addr { host: "127.0.107.193" port: 38067 } } peers { permanent_uuid: "d6ec8bfe76794b5990be163deda2d46d" member_type: VOTER last_known_addr { host: "127.0.107.194" port: 40219 } } peers { permanent_uuid: "c1d5e93ce4bc46bb904c60388433cecc" member_type: VOTER last_known_addr { host: "127.0.107.195" port: 42111 } }
I20260710 13:14:37.564441   463 catalog_manager.cc:5697] T 50ac24f220b0491c96cbb1ca191d5189 P 5fc5923603ef4f5587a459487f49530a reported cstate change: term changed from 4 to 5, leader changed from d6ec8bfe76794b5990be163deda2d46d (127.0.107.194) to 5fc5923603ef4f5587a459487f49530a (127.0.107.193). New cstate: current_term: 5 leader_uuid: "5fc5923603ef4f5587a459487f49530a" committed_config { opid_index: -1 OBSOLETE_local: false peers { permanent_uuid: "5fc5923603ef4f5587a459487f49530a" member_type: VOTER last_known_addr { host: "127.0.107.193" port: 38067 } health_report { overall_health: HEALTHY } } peers { permanent_uuid: "d6ec8bfe76794b5990be163deda2d46d" member_type: VOTER last_known_addr { host: "127.0.107.194" port: 40219 } health_report { overall_health: UNKNOWN } } peers { permanent_uuid: "c1d5e93ce4bc46bb904c60388433cecc" member_type: VOTER last_known_addr { host: "127.0.107.195" port: 42111 } health_report { overall_health: UNKNOWN } } }
I20260710 13:14:37.608094   873 raft_consensus.cc:993] T 87c370560f944dc3b988088f4888076e P d6ec8bfe76794b5990be163deda2d46d: : Instructing follower c1d5e93ce4bc46bb904c60388433cecc to start an election
I20260710 13:14:37.608560   896 raft_consensus.cc:1081] T 87c370560f944dc3b988088f4888076e P d6ec8bfe76794b5990be163deda2d46d [term 2 LEADER]: Signalling peer c1d5e93ce4bc46bb904c60388433cecc to start an election
I20260710 13:14:37.610195   713 tablet_service.cc:2044] Received Run Leader Election RPC: tablet_id: "87c370560f944dc3b988088f4888076e"
dest_uuid: "c1d5e93ce4bc46bb904c60388433cecc"
 from {username='slave'} at 127.0.0.1:34582
I20260710 13:14:37.611044   713 raft_consensus.cc:493] T 87c370560f944dc3b988088f4888076e P c1d5e93ce4bc46bb904c60388433cecc [term 2 FOLLOWER]: Starting forced leader election (received explicit request)
I20260710 13:14:37.611446   713 raft_consensus.cc:3060] T 87c370560f944dc3b988088f4888076e P c1d5e93ce4bc46bb904c60388433cecc [term 2 FOLLOWER]: Advancing to term 3
I20260710 13:14:37.616676   713 raft_consensus.cc:515] T 87c370560f944dc3b988088f4888076e P c1d5e93ce4bc46bb904c60388433cecc [term 3 FOLLOWER]: Starting forced leader election with config: opid_index: -1 OBSOLETE_local: false peers { permanent_uuid: "5fc5923603ef4f5587a459487f49530a" member_type: VOTER last_known_addr { host: "127.0.107.193" port: 38067 } } peers { permanent_uuid: "d6ec8bfe76794b5990be163deda2d46d" member_type: VOTER last_known_addr { host: "127.0.107.194" port: 40219 } } peers { permanent_uuid: "c1d5e93ce4bc46bb904c60388433cecc" member_type: VOTER last_known_addr { host: "127.0.107.195" port: 42111 } }
I20260710 13:14:37.618746   713 leader_election.cc:290] T 87c370560f944dc3b988088f4888076e P c1d5e93ce4bc46bb904c60388433cecc [CANDIDATE]: Term 3 election: Requested vote from peers 5fc5923603ef4f5587a459487f49530a (127.0.107.193:38067), d6ec8bfe76794b5990be163deda2d46d (127.0.107.194:40219)
I20260710 13:14:37.619817   566 tablet_service.cc:1917] Received RequestConsensusVote() RPC: tablet_id: "87c370560f944dc3b988088f4888076e" candidate_uuid: "c1d5e93ce4bc46bb904c60388433cecc" candidate_term: 3 candidate_status { last_received { term: 2 index: 2 } } ignore_live_leader: true dest_uuid: "5fc5923603ef4f5587a459487f49530a"
I20260710 13:14:37.620422   566 raft_consensus.cc:3060] T 87c370560f944dc3b988088f4888076e P 5fc5923603ef4f5587a459487f49530a [term 2 FOLLOWER]: Advancing to term 3
I20260710 13:14:37.620412   640 tablet_service.cc:1917] Received RequestConsensusVote() RPC: tablet_id: "87c370560f944dc3b988088f4888076e" candidate_uuid: "c1d5e93ce4bc46bb904c60388433cecc" candidate_term: 3 candidate_status { last_received { term: 2 index: 2 } } ignore_live_leader: true dest_uuid: "d6ec8bfe76794b5990be163deda2d46d"
I20260710 13:14:37.621168   640 raft_consensus.cc:3055] T 87c370560f944dc3b988088f4888076e P d6ec8bfe76794b5990be163deda2d46d [term 2 LEADER]: Stepping down as leader of term 2
I20260710 13:14:37.621479   640 raft_consensus.cc:740] T 87c370560f944dc3b988088f4888076e P d6ec8bfe76794b5990be163deda2d46d [term 2 LEADER]: Becoming Follower/Learner. State: Replica: d6ec8bfe76794b5990be163deda2d46d, State: Running, Role: LEADER
I20260710 13:14:37.622287   640 consensus_queue.cc:260] T 87c370560f944dc3b988088f4888076e P d6ec8bfe76794b5990be163deda2d46d [NON_LEADER]: Queue going to NON_LEADER mode. State: All replicated index: 0, Majority replicated index: 2, Committed index: 2, Last appended: 2.2, Last appended by leader: 2, Current term: 2, Majority size: -1, State: 0, Mode: NON_LEADER, active raft config: opid_index: -1 OBSOLETE_local: false peers { permanent_uuid: "5fc5923603ef4f5587a459487f49530a" member_type: VOTER last_known_addr { host: "127.0.107.193" port: 38067 } } peers { permanent_uuid: "d6ec8bfe76794b5990be163deda2d46d" member_type: VOTER last_known_addr { host: "127.0.107.194" port: 40219 } } peers { permanent_uuid: "c1d5e93ce4bc46bb904c60388433cecc" member_type: VOTER last_known_addr { host: "127.0.107.195" port: 42111 } }
I20260710 13:14:37.622705   873 raft_consensus.cc:993] T 990397428ff1477e8b11e0b40fedcd92 P d6ec8bfe76794b5990be163deda2d46d: : Instructing follower 5fc5923603ef4f5587a459487f49530a to start an election
I20260710 13:14:37.623348   896 raft_consensus.cc:1081] T 990397428ff1477e8b11e0b40fedcd92 P d6ec8bfe76794b5990be163deda2d46d [term 3 LEADER]: Signalling peer 5fc5923603ef4f5587a459487f49530a to start an election
I20260710 13:14:37.623481   640 raft_consensus.cc:3060] T 87c370560f944dc3b988088f4888076e P d6ec8bfe76794b5990be163deda2d46d [term 2 FOLLOWER]: Advancing to term 3
I20260710 13:14:37.625499   565 tablet_service.cc:2044] Received Run Leader Election RPC: tablet_id: "990397428ff1477e8b11e0b40fedcd92"
dest_uuid: "5fc5923603ef4f5587a459487f49530a"
 from {username='slave'} at 127.0.0.1:35246
I20260710 13:14:37.626214   565 raft_consensus.cc:493] T 990397428ff1477e8b11e0b40fedcd92 P 5fc5923603ef4f5587a459487f49530a [term 3 FOLLOWER]: Starting forced leader election (received explicit request)
I20260710 13:14:37.626578   565 raft_consensus.cc:3060] T 990397428ff1477e8b11e0b40fedcd92 P 5fc5923603ef4f5587a459487f49530a [term 3 FOLLOWER]: Advancing to term 4
I20260710 13:14:37.628160   566 raft_consensus.cc:2468] T 87c370560f944dc3b988088f4888076e P 5fc5923603ef4f5587a459487f49530a [term 3 FOLLOWER]: Leader election vote request: Granting yes vote for candidate c1d5e93ce4bc46bb904c60388433cecc in term 3.
I20260710 13:14:37.629958   679 leader_election.cc:304] T 87c370560f944dc3b988088f4888076e P c1d5e93ce4bc46bb904c60388433cecc [CANDIDATE]: Term 3 election: Election decided. Result: candidate won. Election summary: received 2 responses out of 3 voters: 2 yes votes; 0 no votes. yes voters: 5fc5923603ef4f5587a459487f49530a, c1d5e93ce4bc46bb904c60388433cecc; no voters: 
I20260710 13:14:37.630993   640 raft_consensus.cc:2468] T 87c370560f944dc3b988088f4888076e P d6ec8bfe76794b5990be163deda2d46d [term 3 FOLLOWER]: Leader election vote request: Granting yes vote for candidate c1d5e93ce4bc46bb904c60388433cecc in term 3.
I20260710 13:14:37.631217   867 raft_consensus.cc:2804] T 87c370560f944dc3b988088f4888076e P c1d5e93ce4bc46bb904c60388433cecc [term 3 FOLLOWER]: Leader election won for term 3
I20260710 13:14:37.632898   867 raft_consensus.cc:697] T 87c370560f944dc3b988088f4888076e P c1d5e93ce4bc46bb904c60388433cecc [term 3 LEADER]: Becoming Leader. State: Replica: c1d5e93ce4bc46bb904c60388433cecc, State: Running, Role: LEADER
I20260710 13:14:37.633759   867 consensus_queue.cc:237] T 87c370560f944dc3b988088f4888076e P c1d5e93ce4bc46bb904c60388433cecc [LEADER]: Queue going to LEADER mode. State: All replicated index: 0, Majority replicated index: 2, Committed index: 2, Last appended: 2.2, Last appended by leader: 2, Current term: 3, Majority size: 2, State: 0, Mode: LEADER, active raft config: opid_index: -1 OBSOLETE_local: false peers { permanent_uuid: "5fc5923603ef4f5587a459487f49530a" member_type: VOTER last_known_addr { host: "127.0.107.193" port: 38067 } } peers { permanent_uuid: "d6ec8bfe76794b5990be163deda2d46d" member_type: VOTER last_known_addr { host: "127.0.107.194" port: 40219 } } peers { permanent_uuid: "c1d5e93ce4bc46bb904c60388433cecc" member_type: VOTER last_known_addr { host: "127.0.107.195" port: 42111 } }
I20260710 13:14:37.634840   565 raft_consensus.cc:515] T 990397428ff1477e8b11e0b40fedcd92 P 5fc5923603ef4f5587a459487f49530a [term 4 FOLLOWER]: Starting forced leader election with config: opid_index: -1 OBSOLETE_local: false peers { permanent_uuid: "5fc5923603ef4f5587a459487f49530a" member_type: VOTER last_known_addr { host: "127.0.107.193" port: 38067 } } peers { permanent_uuid: "d6ec8bfe76794b5990be163deda2d46d" member_type: VOTER last_known_addr { host: "127.0.107.194" port: 40219 } } peers { permanent_uuid: "c1d5e93ce4bc46bb904c60388433cecc" member_type: VOTER last_known_addr { host: "127.0.107.195" port: 42111 } }
I20260710 13:14:37.636888   565 leader_election.cc:290] T 990397428ff1477e8b11e0b40fedcd92 P 5fc5923603ef4f5587a459487f49530a [CANDIDATE]: Term 4 election: Requested vote from peers d6ec8bfe76794b5990be163deda2d46d (127.0.107.194:40219), c1d5e93ce4bc46bb904c60388433cecc (127.0.107.195:42111)
I20260710 13:14:37.637786   640 tablet_service.cc:1917] Received RequestConsensusVote() RPC: tablet_id: "990397428ff1477e8b11e0b40fedcd92" candidate_uuid: "5fc5923603ef4f5587a459487f49530a" candidate_term: 4 candidate_status { last_received { term: 3 index: 3 } } ignore_live_leader: true dest_uuid: "d6ec8bfe76794b5990be163deda2d46d"
I20260710 13:14:37.638324   713 tablet_service.cc:1917] Received RequestConsensusVote() RPC: tablet_id: "990397428ff1477e8b11e0b40fedcd92" candidate_uuid: "5fc5923603ef4f5587a459487f49530a" candidate_term: 4 candidate_status { last_received { term: 3 index: 3 } } ignore_live_leader: true dest_uuid: "c1d5e93ce4bc46bb904c60388433cecc"
I20260710 13:14:37.638607   640 raft_consensus.cc:3055] T 990397428ff1477e8b11e0b40fedcd92 P d6ec8bfe76794b5990be163deda2d46d [term 3 LEADER]: Stepping down as leader of term 3
I20260710 13:14:37.639050   640 raft_consensus.cc:740] T 990397428ff1477e8b11e0b40fedcd92 P d6ec8bfe76794b5990be163deda2d46d [term 3 LEADER]: Becoming Follower/Learner. State: Replica: d6ec8bfe76794b5990be163deda2d46d, State: Running, Role: LEADER
I20260710 13:14:37.639019   713 raft_consensus.cc:3060] T 990397428ff1477e8b11e0b40fedcd92 P c1d5e93ce4bc46bb904c60388433cecc [term 3 FOLLOWER]: Advancing to term 4
I20260710 13:14:37.639971   640 consensus_queue.cc:260] T 990397428ff1477e8b11e0b40fedcd92 P d6ec8bfe76794b5990be163deda2d46d [NON_LEADER]: Queue going to NON_LEADER mode. State: All replicated index: 0, Majority replicated index: 3, Committed index: 3, Last appended: 3.3, Last appended by leader: 3, Current term: 3, Majority size: -1, State: 0, Mode: NON_LEADER, active raft config: opid_index: -1 OBSOLETE_local: false peers { permanent_uuid: "5fc5923603ef4f5587a459487f49530a" member_type: VOTER last_known_addr { host: "127.0.107.193" port: 38067 } } peers { permanent_uuid: "d6ec8bfe76794b5990be163deda2d46d" member_type: VOTER last_known_addr { host: "127.0.107.194" port: 40219 } } peers { permanent_uuid: "c1d5e93ce4bc46bb904c60388433cecc" member_type: VOTER last_known_addr { host: "127.0.107.195" port: 42111 } }
I20260710 13:14:37.641134   640 raft_consensus.cc:3060] T 990397428ff1477e8b11e0b40fedcd92 P d6ec8bfe76794b5990be163deda2d46d [term 3 FOLLOWER]: Advancing to term 4
I20260710 13:14:37.644665   713 raft_consensus.cc:2468] T 990397428ff1477e8b11e0b40fedcd92 P c1d5e93ce4bc46bb904c60388433cecc [term 4 FOLLOWER]: Leader election vote request: Granting yes vote for candidate 5fc5923603ef4f5587a459487f49530a in term 4.
I20260710 13:14:37.644286   463 catalog_manager.cc:5697] T 87c370560f944dc3b988088f4888076e P c1d5e93ce4bc46bb904c60388433cecc reported cstate change: term changed from 2 to 3, leader changed from d6ec8bfe76794b5990be163deda2d46d (127.0.107.194) to c1d5e93ce4bc46bb904c60388433cecc (127.0.107.195). New cstate: current_term: 3 leader_uuid: "c1d5e93ce4bc46bb904c60388433cecc" committed_config { opid_index: -1 OBSOLETE_local: false peers { permanent_uuid: "5fc5923603ef4f5587a459487f49530a" member_type: VOTER last_known_addr { host: "127.0.107.193" port: 38067 } health_report { overall_health: UNKNOWN } } peers { permanent_uuid: "d6ec8bfe76794b5990be163deda2d46d" member_type: VOTER last_known_addr { host: "127.0.107.194" port: 40219 } health_report { overall_health: UNKNOWN } } peers { permanent_uuid: "c1d5e93ce4bc46bb904c60388433cecc" member_type: VOTER last_known_addr { host: "127.0.107.195" port: 42111 } health_report { overall_health: HEALTHY } } }
I20260710 13:14:37.645808   532 leader_election.cc:304] T 990397428ff1477e8b11e0b40fedcd92 P 5fc5923603ef4f5587a459487f49530a [CANDIDATE]: Term 4 election: Election decided. Result: candidate won. Election summary: received 2 responses out of 3 voters: 2 yes votes; 0 no votes. yes voters: 5fc5923603ef4f5587a459487f49530a, c1d5e93ce4bc46bb904c60388433cecc; no voters: 
I20260710 13:14:37.646581   897 raft_consensus.cc:2804] T 990397428ff1477e8b11e0b40fedcd92 P 5fc5923603ef4f5587a459487f49530a [term 4 FOLLOWER]: Leader election won for term 4
I20260710 13:14:37.647060   897 raft_consensus.cc:697] T 990397428ff1477e8b11e0b40fedcd92 P 5fc5923603ef4f5587a459487f49530a [term 4 LEADER]: Becoming Leader. State: Replica: 5fc5923603ef4f5587a459487f49530a, State: Running, Role: LEADER
I20260710 13:14:37.647864   897 consensus_queue.cc:237] T 990397428ff1477e8b11e0b40fedcd92 P 5fc5923603ef4f5587a459487f49530a [LEADER]: Queue going to LEADER mode. State: All replicated index: 0, Majority replicated index: 3, Committed index: 3, Last appended: 3.3, Last appended by leader: 3, Current term: 4, Majority size: 2, State: 0, Mode: LEADER, active raft config: opid_index: -1 OBSOLETE_local: false peers { permanent_uuid: "5fc5923603ef4f5587a459487f49530a" member_type: VOTER last_known_addr { host: "127.0.107.193" port: 38067 } } peers { permanent_uuid: "d6ec8bfe76794b5990be163deda2d46d" member_type: VOTER last_known_addr { host: "127.0.107.194" port: 40219 } } peers { permanent_uuid: "c1d5e93ce4bc46bb904c60388433cecc" member_type: VOTER last_known_addr { host: "127.0.107.195" port: 42111 } }
I20260710 13:14:37.648802   640 raft_consensus.cc:2468] T 990397428ff1477e8b11e0b40fedcd92 P d6ec8bfe76794b5990be163deda2d46d [term 4 FOLLOWER]: Leader election vote request: Granting yes vote for candidate 5fc5923603ef4f5587a459487f49530a in term 4.
I20260710 13:14:37.656749   462 catalog_manager.cc:5697] T 990397428ff1477e8b11e0b40fedcd92 P 5fc5923603ef4f5587a459487f49530a reported cstate change: term changed from 3 to 4, leader changed from d6ec8bfe76794b5990be163deda2d46d (127.0.107.194) to 5fc5923603ef4f5587a459487f49530a (127.0.107.193). New cstate: current_term: 4 leader_uuid: "5fc5923603ef4f5587a459487f49530a" committed_config { opid_index: -1 OBSOLETE_local: false peers { permanent_uuid: "5fc5923603ef4f5587a459487f49530a" member_type: VOTER last_known_addr { host: "127.0.107.193" port: 38067 } health_report { overall_health: HEALTHY } } peers { permanent_uuid: "d6ec8bfe76794b5990be163deda2d46d" member_type: VOTER last_known_addr { host: "127.0.107.194" port: 40219 } health_report { overall_health: UNKNOWN } } peers { permanent_uuid: "c1d5e93ce4bc46bb904c60388433cecc" member_type: VOTER last_known_addr { host: "127.0.107.195" port: 42111 } health_report { overall_health: UNKNOWN } } }
I20260710 13:14:37.771493   873 raft_consensus.cc:993] T d3b3c34a817d4136962a82dd233df53e P d6ec8bfe76794b5990be163deda2d46d: : Instructing follower 5fc5923603ef4f5587a459487f49530a to start an election
I20260710 13:14:37.771915   896 raft_consensus.cc:1081] T d3b3c34a817d4136962a82dd233df53e P d6ec8bfe76794b5990be163deda2d46d [term 1 LEADER]: Signalling peer 5fc5923603ef4f5587a459487f49530a to start an election
I20260710 13:14:37.773408   565 tablet_service.cc:2044] Received Run Leader Election RPC: tablet_id: "d3b3c34a817d4136962a82dd233df53e"
dest_uuid: "5fc5923603ef4f5587a459487f49530a"
 from {username='slave'} at 127.0.0.1:35246
I20260710 13:14:37.773916   565 raft_consensus.cc:493] T d3b3c34a817d4136962a82dd233df53e P 5fc5923603ef4f5587a459487f49530a [term 1 FOLLOWER]: Starting forced leader election (received explicit request)
I20260710 13:14:37.774211   565 raft_consensus.cc:3060] T d3b3c34a817d4136962a82dd233df53e P 5fc5923603ef4f5587a459487f49530a [term 1 FOLLOWER]: Advancing to term 2
I20260710 13:14:37.778892   565 raft_consensus.cc:515] T d3b3c34a817d4136962a82dd233df53e P 5fc5923603ef4f5587a459487f49530a [term 2 FOLLOWER]: Starting forced leader election with config: opid_index: -1 OBSOLETE_local: false peers { permanent_uuid: "5fc5923603ef4f5587a459487f49530a" member_type: VOTER last_known_addr { host: "127.0.107.193" port: 38067 } } peers { permanent_uuid: "d6ec8bfe76794b5990be163deda2d46d" member_type: VOTER last_known_addr { host: "127.0.107.194" port: 40219 } } peers { permanent_uuid: "c1d5e93ce4bc46bb904c60388433cecc" member_type: VOTER last_known_addr { host: "127.0.107.195" port: 42111 } }
I20260710 13:14:37.780539   565 leader_election.cc:290] T d3b3c34a817d4136962a82dd233df53e P 5fc5923603ef4f5587a459487f49530a [CANDIDATE]: Term 2 election: Requested vote from peers d6ec8bfe76794b5990be163deda2d46d (127.0.107.194:40219), c1d5e93ce4bc46bb904c60388433cecc (127.0.107.195:42111)
I20260710 13:14:37.781395   640 tablet_service.cc:1917] Received RequestConsensusVote() RPC: tablet_id: "d3b3c34a817d4136962a82dd233df53e" candidate_uuid: "5fc5923603ef4f5587a459487f49530a" candidate_term: 2 candidate_status { last_received { term: 1 index: 1 } } ignore_live_leader: true dest_uuid: "d6ec8bfe76794b5990be163deda2d46d"
I20260710 13:14:37.781489   713 tablet_service.cc:1917] Received RequestConsensusVote() RPC: tablet_id: "d3b3c34a817d4136962a82dd233df53e" candidate_uuid: "5fc5923603ef4f5587a459487f49530a" candidate_term: 2 candidate_status { last_received { term: 1 index: 1 } } ignore_live_leader: true dest_uuid: "c1d5e93ce4bc46bb904c60388433cecc"
I20260710 13:14:37.782059   640 raft_consensus.cc:3055] T d3b3c34a817d4136962a82dd233df53e P d6ec8bfe76794b5990be163deda2d46d [term 1 LEADER]: Stepping down as leader of term 1
I20260710 13:14:37.782089   713 raft_consensus.cc:3060] T d3b3c34a817d4136962a82dd233df53e P c1d5e93ce4bc46bb904c60388433cecc [term 1 FOLLOWER]: Advancing to term 2
I20260710 13:14:37.782598   640 raft_consensus.cc:740] T d3b3c34a817d4136962a82dd233df53e P d6ec8bfe76794b5990be163deda2d46d [term 1 LEADER]: Becoming Follower/Learner. State: Replica: d6ec8bfe76794b5990be163deda2d46d, State: Running, Role: LEADER
I20260710 13:14:37.783362   640 consensus_queue.cc:260] T d3b3c34a817d4136962a82dd233df53e P d6ec8bfe76794b5990be163deda2d46d [NON_LEADER]: Queue going to NON_LEADER mode. State: All replicated index: 0, Majority replicated index: 1, Committed index: 1, Last appended: 1.1, Last appended by leader: 1, Current term: 1, Majority size: -1, State: 0, Mode: NON_LEADER, active raft config: opid_index: -1 OBSOLETE_local: false peers { permanent_uuid: "5fc5923603ef4f5587a459487f49530a" member_type: VOTER last_known_addr { host: "127.0.107.193" port: 38067 } } peers { permanent_uuid: "d6ec8bfe76794b5990be163deda2d46d" member_type: VOTER last_known_addr { host: "127.0.107.194" port: 40219 } } peers { permanent_uuid: "c1d5e93ce4bc46bb904c60388433cecc" member_type: VOTER last_known_addr { host: "127.0.107.195" port: 42111 } }
I20260710 13:14:37.784502   640 raft_consensus.cc:3060] T d3b3c34a817d4136962a82dd233df53e P d6ec8bfe76794b5990be163deda2d46d [term 1 FOLLOWER]: Advancing to term 2
I20260710 13:14:37.789023   713 raft_consensus.cc:2468] T d3b3c34a817d4136962a82dd233df53e P c1d5e93ce4bc46bb904c60388433cecc [term 2 FOLLOWER]: Leader election vote request: Granting yes vote for candidate 5fc5923603ef4f5587a459487f49530a in term 2.
I20260710 13:14:37.790235   532 leader_election.cc:304] T d3b3c34a817d4136962a82dd233df53e P 5fc5923603ef4f5587a459487f49530a [CANDIDATE]: Term 2 election: Election decided. Result: candidate won. Election summary: received 2 responses out of 3 voters: 2 yes votes; 0 no votes. yes voters: 5fc5923603ef4f5587a459487f49530a, c1d5e93ce4bc46bb904c60388433cecc; no voters: 
I20260710 13:14:37.790611   640 raft_consensus.cc:2468] T d3b3c34a817d4136962a82dd233df53e P d6ec8bfe76794b5990be163deda2d46d [term 2 FOLLOWER]: Leader election vote request: Granting yes vote for candidate 5fc5923603ef4f5587a459487f49530a in term 2.
I20260710 13:14:37.791141   897 raft_consensus.cc:2804] T d3b3c34a817d4136962a82dd233df53e P 5fc5923603ef4f5587a459487f49530a [term 2 FOLLOWER]: Leader election won for term 2
I20260710 13:14:37.791687   897 raft_consensus.cc:697] T d3b3c34a817d4136962a82dd233df53e P 5fc5923603ef4f5587a459487f49530a [term 2 LEADER]: Becoming Leader. State: Replica: 5fc5923603ef4f5587a459487f49530a, State: Running, Role: LEADER
I20260710 13:14:37.792467   897 consensus_queue.cc:237] T d3b3c34a817d4136962a82dd233df53e P 5fc5923603ef4f5587a459487f49530a [LEADER]: Queue going to LEADER mode. State: All replicated index: 0, Majority replicated index: 1, Committed index: 1, Last appended: 1.1, Last appended by leader: 1, Current term: 2, Majority size: 2, State: 0, Mode: LEADER, active raft config: opid_index: -1 OBSOLETE_local: false peers { permanent_uuid: "5fc5923603ef4f5587a459487f49530a" member_type: VOTER last_known_addr { host: "127.0.107.193" port: 38067 } } peers { permanent_uuid: "d6ec8bfe76794b5990be163deda2d46d" member_type: VOTER last_known_addr { host: "127.0.107.194" port: 40219 } } peers { permanent_uuid: "c1d5e93ce4bc46bb904c60388433cecc" member_type: VOTER last_known_addr { host: "127.0.107.195" port: 42111 } }
I20260710 13:14:37.794102   873 raft_consensus.cc:993] T 57f49ae0c5e545d3b282bc38f3c31a13 P d6ec8bfe76794b5990be163deda2d46d: : Instructing follower c1d5e93ce4bc46bb904c60388433cecc to start an election
I20260710 13:14:37.794523   896 raft_consensus.cc:1081] T 57f49ae0c5e545d3b282bc38f3c31a13 P d6ec8bfe76794b5990be163deda2d46d [term 3 LEADER]: Signalling peer c1d5e93ce4bc46bb904c60388433cecc to start an election
I20260710 13:14:37.798025   713 tablet_service.cc:2044] Received Run Leader Election RPC: tablet_id: "57f49ae0c5e545d3b282bc38f3c31a13"
dest_uuid: "c1d5e93ce4bc46bb904c60388433cecc"
 from {username='slave'} at 127.0.0.1:34582
I20260710 13:14:37.798676   713 raft_consensus.cc:493] T 57f49ae0c5e545d3b282bc38f3c31a13 P c1d5e93ce4bc46bb904c60388433cecc [term 3 FOLLOWER]: Starting forced leader election (received explicit request)
I20260710 13:14:37.799063   713 raft_consensus.cc:3060] T 57f49ae0c5e545d3b282bc38f3c31a13 P c1d5e93ce4bc46bb904c60388433cecc [term 3 FOLLOWER]: Advancing to term 4
I20260710 13:14:37.800482   462 catalog_manager.cc:5697] T d3b3c34a817d4136962a82dd233df53e P 5fc5923603ef4f5587a459487f49530a reported cstate change: term changed from 1 to 2, leader changed from d6ec8bfe76794b5990be163deda2d46d (127.0.107.194) to 5fc5923603ef4f5587a459487f49530a (127.0.107.193). New cstate: current_term: 2 leader_uuid: "5fc5923603ef4f5587a459487f49530a" committed_config { opid_index: -1 OBSOLETE_local: false peers { permanent_uuid: "5fc5923603ef4f5587a459487f49530a" member_type: VOTER last_known_addr { host: "127.0.107.193" port: 38067 } health_report { overall_health: HEALTHY } } peers { permanent_uuid: "d6ec8bfe76794b5990be163deda2d46d" member_type: VOTER last_known_addr { host: "127.0.107.194" port: 40219 } health_report { overall_health: UNKNOWN } } peers { permanent_uuid: "c1d5e93ce4bc46bb904c60388433cecc" member_type: VOTER last_known_addr { host: "127.0.107.195" port: 42111 } health_report { overall_health: UNKNOWN } } }
I20260710 13:14:37.804903   713 raft_consensus.cc:515] T 57f49ae0c5e545d3b282bc38f3c31a13 P c1d5e93ce4bc46bb904c60388433cecc [term 4 FOLLOWER]: Starting forced leader election with config: opid_index: -1 OBSOLETE_local: false peers { permanent_uuid: "5fc5923603ef4f5587a459487f49530a" member_type: VOTER last_known_addr { host: "127.0.107.193" port: 38067 } } peers { permanent_uuid: "d6ec8bfe76794b5990be163deda2d46d" member_type: VOTER last_known_addr { host: "127.0.107.194" port: 40219 } } peers { permanent_uuid: "c1d5e93ce4bc46bb904c60388433cecc" member_type: VOTER last_known_addr { host: "127.0.107.195" port: 42111 } }
I20260710 13:14:37.806830   713 leader_election.cc:290] T 57f49ae0c5e545d3b282bc38f3c31a13 P c1d5e93ce4bc46bb904c60388433cecc [CANDIDATE]: Term 4 election: Requested vote from peers 5fc5923603ef4f5587a459487f49530a (127.0.107.193:38067), d6ec8bfe76794b5990be163deda2d46d (127.0.107.194:40219)
I20260710 13:14:37.807628   565 tablet_service.cc:1917] Received RequestConsensusVote() RPC: tablet_id: "57f49ae0c5e545d3b282bc38f3c31a13" candidate_uuid: "c1d5e93ce4bc46bb904c60388433cecc" candidate_term: 4 candidate_status { last_received { term: 3 index: 3 } } ignore_live_leader: true dest_uuid: "5fc5923603ef4f5587a459487f49530a"
I20260710 13:14:37.807855   640 tablet_service.cc:1917] Received RequestConsensusVote() RPC: tablet_id: "57f49ae0c5e545d3b282bc38f3c31a13" candidate_uuid: "c1d5e93ce4bc46bb904c60388433cecc" candidate_term: 4 candidate_status { last_received { term: 3 index: 3 } } ignore_live_leader: true dest_uuid: "d6ec8bfe76794b5990be163deda2d46d"
I20260710 13:14:37.808279   565 raft_consensus.cc:3060] T 57f49ae0c5e545d3b282bc38f3c31a13 P 5fc5923603ef4f5587a459487f49530a [term 3 FOLLOWER]: Advancing to term 4
I20260710 13:14:37.808368   640 raft_consensus.cc:3055] T 57f49ae0c5e545d3b282bc38f3c31a13 P d6ec8bfe76794b5990be163deda2d46d [term 3 LEADER]: Stepping down as leader of term 3
I20260710 13:14:37.808744   640 raft_consensus.cc:740] T 57f49ae0c5e545d3b282bc38f3c31a13 P d6ec8bfe76794b5990be163deda2d46d [term 3 LEADER]: Becoming Follower/Learner. State: Replica: d6ec8bfe76794b5990be163deda2d46d, State: Running, Role: LEADER
I20260710 13:14:37.809438   640 consensus_queue.cc:260] T 57f49ae0c5e545d3b282bc38f3c31a13 P d6ec8bfe76794b5990be163deda2d46d [NON_LEADER]: Queue going to NON_LEADER mode. State: All replicated index: 0, Majority replicated index: 3, Committed index: 3, Last appended: 3.3, Last appended by leader: 3, Current term: 3, Majority size: -1, State: 0, Mode: NON_LEADER, active raft config: opid_index: -1 OBSOLETE_local: false peers { permanent_uuid: "5fc5923603ef4f5587a459487f49530a" member_type: VOTER last_known_addr { host: "127.0.107.193" port: 38067 } } peers { permanent_uuid: "d6ec8bfe76794b5990be163deda2d46d" member_type: VOTER last_known_addr { host: "127.0.107.194" port: 40219 } } peers { permanent_uuid: "c1d5e93ce4bc46bb904c60388433cecc" member_type: VOTER last_known_addr { host: "127.0.107.195" port: 42111 } }
I20260710 13:14:37.810314   640 raft_consensus.cc:3060] T 57f49ae0c5e545d3b282bc38f3c31a13 P d6ec8bfe76794b5990be163deda2d46d [term 3 FOLLOWER]: Advancing to term 4
