I20260710 13:19:11.559015 12519 tablet_service.cc:1917] Received RequestConsensusVote() RPC: tablet_id: "917b22c044ce40808d305bdd8a2180d5" candidate_uuid: "43be39ddbb4f44b0a23796ad4d7d0afd" candidate_term: 1 candidate_status { last_received { term: 0 index: 0 } } ignore_live_leader: false dest_uuid: "f8a756ebdf3b4f579a708bb117cff1b8"
I20260710 13:19:11.550341 12606 consensus_queue.cc:1048] T b675f3e8fb9b45668231489b2d8c116c P f8a756ebdf3b4f579a708bb117cff1b8 [LEADER]: Connected to new peer: Peer: permanent_uuid: "486dff273f6a40c0a5baeebded7fe194" member_type: VOTER last_known_addr { host: "127.10.255.129" port: 43795 }, Status: LMP_MISMATCH, Last received: 0.0, Next index: 1, Last known committed idx: 0, Time since last communication: 0.005s
I20260710 13:19:11.555164 12657 raft_consensus.cc:515] T 4e415412aae94b8ba211be8280ec27e4 P 43be39ddbb4f44b0a23796ad4d7d0afd [term 0 FOLLOWER]: Starting pre-election with config: opid_index: -1 OBSOLETE_local: false peers { permanent_uuid: "486dff273f6a40c0a5baeebded7fe194" member_type: VOTER last_known_addr { host: "127.10.255.129" port: 43795 } } peers { permanent_uuid: "43be39ddbb4f44b0a23796ad4d7d0afd" member_type: VOTER last_known_addr { host: "127.10.255.130" port: 34897 } } peers { permanent_uuid: "f8a756ebdf3b4f579a708bb117cff1b8" member_type: VOTER last_known_addr { host: "127.10.255.131" port: 46019 } }
I20260710 13:19:11.574594 12373 tablet_service.cc:1917] Received RequestConsensusVote() RPC: tablet_id: "917b22c044ce40808d305bdd8a2180d5" candidate_uuid: "43be39ddbb4f44b0a23796ad4d7d0afd" candidate_term: 1 candidate_status { last_received { term: 0 index: 0 } } ignore_live_leader: false dest_uuid: "486dff273f6a40c0a5baeebded7fe194"
I20260710 13:19:11.573570 12563 tablet_bootstrap.cc:654] T 62f48e2c855d468fb95c51abaadedf86 P f8a756ebdf3b4f579a708bb117cff1b8: Neither blocks nor log segments found. Creating new log.
I20260710 13:19:11.571255 12570 raft_consensus.cc:493] T cbcef01a2f5745648f6efb802e632632 P 486dff273f6a40c0a5baeebded7fe194 [term 0 FOLLOWER]: Starting pre-election (no leader contacted us within the election timeout)
I20260710 13:19:11.575382 12570 raft_consensus.cc:515] T cbcef01a2f5745648f6efb802e632632 P 486dff273f6a40c0a5baeebded7fe194 [term 0 FOLLOWER]: Starting pre-election with config: opid_index: -1 OBSOLETE_local: false peers { permanent_uuid: "486dff273f6a40c0a5baeebded7fe194" member_type: VOTER last_known_addr { host: "127.10.255.129" port: 43795 } } peers { permanent_uuid: "43be39ddbb4f44b0a23796ad4d7d0afd" member_type: VOTER last_known_addr { host: "127.10.255.130" port: 34897 } } peers { permanent_uuid: "f8a756ebdf3b4f579a708bb117cff1b8" member_type: VOTER last_known_addr { host: "127.10.255.131" port: 46019 } }
I20260710 13:19:11.576014 12412 leader_election.cc:304] T 5cf17c89a8dd49d29632fde83cf30e73 P 43be39ddbb4f44b0a23796ad4d7d0afd [CANDIDATE]: Term 1 pre-election: Election decided. Result: candidate won. Election summary: received 3 responses out of 3 voters: 2 yes votes; 1 no votes. yes voters: 43be39ddbb4f44b0a23796ad4d7d0afd, f8a756ebdf3b4f579a708bb117cff1b8; no voters: 486dff273f6a40c0a5baeebded7fe194
I20260710 13:19:11.576716 12657 leader_election.cc:290] T 4e415412aae94b8ba211be8280ec27e4 P 43be39ddbb4f44b0a23796ad4d7d0afd [CANDIDATE]: Term 1 pre-election: Requested pre-vote from peers 486dff273f6a40c0a5baeebded7fe194 (127.10.255.129:43795), f8a756ebdf3b4f579a708bb117cff1b8 (127.10.255.131:46019)
I20260710 13:19:11.577425 12657 raft_consensus.cc:2804] T 5cf17c89a8dd49d29632fde83cf30e73 P 43be39ddbb4f44b0a23796ad4d7d0afd [term 0 FOLLOWER]: Leader pre-election won for term 1
I20260710 13:19:11.558322 12445 tablet_service.cc:1917] Received RequestConsensusVote() RPC: tablet_id: "62f48e2c855d468fb95c51abaadedf86" candidate_uuid: "486dff273f6a40c0a5baeebded7fe194" candidate_term: 1 candidate_status { last_received { term: 0 index: 0 } } ignore_live_leader: false dest_uuid: "43be39ddbb4f44b0a23796ad4d7d0afd"
I20260710 13:19:11.577513 12570 leader_election.cc:290] T cbcef01a2f5745648f6efb802e632632 P 486dff273f6a40c0a5baeebded7fe194 [CANDIDATE]: Term 1 pre-election: Requested pre-vote from peers 43be39ddbb4f44b0a23796ad4d7d0afd (127.10.255.130:34897), f8a756ebdf3b4f579a708bb117cff1b8 (127.10.255.131:46019)
I20260710 13:19:11.577963 12657 raft_consensus.cc:493] T 5cf17c89a8dd49d29632fde83cf30e73 P 43be39ddbb4f44b0a23796ad4d7d0afd [term 0 FOLLOWER]: Starting leader election (no leader contacted us within the election timeout)
I20260710 13:19:11.581881 12657 raft_consensus.cc:3060] T 5cf17c89a8dd49d29632fde83cf30e73 P 43be39ddbb4f44b0a23796ad4d7d0afd [term 0 FOLLOWER]: Advancing to term 1
I20260710 13:19:11.582077 12521 tablet_service.cc:1917] Received RequestConsensusVote() RPC: tablet_id: "4e415412aae94b8ba211be8280ec27e4" candidate_uuid: "43be39ddbb4f44b0a23796ad4d7d0afd" candidate_term: 1 candidate_status { last_received { term: 0 index: 0 } } ignore_live_leader: false dest_uuid: "f8a756ebdf3b4f579a708bb117cff1b8" is_pre_election: true
I20260710 13:19:11.582727 12446 tablet_service.cc:1917] Received RequestConsensusVote() RPC: tablet_id: "cbcef01a2f5745648f6efb802e632632" candidate_uuid: "486dff273f6a40c0a5baeebded7fe194" candidate_term: 1 candidate_status { last_received { term: 0 index: 0 } } ignore_live_leader: false dest_uuid: "43be39ddbb4f44b0a23796ad4d7d0afd" is_pre_election: true
I20260710 13:19:11.585978 12445 raft_consensus.cc:2393] T 62f48e2c855d468fb95c51abaadedf86 P 43be39ddbb4f44b0a23796ad4d7d0afd [term 1 FOLLOWER]: Leader election vote request: Denying vote to candidate 486dff273f6a40c0a5baeebded7fe194 in current term 1: Already voted for candidate 43be39ddbb4f44b0a23796ad4d7d0afd in this term.
I20260710 13:19:11.572525 12519 raft_consensus.cc:3060] T 917b22c044ce40808d305bdd8a2180d5 P f8a756ebdf3b4f579a708bb117cff1b8 [term 0 FOLLOWER]: Advancing to term 1
I20260710 13:19:11.560652 12568 leader_election.cc:290] T 917b22c044ce40808d305bdd8a2180d5 P 43be39ddbb4f44b0a23796ad4d7d0afd [CANDIDATE]: Term 1 election: Requested vote from peers 486dff273f6a40c0a5baeebded7fe194 (127.10.255.129:43795), f8a756ebdf3b4f579a708bb117cff1b8 (127.10.255.131:46019)
I20260710 13:19:11.598551 12606 consensus_queue.cc:1048] T b29bea323f6c481c816566c7d42443cf P f8a756ebdf3b4f579a708bb117cff1b8 [LEADER]: Connected to new peer: Peer: permanent_uuid: "43be39ddbb4f44b0a23796ad4d7d0afd" member_type: VOTER last_known_addr { host: "127.10.255.130" port: 34897 }, Status: LMP_MISMATCH, Last received: 0.0, Next index: 1, Last known committed idx: 0, Time since last communication: 0.001s
I20260710 13:19:11.648625 12570 raft_consensus.cc:493] T 414d2450144844e591bce4e2263e8555 P 486dff273f6a40c0a5baeebded7fe194 [term 0 FOLLOWER]: Starting pre-election (no leader contacted us within the election timeout)
I20260710 13:19:11.657953 12659 raft_consensus.cc:493] T b29bea323f6c481c816566c7d42443cf P 486dff273f6a40c0a5baeebded7fe194 [term 1 FOLLOWER]: Starting leader election (detected failure of leader f8a756ebdf3b4f579a708bb117cff1b8)
I20260710 13:19:11.660672 12659 raft_consensus.cc:3060] T b29bea323f6c481c816566c7d42443cf P 486dff273f6a40c0a5baeebded7fe194 [term 1 FOLLOWER]: Advancing to term 2
I20260710 13:19:11.650782 12607 consensus_queue.cc:1048] T 570776efa3244b8082ebcc1f7530056c P f8a756ebdf3b4f579a708bb117cff1b8 [LEADER]: Connected to new peer: Peer: permanent_uuid: "43be39ddbb4f44b0a23796ad4d7d0afd" member_type: VOTER last_known_addr { host: "127.10.255.130" port: 34897 }, Status: LMP_MISMATCH, Last received: 0.0, Next index: 1, Last known committed idx: 0, Time since last communication: 0.009s
I20260710 13:19:11.659686 12570 raft_consensus.cc:515] T 414d2450144844e591bce4e2263e8555 P 486dff273f6a40c0a5baeebded7fe194 [term 0 FOLLOWER]: Starting pre-election with config: opid_index: -1 OBSOLETE_local: false peers { permanent_uuid: "486dff273f6a40c0a5baeebded7fe194" member_type: VOTER last_known_addr { host: "127.10.255.129" port: 43795 } } peers { permanent_uuid: "43be39ddbb4f44b0a23796ad4d7d0afd" member_type: VOTER last_known_addr { host: "127.10.255.130" port: 34897 } } peers { permanent_uuid: "f8a756ebdf3b4f579a708bb117cff1b8" member_type: VOTER last_known_addr { host: "127.10.255.131" port: 46019 } }
I20260710 13:19:11.667236 12612 raft_consensus.cc:2749] T 5c7c660442834acabf875f20ec97b9d2 P f8a756ebdf3b4f579a708bb117cff1b8 [term 1 FOLLOWER]: Leader pre-election lost for term 1. Reason: could not achieve majority
I20260710 13:19:11.667456 12562 tablet_bootstrap.cc:654] T 0ec2edb08fc0450d8864c3145ce88db7 P 43be39ddbb4f44b0a23796ad4d7d0afd: Neither blocks nor log segments found. Creating new log.
I20260710 13:19:11.672531 12564 tablet_bootstrap.cc:654] T 057568b7fb704e9291f2d78c6a5ab6d1 P 486dff273f6a40c0a5baeebded7fe194: Neither blocks nor log segments found. Creating new log.
I20260710 13:19:11.673497 12520 raft_consensus.cc:3060] T da54ab39136c46a8af5382e0bf59f8a6 P f8a756ebdf3b4f579a708bb117cff1b8 [term 0 FOLLOWER]: Advancing to term 1
I20260710 13:19:11.655827 12584 raft_consensus.cc:515] T 48c252d48d1944969d237e411db8b9d4 P f8a756ebdf3b4f579a708bb117cff1b8 [term 1 FOLLOWER]: Starting leader election with config: opid_index: -1 OBSOLETE_local: false peers { permanent_uuid: "486dff273f6a40c0a5baeebded7fe194" member_type: VOTER last_known_addr { host: "127.10.255.129" port: 43795 } } peers { permanent_uuid: "43be39ddbb4f44b0a23796ad4d7d0afd" member_type: VOTER last_known_addr { host: "127.10.255.130" port: 34897 } } peers { permanent_uuid: "f8a756ebdf3b4f579a708bb117cff1b8" member_type: VOTER last_known_addr { host: "127.10.255.131" port: 46019 } }
I20260710 13:19:11.674167 12570 leader_election.cc:290] T 414d2450144844e591bce4e2263e8555 P 486dff273f6a40c0a5baeebded7fe194 [CANDIDATE]: Term 1 pre-election: Requested pre-vote from peers 43be39ddbb4f44b0a23796ad4d7d0afd (127.10.255.130:34897), f8a756ebdf3b4f579a708bb117cff1b8 (127.10.255.131:46019)
I20260710 13:19:11.676823 12584 leader_election.cc:290] T 48c252d48d1944969d237e411db8b9d4 P f8a756ebdf3b4f579a708bb117cff1b8 [CANDIDATE]: Term 1 election: Requested vote from peers 486dff273f6a40c0a5baeebded7fe194 (127.10.255.129:43795), 43be39ddbb4f44b0a23796ad4d7d0afd (127.10.255.130:34897)
I20260710 13:19:11.676914 12657 raft_consensus.cc:515] T 5cf17c89a8dd49d29632fde83cf30e73 P 43be39ddbb4f44b0a23796ad4d7d0afd [term 1 FOLLOWER]: Starting leader election with config: opid_index: -1 OBSOLETE_local: false peers { permanent_uuid: "486dff273f6a40c0a5baeebded7fe194" member_type: VOTER last_known_addr { host: "127.10.255.129" port: 43795 } } peers { permanent_uuid: "43be39ddbb4f44b0a23796ad4d7d0afd" member_type: VOTER last_known_addr { host: "127.10.255.130" port: 34897 } } peers { permanent_uuid: "f8a756ebdf3b4f579a708bb117cff1b8" member_type: VOTER last_known_addr { host: "127.10.255.131" port: 46019 } }
I20260710 13:19:11.670615 12372 tablet_service.cc:1917] Received RequestConsensusVote() RPC: tablet_id: "4e415412aae94b8ba211be8280ec27e4" candidate_uuid: "43be39ddbb4f44b0a23796ad4d7d0afd" candidate_term: 1 candidate_status { last_received { term: 0 index: 0 } } ignore_live_leader: false dest_uuid: "486dff273f6a40c0a5baeebded7fe194" is_pre_election: true
I20260710 13:19:11.690389 12447 tablet_service.cc:1917] Received RequestConsensusVote() RPC: tablet_id: "414d2450144844e591bce4e2263e8555" candidate_uuid: "486dff273f6a40c0a5baeebded7fe194" candidate_term: 1 candidate_status { last_received { term: 0 index: 0 } } ignore_live_leader: false dest_uuid: "43be39ddbb4f44b0a23796ad4d7d0afd" is_pre_election: true
I20260710 13:19:11.694051 12657 leader_election.cc:290] T 5cf17c89a8dd49d29632fde83cf30e73 P 43be39ddbb4f44b0a23796ad4d7d0afd [CANDIDATE]: Term 1 election: Requested vote from peers 486dff273f6a40c0a5baeebded7fe194 (127.10.255.129:43795), f8a756ebdf3b4f579a708bb117cff1b8 (127.10.255.131:46019)
W20260710 13:19:11.695784 12339 leader_election.cc:343] T 414d2450144844e591bce4e2263e8555 P 486dff273f6a40c0a5baeebded7fe194 [CANDIDATE]: Term 1 pre-election: Tablet error from VoteRequest() call to peer 43be39ddbb4f44b0a23796ad4d7d0afd (127.10.255.130:34897): Illegal state: must be running to vote when last-logged opid is not known
I20260710 13:19:11.683996 12614 raft_consensus.cc:515] T 48c252d48d1944969d237e411db8b9d4 P 43be39ddbb4f44b0a23796ad4d7d0afd [term 1 FOLLOWER]: Starting leader election with config: opid_index: -1 OBSOLETE_local: false peers { permanent_uuid: "486dff273f6a40c0a5baeebded7fe194" member_type: VOTER last_known_addr { host: "127.10.255.129" port: 43795 } } peers { permanent_uuid: "43be39ddbb4f44b0a23796ad4d7d0afd" member_type: VOTER last_known_addr { host: "127.10.255.130" port: 34897 } } peers { permanent_uuid: "f8a756ebdf3b4f579a708bb117cff1b8" member_type: VOTER last_known_addr { host: "127.10.255.131" port: 46019 } }
I20260710 13:19:11.699744 12372 raft_consensus.cc:2393] T 4e415412aae94b8ba211be8280ec27e4 P 486dff273f6a40c0a5baeebded7fe194 [term 1 FOLLOWER]: Leader pre-election vote request: Denying vote to candidate 43be39ddbb4f44b0a23796ad4d7d0afd in current term 1: Already voted for candidate f8a756ebdf3b4f579a708bb117cff1b8 in this term.
I20260710 13:19:11.699935 12522 tablet_service.cc:1917] Received RequestConsensusVote() RPC: tablet_id: "5cf17c89a8dd49d29632fde83cf30e73" candidate_uuid: "43be39ddbb4f44b0a23796ad4d7d0afd" candidate_term: 1 candidate_status { last_received { term: 0 index: 0 } } ignore_live_leader: false dest_uuid: "f8a756ebdf3b4f579a708bb117cff1b8"
I20260710 13:19:11.700505 12522 raft_consensus.cc:3060] T 5cf17c89a8dd49d29632fde83cf30e73 P f8a756ebdf3b4f579a708bb117cff1b8 [term 0 FOLLOWER]: Advancing to term 1
I20260710 13:19:11.693693 12655 consensus_queue.cc:1048] T fa2e8173fa154acf938c1b5a8a9e34de P 43be39ddbb4f44b0a23796ad4d7d0afd [LEADER]: Connected to new peer: Peer: permanent_uuid: "f8a756ebdf3b4f579a708bb117cff1b8" member_type: VOTER last_known_addr { host: "127.10.255.131" port: 46019 }, Status: LMP_MISMATCH, Last received: 0.0, Next index: 1, Last known committed idx: 0, Time since last communication: 0.002s
I20260710 13:19:11.699945 12614 leader_election.cc:290] T 48c252d48d1944969d237e411db8b9d4 P 43be39ddbb4f44b0a23796ad4d7d0afd [CANDIDATE]: Term 1 election: Requested vote from peers 486dff273f6a40c0a5baeebded7fe194 (127.10.255.129:43795), f8a756ebdf3b4f579a708bb117cff1b8 (127.10.255.131:46019)
I20260710 13:19:11.701979 12521 tablet_service.cc:1917] Received RequestConsensusVote() RPC: tablet_id: "48c252d48d1944969d237e411db8b9d4" candidate_uuid: "43be39ddbb4f44b0a23796ad4d7d0afd" candidate_term: 1 candidate_status { last_received { term: 0 index: 0 } } ignore_live_leader: false dest_uuid: "f8a756ebdf3b4f579a708bb117cff1b8"
I20260710 13:19:11.707597 12521 raft_consensus.cc:2393] T 48c252d48d1944969d237e411db8b9d4 P f8a756ebdf3b4f579a708bb117cff1b8 [term 1 FOLLOWER]: Leader election vote request: Denying vote to candidate 43be39ddbb4f44b0a23796ad4d7d0afd in current term 1: Already voted for candidate f8a756ebdf3b4f579a708bb117cff1b8 in this term.
I20260710 13:19:11.707486 12372 tablet_service.cc:1917] Received RequestConsensusVote() RPC: tablet_id: "da54ab39136c46a8af5382e0bf59f8a6" candidate_uuid: "f8a756ebdf3b4f579a708bb117cff1b8" candidate_term: 1 candidate_status { last_received { term: 0 index: 0 } } ignore_live_leader: false dest_uuid: "486dff273f6a40c0a5baeebded7fe194" is_pre_election: true
I20260710 13:19:11.707965 12522 raft_consensus.cc:2468] T 5cf17c89a8dd49d29632fde83cf30e73 P f8a756ebdf3b4f579a708bb117cff1b8 [term 1 FOLLOWER]: Leader election vote request: Granting yes vote for candidate 43be39ddbb4f44b0a23796ad4d7d0afd in term 1.
I20260710 13:19:11.711462 12412 leader_election.cc:304] T 5cf17c89a8dd49d29632fde83cf30e73 P 43be39ddbb4f44b0a23796ad4d7d0afd [CANDIDATE]: Term 1 election: Election decided. Result: candidate won. Election summary: received 2 responses out of 3 voters: 2 yes votes; 0 no votes. yes voters: 43be39ddbb4f44b0a23796ad4d7d0afd, f8a756ebdf3b4f579a708bb117cff1b8; no voters: 
I20260710 13:19:11.718861 12655 raft_consensus.cc:2804] T 5cf17c89a8dd49d29632fde83cf30e73 P 43be39ddbb4f44b0a23796ad4d7d0afd [term 1 FOLLOWER]: Leader election won for term 1
I20260710 13:19:11.719551 12655 raft_consensus.cc:697] T 5cf17c89a8dd49d29632fde83cf30e73 P 43be39ddbb4f44b0a23796ad4d7d0afd [term 1 LEADER]: Becoming Leader. State: Replica: 43be39ddbb4f44b0a23796ad4d7d0afd, State: Running, Role: LEADER
I20260710 13:19:11.721117 12659 raft_consensus.cc:515] T b29bea323f6c481c816566c7d42443cf P 486dff273f6a40c0a5baeebded7fe194 [term 2 FOLLOWER]: Starting leader election with config: opid_index: -1 OBSOLETE_local: false peers { permanent_uuid: "486dff273f6a40c0a5baeebded7fe194" member_type: VOTER last_known_addr { host: "127.10.255.129" port: 43795 } } peers { permanent_uuid: "43be39ddbb4f44b0a23796ad4d7d0afd" member_type: VOTER last_known_addr { host: "127.10.255.130" port: 34897 } } peers { permanent_uuid: "f8a756ebdf3b4f579a708bb117cff1b8" member_type: VOTER last_known_addr { host: "127.10.255.131" port: 46019 } }
I20260710 13:19:11.720765 12655 consensus_queue.cc:237] T 5cf17c89a8dd49d29632fde83cf30e73 P 43be39ddbb4f44b0a23796ad4d7d0afd [LEADER]: Queue going to LEADER mode. State: All replicated index: 0, Majority replicated index: 0, Committed index: 0, Last appended: 0.0, Last appended by leader: 0, Current term: 1, Majority size: 2, State: 0, Mode: LEADER, active raft config: opid_index: -1 OBSOLETE_local: false peers { permanent_uuid: "486dff273f6a40c0a5baeebded7fe194" member_type: VOTER last_known_addr { host: "127.10.255.129" port: 43795 } } peers { permanent_uuid: "43be39ddbb4f44b0a23796ad4d7d0afd" member_type: VOTER last_known_addr { host: "127.10.255.130" port: 34897 } } peers { permanent_uuid: "f8a756ebdf3b4f579a708bb117cff1b8" member_type: VOTER last_known_addr { host: "127.10.255.131" port: 46019 } }
I20260710 13:19:11.716765 12414 leader_election.cc:304] T 62f48e2c855d468fb95c51abaadedf86 P 43be39ddbb4f44b0a23796ad4d7d0afd [CANDIDATE]: Term 1 election: Election decided. Result: candidate lost. Election summary: received 3 responses out of 3 voters: 1 yes votes; 2 no votes. yes voters: 43be39ddbb4f44b0a23796ad4d7d0afd; no voters: 486dff273f6a40c0a5baeebded7fe194, f8a756ebdf3b4f579a708bb117cff1b8
I20260710 13:19:11.716907 12519 raft_consensus.cc:2468] T 917b22c044ce40808d305bdd8a2180d5 P f8a756ebdf3b4f579a708bb117cff1b8 [term 1 FOLLOWER]: Leader election vote request: Granting yes vote for candidate 43be39ddbb4f44b0a23796ad4d7d0afd in term 1.
I20260710 13:19:11.727116 12567 raft_consensus.cc:2749] T 62f48e2c855d468fb95c51abaadedf86 P 43be39ddbb4f44b0a23796ad4d7d0afd [term 1 FOLLOWER]: Leader election lost for term 1. Reason: could not achieve majority
I20260710 13:19:11.730553 12412 leader_election.cc:304] T 917b22c044ce40808d305bdd8a2180d5 P 43be39ddbb4f44b0a23796ad4d7d0afd [CANDIDATE]: Term 1 election: Election decided. Result: candidate won. Election summary: received 2 responses out of 3 voters: 2 yes votes; 0 no votes. yes voters: 43be39ddbb4f44b0a23796ad4d7d0afd, f8a756ebdf3b4f579a708bb117cff1b8; no voters: 
I20260710 13:19:11.731609 12655 raft_consensus.cc:2804] T 917b22c044ce40808d305bdd8a2180d5 P 43be39ddbb4f44b0a23796ad4d7d0afd [term 1 FOLLOWER]: Leader election won for term 1
I20260710 13:19:11.731802 12563 tablet_bootstrap.cc:492] T 62f48e2c855d468fb95c51abaadedf86 P f8a756ebdf3b4f579a708bb117cff1b8: No bootstrap required, opened a new log
I20260710 13:19:11.732303 12563 ts_tablet_manager.cc:1403] T 62f48e2c855d468fb95c51abaadedf86 P f8a756ebdf3b4f579a708bb117cff1b8: Time spent bootstrapping tablet: real 0.259s	user 0.018s	sys 0.018s
I20260710 13:19:11.732411 12655 raft_consensus.cc:697] T 917b22c044ce40808d305bdd8a2180d5 P 43be39ddbb4f44b0a23796ad4d7d0afd [term 1 LEADER]: Becoming Leader. State: Replica: 43be39ddbb4f44b0a23796ad4d7d0afd, State: Running, Role: LEADER
I20260710 13:19:11.732699 12562 tablet_bootstrap.cc:492] T 0ec2edb08fc0450d8864c3145ce88db7 P 43be39ddbb4f44b0a23796ad4d7d0afd: No bootstrap required, opened a new log
I20260710 13:19:11.733166 12562 ts_tablet_manager.cc:1403] T 0ec2edb08fc0450d8864c3145ce88db7 P 43be39ddbb4f44b0a23796ad4d7d0afd: Time spent bootstrapping tablet: real 0.181s	user 0.041s	sys 0.015s
I20260710 13:19:11.734954 12655 consensus_queue.cc:237] T 917b22c044ce40808d305bdd8a2180d5 P 43be39ddbb4f44b0a23796ad4d7d0afd [LEADER]: Queue going to LEADER mode. State: All replicated index: 0, Majority replicated index: 0, Committed index: 0, Last appended: 0.0, Last appended by leader: 0, Current term: 1, Majority size: 2, State: 0, Mode: LEADER, active raft config: opid_index: -1 OBSOLETE_local: false peers { permanent_uuid: "486dff273f6a40c0a5baeebded7fe194" member_type: VOTER last_known_addr { host: "127.10.255.129" port: 43795 } } peers { permanent_uuid: "43be39ddbb4f44b0a23796ad4d7d0afd" member_type: VOTER last_known_addr { host: "127.10.255.130" port: 34897 } } peers { permanent_uuid: "f8a756ebdf3b4f579a708bb117cff1b8" member_type: VOTER last_known_addr { host: "127.10.255.131" port: 46019 } }
I20260710 13:19:11.735662 12563 raft_consensus.cc:359] T 62f48e2c855d468fb95c51abaadedf86 P f8a756ebdf3b4f579a708bb117cff1b8 [term 0 FOLLOWER]: Replica starting. Triggering 0 pending ops. Active config: opid_index: -1 OBSOLETE_local: false peers { permanent_uuid: "486dff273f6a40c0a5baeebded7fe194" member_type: VOTER last_known_addr { host: "127.10.255.129" port: 43795 } } peers { permanent_uuid: "43be39ddbb4f44b0a23796ad4d7d0afd" member_type: VOTER last_known_addr { host: "127.10.255.130" port: 34897 } } peers { permanent_uuid: "f8a756ebdf3b4f579a708bb117cff1b8" member_type: VOTER last_known_addr { host: "127.10.255.131" port: 46019 } }
I20260710 13:19:11.736351 12563 raft_consensus.cc:385] T 62f48e2c855d468fb95c51abaadedf86 P f8a756ebdf3b4f579a708bb117cff1b8 [term 0 FOLLOWER]: Consensus starting up: Expiring failure detector timer to make a prompt election more likely
I20260710 13:19:11.736727 12563 raft_consensus.cc:740] T 62f48e2c855d468fb95c51abaadedf86 P f8a756ebdf3b4f579a708bb117cff1b8 [term 0 FOLLOWER]: Becoming Follower/Learner. State: Replica: f8a756ebdf3b4f579a708bb117cff1b8, State: Initialized, Role: FOLLOWER
I20260710 13:19:11.736377 12562 raft_consensus.cc:359] T 0ec2edb08fc0450d8864c3145ce88db7 P 43be39ddbb4f44b0a23796ad4d7d0afd [term 0 FOLLOWER]: Replica starting. Triggering 0 pending ops. Active config: opid_index: -1 OBSOLETE_local: false peers { permanent_uuid: "486dff273f6a40c0a5baeebded7fe194" member_type: VOTER last_known_addr { host: "127.10.255.129" port: 43795 } } peers { permanent_uuid: "43be39ddbb4f44b0a23796ad4d7d0afd" member_type: VOTER last_known_addr { host: "127.10.255.130" port: 34897 } } peers { permanent_uuid: "f8a756ebdf3b4f579a708bb117cff1b8" member_type: VOTER last_known_addr { host: "127.10.255.131" port: 46019 } }
W20260710 13:19:11.733148 12414 leader_election.cc:343] T 917b22c044ce40808d305bdd8a2180d5 P 43be39ddbb4f44b0a23796ad4d7d0afd [CANDIDATE]: Term 1 election: Tablet error from VoteRequest() call to peer 486dff273f6a40c0a5baeebded7fe194 (127.10.255.129:43795): Illegal state: must be running to vote when last-logged opid is not known
I20260710 13:19:11.737172 12562 raft_consensus.cc:385] T 0ec2edb08fc0450d8864c3145ce88db7 P 43be39ddbb4f44b0a23796ad4d7d0afd [term 0 FOLLOWER]: Consensus starting up: Expiring failure detector timer to make a prompt election more likely
I20260710 13:19:11.737588 12562 raft_consensus.cc:740] T 0ec2edb08fc0450d8864c3145ce88db7 P 43be39ddbb4f44b0a23796ad4d7d0afd [term 0 FOLLOWER]: Becoming Follower/Learner. State: Replica: 43be39ddbb4f44b0a23796ad4d7d0afd, State: Initialized, Role: FOLLOWER
I20260710 13:19:11.737372 12563 consensus_queue.cc:260] T 62f48e2c855d468fb95c51abaadedf86 P f8a756ebdf3b4f579a708bb117cff1b8 [NON_LEADER]: Queue going to NON_LEADER mode. State: All replicated index: 0, Majority replicated index: 0, Committed index: 0, Last appended: 0.0, Last appended by leader: 0, Current term: 0, Majority size: -1, State: 0, Mode: NON_LEADER, active raft config: opid_index: -1 OBSOLETE_local: false peers { permanent_uuid: "486dff273f6a40c0a5baeebded7fe194" member_type: VOTER last_known_addr { host: "127.10.255.129" port: 43795 } } peers { permanent_uuid: "43be39ddbb4f44b0a23796ad4d7d0afd" member_type: VOTER last_known_addr { host: "127.10.255.130" port: 34897 } } peers { permanent_uuid: "f8a756ebdf3b4f579a708bb117cff1b8" member_type: VOTER last_known_addr { host: "127.10.255.131" port: 46019 } }
I20260710 13:19:11.738528 12562 consensus_queue.cc:260] T 0ec2edb08fc0450d8864c3145ce88db7 P 43be39ddbb4f44b0a23796ad4d7d0afd [NON_LEADER]: Queue going to NON_LEADER mode. State: All replicated index: 0, Majority replicated index: 0, Committed index: 0, Last appended: 0.0, Last appended by leader: 0, Current term: 0, Majority size: -1, State: 0, Mode: NON_LEADER, active raft config: opid_index: -1 OBSOLETE_local: false peers { permanent_uuid: "486dff273f6a40c0a5baeebded7fe194" member_type: VOTER last_known_addr { host: "127.10.255.129" port: 43795 } } peers { permanent_uuid: "43be39ddbb4f44b0a23796ad4d7d0afd" member_type: VOTER last_known_addr { host: "127.10.255.130" port: 34897 } } peers { permanent_uuid: "f8a756ebdf3b4f579a708bb117cff1b8" member_type: VOTER last_known_addr { host: "127.10.255.131" port: 46019 } }
I20260710 13:19:11.739555 12563 ts_tablet_manager.cc:1434] T 62f48e2c855d468fb95c51abaadedf86 P f8a756ebdf3b4f579a708bb117cff1b8: Time spent starting tablet: real 0.007s	user 0.007s	sys 0.000s
I20260710 13:19:11.740053 12414 leader_election.cc:304] T 4e415412aae94b8ba211be8280ec27e4 P 43be39ddbb4f44b0a23796ad4d7d0afd [CANDIDATE]: Term 1 pre-election: Election decided. Result: candidate lost. Election summary: received 3 responses out of 3 voters: 1 yes votes; 2 no votes. yes voters: 43be39ddbb4f44b0a23796ad4d7d0afd; no voters: 486dff273f6a40c0a5baeebded7fe194, f8a756ebdf3b4f579a708bb117cff1b8
I20260710 13:19:11.740437 12563 tablet_bootstrap.cc:492] T 43577001fa63460d8e35daa482699b05 P f8a756ebdf3b4f579a708bb117cff1b8: Bootstrap starting.
I20260710 13:19:11.740927 12614 raft_consensus.cc:3060] T 4e415412aae94b8ba211be8280ec27e4 P 43be39ddbb4f44b0a23796ad4d7d0afd [term 0 FOLLOWER]: Advancing to term 1
I20260710 13:19:11.741205 12562 ts_tablet_manager.cc:1434] T 0ec2edb08fc0450d8864c3145ce88db7 P 43be39ddbb4f44b0a23796ad4d7d0afd: Time spent starting tablet: real 0.008s	user 0.005s	sys 0.000s
I20260710 13:19:11.742100 12562 tablet_bootstrap.cc:492] T 199eac8606b541458d3accf7ea9cd81c P 43be39ddbb4f44b0a23796ad4d7d0afd: Bootstrap starting.
I20260710 13:19:11.742532 12372 raft_consensus.cc:3060] T cbcef01a2f5745648f6efb802e632632 P 486dff273f6a40c0a5baeebded7fe194 [term 0 FOLLOWER]: Advancing to term 1
I20260710 13:19:11.748389 12522 tablet_service.cc:1917] Received RequestConsensusVote() RPC: tablet_id: "62f48e2c855d468fb95c51abaadedf86" candidate_uuid: "486dff273f6a40c0a5baeebded7fe194" candidate_term: 1 candidate_status { last_received { term: 0 index: 0 } } ignore_live_leader: false dest_uuid: "f8a756ebdf3b4f579a708bb117cff1b8"
I20260710 13:19:11.749352 12522 raft_consensus.cc:3060] T 62f48e2c855d468fb95c51abaadedf86 P f8a756ebdf3b4f579a708bb117cff1b8 [term 0 FOLLOWER]: Advancing to term 1
I20260710 13:19:11.764197 12521 tablet_service.cc:1917] Received RequestConsensusVote() RPC: tablet_id: "cbcef01a2f5745648f6efb802e632632" candidate_uuid: "486dff273f6a40c0a5baeebded7fe194" candidate_term: 1 candidate_status { last_received { term: 0 index: 0 } } ignore_live_leader: false dest_uuid: "f8a756ebdf3b4f579a708bb117cff1b8" is_pre_election: true
I20260710 13:19:11.786593 12373 tablet_service.cc:1917] Received RequestConsensusVote() RPC: tablet_id: "48c252d48d1944969d237e411db8b9d4" candidate_uuid: "43be39ddbb4f44b0a23796ad4d7d0afd" candidate_term: 1 candidate_status { last_received { term: 0 index: 0 } } ignore_live_leader: false dest_uuid: "486dff273f6a40c0a5baeebded7fe194"
I20260710 13:19:11.802043 12521 tablet_service.cc:1917] Received RequestConsensusVote() RPC: tablet_id: "414d2450144844e591bce4e2263e8555" candidate_uuid: "486dff273f6a40c0a5baeebded7fe194" candidate_term: 1 candidate_status { last_received { term: 0 index: 0 } } ignore_live_leader: false dest_uuid: "f8a756ebdf3b4f579a708bb117cff1b8" is_pre_election: true
I20260710 13:19:11.797772 12370 tablet_service.cc:1917] Received RequestConsensusVote() RPC: tablet_id: "5cf17c89a8dd49d29632fde83cf30e73" candidate_uuid: "43be39ddbb4f44b0a23796ad4d7d0afd" candidate_term: 1 candidate_status { last_received { term: 0 index: 0 } } ignore_live_leader: false dest_uuid: "486dff273f6a40c0a5baeebded7fe194"
I20260710 13:19:11.804430 12655 consensus_queue.cc:1048] T fa2e8173fa154acf938c1b5a8a9e34de P 43be39ddbb4f44b0a23796ad4d7d0afd [LEADER]: Connected to new peer: Peer: permanent_uuid: "486dff273f6a40c0a5baeebded7fe194" member_type: VOTER last_known_addr { host: "127.10.255.129" port: 43795 }, Status: LMP_MISMATCH, Last received: 0.0, Next index: 1, Last known committed idx: 0, Time since last communication: 0.002s
I20260710 13:19:11.817447 12447 tablet_service.cc:1917] Received RequestConsensusVote() RPC: tablet_id: "b29bea323f6c481c816566c7d42443cf" candidate_uuid: "486dff273f6a40c0a5baeebded7fe194" candidate_term: 2 candidate_status { last_received { term: 1 index: 1 } } ignore_live_leader: false dest_uuid: "43be39ddbb4f44b0a23796ad4d7d0afd"
I20260710 13:19:11.806818 12373 raft_consensus.cc:3060] T 48c252d48d1944969d237e411db8b9d4 P 486dff273f6a40c0a5baeebded7fe194 [term 0 FOLLOWER]: Advancing to term 1
I20260710 13:19:11.818243 12522 raft_consensus.cc:2468] T 62f48e2c855d468fb95c51abaadedf86 P f8a756ebdf3b4f579a708bb117cff1b8 [term 1 FOLLOWER]: Leader election vote request: Granting yes vote for candidate 486dff273f6a40c0a5baeebded7fe194 in term 1.
I20260710 13:19:11.822834 12444 tablet_service.cc:1917] Received RequestConsensusVote() RPC: tablet_id: "48c252d48d1944969d237e411db8b9d4" candidate_uuid: "f8a756ebdf3b4f579a708bb117cff1b8" candidate_term: 1 candidate_status { last_received { term: 0 index: 0 } } ignore_live_leader: false dest_uuid: "43be39ddbb4f44b0a23796ad4d7d0afd"
I20260710 13:19:11.823228 12369 tablet_service.cc:1917] Received RequestConsensusVote() RPC: tablet_id: "48c252d48d1944969d237e411db8b9d4" candidate_uuid: "f8a756ebdf3b4f579a708bb117cff1b8" candidate_term: 1 candidate_status { last_received { term: 0 index: 0 } } ignore_live_leader: false dest_uuid: "486dff273f6a40c0a5baeebded7fe194"
I20260710 13:19:11.811564 12445 tablet_service.cc:1917] Received RequestConsensusVote() RPC: tablet_id: "da54ab39136c46a8af5382e0bf59f8a6" candidate_uuid: "f8a756ebdf3b4f579a708bb117cff1b8" candidate_term: 1 candidate_status { last_received { term: 0 index: 0 } } ignore_live_leader: false dest_uuid: "43be39ddbb4f44b0a23796ad4d7d0afd" is_pre_election: true
I20260710 13:19:11.838600 12564 tablet_bootstrap.cc:492] T 057568b7fb704e9291f2d78c6a5ab6d1 P 486dff273f6a40c0a5baeebded7fe194: No bootstrap required, opened a new log
I20260710 13:19:11.839316 12564 ts_tablet_manager.cc:1403] T 057568b7fb704e9291f2d78c6a5ab6d1 P 486dff273f6a40c0a5baeebded7fe194: Time spent bootstrapping tablet: real 0.370s	user 0.013s	sys 0.012s
W20260710 13:19:11.843988 12414 leader_election.cc:343] T 5cf17c89a8dd49d29632fde83cf30e73 P 43be39ddbb4f44b0a23796ad4d7d0afd [CANDIDATE]: Term 1 election: Tablet error from VoteRequest() call to peer 486dff273f6a40c0a5baeebded7fe194 (127.10.255.129:43795): Illegal state: must be running to vote when last-logged opid is not known
I20260710 13:19:11.858244 12444 raft_consensus.cc:2393] T 48c252d48d1944969d237e411db8b9d4 P 43be39ddbb4f44b0a23796ad4d7d0afd [term 1 FOLLOWER]: Leader election vote request: Denying vote to candidate f8a756ebdf3b4f579a708bb117cff1b8 in current term 1: Already voted for candidate 43be39ddbb4f44b0a23796ad4d7d0afd in this term.
I20260710 13:19:11.873653 12659 leader_election.cc:290] T b29bea323f6c481c816566c7d42443cf P 486dff273f6a40c0a5baeebded7fe194 [CANDIDATE]: Term 2 election: Requested vote from peers 43be39ddbb4f44b0a23796ad4d7d0afd (127.10.255.130:34897), f8a756ebdf3b4f579a708bb117cff1b8 (127.10.255.131:46019)
I20260710 13:19:11.896045 12614 raft_consensus.cc:2749] T 4e415412aae94b8ba211be8280ec27e4 P 43be39ddbb4f44b0a23796ad4d7d0afd [term 1 FOLLOWER]: Leader pre-election lost for term 1. Reason: could not achieve majority
I20260710 13:19:11.900813 12564 raft_consensus.cc:359] T 057568b7fb704e9291f2d78c6a5ab6d1 P 486dff273f6a40c0a5baeebded7fe194 [term 0 FOLLOWER]: Replica starting. Triggering 0 pending ops. Active config: opid_index: -1 OBSOLETE_local: false peers { permanent_uuid: "486dff273f6a40c0a5baeebded7fe194" member_type: VOTER last_known_addr { host: "127.10.255.129" port: 43795 } } peers { permanent_uuid: "43be39ddbb4f44b0a23796ad4d7d0afd" member_type: VOTER last_known_addr { host: "127.10.255.130" port: 34897 } } peers { permanent_uuid: "f8a756ebdf3b4f579a708bb117cff1b8" member_type: VOTER last_known_addr { host: "127.10.255.131" port: 46019 } }
I20260710 13:19:11.901402 12564 raft_consensus.cc:385] T 057568b7fb704e9291f2d78c6a5ab6d1 P 486dff273f6a40c0a5baeebded7fe194 [term 0 FOLLOWER]: Consensus starting up: Expiring failure detector timer to make a prompt election more likely
I20260710 13:19:11.901629 12564 raft_consensus.cc:740] T 057568b7fb704e9291f2d78c6a5ab6d1 P 486dff273f6a40c0a5baeebded7fe194 [term 0 FOLLOWER]: Becoming Follower/Learner. State: Replica: 486dff273f6a40c0a5baeebded7fe194, State: Initialized, Role: FOLLOWER
I20260710 13:19:11.902200 12564 consensus_queue.cc:260] T 057568b7fb704e9291f2d78c6a5ab6d1 P 486dff273f6a40c0a5baeebded7fe194 [NON_LEADER]: Queue going to NON_LEADER mode. State: All replicated index: 0, Majority replicated index: 0, Committed index: 0, Last appended: 0.0, Last appended by leader: 0, Current term: 0, Majority size: -1, State: 0, Mode: NON_LEADER, active raft config: opid_index: -1 OBSOLETE_local: false peers { permanent_uuid: "486dff273f6a40c0a5baeebded7fe194" member_type: VOTER last_known_addr { host: "127.10.255.129" port: 43795 } } peers { permanent_uuid: "43be39ddbb4f44b0a23796ad4d7d0afd" member_type: VOTER last_known_addr { host: "127.10.255.130" port: 34897 } } peers { permanent_uuid: "f8a756ebdf3b4f579a708bb117cff1b8" member_type: VOTER last_known_addr { host: "127.10.255.131" port: 46019 } }
I20260710 13:19:11.903189 12563 tablet_bootstrap.cc:654] T 43577001fa63460d8e35daa482699b05 P f8a756ebdf3b4f579a708bb117cff1b8: Neither blocks nor log segments found. Creating new log.
I20260710 13:19:11.911033 12337 leader_election.cc:304] T cbcef01a2f5745648f6efb802e632632 P 486dff273f6a40c0a5baeebded7fe194 [CANDIDATE]: Term 1 pre-election: Election decided. Result: candidate lost. Election summary: received 3 responses out of 3 voters: 1 yes votes; 2 no votes. yes voters: 486dff273f6a40c0a5baeebded7fe194; no voters: 43be39ddbb4f44b0a23796ad4d7d0afd, f8a756ebdf3b4f579a708bb117cff1b8
W20260710 13:19:11.912427 12337 leader_election.cc:343] T 414d2450144844e591bce4e2263e8555 P 486dff273f6a40c0a5baeebded7fe194 [CANDIDATE]: Term 1 pre-election: Tablet error from VoteRequest() call to peer f8a756ebdf3b4f579a708bb117cff1b8 (127.10.255.131:46019): Illegal state: must be running to vote when last-logged opid is not known
I20260710 13:19:11.912873 12337 leader_election.cc:304] T 414d2450144844e591bce4e2263e8555 P 486dff273f6a40c0a5baeebded7fe194 [CANDIDATE]: Term 1 pre-election: Election decided. Result: candidate lost. Election summary: received 3 responses out of 3 voters: 1 yes votes; 2 no votes. yes voters: 486dff273f6a40c0a5baeebded7fe194; no voters: 43be39ddbb4f44b0a23796ad4d7d0afd, f8a756ebdf3b4f579a708bb117cff1b8
I20260710 13:19:11.915542 12564 ts_tablet_manager.cc:1434] T 057568b7fb704e9291f2d78c6a5ab6d1 P 486dff273f6a40c0a5baeebded7fe194: Time spent starting tablet: real 0.076s	user 0.007s	sys 0.000s
I20260710 13:19:11.916322 12564 tablet_bootstrap.cc:492] T 0ec2edb08fc0450d8864c3145ce88db7 P 486dff273f6a40c0a5baeebded7fe194: Bootstrap starting.
I20260710 13:19:11.908557 12659 raft_consensus.cc:493] T 43577001fa63460d8e35daa482699b05 P 486dff273f6a40c0a5baeebded7fe194 [term 0 FOLLOWER]: Starting pre-election (no leader contacted us within the election timeout)
I20260710 13:19:11.916929 12570 raft_consensus.cc:2749] T 414d2450144844e591bce4e2263e8555 P 486dff273f6a40c0a5baeebded7fe194 [term 0 FOLLOWER]: Leader pre-election lost for term 1. Reason: could not achieve majority
I20260710 13:19:11.920469 12659 raft_consensus.cc:515] T 43577001fa63460d8e35daa482699b05 P 486dff273f6a40c0a5baeebded7fe194 [term 0 FOLLOWER]: Starting pre-election with config: opid_index: -1 OBSOLETE_local: false peers { permanent_uuid: "486dff273f6a40c0a5baeebded7fe194" member_type: VOTER last_known_addr { host: "127.10.255.129" port: 43795 } } peers { permanent_uuid: "43be39ddbb4f44b0a23796ad4d7d0afd" member_type: VOTER last_known_addr { host: "127.10.255.130" port: 34897 } } peers { permanent_uuid: "f8a756ebdf3b4f579a708bb117cff1b8" member_type: VOTER last_known_addr { host: "127.10.255.131" port: 46019 } }
I20260710 13:19:11.939486 12445 tablet_service.cc:1917] Received RequestConsensusVote() RPC: tablet_id: "43577001fa63460d8e35daa482699b05" candidate_uuid: "486dff273f6a40c0a5baeebded7fe194" candidate_term: 1 candidate_status { last_received { term: 0 index: 0 } } ignore_live_leader: false dest_uuid: "43be39ddbb4f44b0a23796ad4d7d0afd" is_pre_election: true
I20260710 13:19:11.945003 12659 leader_election.cc:290] T 43577001fa63460d8e35daa482699b05 P 486dff273f6a40c0a5baeebded7fe194 [CANDIDATE]: Term 1 pre-election: Requested pre-vote from peers 43be39ddbb4f44b0a23796ad4d7d0afd (127.10.255.130:34897), f8a756ebdf3b4f579a708bb117cff1b8 (127.10.255.131:46019)
I20260710 13:19:11.950377 12562 tablet_bootstrap.cc:654] T 199eac8606b541458d3accf7ea9cd81c P 43be39ddbb4f44b0a23796ad4d7d0afd: Neither blocks nor log segments found. Creating new log.
I20260710 13:19:11.950984 12445 raft_consensus.cc:2468] T 43577001fa63460d8e35daa482699b05 P 43be39ddbb4f44b0a23796ad4d7d0afd [term 0 FOLLOWER]: Leader pre-election vote request: Granting yes vote for candidate 486dff273f6a40c0a5baeebded7fe194 in term 0.
W20260710 13:19:11.961834 12319 auto_rebalancer.cc:288] Could not retrieve cluster info: Service unavailable: Tablet not running
I20260710 13:19:11.968748 12667 consensus_queue.cc:1048] T b675f3e8fb9b45668231489b2d8c116c P f8a756ebdf3b4f579a708bb117cff1b8 [LEADER]: Connected to new peer: Peer: permanent_uuid: "43be39ddbb4f44b0a23796ad4d7d0afd" member_type: VOTER last_known_addr { host: "127.10.255.130" port: 34897 }, Status: LMP_MISMATCH, Last received: 0.0, Next index: 1, Last known committed idx: 0, Time since last communication: 0.001s
I20260710 13:19:11.985635 12339 leader_election.cc:304] T 43577001fa63460d8e35daa482699b05 P 486dff273f6a40c0a5baeebded7fe194 [CANDIDATE]: Term 1 pre-election: Election decided. Result: candidate won. Election summary: received 2 responses out of 3 voters: 2 yes votes; 0 no votes. yes voters: 43be39ddbb4f44b0a23796ad4d7d0afd, 486dff273f6a40c0a5baeebded7fe194; no voters: 
I20260710 13:19:11.986727 12659 raft_consensus.cc:2804] T 43577001fa63460d8e35daa482699b05 P 486dff273f6a40c0a5baeebded7fe194 [term 0 FOLLOWER]: Leader pre-election won for term 1
I20260710 13:19:11.987222 12659 raft_consensus.cc:493] T 43577001fa63460d8e35daa482699b05 P 486dff273f6a40c0a5baeebded7fe194 [term 0 FOLLOWER]: Starting leader election (no leader contacted us within the election timeout)
I20260710 13:19:11.987660 12659 raft_consensus.cc:3060] T 43577001fa63460d8e35daa482699b05 P 486dff273f6a40c0a5baeebded7fe194 [term 0 FOLLOWER]: Advancing to term 1
W20260710 13:19:11.970472 12670 log.cc:927] Time spent T 5cf17c89a8dd49d29632fde83cf30e73 P 43be39ddbb4f44b0a23796ad4d7d0afd: Append to log took a long time: real 0.171s	user 0.001s	sys 0.000s
I20260710 13:19:11.976387 12606 consensus_queue.cc:1048] T 4e415412aae94b8ba211be8280ec27e4 P f8a756ebdf3b4f579a708bb117cff1b8 [LEADER]: Connected to new peer: Peer: permanent_uuid: "43be39ddbb4f44b0a23796ad4d7d0afd" member_type: VOTER last_known_addr { host: "127.10.255.130" port: 34897 }, Status: LMP_MISMATCH, Last received: 0.0, Next index: 1, Last known committed idx: 0, Time since last communication: 0.000s
I20260710 13:19:11.996901 12660 raft_consensus.cc:2749] T cbcef01a2f5745648f6efb802e632632 P 486dff273f6a40c0a5baeebded7fe194 [term 1 FOLLOWER]: Leader pre-election lost for term 1. Reason: could not achieve majority
I20260710 13:19:11.977293 12488 leader_election.cc:304] T da54ab39136c46a8af5382e0bf59f8a6 P f8a756ebdf3b4f579a708bb117cff1b8 [CANDIDATE]: Term 1 pre-election: Election decided. Result: candidate lost. Election summary: received 3 responses out of 3 voters: 1 yes votes; 2 no votes. yes voters: f8a756ebdf3b4f579a708bb117cff1b8; no voters: 43be39ddbb4f44b0a23796ad4d7d0afd, 486dff273f6a40c0a5baeebded7fe194
I20260710 13:19:11.997968 12606 raft_consensus.cc:2749] T da54ab39136c46a8af5382e0bf59f8a6 P f8a756ebdf3b4f579a708bb117cff1b8 [term 1 FOLLOWER]: Leader pre-election lost for term 1. Reason: could not achieve majority
I20260710 13:19:11.979430 12564 tablet_bootstrap.cc:654] T 0ec2edb08fc0450d8864c3145ce88db7 P 486dff273f6a40c0a5baeebded7fe194: Neither blocks nor log segments found. Creating new log.
I20260710 13:19:12.001379 12563 tablet_bootstrap.cc:492] T 43577001fa63460d8e35daa482699b05 P f8a756ebdf3b4f579a708bb117cff1b8: No bootstrap required, opened a new log
I20260710 13:19:12.001809 12563 ts_tablet_manager.cc:1403] T 43577001fa63460d8e35daa482699b05 P f8a756ebdf3b4f579a708bb117cff1b8: Time spent bootstrapping tablet: real 0.262s	user 0.017s	sys 0.035s
I20260710 13:19:12.003260 12268 catalog_manager.cc:5697] T 5cf17c89a8dd49d29632fde83cf30e73 P 43be39ddbb4f44b0a23796ad4d7d0afd reported cstate change: term changed from 0 to 1, leader changed from <none> to 43be39ddbb4f44b0a23796ad4d7d0afd (127.10.255.130). New cstate: current_term: 1 leader_uuid: "43be39ddbb4f44b0a23796ad4d7d0afd" committed_config { opid_index: -1 OBSOLETE_local: false peers { permanent_uuid: "486dff273f6a40c0a5baeebded7fe194" member_type: VOTER last_known_addr { host: "127.10.255.129" port: 43795 } health_report { overall_health: UNKNOWN } } peers { permanent_uuid: "43be39ddbb4f44b0a23796ad4d7d0afd" member_type: VOTER last_known_addr { host: "127.10.255.130" port: 34897 } health_report { overall_health: HEALTHY } } peers { permanent_uuid: "f8a756ebdf3b4f579a708bb117cff1b8" member_type: VOTER last_known_addr { host: "127.10.255.131" port: 46019 } health_report { overall_health: UNKNOWN } } }
I20260710 13:19:12.004004 12563 raft_consensus.cc:359] T 43577001fa63460d8e35daa482699b05 P f8a756ebdf3b4f579a708bb117cff1b8 [term 0 FOLLOWER]: Replica starting. Triggering 0 pending ops. Active config: opid_index: -1 OBSOLETE_local: false peers { permanent_uuid: "486dff273f6a40c0a5baeebded7fe194" member_type: VOTER last_known_addr { host: "127.10.255.129" port: 43795 } } peers { permanent_uuid: "43be39ddbb4f44b0a23796ad4d7d0afd" member_type: VOTER last_known_addr { host: "127.10.255.130" port: 34897 } } peers { permanent_uuid: "f8a756ebdf3b4f579a708bb117cff1b8" member_type: VOTER last_known_addr { host: "127.10.255.131" port: 46019 } }
I20260710 13:19:12.005030 12563 raft_consensus.cc:385] T 43577001fa63460d8e35daa482699b05 P f8a756ebdf3b4f579a708bb117cff1b8 [term 0 FOLLOWER]: Consensus starting up: Expiring failure detector timer to make a prompt election more likely
I20260710 13:19:12.005317 12563 raft_consensus.cc:740] T 43577001fa63460d8e35daa482699b05 P f8a756ebdf3b4f579a708bb117cff1b8 [term 0 FOLLOWER]: Becoming Follower/Learner. State: Replica: f8a756ebdf3b4f579a708bb117cff1b8, State: Initialized, Role: FOLLOWER
I20260710 13:19:12.006982 12268 catalog_manager.cc:5697] T 917b22c044ce40808d305bdd8a2180d5 P 43be39ddbb4f44b0a23796ad4d7d0afd reported cstate change: term changed from 0 to 1, leader changed from <none> to 43be39ddbb4f44b0a23796ad4d7d0afd (127.10.255.130). New cstate: current_term: 1 leader_uuid: "43be39ddbb4f44b0a23796ad4d7d0afd" committed_config { opid_index: -1 OBSOLETE_local: false peers { permanent_uuid: "486dff273f6a40c0a5baeebded7fe194" member_type: VOTER last_known_addr { host: "127.10.255.129" port: 43795 } health_report { overall_health: UNKNOWN } } peers { permanent_uuid: "43be39ddbb4f44b0a23796ad4d7d0afd" member_type: VOTER last_known_addr { host: "127.10.255.130" port: 34897 } health_report { overall_health: HEALTHY } } peers { permanent_uuid: "f8a756ebdf3b4f579a708bb117cff1b8" member_type: VOTER last_known_addr { host: "127.10.255.131" port: 46019 } health_report { overall_health: UNKNOWN } } }
I20260710 13:19:12.007974 12563 consensus_queue.cc:260] T 43577001fa63460d8e35daa482699b05 P f8a756ebdf3b4f579a708bb117cff1b8 [NON_LEADER]: Queue going to NON_LEADER mode. State: All replicated index: 0, Majority replicated index: 0, Committed index: 0, Last appended: 0.0, Last appended by leader: 0, Current term: 0, Majority size: -1, State: 0, Mode: NON_LEADER, active raft config: opid_index: -1 OBSOLETE_local: false peers { permanent_uuid: "486dff273f6a40c0a5baeebded7fe194" member_type: VOTER last_known_addr { host: "127.10.255.129" port: 43795 } } peers { permanent_uuid: "43be39ddbb4f44b0a23796ad4d7d0afd" member_type: VOTER last_known_addr { host: "127.10.255.130" port: 34897 } } peers { permanent_uuid: "f8a756ebdf3b4f579a708bb117cff1b8" member_type: VOTER last_known_addr { host: "127.10.255.131" port: 46019 } }
I20260710 13:19:12.010020 12563 ts_tablet_manager.cc:1434] T 43577001fa63460d8e35daa482699b05 P f8a756ebdf3b4f579a708bb117cff1b8: Time spent starting tablet: real 0.008s	user 0.005s	sys 0.001s
I20260710 13:19:12.010937 12563 tablet_bootstrap.cc:492] T 414d2450144844e591bce4e2263e8555 P f8a756ebdf3b4f579a708bb117cff1b8: Bootstrap starting.
I20260710 13:19:12.015547 12373 raft_consensus.cc:2468] T 48c252d48d1944969d237e411db8b9d4 P 486dff273f6a40c0a5baeebded7fe194 [term 1 FOLLOWER]: Leader election vote request: Granting yes vote for candidate 43be39ddbb4f44b0a23796ad4d7d0afd in term 1.
I20260710 13:19:12.017236 12414 leader_election.cc:304] T 48c252d48d1944969d237e411db8b9d4 P 43be39ddbb4f44b0a23796ad4d7d0afd [CANDIDATE]: Term 1 election: Election decided. Result: candidate won. Election summary: received 3 responses out of 3 voters: 2 yes votes; 1 no votes. yes voters: 43be39ddbb4f44b0a23796ad4d7d0afd, 486dff273f6a40c0a5baeebded7fe194; no voters: f8a756ebdf3b4f579a708bb117cff1b8
I20260710 13:19:12.018180 12657 raft_consensus.cc:2804] T 48c252d48d1944969d237e411db8b9d4 P 43be39ddbb4f44b0a23796ad4d7d0afd [term 1 FOLLOWER]: Leader election won for term 1
I20260710 13:19:12.018648 12657 raft_consensus.cc:697] T 48c252d48d1944969d237e411db8b9d4 P 43be39ddbb4f44b0a23796ad4d7d0afd [term 1 LEADER]: Becoming Leader. State: Replica: 43be39ddbb4f44b0a23796ad4d7d0afd, State: Running, Role: LEADER
I20260710 13:19:12.019590 12657 consensus_queue.cc:237] T 48c252d48d1944969d237e411db8b9d4 P 43be39ddbb4f44b0a23796ad4d7d0afd [LEADER]: Queue going to LEADER mode. State: All replicated index: 0, Majority replicated index: 0, Committed index: 0, Last appended: 0.0, Last appended by leader: 0, Current term: 1, Majority size: 2, State: 0, Mode: LEADER, active raft config: opid_index: -1 OBSOLETE_local: false peers { permanent_uuid: "486dff273f6a40c0a5baeebded7fe194" member_type: VOTER last_known_addr { host: "127.10.255.129" port: 43795 } } peers { permanent_uuid: "43be39ddbb4f44b0a23796ad4d7d0afd" member_type: VOTER last_known_addr { host: "127.10.255.130" port: 34897 } } peers { permanent_uuid: "f8a756ebdf3b4f579a708bb117cff1b8" member_type: VOTER last_known_addr { host: "127.10.255.131" port: 46019 } }
I20260710 13:19:12.023418 12488 leader_election.cc:304] T 48c252d48d1944969d237e411db8b9d4 P f8a756ebdf3b4f579a708bb117cff1b8 [CANDIDATE]: Term 1 election: Election decided. Result: candidate lost. Election summary: received 3 responses out of 3 voters: 1 yes votes; 2 no votes. yes voters: f8a756ebdf3b4f579a708bb117cff1b8; no voters: 43be39ddbb4f44b0a23796ad4d7d0afd, 486dff273f6a40c0a5baeebded7fe194
I20260710 13:19:12.018621 12563 tablet_bootstrap.cc:654] T 414d2450144844e591bce4e2263e8555 P f8a756ebdf3b4f579a708bb117cff1b8: Neither blocks nor log segments found. Creating new log.
I20260710 13:19:12.024192 12655 raft_consensus.cc:493] T 0ec2edb08fc0450d8864c3145ce88db7 P 43be39ddbb4f44b0a23796ad4d7d0afd [term 0 FOLLOWER]: Starting pre-election (no leader contacted us within the election timeout)
I20260710 13:19:12.024781 12655 raft_consensus.cc:515] T 0ec2edb08fc0450d8864c3145ce88db7 P 43be39ddbb4f44b0a23796ad4d7d0afd [term 0 FOLLOWER]: Starting pre-election with config: opid_index: -1 OBSOLETE_local: false peers { permanent_uuid: "486dff273f6a40c0a5baeebded7fe194" member_type: VOTER last_known_addr { host: "127.10.255.129" port: 43795 } } peers { permanent_uuid: "43be39ddbb4f44b0a23796ad4d7d0afd" member_type: VOTER last_known_addr { host: "127.10.255.130" port: 34897 } } peers { permanent_uuid: "f8a756ebdf3b4f579a708bb117cff1b8" member_type: VOTER last_known_addr { host: "127.10.255.131" port: 46019 } }
I20260710 13:19:12.028546 12519 tablet_service.cc:1917] Received RequestConsensusVote() RPC: tablet_id: "0ec2edb08fc0450d8864c3145ce88db7" candidate_uuid: "43be39ddbb4f44b0a23796ad4d7d0afd" candidate_term: 1 candidate_status { last_received { term: 0 index: 0 } } ignore_live_leader: false dest_uuid: "f8a756ebdf3b4f579a708bb117cff1b8" is_pre_election: true
W20260710 13:19:12.030805 12412 leader_election.cc:343] T 0ec2edb08fc0450d8864c3145ce88db7 P 43be39ddbb4f44b0a23796ad4d7d0afd [CANDIDATE]: Term 1 pre-election: Tablet error from VoteRequest() call to peer f8a756ebdf3b4f579a708bb117cff1b8 (127.10.255.131:46019): Illegal state: must be running to vote when last-logged opid is not known
