I20260710 13:18:57.883760  6711 raft_consensus.cc:993] T ebd4438321694b67aa74648e19112ea3 P 549bba2117ca4501a226799b86a62a47: : Instructing follower d6d1618c387a4fca85b0f4ea2d2c2fbf to start an election
I20260710 13:18:57.884310  6670 raft_consensus.cc:1081] T ebd4438321694b67aa74648e19112ea3 P 549bba2117ca4501a226799b86a62a47 [term 1 LEADER]: Signalling peer d6d1618c387a4fca85b0f4ea2d2c2fbf to start an election
I20260710 13:18:57.883791  6606 consensus_queue.cc:260] T b03b68695ede46649e2ae028a40f59db P 549bba2117ca4501a226799b86a62a47 [NON_LEADER]: Queue going to NON_LEADER mode. State: All replicated index: 0, Majority replicated index: 1, Committed index: 1, Last appended: 1.1, Last appended by leader: 1, Current term: 1, Majority size: -1, State: 0, Mode: NON_LEADER, active raft config: opid_index: -1 OBSOLETE_local: false peers { permanent_uuid: "d6d1618c387a4fca85b0f4ea2d2c2fbf" member_type: VOTER last_known_addr { host: "127.5.177.130" port: 40385 } } peers { permanent_uuid: "d5c32f6470f74f4691cafc8d9f17b1d5" member_type: VOTER last_known_addr { host: "127.5.177.129" port: 40869 } } peers { permanent_uuid: "549bba2117ca4501a226799b86a62a47" member_type: VOTER last_known_addr { host: "127.5.177.131" port: 39873 } }
I20260710 13:18:57.885453  6606 raft_consensus.cc:3060] T b03b68695ede46649e2ae028a40f59db P 549bba2117ca4501a226799b86a62a47 [term 1 FOLLOWER]: Advancing to term 2
I20260710 13:18:57.894420  6533 tablet_service.cc:2044] Received Run Leader Election RPC: tablet_id: "ebd4438321694b67aa74648e19112ea3"
dest_uuid: "d6d1618c387a4fca85b0f4ea2d2c2fbf"
 from {username='slave'} at 127.0.0.1:51956
I20260710 13:18:57.892447  6606 raft_consensus.cc:2468] T b03b68695ede46649e2ae028a40f59db P 549bba2117ca4501a226799b86a62a47 [term 2 FOLLOWER]: Leader election vote request: Granting yes vote for candidate d5c32f6470f74f4691cafc8d9f17b1d5 in term 2.
I20260710 13:18:57.895107  6533 raft_consensus.cc:493] T ebd4438321694b67aa74648e19112ea3 P d6d1618c387a4fca85b0f4ea2d2c2fbf [term 1 FOLLOWER]: Starting forced leader election (received explicit request)
I20260710 13:18:57.894565  6530 raft_consensus.cc:2468] T b03b68695ede46649e2ae028a40f59db P d6d1618c387a4fca85b0f4ea2d2c2fbf [term 2 FOLLOWER]: Leader election vote request: Granting yes vote for candidate d5c32f6470f74f4691cafc8d9f17b1d5 in term 2.
I20260710 13:18:57.895236  6711 consensus_queue.cc:1048] T ebd4438321694b67aa74648e19112ea3 P 549bba2117ca4501a226799b86a62a47 [LEADER]: Connected to new peer: Peer: permanent_uuid: "d5c32f6470f74f4691cafc8d9f17b1d5" member_type: VOTER last_known_addr { host: "127.5.177.129" port: 40869 }, Status: LMP_MISMATCH, Last received: 0.0, Next index: 1, Last known committed idx: 0, Time since last communication: 0.000s
I20260710 13:18:57.895535  6533 raft_consensus.cc:3060] T ebd4438321694b67aa74648e19112ea3 P d6d1618c387a4fca85b0f4ea2d2c2fbf [term 1 FOLLOWER]: Advancing to term 2
I20260710 13:18:57.896374  6424 leader_election.cc:304] T b03b68695ede46649e2ae028a40f59db P d5c32f6470f74f4691cafc8d9f17b1d5 [CANDIDATE]: Term 2 election: Election decided. Result: candidate won. Election summary: received 2 responses out of 3 voters: 2 yes votes; 0 no votes. yes voters: 549bba2117ca4501a226799b86a62a47, d5c32f6470f74f4691cafc8d9f17b1d5; no voters: 
I20260710 13:18:57.897198  6695 raft_consensus.cc:2804] T b03b68695ede46649e2ae028a40f59db P d5c32f6470f74f4691cafc8d9f17b1d5 [term 2 FOLLOWER]: Leader election won for term 2
I20260710 13:18:57.897696  6695 raft_consensus.cc:697] T b03b68695ede46649e2ae028a40f59db P d5c32f6470f74f4691cafc8d9f17b1d5 [term 2 LEADER]: Becoming Leader. State: Replica: d5c32f6470f74f4691cafc8d9f17b1d5, State: Running, Role: LEADER
I20260710 13:18:57.898547  6695 consensus_queue.cc:237] T b03b68695ede46649e2ae028a40f59db P d5c32f6470f74f4691cafc8d9f17b1d5 [LEADER]: Queue going to LEADER mode. State: All replicated index: 0, Majority replicated index: 1, Committed index: 1, Last appended: 1.1, Last appended by leader: 1, Current term: 2, Majority size: 2, State: 0, Mode: LEADER, active raft config: opid_index: -1 OBSOLETE_local: false peers { permanent_uuid: "d6d1618c387a4fca85b0f4ea2d2c2fbf" member_type: VOTER last_known_addr { host: "127.5.177.130" port: 40385 } } peers { permanent_uuid: "d5c32f6470f74f4691cafc8d9f17b1d5" member_type: VOTER last_known_addr { host: "127.5.177.129" port: 40869 } } peers { permanent_uuid: "549bba2117ca4501a226799b86a62a47" member_type: VOTER last_known_addr { host: "127.5.177.131" port: 39873 } }
I20260710 13:18:57.902580  6533 raft_consensus.cc:515] T ebd4438321694b67aa74648e19112ea3 P d6d1618c387a4fca85b0f4ea2d2c2fbf [term 2 FOLLOWER]: Starting forced leader election with config: opid_index: -1 OBSOLETE_local: false peers { permanent_uuid: "d5c32f6470f74f4691cafc8d9f17b1d5" member_type: VOTER last_known_addr { host: "127.5.177.129" port: 40869 } } peers { permanent_uuid: "d6d1618c387a4fca85b0f4ea2d2c2fbf" member_type: VOTER last_known_addr { host: "127.5.177.130" port: 40385 } } peers { permanent_uuid: "549bba2117ca4501a226799b86a62a47" member_type: VOTER last_known_addr { host: "127.5.177.131" port: 39873 } }
I20260710 13:18:57.904575  6533 leader_election.cc:290] T ebd4438321694b67aa74648e19112ea3 P d6d1618c387a4fca85b0f4ea2d2c2fbf [CANDIDATE]: Term 2 election: Requested vote from peers d5c32f6470f74f4691cafc8d9f17b1d5 (127.5.177.129:40869), 549bba2117ca4501a226799b86a62a47 (127.5.177.131:39873)
I20260710 13:18:57.905192  6458 tablet_service.cc:1917] Received RequestConsensusVote() RPC: tablet_id: "ebd4438321694b67aa74648e19112ea3" candidate_uuid: "d6d1618c387a4fca85b0f4ea2d2c2fbf" candidate_term: 2 candidate_status { last_received { term: 1 index: 1 } } ignore_live_leader: true dest_uuid: "d5c32f6470f74f4691cafc8d9f17b1d5"
I20260710 13:18:57.905802  6606 tablet_service.cc:1917] Received RequestConsensusVote() RPC: tablet_id: "ebd4438321694b67aa74648e19112ea3" candidate_uuid: "d6d1618c387a4fca85b0f4ea2d2c2fbf" candidate_term: 2 candidate_status { last_received { term: 1 index: 1 } } ignore_live_leader: true dest_uuid: "549bba2117ca4501a226799b86a62a47"
I20260710 13:18:57.906517  6606 raft_consensus.cc:3055] T ebd4438321694b67aa74648e19112ea3 P 549bba2117ca4501a226799b86a62a47 [term 1 LEADER]: Stepping down as leader of term 1
I20260710 13:18:57.905846  6458 raft_consensus.cc:3060] T ebd4438321694b67aa74648e19112ea3 P d5c32f6470f74f4691cafc8d9f17b1d5 [term 1 FOLLOWER]: Advancing to term 2
I20260710 13:18:57.906950  6606 raft_consensus.cc:740] T ebd4438321694b67aa74648e19112ea3 P 549bba2117ca4501a226799b86a62a47 [term 1 LEADER]: Becoming Follower/Learner. State: Replica: 549bba2117ca4501a226799b86a62a47, State: Running, Role: LEADER
I20260710 13:18:57.906634  6355 catalog_manager.cc:5697] T b03b68695ede46649e2ae028a40f59db P d5c32f6470f74f4691cafc8d9f17b1d5 reported cstate change: term changed from 1 to 2, leader changed from 549bba2117ca4501a226799b86a62a47 (127.5.177.131) to d5c32f6470f74f4691cafc8d9f17b1d5 (127.5.177.129). New cstate: current_term: 2 leader_uuid: "d5c32f6470f74f4691cafc8d9f17b1d5" committed_config { opid_index: -1 OBSOLETE_local: false peers { permanent_uuid: "d6d1618c387a4fca85b0f4ea2d2c2fbf" member_type: VOTER last_known_addr { host: "127.5.177.130" port: 40385 } health_report { overall_health: UNKNOWN } } peers { permanent_uuid: "d5c32f6470f74f4691cafc8d9f17b1d5" member_type: VOTER last_known_addr { host: "127.5.177.129" port: 40869 } health_report { overall_health: HEALTHY } } peers { permanent_uuid: "549bba2117ca4501a226799b86a62a47" member_type: VOTER last_known_addr { host: "127.5.177.131" port: 39873 } health_report { overall_health: UNKNOWN } } }
I20260710 13:18:57.907748  6606 consensus_queue.cc:260] T ebd4438321694b67aa74648e19112ea3 P 549bba2117ca4501a226799b86a62a47 [NON_LEADER]: Queue going to NON_LEADER mode. State: All replicated index: 0, Majority replicated index: 1, Committed index: 1, Last appended: 1.1, Last appended by leader: 1, Current term: 1, Majority size: -1, State: 0, Mode: NON_LEADER, active raft config: opid_index: -1 OBSOLETE_local: false peers { permanent_uuid: "d5c32f6470f74f4691cafc8d9f17b1d5" member_type: VOTER last_known_addr { host: "127.5.177.129" port: 40869 } } peers { permanent_uuid: "d6d1618c387a4fca85b0f4ea2d2c2fbf" member_type: VOTER last_known_addr { host: "127.5.177.130" port: 40385 } } peers { permanent_uuid: "549bba2117ca4501a226799b86a62a47" member_type: VOTER last_known_addr { host: "127.5.177.131" port: 39873 } }
I20260710 13:18:57.909065  6606 raft_consensus.cc:3060] T ebd4438321694b67aa74648e19112ea3 P 549bba2117ca4501a226799b86a62a47 [term 1 FOLLOWER]: Advancing to term 2
I20260710 13:18:57.917761  6458 raft_consensus.cc:2468] T ebd4438321694b67aa74648e19112ea3 P d5c32f6470f74f4691cafc8d9f17b1d5 [term 2 FOLLOWER]: Leader election vote request: Granting yes vote for candidate d6d1618c387a4fca85b0f4ea2d2c2fbf in term 2.
I20260710 13:18:57.918546  6606 raft_consensus.cc:2468] T ebd4438321694b67aa74648e19112ea3 P 549bba2117ca4501a226799b86a62a47 [term 2 FOLLOWER]: Leader election vote request: Granting yes vote for candidate d6d1618c387a4fca85b0f4ea2d2c2fbf in term 2.
I20260710 13:18:57.919090  6499 leader_election.cc:304] T ebd4438321694b67aa74648e19112ea3 P d6d1618c387a4fca85b0f4ea2d2c2fbf [CANDIDATE]: Term 2 election: Election decided. Result: candidate won. Election summary: received 2 responses out of 3 voters: 2 yes votes; 0 no votes. yes voters: d5c32f6470f74f4691cafc8d9f17b1d5, d6d1618c387a4fca85b0f4ea2d2c2fbf; no voters: 
I20260710 13:18:57.920457  6675 raft_consensus.cc:2804] T ebd4438321694b67aa74648e19112ea3 P d6d1618c387a4fca85b0f4ea2d2c2fbf [term 2 FOLLOWER]: Leader election won for term 2
I20260710 13:18:57.920962  6675 raft_consensus.cc:697] T ebd4438321694b67aa74648e19112ea3 P d6d1618c387a4fca85b0f4ea2d2c2fbf [term 2 LEADER]: Becoming Leader. State: Replica: d6d1618c387a4fca85b0f4ea2d2c2fbf, State: Running, Role: LEADER
I20260710 13:18:57.921761  6675 consensus_queue.cc:237] T ebd4438321694b67aa74648e19112ea3 P d6d1618c387a4fca85b0f4ea2d2c2fbf [LEADER]: Queue going to LEADER mode. State: All replicated index: 0, Majority replicated index: 1, Committed index: 1, Last appended: 1.1, Last appended by leader: 1, Current term: 2, Majority size: 2, State: 0, Mode: LEADER, active raft config: opid_index: -1 OBSOLETE_local: false peers { permanent_uuid: "d5c32f6470f74f4691cafc8d9f17b1d5" member_type: VOTER last_known_addr { host: "127.5.177.129" port: 40869 } } peers { permanent_uuid: "d6d1618c387a4fca85b0f4ea2d2c2fbf" member_type: VOTER last_known_addr { host: "127.5.177.130" port: 40385 } } peers { permanent_uuid: "549bba2117ca4501a226799b86a62a47" member_type: VOTER last_known_addr { host: "127.5.177.131" port: 39873 } }
I20260710 13:18:57.928624  6355 catalog_manager.cc:5697] T ebd4438321694b67aa74648e19112ea3 P d6d1618c387a4fca85b0f4ea2d2c2fbf reported cstate change: term changed from 1 to 2, leader changed from 549bba2117ca4501a226799b86a62a47 (127.5.177.131) to d6d1618c387a4fca85b0f4ea2d2c2fbf (127.5.177.130). New cstate: current_term: 2 leader_uuid: "d6d1618c387a4fca85b0f4ea2d2c2fbf" committed_config { opid_index: -1 OBSOLETE_local: false peers { permanent_uuid: "d5c32f6470f74f4691cafc8d9f17b1d5" member_type: VOTER last_known_addr { host: "127.5.177.129" port: 40869 } health_report { overall_health: UNKNOWN } } peers { permanent_uuid: "d6d1618c387a4fca85b0f4ea2d2c2fbf" member_type: VOTER last_known_addr { host: "127.5.177.130" port: 40385 } health_report { overall_health: HEALTHY } } peers { permanent_uuid: "549bba2117ca4501a226799b86a62a47" member_type: VOTER last_known_addr { host: "127.5.177.131" port: 39873 } health_report { overall_health: UNKNOWN } } }
I20260710 13:18:57.986037  6719 raft_consensus.cc:993] T 7b9152dff1e841d1a69741154ab31303 P 549bba2117ca4501a226799b86a62a47: : Instructing follower d5c32f6470f74f4691cafc8d9f17b1d5 to start an election
I20260710 13:18:57.986470  6711 raft_consensus.cc:1081] T 7b9152dff1e841d1a69741154ab31303 P 549bba2117ca4501a226799b86a62a47 [term 1 LEADER]: Signalling peer d5c32f6470f74f4691cafc8d9f17b1d5 to start an election
I20260710 13:18:57.987968  6458 tablet_service.cc:2044] Received Run Leader Election RPC: tablet_id: "7b9152dff1e841d1a69741154ab31303"
dest_uuid: "d5c32f6470f74f4691cafc8d9f17b1d5"
 from {username='slave'} at 127.0.0.1:50876
I20260710 13:18:57.988459  6458 raft_consensus.cc:493] T 7b9152dff1e841d1a69741154ab31303 P d5c32f6470f74f4691cafc8d9f17b1d5 [term 1 FOLLOWER]: Starting forced leader election (received explicit request)
I20260710 13:18:57.988762  6458 raft_consensus.cc:3060] T 7b9152dff1e841d1a69741154ab31303 P d5c32f6470f74f4691cafc8d9f17b1d5 [term 1 FOLLOWER]: Advancing to term 2
I20260710 13:18:57.993350  6458 raft_consensus.cc:515] T 7b9152dff1e841d1a69741154ab31303 P d5c32f6470f74f4691cafc8d9f17b1d5 [term 2 FOLLOWER]: Starting forced leader election with config: opid_index: -1 OBSOLETE_local: false peers { permanent_uuid: "d5c32f6470f74f4691cafc8d9f17b1d5" member_type: VOTER last_known_addr { host: "127.5.177.129" port: 40869 } } peers { permanent_uuid: "d6d1618c387a4fca85b0f4ea2d2c2fbf" member_type: VOTER last_known_addr { host: "127.5.177.130" port: 40385 } } peers { permanent_uuid: "549bba2117ca4501a226799b86a62a47" member_type: VOTER last_known_addr { host: "127.5.177.131" port: 39873 } }
I20260710 13:18:57.995162  6458 leader_election.cc:290] T 7b9152dff1e841d1a69741154ab31303 P d5c32f6470f74f4691cafc8d9f17b1d5 [CANDIDATE]: Term 2 election: Requested vote from peers d6d1618c387a4fca85b0f4ea2d2c2fbf (127.5.177.130:40385), 549bba2117ca4501a226799b86a62a47 (127.5.177.131:39873)
I20260710 13:18:57.996018  6533 tablet_service.cc:1917] Received RequestConsensusVote() RPC: tablet_id: "7b9152dff1e841d1a69741154ab31303" candidate_uuid: "d5c32f6470f74f4691cafc8d9f17b1d5" candidate_term: 2 candidate_status { last_received { term: 1 index: 1 } } ignore_live_leader: true dest_uuid: "d6d1618c387a4fca85b0f4ea2d2c2fbf"
I20260710 13:18:57.996238  6606 tablet_service.cc:1917] Received RequestConsensusVote() RPC: tablet_id: "7b9152dff1e841d1a69741154ab31303" candidate_uuid: "d5c32f6470f74f4691cafc8d9f17b1d5" candidate_term: 2 candidate_status { last_received { term: 1 index: 1 } } ignore_live_leader: true dest_uuid: "549bba2117ca4501a226799b86a62a47"
I20260710 13:18:57.996615  6533 raft_consensus.cc:3060] T 7b9152dff1e841d1a69741154ab31303 P d6d1618c387a4fca85b0f4ea2d2c2fbf [term 1 FOLLOWER]: Advancing to term 2
I20260710 13:18:57.996814  6606 raft_consensus.cc:3055] T 7b9152dff1e841d1a69741154ab31303 P 549bba2117ca4501a226799b86a62a47 [term 1 LEADER]: Stepping down as leader of term 1
I20260710 13:18:57.997202  6606 raft_consensus.cc:740] T 7b9152dff1e841d1a69741154ab31303 P 549bba2117ca4501a226799b86a62a47 [term 1 LEADER]: Becoming Follower/Learner. State: Replica: 549bba2117ca4501a226799b86a62a47, State: Running, Role: LEADER
I20260710 13:18:57.997920  6606 consensus_queue.cc:260] T 7b9152dff1e841d1a69741154ab31303 P 549bba2117ca4501a226799b86a62a47 [NON_LEADER]: Queue going to NON_LEADER mode. State: All replicated index: 0, Majority replicated index: 1, Committed index: 1, Last appended: 1.1, Last appended by leader: 1, Current term: 1, Majority size: -1, State: 0, Mode: NON_LEADER, active raft config: opid_index: -1 OBSOLETE_local: false peers { permanent_uuid: "d5c32f6470f74f4691cafc8d9f17b1d5" member_type: VOTER last_known_addr { host: "127.5.177.129" port: 40869 } } peers { permanent_uuid: "d6d1618c387a4fca85b0f4ea2d2c2fbf" member_type: VOTER last_known_addr { host: "127.5.177.130" port: 40385 } } peers { permanent_uuid: "549bba2117ca4501a226799b86a62a47" member_type: VOTER last_known_addr { host: "127.5.177.131" port: 39873 } }
I20260710 13:18:57.998842  6606 raft_consensus.cc:3060] T 7b9152dff1e841d1a69741154ab31303 P 549bba2117ca4501a226799b86a62a47 [term 1 FOLLOWER]: Advancing to term 2
I20260710 13:18:58.002017  6533 raft_consensus.cc:2468] T 7b9152dff1e841d1a69741154ab31303 P d6d1618c387a4fca85b0f4ea2d2c2fbf [term 2 FOLLOWER]: Leader election vote request: Granting yes vote for candidate d5c32f6470f74f4691cafc8d9f17b1d5 in term 2.
I20260710 13:18:58.003219  6422 leader_election.cc:304] T 7b9152dff1e841d1a69741154ab31303 P d5c32f6470f74f4691cafc8d9f17b1d5 [CANDIDATE]: Term 2 election: Election decided. Result: candidate won. Election summary: received 2 responses out of 3 voters: 2 yes votes; 0 no votes. yes voters: d5c32f6470f74f4691cafc8d9f17b1d5, d6d1618c387a4fca85b0f4ea2d2c2fbf; no voters: 
I20260710 13:18:58.003892  6606 raft_consensus.cc:2468] T 7b9152dff1e841d1a69741154ab31303 P 549bba2117ca4501a226799b86a62a47 [term 2 FOLLOWER]: Leader election vote request: Granting yes vote for candidate d5c32f6470f74f4691cafc8d9f17b1d5 in term 2.
I20260710 13:18:58.004040  6695 raft_consensus.cc:2804] T 7b9152dff1e841d1a69741154ab31303 P d5c32f6470f74f4691cafc8d9f17b1d5 [term 2 FOLLOWER]: Leader election won for term 2
I20260710 13:18:58.004518  6695 raft_consensus.cc:697] T 7b9152dff1e841d1a69741154ab31303 P d5c32f6470f74f4691cafc8d9f17b1d5 [term 2 LEADER]: Becoming Leader. State: Replica: d5c32f6470f74f4691cafc8d9f17b1d5, State: Running, Role: LEADER
I20260710 13:18:58.005424  6695 consensus_queue.cc:237] T 7b9152dff1e841d1a69741154ab31303 P d5c32f6470f74f4691cafc8d9f17b1d5 [LEADER]: Queue going to LEADER mode. State: All replicated index: 0, Majority replicated index: 1, Committed index: 1, Last appended: 1.1, Last appended by leader: 1, Current term: 2, Majority size: 2, State: 0, Mode: LEADER, active raft config: opid_index: -1 OBSOLETE_local: false peers { permanent_uuid: "d5c32f6470f74f4691cafc8d9f17b1d5" member_type: VOTER last_known_addr { host: "127.5.177.129" port: 40869 } } peers { permanent_uuid: "d6d1618c387a4fca85b0f4ea2d2c2fbf" member_type: VOTER last_known_addr { host: "127.5.177.130" port: 40385 } } peers { permanent_uuid: "549bba2117ca4501a226799b86a62a47" member_type: VOTER last_known_addr { host: "127.5.177.131" port: 39873 } }
I20260710 13:18:58.012040  6355 catalog_manager.cc:5697] T 7b9152dff1e841d1a69741154ab31303 P d5c32f6470f74f4691cafc8d9f17b1d5 reported cstate change: term changed from 1 to 2, leader changed from 549bba2117ca4501a226799b86a62a47 (127.5.177.131) to d5c32f6470f74f4691cafc8d9f17b1d5 (127.5.177.129). New cstate: current_term: 2 leader_uuid: "d5c32f6470f74f4691cafc8d9f17b1d5" committed_config { opid_index: -1 OBSOLETE_local: false peers { permanent_uuid: "d5c32f6470f74f4691cafc8d9f17b1d5" member_type: VOTER last_known_addr { host: "127.5.177.129" port: 40869 } health_report { overall_health: HEALTHY } } peers { permanent_uuid: "d6d1618c387a4fca85b0f4ea2d2c2fbf" member_type: VOTER last_known_addr { host: "127.5.177.130" port: 40385 } health_report { overall_health: UNKNOWN } } peers { permanent_uuid: "549bba2117ca4501a226799b86a62a47" member_type: VOTER last_known_addr { host: "127.5.177.131" port: 39873 } health_report { overall_health: UNKNOWN } } }
I20260710 13:18:58.138697  6533 raft_consensus.cc:3060] T 51e348f1480244698da2aae46365c3f5 P d6d1618c387a4fca85b0f4ea2d2c2fbf [term 1 FOLLOWER]: Advancing to term 2
I20260710 13:18:58.139240  6530 raft_consensus.cc:1275] T eec7f953a1754cb4b4b07ea302027d8f P d6d1618c387a4fca85b0f4ea2d2c2fbf [term 2 FOLLOWER]: Refusing update from remote peer d5c32f6470f74f4691cafc8d9f17b1d5: Log matching property violated. Preceding OpId in replica: term: 1 index: 1. Preceding OpId from leader: term: 2 index: 2. (index mismatch)
I20260710 13:18:58.140650  6697 consensus_queue.cc:1048] T eec7f953a1754cb4b4b07ea302027d8f P d5c32f6470f74f4691cafc8d9f17b1d5 [LEADER]: Connected to new peer: Peer: permanent_uuid: "d6d1618c387a4fca85b0f4ea2d2c2fbf" member_type: VOTER last_known_addr { host: "127.5.177.130" port: 40385 }, Status: LMP_MISMATCH, Last received: 0.0, Next index: 2, Last known committed idx: 1, Time since last communication: 0.000s
I20260710 13:18:58.144723  6533 raft_consensus.cc:1275] T 51e348f1480244698da2aae46365c3f5 P d6d1618c387a4fca85b0f4ea2d2c2fbf [term 2 FOLLOWER]: Refusing update from remote peer d5c32f6470f74f4691cafc8d9f17b1d5: Log matching property violated. Preceding OpId in replica: term: 1 index: 1. Preceding OpId from leader: term: 2 index: 2. (index mismatch)
I20260710 13:18:58.148101  6655 consensus_queue.cc:1048] T 51e348f1480244698da2aae46365c3f5 P d5c32f6470f74f4691cafc8d9f17b1d5 [LEADER]: Connected to new peer: Peer: permanent_uuid: "d6d1618c387a4fca85b0f4ea2d2c2fbf" member_type: VOTER last_known_addr { host: "127.5.177.130" port: 40385 }, Status: LMP_MISMATCH, Last received: 0.0, Next index: 2, Last known committed idx: 1, Time since last communication: 0.000s
I20260710 13:18:58.148546  6606 raft_consensus.cc:3060] T eec7f953a1754cb4b4b07ea302027d8f P 549bba2117ca4501a226799b86a62a47 [term 1 FOLLOWER]: Advancing to term 2
I20260710 13:18:58.157500  6605 raft_consensus.cc:1275] T 51e348f1480244698da2aae46365c3f5 P 549bba2117ca4501a226799b86a62a47 [term 2 FOLLOWER]: Refusing update from remote peer d5c32f6470f74f4691cafc8d9f17b1d5: Log matching property violated. Preceding OpId in replica: term: 1 index: 1. Preceding OpId from leader: term: 2 index: 2. (index mismatch)
I20260710 13:18:58.159300  6655 consensus_queue.cc:1048] T 51e348f1480244698da2aae46365c3f5 P d5c32f6470f74f4691cafc8d9f17b1d5 [LEADER]: Connected to new peer: Peer: permanent_uuid: "549bba2117ca4501a226799b86a62a47" member_type: VOTER last_known_addr { host: "127.5.177.131" port: 39873 }, Status: LMP_MISMATCH, Last received: 0.0, Next index: 2, Last known committed idx: 1, Time since last communication: 0.000s
I20260710 13:18:58.161111  6606 raft_consensus.cc:1275] T eec7f953a1754cb4b4b07ea302027d8f P 549bba2117ca4501a226799b86a62a47 [term 2 FOLLOWER]: Refusing update from remote peer d5c32f6470f74f4691cafc8d9f17b1d5: Log matching property violated. Preceding OpId in replica: term: 1 index: 1. Preceding OpId from leader: term: 2 index: 2. (index mismatch)
I20260710 13:18:58.164110  6655 consensus_queue.cc:1048] T eec7f953a1754cb4b4b07ea302027d8f P d5c32f6470f74f4691cafc8d9f17b1d5 [LEADER]: Connected to new peer: Peer: permanent_uuid: "549bba2117ca4501a226799b86a62a47" member_type: VOTER last_known_addr { host: "127.5.177.131" port: 39873 }, Status: LMP_MISMATCH, Last received: 0.0, Next index: 2, Last known committed idx: 1, Time since last communication: 0.000s
I20260710 13:18:58.177345  6605 raft_consensus.cc:1275] T 8edc8228b5b54429b4ccc9e6936be1fe P 549bba2117ca4501a226799b86a62a47 [term 2 FOLLOWER]: Refusing update from remote peer d6d1618c387a4fca85b0f4ea2d2c2fbf: Log matching property violated. Preceding OpId in replica: term: 1 index: 1. Preceding OpId from leader: term: 2 index: 2. (index mismatch)
I20260710 13:18:58.178563  6675 consensus_queue.cc:1048] T 8edc8228b5b54429b4ccc9e6936be1fe P d6d1618c387a4fca85b0f4ea2d2c2fbf [LEADER]: Connected to new peer: Peer: permanent_uuid: "549bba2117ca4501a226799b86a62a47" member_type: VOTER last_known_addr { host: "127.5.177.131" port: 39873 }, Status: LMP_MISMATCH, Last received: 0.0, Next index: 2, Last known committed idx: 1, Time since last communication: 0.000s
I20260710 13:18:58.180680  6605 raft_consensus.cc:1275] T 73bb7478ef194cf4ab51bf732f3ad94a P 549bba2117ca4501a226799b86a62a47 [term 2 FOLLOWER]: Refusing update from remote peer d6d1618c387a4fca85b0f4ea2d2c2fbf: Log matching property violated. Preceding OpId in replica: term: 0 index: 0. Preceding OpId from leader: term: 2 index: 2. (index mismatch)
I20260710 13:18:58.181910  6675 consensus_queue.cc:1048] T 73bb7478ef194cf4ab51bf732f3ad94a P d6d1618c387a4fca85b0f4ea2d2c2fbf [LEADER]: Connected to new peer: Peer: permanent_uuid: "549bba2117ca4501a226799b86a62a47" member_type: VOTER last_known_addr { host: "127.5.177.131" port: 39873 }, Status: LMP_MISMATCH, Last received: 0.0, Next index: 2, Last known committed idx: 0, Time since last communication: 0.000s
I20260710 13:18:58.187168  6458 raft_consensus.cc:1275] T 8edc8228b5b54429b4ccc9e6936be1fe P d5c32f6470f74f4691cafc8d9f17b1d5 [term 2 FOLLOWER]: Refusing update from remote peer d6d1618c387a4fca85b0f4ea2d2c2fbf: Log matching property violated. Preceding OpId in replica: term: 1 index: 1. Preceding OpId from leader: term: 2 index: 2. (index mismatch)
I20260710 13:18:58.188683  6675 consensus_queue.cc:1048] T 8edc8228b5b54429b4ccc9e6936be1fe P d6d1618c387a4fca85b0f4ea2d2c2fbf [LEADER]: Connected to new peer: Peer: permanent_uuid: "d5c32f6470f74f4691cafc8d9f17b1d5" member_type: VOTER last_known_addr { host: "127.5.177.129" port: 40869 }, Status: LMP_MISMATCH, Last received: 0.0, Next index: 2, Last known committed idx: 1, Time since last communication: 0.000s
I20260710 13:18:58.196673  6533 raft_consensus.cc:1275] T d592e9a3d667497fa426bab85d3cc628 P d6d1618c387a4fca85b0f4ea2d2c2fbf [term 2 FOLLOWER]: Refusing update from remote peer d5c32f6470f74f4691cafc8d9f17b1d5: Log matching property violated. Preceding OpId in replica: term: 1 index: 1. Preceding OpId from leader: term: 2 index: 2. (index mismatch)
I20260710 13:18:58.198269  6655 consensus_queue.cc:1048] T d592e9a3d667497fa426bab85d3cc628 P d5c32f6470f74f4691cafc8d9f17b1d5 [LEADER]: Connected to new peer: Peer: permanent_uuid: "d6d1618c387a4fca85b0f4ea2d2c2fbf" member_type: VOTER last_known_addr { host: "127.5.177.130" port: 40385 }, Status: LMP_MISMATCH, Last received: 0.0, Next index: 2, Last known committed idx: 1, Time since last communication: 0.000s
I20260710 13:18:58.206377  6458 raft_consensus.cc:1275] T 73bb7478ef194cf4ab51bf732f3ad94a P d5c32f6470f74f4691cafc8d9f17b1d5 [term 2 FOLLOWER]: Refusing update from remote peer d6d1618c387a4fca85b0f4ea2d2c2fbf: Log matching property violated. Preceding OpId in replica: term: 1 index: 1. Preceding OpId from leader: term: 2 index: 2. (index mismatch)
I20260710 13:18:58.219127  6654 consensus_queue.cc:1048] T 73bb7478ef194cf4ab51bf732f3ad94a P d6d1618c387a4fca85b0f4ea2d2c2fbf [LEADER]: Connected to new peer: Peer: permanent_uuid: "d5c32f6470f74f4691cafc8d9f17b1d5" member_type: VOTER last_known_addr { host: "127.5.177.129" port: 40869 }, Status: LMP_MISMATCH, Last received: 0.0, Next index: 2, Last known committed idx: 1, Time since last communication: 0.000s
I20260710 13:18:58.221752  6606 raft_consensus.cc:1275] T d592e9a3d667497fa426bab85d3cc628 P 549bba2117ca4501a226799b86a62a47 [term 2 FOLLOWER]: Refusing update from remote peer d5c32f6470f74f4691cafc8d9f17b1d5: Log matching property violated. Preceding OpId in replica: term: 1 index: 1. Preceding OpId from leader: term: 2 index: 2. (index mismatch)
I20260710 13:18:58.223664  6697 consensus_queue.cc:1048] T d592e9a3d667497fa426bab85d3cc628 P d5c32f6470f74f4691cafc8d9f17b1d5 [LEADER]: Connected to new peer: Peer: permanent_uuid: "549bba2117ca4501a226799b86a62a47" member_type: VOTER last_known_addr { host: "127.5.177.131" port: 39873 }, Status: LMP_MISMATCH, Last received: 0.0, Next index: 2, Last known committed idx: 1, Time since last communication: 0.000s
I20260710 13:18:58.289875  6606 raft_consensus.cc:1275] T b03b68695ede46649e2ae028a40f59db P 549bba2117ca4501a226799b86a62a47 [term 2 FOLLOWER]: Refusing update from remote peer d5c32f6470f74f4691cafc8d9f17b1d5: Log matching property violated. Preceding OpId in replica: term: 1 index: 1. Preceding OpId from leader: term: 2 index: 2. (index mismatch)
I20260710 13:18:58.291383  6739 consensus_queue.cc:1048] T b03b68695ede46649e2ae028a40f59db P d5c32f6470f74f4691cafc8d9f17b1d5 [LEADER]: Connected to new peer: Peer: permanent_uuid: "549bba2117ca4501a226799b86a62a47" member_type: VOTER last_known_addr { host: "127.5.177.131" port: 39873 }, Status: LMP_MISMATCH, Last received: 0.0, Next index: 2, Last known committed idx: 1, Time since last communication: 0.000s
I20260710 13:18:58.300012  6533 raft_consensus.cc:1275] T b03b68695ede46649e2ae028a40f59db P d6d1618c387a4fca85b0f4ea2d2c2fbf [term 2 FOLLOWER]: Refusing update from remote peer d5c32f6470f74f4691cafc8d9f17b1d5: Log matching property violated. Preceding OpId in replica: term: 1 index: 1. Preceding OpId from leader: term: 2 index: 2. (index mismatch)
I20260710 13:18:58.301916  6696 consensus_queue.cc:1048] T b03b68695ede46649e2ae028a40f59db P d5c32f6470f74f4691cafc8d9f17b1d5 [LEADER]: Connected to new peer: Peer: permanent_uuid: "d6d1618c387a4fca85b0f4ea2d2c2fbf" member_type: VOTER last_known_addr { host: "127.5.177.130" port: 40385 }, Status: LMP_MISMATCH, Last received: 0.0, Next index: 2, Last known committed idx: 1, Time since last communication: 0.000s
I20260710 13:18:58.421310  6458 raft_consensus.cc:1275] T ebd4438321694b67aa74648e19112ea3 P d5c32f6470f74f4691cafc8d9f17b1d5 [term 2 FOLLOWER]: Refusing update from remote peer d6d1618c387a4fca85b0f4ea2d2c2fbf: Log matching property violated. Preceding OpId in replica: term: 1 index: 1. Preceding OpId from leader: term: 2 index: 2. (index mismatch)
I20260710 13:18:58.422619  6654 consensus_queue.cc:1048] T ebd4438321694b67aa74648e19112ea3 P d6d1618c387a4fca85b0f4ea2d2c2fbf [LEADER]: Connected to new peer: Peer: permanent_uuid: "d5c32f6470f74f4691cafc8d9f17b1d5" member_type: VOTER last_known_addr { host: "127.5.177.129" port: 40869 }, Status: LMP_MISMATCH, Last received: 0.0, Next index: 2, Last known committed idx: 1, Time since last communication: 0.000s
I20260710 13:18:58.430315  6606 raft_consensus.cc:1275] T ebd4438321694b67aa74648e19112ea3 P 549bba2117ca4501a226799b86a62a47 [term 2 FOLLOWER]: Refusing update from remote peer d6d1618c387a4fca85b0f4ea2d2c2fbf: Log matching property violated. Preceding OpId in replica: term: 1 index: 1. Preceding OpId from leader: term: 2 index: 2. (index mismatch)
I20260710 13:18:58.432544  6740 consensus_queue.cc:1048] T ebd4438321694b67aa74648e19112ea3 P d6d1618c387a4fca85b0f4ea2d2c2fbf [LEADER]: Connected to new peer: Peer: permanent_uuid: "549bba2117ca4501a226799b86a62a47" member_type: VOTER last_known_addr { host: "127.5.177.131" port: 39873 }, Status: LMP_MISMATCH, Last received: 0.0, Next index: 2, Last known committed idx: 1, Time since last communication: 0.000s
I20260710 13:18:58.440755  6533 raft_consensus.cc:1275] T 7b9152dff1e841d1a69741154ab31303 P d6d1618c387a4fca85b0f4ea2d2c2fbf [term 2 FOLLOWER]: Refusing update from remote peer d5c32f6470f74f4691cafc8d9f17b1d5: Log matching property violated. Preceding OpId in replica: term: 1 index: 1. Preceding OpId from leader: term: 2 index: 2. (index mismatch)
I20260710 13:18:58.442068  6696 consensus_queue.cc:1048] T 7b9152dff1e841d1a69741154ab31303 P d5c32f6470f74f4691cafc8d9f17b1d5 [LEADER]: Connected to new peer: Peer: permanent_uuid: "d6d1618c387a4fca85b0f4ea2d2c2fbf" member_type: VOTER last_known_addr { host: "127.5.177.130" port: 40385 }, Status: LMP_MISMATCH, Last received: 0.0, Next index: 2, Last known committed idx: 1, Time since last communication: 0.000s
I20260710 13:18:58.453543  6606 raft_consensus.cc:1275] T 7b9152dff1e841d1a69741154ab31303 P 549bba2117ca4501a226799b86a62a47 [term 2 FOLLOWER]: Refusing update from remote peer d5c32f6470f74f4691cafc8d9f17b1d5: Log matching property violated. Preceding OpId in replica: term: 1 index: 1. Preceding OpId from leader: term: 2 index: 2. (index mismatch)
I20260710 13:18:58.455030  6696 consensus_queue.cc:1048] T 7b9152dff1e841d1a69741154ab31303 P d5c32f6470f74f4691cafc8d9f17b1d5 [LEADER]: Connected to new peer: Peer: permanent_uuid: "549bba2117ca4501a226799b86a62a47" member_type: VOTER last_known_addr { host: "127.5.177.131" port: 39873 }, Status: LMP_MISMATCH, Last received: 0.0, Next index: 2, Last known committed idx: 1, Time since last communication: 0.000s
I20260710 13:19:00.628249  5830 auto_leader_rebalancer-test.cc:348] The leader distribution is 
I20260710 13:19:00.629060  5830 auto_leader_rebalancer.cc:141] leader rebalance for table test-workload
I20260710 13:19:00.648355  6457 tablet_service.cc:2072] Received LeaderStepDown RPC: tablet_id: "51e348f1480244698da2aae46365c3f5"
dest_uuid: "d5c32f6470f74f4691cafc8d9f17b1d5"
mode: GRACEFUL
new_leader_uuid: "549bba2117ca4501a226799b86a62a47"
 from {username='slave'} at 127.0.0.1:55136
I20260710 13:19:00.648865  6457 raft_consensus.cc:606] T 51e348f1480244698da2aae46365c3f5 P d5c32f6470f74f4691cafc8d9f17b1d5 [term 2 LEADER]: Received request to transfer leadership to TS 549bba2117ca4501a226799b86a62a47
I20260710 13:19:00.651468  6457 tablet_service.cc:2072] Received LeaderStepDown RPC: tablet_id: "d592e9a3d667497fa426bab85d3cc628"
dest_uuid: "d5c32f6470f74f4691cafc8d9f17b1d5"
mode: GRACEFUL
new_leader_uuid: "549bba2117ca4501a226799b86a62a47"
 from {username='slave'} at 127.0.0.1:55136
I20260710 13:19:00.652004  6457 raft_consensus.cc:606] T d592e9a3d667497fa426bab85d3cc628 P d5c32f6470f74f4691cafc8d9f17b1d5 [term 2 LEADER]: Received request to transfer leadership to TS 549bba2117ca4501a226799b86a62a47
I20260710 13:19:00.653131  5830 auto_leader_rebalancer.cc:479] table: test-workload, leader rebalance finish, leader transfer count: 2
I20260710 13:19:00.653692  5830 auto_leader_rebalancer.cc:554] All tables' leader rebalancing finished this round
I20260710 13:19:00.724093  6745 raft_consensus.cc:993] T 51e348f1480244698da2aae46365c3f5 P d5c32f6470f74f4691cafc8d9f17b1d5: : Instructing follower 549bba2117ca4501a226799b86a62a47 to start an election
I20260710 13:19:00.724651  6743 raft_consensus.cc:1081] T 51e348f1480244698da2aae46365c3f5 P d5c32f6470f74f4691cafc8d9f17b1d5 [term 2 LEADER]: Signalling peer 549bba2117ca4501a226799b86a62a47 to start an election
I20260710 13:19:00.726112  6606 tablet_service.cc:2044] Received Run Leader Election RPC: tablet_id: "51e348f1480244698da2aae46365c3f5"
dest_uuid: "549bba2117ca4501a226799b86a62a47"
 from {username='slave'} at 127.0.0.1:47888
I20260710 13:19:00.726644  6606 raft_consensus.cc:493] T 51e348f1480244698da2aae46365c3f5 P 549bba2117ca4501a226799b86a62a47 [term 2 FOLLOWER]: Starting forced leader election (received explicit request)
I20260710 13:19:00.726997  6606 raft_consensus.cc:3060] T 51e348f1480244698da2aae46365c3f5 P 549bba2117ca4501a226799b86a62a47 [term 2 FOLLOWER]: Advancing to term 3
I20260710 13:19:00.731990  6606 raft_consensus.cc:515] T 51e348f1480244698da2aae46365c3f5 P 549bba2117ca4501a226799b86a62a47 [term 3 FOLLOWER]: Starting forced leader election with config: opid_index: -1 OBSOLETE_local: false peers { permanent_uuid: "d5c32f6470f74f4691cafc8d9f17b1d5" member_type: VOTER last_known_addr { host: "127.5.177.129" port: 40869 } } peers { permanent_uuid: "d6d1618c387a4fca85b0f4ea2d2c2fbf" member_type: VOTER last_known_addr { host: "127.5.177.130" port: 40385 } } peers { permanent_uuid: "549bba2117ca4501a226799b86a62a47" member_type: VOTER last_known_addr { host: "127.5.177.131" port: 39873 } }
I20260710 13:19:00.733796  6606 leader_election.cc:290] T 51e348f1480244698da2aae46365c3f5 P 549bba2117ca4501a226799b86a62a47 [CANDIDATE]: Term 3 election: Requested vote from peers d5c32f6470f74f4691cafc8d9f17b1d5 (127.5.177.129:40869), d6d1618c387a4fca85b0f4ea2d2c2fbf (127.5.177.130:40385)
I20260710 13:19:00.734629  6457 tablet_service.cc:1917] Received RequestConsensusVote() RPC: tablet_id: "51e348f1480244698da2aae46365c3f5" candidate_uuid: "549bba2117ca4501a226799b86a62a47" candidate_term: 3 candidate_status { last_received { term: 2 index: 2 } } ignore_live_leader: true dest_uuid: "d5c32f6470f74f4691cafc8d9f17b1d5"
I20260710 13:19:00.735005  6533 tablet_service.cc:1917] Received RequestConsensusVote() RPC: tablet_id: "51e348f1480244698da2aae46365c3f5" candidate_uuid: "549bba2117ca4501a226799b86a62a47" candidate_term: 3 candidate_status { last_received { term: 2 index: 2 } } ignore_live_leader: true dest_uuid: "d6d1618c387a4fca85b0f4ea2d2c2fbf"
I20260710 13:19:00.735334  6457 raft_consensus.cc:3055] T 51e348f1480244698da2aae46365c3f5 P d5c32f6470f74f4691cafc8d9f17b1d5 [term 2 LEADER]: Stepping down as leader of term 2
I20260710 13:19:00.735566  6533 raft_consensus.cc:3060] T 51e348f1480244698da2aae46365c3f5 P d6d1618c387a4fca85b0f4ea2d2c2fbf [term 2 FOLLOWER]: Advancing to term 3
I20260710 13:19:00.735690  6457 raft_consensus.cc:740] T 51e348f1480244698da2aae46365c3f5 P d5c32f6470f74f4691cafc8d9f17b1d5 [term 2 LEADER]: Becoming Follower/Learner. State: Replica: d5c32f6470f74f4691cafc8d9f17b1d5, State: Running, Role: LEADER
I20260710 13:19:00.736527  6457 consensus_queue.cc:260] T 51e348f1480244698da2aae46365c3f5 P d5c32f6470f74f4691cafc8d9f17b1d5 [NON_LEADER]: Queue going to NON_LEADER mode. State: All replicated index: 0, Majority replicated index: 2, Committed index: 2, Last appended: 2.2, Last appended by leader: 2, Current term: 2, Majority size: -1, State: 0, Mode: NON_LEADER, active raft config: opid_index: -1 OBSOLETE_local: false peers { permanent_uuid: "d5c32f6470f74f4691cafc8d9f17b1d5" member_type: VOTER last_known_addr { host: "127.5.177.129" port: 40869 } } peers { permanent_uuid: "d6d1618c387a4fca85b0f4ea2d2c2fbf" member_type: VOTER last_known_addr { host: "127.5.177.130" port: 40385 } } peers { permanent_uuid: "549bba2117ca4501a226799b86a62a47" member_type: VOTER last_known_addr { host: "127.5.177.131" port: 39873 } }
I20260710 13:19:00.737475  6457 raft_consensus.cc:3060] T 51e348f1480244698da2aae46365c3f5 P d5c32f6470f74f4691cafc8d9f17b1d5 [term 2 FOLLOWER]: Advancing to term 3
I20260710 13:19:00.741099  6533 raft_consensus.cc:2468] T 51e348f1480244698da2aae46365c3f5 P d6d1618c387a4fca85b0f4ea2d2c2fbf [term 3 FOLLOWER]: Leader election vote request: Granting yes vote for candidate 549bba2117ca4501a226799b86a62a47 in term 3.
I20260710 13:19:00.742100  6457 raft_consensus.cc:2468] T 51e348f1480244698da2aae46365c3f5 P d5c32f6470f74f4691cafc8d9f17b1d5 [term 3 FOLLOWER]: Leader election vote request: Granting yes vote for candidate 549bba2117ca4501a226799b86a62a47 in term 3.
I20260710 13:19:00.742363  6571 leader_election.cc:304] T 51e348f1480244698da2aae46365c3f5 P 549bba2117ca4501a226799b86a62a47 [CANDIDATE]: Term 3 election: Election decided. Result: candidate won. Election summary: received 2 responses out of 3 voters: 2 yes votes; 0 no votes. yes voters: 549bba2117ca4501a226799b86a62a47, d6d1618c387a4fca85b0f4ea2d2c2fbf; no voters: 
I20260710 13:19:00.743250  6711 raft_consensus.cc:2804] T 51e348f1480244698da2aae46365c3f5 P 549bba2117ca4501a226799b86a62a47 [term 3 FOLLOWER]: Leader election won for term 3
I20260710 13:19:00.744190  6711 raft_consensus.cc:697] T 51e348f1480244698da2aae46365c3f5 P 549bba2117ca4501a226799b86a62a47 [term 3 LEADER]: Becoming Leader. State: Replica: 549bba2117ca4501a226799b86a62a47, State: Running, Role: LEADER
I20260710 13:19:00.744867  6711 consensus_queue.cc:237] T 51e348f1480244698da2aae46365c3f5 P 549bba2117ca4501a226799b86a62a47 [LEADER]: Queue going to LEADER mode. State: All replicated index: 0, Majority replicated index: 2, Committed index: 2, Last appended: 2.2, Last appended by leader: 2, Current term: 3, Majority size: 2, State: 0, Mode: LEADER, active raft config: opid_index: -1 OBSOLETE_local: false peers { permanent_uuid: "d5c32f6470f74f4691cafc8d9f17b1d5" member_type: VOTER last_known_addr { host: "127.5.177.129" port: 40869 } } peers { permanent_uuid: "d6d1618c387a4fca85b0f4ea2d2c2fbf" member_type: VOTER last_known_addr { host: "127.5.177.130" port: 40385 } } peers { permanent_uuid: "549bba2117ca4501a226799b86a62a47" member_type: VOTER last_known_addr { host: "127.5.177.131" port: 39873 } }
I20260710 13:19:00.751457  6355 catalog_manager.cc:5697] T 51e348f1480244698da2aae46365c3f5 P 549bba2117ca4501a226799b86a62a47 reported cstate change: term changed from 2 to 3, leader changed from d5c32f6470f74f4691cafc8d9f17b1d5 (127.5.177.129) to 549bba2117ca4501a226799b86a62a47 (127.5.177.131). New cstate: current_term: 3 leader_uuid: "549bba2117ca4501a226799b86a62a47" committed_config { opid_index: -1 OBSOLETE_local: false peers { permanent_uuid: "d5c32f6470f74f4691cafc8d9f17b1d5" member_type: VOTER last_known_addr { host: "127.5.177.129" port: 40869 } health_report { overall_health: UNKNOWN } } peers { permanent_uuid: "d6d1618c387a4fca85b0f4ea2d2c2fbf" member_type: VOTER last_known_addr { host: "127.5.177.130" port: 40385 } health_report { overall_health: UNKNOWN } } peers { permanent_uuid: "549bba2117ca4501a226799b86a62a47" member_type: VOTER last_known_addr { host: "127.5.177.131" port: 39873 } health_report { overall_health: HEALTHY } } }
I20260710 13:19:01.005849  6745 raft_consensus.cc:993] T d592e9a3d667497fa426bab85d3cc628 P d5c32f6470f74f4691cafc8d9f17b1d5: : Instructing follower 549bba2117ca4501a226799b86a62a47 to start an election
I20260710 13:19:01.006340  6743 raft_consensus.cc:1081] T d592e9a3d667497fa426bab85d3cc628 P d5c32f6470f74f4691cafc8d9f17b1d5 [term 2 LEADER]: Signalling peer 549bba2117ca4501a226799b86a62a47 to start an election
I20260710 13:19:01.007897  6606 tablet_service.cc:2044] Received Run Leader Election RPC: tablet_id: "d592e9a3d667497fa426bab85d3cc628"
dest_uuid: "549bba2117ca4501a226799b86a62a47"
 from {username='slave'} at 127.0.0.1:47888
I20260710 13:19:01.008366  6606 raft_consensus.cc:493] T d592e9a3d667497fa426bab85d3cc628 P 549bba2117ca4501a226799b86a62a47 [term 2 FOLLOWER]: Starting forced leader election (received explicit request)
I20260710 13:19:01.008618  6606 raft_consensus.cc:3060] T d592e9a3d667497fa426bab85d3cc628 P 549bba2117ca4501a226799b86a62a47 [term 2 FOLLOWER]: Advancing to term 3
I20260710 13:19:01.014478  6606 raft_consensus.cc:515] T d592e9a3d667497fa426bab85d3cc628 P 549bba2117ca4501a226799b86a62a47 [term 3 FOLLOWER]: Starting forced leader election with config: opid_index: -1 OBSOLETE_local: false peers { permanent_uuid: "d5c32f6470f74f4691cafc8d9f17b1d5" member_type: VOTER last_known_addr { host: "127.5.177.129" port: 40869 } } peers { permanent_uuid: "d6d1618c387a4fca85b0f4ea2d2c2fbf" member_type: VOTER last_known_addr { host: "127.5.177.130" port: 40385 } } peers { permanent_uuid: "549bba2117ca4501a226799b86a62a47" member_type: VOTER last_known_addr { host: "127.5.177.131" port: 39873 } }
I20260710 13:19:01.016034  6606 leader_election.cc:290] T d592e9a3d667497fa426bab85d3cc628 P 549bba2117ca4501a226799b86a62a47 [CANDIDATE]: Term 3 election: Requested vote from peers d5c32f6470f74f4691cafc8d9f17b1d5 (127.5.177.129:40869), d6d1618c387a4fca85b0f4ea2d2c2fbf (127.5.177.130:40385)
I20260710 13:19:01.016914  6457 tablet_service.cc:1917] Received RequestConsensusVote() RPC: tablet_id: "d592e9a3d667497fa426bab85d3cc628" candidate_uuid: "549bba2117ca4501a226799b86a62a47" candidate_term: 3 candidate_status { last_received { term: 2 index: 2 } } ignore_live_leader: true dest_uuid: "d5c32f6470f74f4691cafc8d9f17b1d5"
I20260710 13:19:01.017587  6457 raft_consensus.cc:3055] T d592e9a3d667497fa426bab85d3cc628 P d5c32f6470f74f4691cafc8d9f17b1d5 [term 2 LEADER]: Stepping down as leader of term 2
I20260710 13:19:01.017493  6533 tablet_service.cc:1917] Received RequestConsensusVote() RPC: tablet_id: "d592e9a3d667497fa426bab85d3cc628" candidate_uuid: "549bba2117ca4501a226799b86a62a47" candidate_term: 3 candidate_status { last_received { term: 2 index: 2 } } ignore_live_leader: true dest_uuid: "d6d1618c387a4fca85b0f4ea2d2c2fbf"
I20260710 13:19:01.018155  6533 raft_consensus.cc:3060] T d592e9a3d667497fa426bab85d3cc628 P d6d1618c387a4fca85b0f4ea2d2c2fbf [term 2 FOLLOWER]: Advancing to term 3
I20260710 13:19:01.018558  6457 raft_consensus.cc:740] T d592e9a3d667497fa426bab85d3cc628 P d5c32f6470f74f4691cafc8d9f17b1d5 [term 2 LEADER]: Becoming Follower/Learner. State: Replica: d5c32f6470f74f4691cafc8d9f17b1d5, State: Running, Role: LEADER
I20260710 13:19:01.019443  6457 consensus_queue.cc:260] T d592e9a3d667497fa426bab85d3cc628 P d5c32f6470f74f4691cafc8d9f17b1d5 [NON_LEADER]: Queue going to NON_LEADER mode. State: All replicated index: 0, Majority replicated index: 2, Committed index: 2, Last appended: 2.2, Last appended by leader: 2, Current term: 2, Majority size: -1, State: 0, Mode: NON_LEADER, active raft config: opid_index: -1 OBSOLETE_local: false peers { permanent_uuid: "d5c32f6470f74f4691cafc8d9f17b1d5" member_type: VOTER last_known_addr { host: "127.5.177.129" port: 40869 } } peers { permanent_uuid: "d6d1618c387a4fca85b0f4ea2d2c2fbf" member_type: VOTER last_known_addr { host: "127.5.177.130" port: 40385 } } peers { permanent_uuid: "549bba2117ca4501a226799b86a62a47" member_type: VOTER last_known_addr { host: "127.5.177.131" port: 39873 } }
I20260710 13:19:01.020691  6457 raft_consensus.cc:3060] T d592e9a3d667497fa426bab85d3cc628 P d5c32f6470f74f4691cafc8d9f17b1d5 [term 2 FOLLOWER]: Advancing to term 3
I20260710 13:19:01.025291  6533 raft_consensus.cc:2468] T d592e9a3d667497fa426bab85d3cc628 P d6d1618c387a4fca85b0f4ea2d2c2fbf [term 3 FOLLOWER]: Leader election vote request: Granting yes vote for candidate 549bba2117ca4501a226799b86a62a47 in term 3.
I20260710 13:19:01.026612  6571 leader_election.cc:304] T d592e9a3d667497fa426bab85d3cc628 P 549bba2117ca4501a226799b86a62a47 [CANDIDATE]: Term 3 election: Election decided. Result: candidate won. Election summary: received 2 responses out of 3 voters: 2 yes votes; 0 no votes. yes voters: 549bba2117ca4501a226799b86a62a47, d6d1618c387a4fca85b0f4ea2d2c2fbf; no voters: 
I20260710 13:19:01.027603  6711 raft_consensus.cc:2804] T d592e9a3d667497fa426bab85d3cc628 P 549bba2117ca4501a226799b86a62a47 [term 3 FOLLOWER]: Leader election won for term 3
I20260710 13:19:01.027829  6457 raft_consensus.cc:2468] T d592e9a3d667497fa426bab85d3cc628 P d5c32f6470f74f4691cafc8d9f17b1d5 [term 3 FOLLOWER]: Leader election vote request: Granting yes vote for candidate 549bba2117ca4501a226799b86a62a47 in term 3.
I20260710 13:19:01.028084  6711 raft_consensus.cc:697] T d592e9a3d667497fa426bab85d3cc628 P 549bba2117ca4501a226799b86a62a47 [term 3 LEADER]: Becoming Leader. State: Replica: 549bba2117ca4501a226799b86a62a47, State: Running, Role: LEADER
I20260710 13:19:01.028913  6711 consensus_queue.cc:237] T d592e9a3d667497fa426bab85d3cc628 P 549bba2117ca4501a226799b86a62a47 [LEADER]: Queue going to LEADER mode. State: All replicated index: 0, Majority replicated index: 2, Committed index: 2, Last appended: 2.2, Last appended by leader: 2, Current term: 3, Majority size: 2, State: 0, Mode: LEADER, active raft config: opid_index: -1 OBSOLETE_local: false peers { permanent_uuid: "d5c32f6470f74f4691cafc8d9f17b1d5" member_type: VOTER last_known_addr { host: "127.5.177.129" port: 40869 } } peers { permanent_uuid: "d6d1618c387a4fca85b0f4ea2d2c2fbf" member_type: VOTER last_known_addr { host: "127.5.177.130" port: 40385 } } peers { permanent_uuid: "549bba2117ca4501a226799b86a62a47" member_type: VOTER last_known_addr { host: "127.5.177.131" port: 39873 } }
I20260710 13:19:01.035619  6355 catalog_manager.cc:5697] T d592e9a3d667497fa426bab85d3cc628 P 549bba2117ca4501a226799b86a62a47 reported cstate change: term changed from 2 to 3, leader changed from d5c32f6470f74f4691cafc8d9f17b1d5 (127.5.177.129) to 549bba2117ca4501a226799b86a62a47 (127.5.177.131). New cstate: current_term: 3 leader_uuid: "549bba2117ca4501a226799b86a62a47" committed_config { opid_index: -1 OBSOLETE_local: false peers { permanent_uuid: "d5c32f6470f74f4691cafc8d9f17b1d5" member_type: VOTER last_known_addr { host: "127.5.177.129" port: 40869 } health_report { overall_health: UNKNOWN } } peers { permanent_uuid: "d6d1618c387a4fca85b0f4ea2d2c2fbf" member_type: VOTER last_known_addr { host: "127.5.177.130" port: 40385 } health_report { overall_health: UNKNOWN } } peers { permanent_uuid: "549bba2117ca4501a226799b86a62a47" member_type: VOTER last_known_addr { host: "127.5.177.131" port: 39873 } health_report { overall_health: HEALTHY } } }
I20260710 13:19:01.153668  6533 raft_consensus.cc:1275] T 51e348f1480244698da2aae46365c3f5 P d6d1618c387a4fca85b0f4ea2d2c2fbf [term 3 FOLLOWER]: Refusing update from remote peer 549bba2117ca4501a226799b86a62a47: Log matching property violated. Preceding OpId in replica: term: 2 index: 2. Preceding OpId from leader: term: 3 index: 3. (index mismatch)
I20260710 13:19:01.155040  6711 consensus_queue.cc:1048] T 51e348f1480244698da2aae46365c3f5 P 549bba2117ca4501a226799b86a62a47 [LEADER]: Connected to new peer: Peer: permanent_uuid: "d6d1618c387a4fca85b0f4ea2d2c2fbf" member_type: VOTER last_known_addr { host: "127.5.177.130" port: 40385 }, Status: LMP_MISMATCH, Last received: 0.0, Next index: 3, Last known committed idx: 2, Time since last communication: 0.000s
I20260710 13:19:01.170289  6457 raft_consensus.cc:1275] T 51e348f1480244698da2aae46365c3f5 P d5c32f6470f74f4691cafc8d9f17b1d5 [term 3 FOLLOWER]: Refusing update from remote peer 549bba2117ca4501a226799b86a62a47: Log matching property violated. Preceding OpId in replica: term: 2 index: 2. Preceding OpId from leader: term: 3 index: 3. (index mismatch)
I20260710 13:19:01.172549  6748 consensus_queue.cc:1048] T 51e348f1480244698da2aae46365c3f5 P 549bba2117ca4501a226799b86a62a47 [LEADER]: Connected to new peer: Peer: permanent_uuid: "d5c32f6470f74f4691cafc8d9f17b1d5" member_type: VOTER last_known_addr { host: "127.5.177.129" port: 40869 }, Status: LMP_MISMATCH, Last received: 0.0, Next index: 3, Last known committed idx: 2, Time since last communication: 0.000s
I20260710 13:19:01.444474  6457 raft_consensus.cc:1275] T d592e9a3d667497fa426bab85d3cc628 P d5c32f6470f74f4691cafc8d9f17b1d5 [term 3 FOLLOWER]: Refusing update from remote peer 549bba2117ca4501a226799b86a62a47: Log matching property violated. Preceding OpId in replica: term: 2 index: 2. Preceding OpId from leader: term: 3 index: 3. (index mismatch)
I20260710 13:19:01.446187  6748 consensus_queue.cc:1048] T d592e9a3d667497fa426bab85d3cc628 P 549bba2117ca4501a226799b86a62a47 [LEADER]: Connected to new peer: Peer: permanent_uuid: "d5c32f6470f74f4691cafc8d9f17b1d5" member_type: VOTER last_known_addr { host: "127.5.177.129" port: 40869 }, Status: LMP_MISMATCH, Last received: 0.0, Next index: 3, Last known committed idx: 2, Time since last communication: 0.000s
