I20260710 13:18:44.180456 11591 raft_consensus.cc:359] T c3b99dbd209848d3b6fb0d6a535b6443 P 7b6a82efc9104833abd8337b0c094e5a [term 0 FOLLOWER]: Replica starting. Triggering 0 pending ops. Active config: opid_index: -1 OBSOLETE_local: false peers { permanent_uuid: "dab6500bb777438aac59d7a2bf131bd7" member_type: VOTER last_known_addr { host: "127.10.255.129" port: 43743 } } peers { permanent_uuid: "7b6a82efc9104833abd8337b0c094e5a" member_type: VOTER last_known_addr { host: "127.10.255.130" port: 43343 } } peers { permanent_uuid: "08a04f7fc67b4b2eb7726cf37f1d6be8" member_type: VOTER last_known_addr { host: "127.10.255.131" port: 37043 } }
I20260710 13:18:44.181156 11591 raft_consensus.cc:385] T c3b99dbd209848d3b6fb0d6a535b6443 P 7b6a82efc9104833abd8337b0c094e5a [term 0 FOLLOWER]: Consensus starting up: Expiring failure detector timer to make a prompt election more likely
I20260710 13:18:44.181435 11591 raft_consensus.cc:740] T c3b99dbd209848d3b6fb0d6a535b6443 P 7b6a82efc9104833abd8337b0c094e5a [term 0 FOLLOWER]: Becoming Follower/Learner. State: Replica: 7b6a82efc9104833abd8337b0c094e5a, State: Initialized, Role: FOLLOWER
I20260710 13:18:44.182240 11591 consensus_queue.cc:260] T c3b99dbd209848d3b6fb0d6a535b6443 P 7b6a82efc9104833abd8337b0c094e5a [NON_LEADER]: Queue going to NON_LEADER mode. State: All replicated index: 0, Majority replicated index: 0, Committed index: 0, Last appended: 0.0, Last appended by leader: 0, Current term: 0, Majority size: -1, State: 0, Mode: NON_LEADER, active raft config: opid_index: -1 OBSOLETE_local: false peers { permanent_uuid: "dab6500bb777438aac59d7a2bf131bd7" member_type: VOTER last_known_addr { host: "127.10.255.129" port: 43743 } } peers { permanent_uuid: "7b6a82efc9104833abd8337b0c094e5a" member_type: VOTER last_known_addr { host: "127.10.255.130" port: 43343 } } peers { permanent_uuid: "08a04f7fc67b4b2eb7726cf37f1d6be8" member_type: VOTER last_known_addr { host: "127.10.255.131" port: 37043 } }
I20260710 13:18:44.184046 11589 raft_consensus.cc:359] T 258a5782783a41cd81fea5c0aea49ef2 P dab6500bb777438aac59d7a2bf131bd7 [term 0 FOLLOWER]: Replica starting. Triggering 0 pending ops. Active config: opid_index: -1 OBSOLETE_local: false peers { permanent_uuid: "dab6500bb777438aac59d7a2bf131bd7" member_type: VOTER last_known_addr { host: "127.10.255.129" port: 43743 } } peers { permanent_uuid: "7b6a82efc9104833abd8337b0c094e5a" member_type: VOTER last_known_addr { host: "127.10.255.130" port: 43343 } } peers { permanent_uuid: "08a04f7fc67b4b2eb7726cf37f1d6be8" member_type: VOTER last_known_addr { host: "127.10.255.131" port: 37043 } }
I20260710 13:18:44.184774 11591 ts_tablet_manager.cc:1434] T c3b99dbd209848d3b6fb0d6a535b6443 P 7b6a82efc9104833abd8337b0c094e5a: Time spent starting tablet: real 0.007s	user 0.008s	sys 0.000s
I20260710 13:18:44.184870 11589 raft_consensus.cc:385] T 258a5782783a41cd81fea5c0aea49ef2 P dab6500bb777438aac59d7a2bf131bd7 [term 0 FOLLOWER]: Consensus starting up: Expiring failure detector timer to make a prompt election more likely
I20260710 13:18:44.185470 11589 raft_consensus.cc:740] T 258a5782783a41cd81fea5c0aea49ef2 P dab6500bb777438aac59d7a2bf131bd7 [term 0 FOLLOWER]: Becoming Follower/Learner. State: Replica: dab6500bb777438aac59d7a2bf131bd7, State: Initialized, Role: FOLLOWER
I20260710 13:18:44.185781 11591 tablet_bootstrap.cc:492] T 624a5ea344da4ec589b979b86fedac4b P 7b6a82efc9104833abd8337b0c094e5a: Bootstrap starting.
I20260710 13:18:44.188647 11598 raft_consensus.cc:493] T 4d42c297856d43b9b413e1b54a4e45fd P dab6500bb777438aac59d7a2bf131bd7 [term 0 FOLLOWER]: Starting pre-election (no leader contacted us within the election timeout)
I20260710 13:18:44.195758 11598 raft_consensus.cc:515] T 4d42c297856d43b9b413e1b54a4e45fd P dab6500bb777438aac59d7a2bf131bd7 [term 0 FOLLOWER]: Starting pre-election with config: opid_index: -1 OBSOLETE_local: false peers { permanent_uuid: "dab6500bb777438aac59d7a2bf131bd7" member_type: VOTER last_known_addr { host: "127.10.255.129" port: 43743 } } peers { permanent_uuid: "7b6a82efc9104833abd8337b0c094e5a" member_type: VOTER last_known_addr { host: "127.10.255.130" port: 43343 } } peers { permanent_uuid: "08a04f7fc67b4b2eb7726cf37f1d6be8" member_type: VOTER last_known_addr { host: "127.10.255.131" port: 37043 } }
I20260710 13:18:44.198104 11598 leader_election.cc:290] T 4d42c297856d43b9b413e1b54a4e45fd P dab6500bb777438aac59d7a2bf131bd7 [CANDIDATE]: Term 1 pre-election: Requested pre-vote from peers 7b6a82efc9104833abd8337b0c094e5a (127.10.255.130:43343), 08a04f7fc67b4b2eb7726cf37f1d6be8 (127.10.255.131:37043)
I20260710 13:18:44.197512 11291 catalog_manager.cc:5697] T 0725dadf791c4d17b407763296581ba4 P 7b6a82efc9104833abd8337b0c094e5a reported cstate change: term changed from 0 to 1, leader changed from <none> to 7b6a82efc9104833abd8337b0c094e5a (127.10.255.130). New cstate: current_term: 1 leader_uuid: "7b6a82efc9104833abd8337b0c094e5a" committed_config { opid_index: -1 OBSOLETE_local: false peers { permanent_uuid: "dab6500bb777438aac59d7a2bf131bd7" member_type: VOTER last_known_addr { host: "127.10.255.129" port: 43743 } health_report { overall_health: UNKNOWN } } peers { permanent_uuid: "7b6a82efc9104833abd8337b0c094e5a" member_type: VOTER last_known_addr { host: "127.10.255.130" port: 43343 } health_report { overall_health: HEALTHY } } peers { permanent_uuid: "08a04f7fc67b4b2eb7726cf37f1d6be8" member_type: VOTER last_known_addr { host: "127.10.255.131" port: 37043 } health_report { overall_health: UNKNOWN } } }
I20260710 13:18:44.200016 11471 tablet_service.cc:1917] Received RequestConsensusVote() RPC: tablet_id: "4d42c297856d43b9b413e1b54a4e45fd" candidate_uuid: "dab6500bb777438aac59d7a2bf131bd7" candidate_term: 1 candidate_status { last_received { term: 0 index: 0 } } ignore_live_leader: false dest_uuid: "7b6a82efc9104833abd8337b0c094e5a" is_pre_election: true
I20260710 13:18:44.200282 11544 tablet_service.cc:1917] Received RequestConsensusVote() RPC: tablet_id: "4d42c297856d43b9b413e1b54a4e45fd" candidate_uuid: "dab6500bb777438aac59d7a2bf131bd7" candidate_term: 1 candidate_status { last_received { term: 0 index: 0 } } ignore_live_leader: false dest_uuid: "08a04f7fc67b4b2eb7726cf37f1d6be8" is_pre_election: true
I20260710 13:18:44.201488 11544 raft_consensus.cc:2393] T 4d42c297856d43b9b413e1b54a4e45fd P 08a04f7fc67b4b2eb7726cf37f1d6be8 [term 1 FOLLOWER]: Leader pre-election vote request: Denying vote to candidate dab6500bb777438aac59d7a2bf131bd7 in current term 1: Already voted for candidate 7b6a82efc9104833abd8337b0c094e5a in this term.
I20260710 13:18:44.201292 11589 consensus_queue.cc:260] T 258a5782783a41cd81fea5c0aea49ef2 P dab6500bb777438aac59d7a2bf131bd7 [NON_LEADER]: Queue going to NON_LEADER mode. State: All replicated index: 0, Majority replicated index: 0, Committed index: 0, Last appended: 0.0, Last appended by leader: 0, Current term: 0, Majority size: -1, State: 0, Mode: NON_LEADER, active raft config: opid_index: -1 OBSOLETE_local: false peers { permanent_uuid: "dab6500bb777438aac59d7a2bf131bd7" member_type: VOTER last_known_addr { host: "127.10.255.129" port: 43743 } } peers { permanent_uuid: "7b6a82efc9104833abd8337b0c094e5a" member_type: VOTER last_known_addr { host: "127.10.255.130" port: 43343 } } peers { permanent_uuid: "08a04f7fc67b4b2eb7726cf37f1d6be8" member_type: VOTER last_known_addr { host: "127.10.255.131" port: 37043 } }
I20260710 13:18:44.203023 11361 leader_election.cc:304] T 4d42c297856d43b9b413e1b54a4e45fd P dab6500bb777438aac59d7a2bf131bd7 [CANDIDATE]: Term 1 pre-election: Election decided. Result: candidate lost. Election summary: received 3 responses out of 3 voters: 1 yes votes; 2 no votes. yes voters: dab6500bb777438aac59d7a2bf131bd7; no voters: 08a04f7fc67b4b2eb7726cf37f1d6be8, 7b6a82efc9104833abd8337b0c094e5a
I20260710 13:18:44.204181 11598 raft_consensus.cc:3060] T 4d42c297856d43b9b413e1b54a4e45fd P dab6500bb777438aac59d7a2bf131bd7 [term 0 FOLLOWER]: Advancing to term 1
I20260710 13:18:44.204461 11589 ts_tablet_manager.cc:1434] T 258a5782783a41cd81fea5c0aea49ef2 P dab6500bb777438aac59d7a2bf131bd7: Time spent starting tablet: real 0.048s	user 0.007s	sys 0.000s
I20260710 13:18:44.205447 11589 tablet_bootstrap.cc:492] T c3b99dbd209848d3b6fb0d6a535b6443 P dab6500bb777438aac59d7a2bf131bd7: Bootstrap starting.
I20260710 13:18:44.211354 11598 raft_consensus.cc:2749] T 4d42c297856d43b9b413e1b54a4e45fd P dab6500bb777438aac59d7a2bf131bd7 [term 1 FOLLOWER]: Leader pre-election lost for term 1. Reason: could not achieve majority
I20260710 13:18:44.217118 11591 tablet_bootstrap.cc:654] T 624a5ea344da4ec589b979b86fedac4b P 7b6a82efc9104833abd8337b0c094e5a: Neither blocks nor log segments found. Creating new log.
I20260710 13:18:44.220749 11589 tablet_bootstrap.cc:654] T c3b99dbd209848d3b6fb0d6a535b6443 P dab6500bb777438aac59d7a2bf131bd7: Neither blocks nor log segments found. Creating new log.
I20260710 13:18:44.222939 11590 tablet_bootstrap.cc:492] T c3b99dbd209848d3b6fb0d6a535b6443 P 08a04f7fc67b4b2eb7726cf37f1d6be8: No bootstrap required, opened a new log
I20260710 13:18:44.223423 11590 ts_tablet_manager.cc:1403] T c3b99dbd209848d3b6fb0d6a535b6443 P 08a04f7fc67b4b2eb7726cf37f1d6be8: Time spent bootstrapping tablet: real 0.062s	user 0.024s	sys 0.024s
I20260710 13:18:44.226117 11590 raft_consensus.cc:359] T c3b99dbd209848d3b6fb0d6a535b6443 P 08a04f7fc67b4b2eb7726cf37f1d6be8 [term 0 FOLLOWER]: Replica starting. Triggering 0 pending ops. Active config: opid_index: -1 OBSOLETE_local: false peers { permanent_uuid: "dab6500bb777438aac59d7a2bf131bd7" member_type: VOTER last_known_addr { host: "127.10.255.129" port: 43743 } } peers { permanent_uuid: "7b6a82efc9104833abd8337b0c094e5a" member_type: VOTER last_known_addr { host: "127.10.255.130" port: 43343 } } peers { permanent_uuid: "08a04f7fc67b4b2eb7726cf37f1d6be8" member_type: VOTER last_known_addr { host: "127.10.255.131" port: 37043 } }
I20260710 13:18:44.226795 11590 raft_consensus.cc:385] T c3b99dbd209848d3b6fb0d6a535b6443 P 08a04f7fc67b4b2eb7726cf37f1d6be8 [term 0 FOLLOWER]: Consensus starting up: Expiring failure detector timer to make a prompt election more likely
I20260710 13:18:44.227061 11590 raft_consensus.cc:740] T c3b99dbd209848d3b6fb0d6a535b6443 P 08a04f7fc67b4b2eb7726cf37f1d6be8 [term 0 FOLLOWER]: Becoming Follower/Learner. State: Replica: 08a04f7fc67b4b2eb7726cf37f1d6be8, State: Initialized, Role: FOLLOWER
I20260710 13:18:44.227886 11590 consensus_queue.cc:260] T c3b99dbd209848d3b6fb0d6a535b6443 P 08a04f7fc67b4b2eb7726cf37f1d6be8 [NON_LEADER]: Queue going to NON_LEADER mode. State: All replicated index: 0, Majority replicated index: 0, Committed index: 0, Last appended: 0.0, Last appended by leader: 0, Current term: 0, Majority size: -1, State: 0, Mode: NON_LEADER, active raft config: opid_index: -1 OBSOLETE_local: false peers { permanent_uuid: "dab6500bb777438aac59d7a2bf131bd7" member_type: VOTER last_known_addr { host: "127.10.255.129" port: 43743 } } peers { permanent_uuid: "7b6a82efc9104833abd8337b0c094e5a" member_type: VOTER last_known_addr { host: "127.10.255.130" port: 43343 } } peers { permanent_uuid: "08a04f7fc67b4b2eb7726cf37f1d6be8" member_type: VOTER last_known_addr { host: "127.10.255.131" port: 37043 } }
I20260710 13:18:44.231439 11591 tablet_bootstrap.cc:492] T 624a5ea344da4ec589b979b86fedac4b P 7b6a82efc9104833abd8337b0c094e5a: No bootstrap required, opened a new log
I20260710 13:18:44.231611 11590 ts_tablet_manager.cc:1434] T c3b99dbd209848d3b6fb0d6a535b6443 P 08a04f7fc67b4b2eb7726cf37f1d6be8: Time spent starting tablet: real 0.008s	user 0.005s	sys 0.001s
I20260710 13:18:44.231942 11591 ts_tablet_manager.cc:1403] T 624a5ea344da4ec589b979b86fedac4b P 7b6a82efc9104833abd8337b0c094e5a: Time spent bootstrapping tablet: real 0.046s	user 0.012s	sys 0.000s
I20260710 13:18:44.232609 11590 tablet_bootstrap.cc:492] T 2689560999054690804d307c2491320d P 08a04f7fc67b4b2eb7726cf37f1d6be8: Bootstrap starting.
I20260710 13:18:44.235173 11591 raft_consensus.cc:359] T 624a5ea344da4ec589b979b86fedac4b P 7b6a82efc9104833abd8337b0c094e5a [term 0 FOLLOWER]: Replica starting. Triggering 0 pending ops. Active config: opid_index: -1 OBSOLETE_local: false peers { permanent_uuid: "dab6500bb777438aac59d7a2bf131bd7" member_type: VOTER last_known_addr { host: "127.10.255.129" port: 43743 } } peers { permanent_uuid: "7b6a82efc9104833abd8337b0c094e5a" member_type: VOTER last_known_addr { host: "127.10.255.130" port: 43343 } } peers { permanent_uuid: "08a04f7fc67b4b2eb7726cf37f1d6be8" member_type: VOTER last_known_addr { host: "127.10.255.131" port: 37043 } }
I20260710 13:18:44.235867 11591 raft_consensus.cc:385] T 624a5ea344da4ec589b979b86fedac4b P 7b6a82efc9104833abd8337b0c094e5a [term 0 FOLLOWER]: Consensus starting up: Expiring failure detector timer to make a prompt election more likely
I20260710 13:18:44.236135 11591 raft_consensus.cc:740] T 624a5ea344da4ec589b979b86fedac4b P 7b6a82efc9104833abd8337b0c094e5a [term 0 FOLLOWER]: Becoming Follower/Learner. State: Replica: 7b6a82efc9104833abd8337b0c094e5a, State: Initialized, Role: FOLLOWER
I20260710 13:18:44.236866 11591 consensus_queue.cc:260] T 624a5ea344da4ec589b979b86fedac4b P 7b6a82efc9104833abd8337b0c094e5a [NON_LEADER]: Queue going to NON_LEADER mode. State: All replicated index: 0, Majority replicated index: 0, Committed index: 0, Last appended: 0.0, Last appended by leader: 0, Current term: 0, Majority size: -1, State: 0, Mode: NON_LEADER, active raft config: opid_index: -1 OBSOLETE_local: false peers { permanent_uuid: "dab6500bb777438aac59d7a2bf131bd7" member_type: VOTER last_known_addr { host: "127.10.255.129" port: 43743 } } peers { permanent_uuid: "7b6a82efc9104833abd8337b0c094e5a" member_type: VOTER last_known_addr { host: "127.10.255.130" port: 43343 } } peers { permanent_uuid: "08a04f7fc67b4b2eb7726cf37f1d6be8" member_type: VOTER last_known_addr { host: "127.10.255.131" port: 37043 } }
I20260710 13:18:44.239012 11591 ts_tablet_manager.cc:1434] T 624a5ea344da4ec589b979b86fedac4b P 7b6a82efc9104833abd8337b0c094e5a: Time spent starting tablet: real 0.007s	user 0.006s	sys 0.000s
I20260710 13:18:44.239928 11591 tablet_bootstrap.cc:492] T 258a5782783a41cd81fea5c0aea49ef2 P 7b6a82efc9104833abd8337b0c094e5a: Bootstrap starting.
I20260710 13:18:44.246366 11589 tablet_bootstrap.cc:492] T c3b99dbd209848d3b6fb0d6a535b6443 P dab6500bb777438aac59d7a2bf131bd7: No bootstrap required, opened a new log
I20260710 13:18:44.246778 11589 ts_tablet_manager.cc:1403] T c3b99dbd209848d3b6fb0d6a535b6443 P dab6500bb777438aac59d7a2bf131bd7: Time spent bootstrapping tablet: real 0.042s	user 0.013s	sys 0.004s
I20260710 13:18:44.247757 11590 tablet_bootstrap.cc:654] T 2689560999054690804d307c2491320d P 08a04f7fc67b4b2eb7726cf37f1d6be8: Neither blocks nor log segments found. Creating new log.
I20260710 13:18:44.251758 11591 tablet_bootstrap.cc:654] T 258a5782783a41cd81fea5c0aea49ef2 P 7b6a82efc9104833abd8337b0c094e5a: Neither blocks nor log segments found. Creating new log.
I20260710 13:18:44.257217 11589 raft_consensus.cc:359] T c3b99dbd209848d3b6fb0d6a535b6443 P dab6500bb777438aac59d7a2bf131bd7 [term 0 FOLLOWER]: Replica starting. Triggering 0 pending ops. Active config: opid_index: -1 OBSOLETE_local: false peers { permanent_uuid: "dab6500bb777438aac59d7a2bf131bd7" member_type: VOTER last_known_addr { host: "127.10.255.129" port: 43743 } } peers { permanent_uuid: "7b6a82efc9104833abd8337b0c094e5a" member_type: VOTER last_known_addr { host: "127.10.255.130" port: 43343 } } peers { permanent_uuid: "08a04f7fc67b4b2eb7726cf37f1d6be8" member_type: VOTER last_known_addr { host: "127.10.255.131" port: 37043 } }
I20260710 13:18:44.257791 11589 raft_consensus.cc:385] T c3b99dbd209848d3b6fb0d6a535b6443 P dab6500bb777438aac59d7a2bf131bd7 [term 0 FOLLOWER]: Consensus starting up: Expiring failure detector timer to make a prompt election more likely
I20260710 13:18:44.258019 11589 raft_consensus.cc:740] T c3b99dbd209848d3b6fb0d6a535b6443 P dab6500bb777438aac59d7a2bf131bd7 [term 0 FOLLOWER]: Becoming Follower/Learner. State: Replica: dab6500bb777438aac59d7a2bf131bd7, State: Initialized, Role: FOLLOWER
I20260710 13:18:44.258090 11591 tablet_bootstrap.cc:492] T 258a5782783a41cd81fea5c0aea49ef2 P 7b6a82efc9104833abd8337b0c094e5a: No bootstrap required, opened a new log
I20260710 13:18:44.258550 11591 ts_tablet_manager.cc:1403] T 258a5782783a41cd81fea5c0aea49ef2 P 7b6a82efc9104833abd8337b0c094e5a: Time spent bootstrapping tablet: real 0.019s	user 0.007s	sys 0.004s
I20260710 13:18:44.258664 11589 consensus_queue.cc:260] T c3b99dbd209848d3b6fb0d6a535b6443 P dab6500bb777438aac59d7a2bf131bd7 [NON_LEADER]: Queue going to NON_LEADER mode. State: All replicated index: 0, Majority replicated index: 0, Committed index: 0, Last appended: 0.0, Last appended by leader: 0, Current term: 0, Majority size: -1, State: 0, Mode: NON_LEADER, active raft config: opid_index: -1 OBSOLETE_local: false peers { permanent_uuid: "dab6500bb777438aac59d7a2bf131bd7" member_type: VOTER last_known_addr { host: "127.10.255.129" port: 43743 } } peers { permanent_uuid: "7b6a82efc9104833abd8337b0c094e5a" member_type: VOTER last_known_addr { host: "127.10.255.130" port: 43343 } } peers { permanent_uuid: "08a04f7fc67b4b2eb7726cf37f1d6be8" member_type: VOTER last_known_addr { host: "127.10.255.131" port: 37043 } }
I20260710 13:18:44.263054 11589 ts_tablet_manager.cc:1434] T c3b99dbd209848d3b6fb0d6a535b6443 P dab6500bb777438aac59d7a2bf131bd7: Time spent starting tablet: real 0.016s	user 0.007s	sys 0.000s
I20260710 13:18:44.263217 11590 tablet_bootstrap.cc:492] T 2689560999054690804d307c2491320d P 08a04f7fc67b4b2eb7726cf37f1d6be8: No bootstrap required, opened a new log
I20260710 13:18:44.263693 11590 ts_tablet_manager.cc:1403] T 2689560999054690804d307c2491320d P 08a04f7fc67b4b2eb7726cf37f1d6be8: Time spent bootstrapping tablet: real 0.031s	user 0.004s	sys 0.008s
I20260710 13:18:44.264001 11589 tablet_bootstrap.cc:492] T 624a5ea344da4ec589b979b86fedac4b P dab6500bb777438aac59d7a2bf131bd7: Bootstrap starting.
I20260710 13:18:44.266224 11590 raft_consensus.cc:359] T 2689560999054690804d307c2491320d P 08a04f7fc67b4b2eb7726cf37f1d6be8 [term 0 FOLLOWER]: Replica starting. Triggering 0 pending ops. Active config: opid_index: -1 OBSOLETE_local: false peers { permanent_uuid: "dab6500bb777438aac59d7a2bf131bd7" member_type: VOTER last_known_addr { host: "127.10.255.129" port: 43743 } } peers { permanent_uuid: "7b6a82efc9104833abd8337b0c094e5a" member_type: VOTER last_known_addr { host: "127.10.255.130" port: 43343 } } peers { permanent_uuid: "08a04f7fc67b4b2eb7726cf37f1d6be8" member_type: VOTER last_known_addr { host: "127.10.255.131" port: 37043 } }
I20260710 13:18:44.266865 11590 raft_consensus.cc:385] T 2689560999054690804d307c2491320d P 08a04f7fc67b4b2eb7726cf37f1d6be8 [term 0 FOLLOWER]: Consensus starting up: Expiring failure detector timer to make a prompt election more likely
I20260710 13:18:44.267128 11590 raft_consensus.cc:740] T 2689560999054690804d307c2491320d P 08a04f7fc67b4b2eb7726cf37f1d6be8 [term 0 FOLLOWER]: Becoming Follower/Learner. State: Replica: 08a04f7fc67b4b2eb7726cf37f1d6be8, State: Initialized, Role: FOLLOWER
I20260710 13:18:44.261175 11591 raft_consensus.cc:359] T 258a5782783a41cd81fea5c0aea49ef2 P 7b6a82efc9104833abd8337b0c094e5a [term 0 FOLLOWER]: Replica starting. Triggering 0 pending ops. Active config: opid_index: -1 OBSOLETE_local: false peers { permanent_uuid: "dab6500bb777438aac59d7a2bf131bd7" member_type: VOTER last_known_addr { host: "127.10.255.129" port: 43743 } } peers { permanent_uuid: "7b6a82efc9104833abd8337b0c094e5a" member_type: VOTER last_known_addr { host: "127.10.255.130" port: 43343 } } peers { permanent_uuid: "08a04f7fc67b4b2eb7726cf37f1d6be8" member_type: VOTER last_known_addr { host: "127.10.255.131" port: 37043 } }
I20260710 13:18:44.268036 11591 raft_consensus.cc:385] T 258a5782783a41cd81fea5c0aea49ef2 P 7b6a82efc9104833abd8337b0c094e5a [term 0 FOLLOWER]: Consensus starting up: Expiring failure detector timer to make a prompt election more likely
I20260710 13:18:44.268438 11591 raft_consensus.cc:740] T 258a5782783a41cd81fea5c0aea49ef2 P 7b6a82efc9104833abd8337b0c094e5a [term 0 FOLLOWER]: Becoming Follower/Learner. State: Replica: 7b6a82efc9104833abd8337b0c094e5a, State: Initialized, Role: FOLLOWER
I20260710 13:18:44.268067 11590 consensus_queue.cc:260] T 2689560999054690804d307c2491320d P 08a04f7fc67b4b2eb7726cf37f1d6be8 [NON_LEADER]: Queue going to NON_LEADER mode. State: All replicated index: 0, Majority replicated index: 0, Committed index: 0, Last appended: 0.0, Last appended by leader: 0, Current term: 0, Majority size: -1, State: 0, Mode: NON_LEADER, active raft config: opid_index: -1 OBSOLETE_local: false peers { permanent_uuid: "dab6500bb777438aac59d7a2bf131bd7" member_type: VOTER last_known_addr { host: "127.10.255.129" port: 43743 } } peers { permanent_uuid: "7b6a82efc9104833abd8337b0c094e5a" member_type: VOTER last_known_addr { host: "127.10.255.130" port: 43343 } } peers { permanent_uuid: "08a04f7fc67b4b2eb7726cf37f1d6be8" member_type: VOTER last_known_addr { host: "127.10.255.131" port: 37043 } }
I20260710 13:18:44.276971 11590 ts_tablet_manager.cc:1434] T 2689560999054690804d307c2491320d P 08a04f7fc67b4b2eb7726cf37f1d6be8: Time spent starting tablet: real 0.013s	user 0.006s	sys 0.006s
I20260710 13:18:44.276417 11591 consensus_queue.cc:260] T 258a5782783a41cd81fea5c0aea49ef2 P 7b6a82efc9104833abd8337b0c094e5a [NON_LEADER]: Queue going to NON_LEADER mode. State: All replicated index: 0, Majority replicated index: 0, Committed index: 0, Last appended: 0.0, Last appended by leader: 0, Current term: 0, Majority size: -1, State: 0, Mode: NON_LEADER, active raft config: opid_index: -1 OBSOLETE_local: false peers { permanent_uuid: "dab6500bb777438aac59d7a2bf131bd7" member_type: VOTER last_known_addr { host: "127.10.255.129" port: 43743 } } peers { permanent_uuid: "7b6a82efc9104833abd8337b0c094e5a" member_type: VOTER last_known_addr { host: "127.10.255.130" port: 43343 } } peers { permanent_uuid: "08a04f7fc67b4b2eb7726cf37f1d6be8" member_type: VOTER last_known_addr { host: "127.10.255.131" port: 37043 } }
I20260710 13:18:44.277765 11589 tablet_bootstrap.cc:654] T 624a5ea344da4ec589b979b86fedac4b P dab6500bb777438aac59d7a2bf131bd7: Neither blocks nor log segments found. Creating new log.
I20260710 13:18:44.281275 11591 ts_tablet_manager.cc:1434] T 258a5782783a41cd81fea5c0aea49ef2 P 7b6a82efc9104833abd8337b0c094e5a: Time spent starting tablet: real 0.022s	user 0.006s	sys 0.002s
I20260710 13:18:44.287595 11589 tablet_bootstrap.cc:492] T 624a5ea344da4ec589b979b86fedac4b P dab6500bb777438aac59d7a2bf131bd7: No bootstrap required, opened a new log
I20260710 13:18:44.288091 11589 ts_tablet_manager.cc:1403] T 624a5ea344da4ec589b979b86fedac4b P dab6500bb777438aac59d7a2bf131bd7: Time spent bootstrapping tablet: real 0.024s	user 0.011s	sys 0.011s
I20260710 13:18:44.290707 11589 raft_consensus.cc:359] T 624a5ea344da4ec589b979b86fedac4b P dab6500bb777438aac59d7a2bf131bd7 [term 0 FOLLOWER]: Replica starting. Triggering 0 pending ops. Active config: opid_index: -1 OBSOLETE_local: false peers { permanent_uuid: "dab6500bb777438aac59d7a2bf131bd7" member_type: VOTER last_known_addr { host: "127.10.255.129" port: 43743 } } peers { permanent_uuid: "7b6a82efc9104833abd8337b0c094e5a" member_type: VOTER last_known_addr { host: "127.10.255.130" port: 43343 } } peers { permanent_uuid: "08a04f7fc67b4b2eb7726cf37f1d6be8" member_type: VOTER last_known_addr { host: "127.10.255.131" port: 37043 } }
I20260710 13:18:44.291383 11589 raft_consensus.cc:385] T 624a5ea344da4ec589b979b86fedac4b P dab6500bb777438aac59d7a2bf131bd7 [term 0 FOLLOWER]: Consensus starting up: Expiring failure detector timer to make a prompt election more likely
I20260710 13:18:44.291679 11589 raft_consensus.cc:740] T 624a5ea344da4ec589b979b86fedac4b P dab6500bb777438aac59d7a2bf131bd7 [term 0 FOLLOWER]: Becoming Follower/Learner. State: Replica: dab6500bb777438aac59d7a2bf131bd7, State: Initialized, Role: FOLLOWER
I20260710 13:18:44.292446 11589 consensus_queue.cc:260] T 624a5ea344da4ec589b979b86fedac4b P dab6500bb777438aac59d7a2bf131bd7 [NON_LEADER]: Queue going to NON_LEADER mode. State: All replicated index: 0, Majority replicated index: 0, Committed index: 0, Last appended: 0.0, Last appended by leader: 0, Current term: 0, Majority size: -1, State: 0, Mode: NON_LEADER, active raft config: opid_index: -1 OBSOLETE_local: false peers { permanent_uuid: "dab6500bb777438aac59d7a2bf131bd7" member_type: VOTER last_known_addr { host: "127.10.255.129" port: 43743 } } peers { permanent_uuid: "7b6a82efc9104833abd8337b0c094e5a" member_type: VOTER last_known_addr { host: "127.10.255.130" port: 43343 } } peers { permanent_uuid: "08a04f7fc67b4b2eb7726cf37f1d6be8" member_type: VOTER last_known_addr { host: "127.10.255.131" port: 37043 } }
I20260710 13:18:44.293026 11628 raft_consensus.cc:493] T 5c95d7a8dba440039f6c412c6d2dce54 P 7b6a82efc9104833abd8337b0c094e5a [term 0 FOLLOWER]: Starting pre-election (no leader contacted us within the election timeout)
I20260710 13:18:44.293489 11628 raft_consensus.cc:515] T 5c95d7a8dba440039f6c412c6d2dce54 P 7b6a82efc9104833abd8337b0c094e5a [term 0 FOLLOWER]: Starting pre-election with config: opid_index: -1 OBSOLETE_local: false peers { permanent_uuid: "dab6500bb777438aac59d7a2bf131bd7" member_type: VOTER last_known_addr { host: "127.10.255.129" port: 43743 } } peers { permanent_uuid: "08a04f7fc67b4b2eb7726cf37f1d6be8" member_type: VOTER last_known_addr { host: "127.10.255.131" port: 37043 } } peers { permanent_uuid: "7b6a82efc9104833abd8337b0c094e5a" member_type: VOTER last_known_addr { host: "127.10.255.130" port: 43343 } }
I20260710 13:18:44.294891 11589 ts_tablet_manager.cc:1434] T 624a5ea344da4ec589b979b86fedac4b P dab6500bb777438aac59d7a2bf131bd7: Time spent starting tablet: real 0.006s	user 0.006s	sys 0.000s
I20260710 13:18:44.298384 11397 tablet_service.cc:1917] Received RequestConsensusVote() RPC: tablet_id: "5c95d7a8dba440039f6c412c6d2dce54" candidate_uuid: "7b6a82efc9104833abd8337b0c094e5a" candidate_term: 1 candidate_status { last_received { term: 0 index: 0 } } ignore_live_leader: false dest_uuid: "dab6500bb777438aac59d7a2bf131bd7" is_pre_election: true
I20260710 13:18:44.299105 11544 tablet_service.cc:1917] Received RequestConsensusVote() RPC: tablet_id: "5c95d7a8dba440039f6c412c6d2dce54" candidate_uuid: "7b6a82efc9104833abd8337b0c094e5a" candidate_term: 1 candidate_status { last_received { term: 0 index: 0 } } ignore_live_leader: false dest_uuid: "08a04f7fc67b4b2eb7726cf37f1d6be8" is_pre_election: true
I20260710 13:18:44.300180 11544 raft_consensus.cc:2393] T 5c95d7a8dba440039f6c412c6d2dce54 P 08a04f7fc67b4b2eb7726cf37f1d6be8 [term 1 FOLLOWER]: Leader pre-election vote request: Denying vote to candidate 7b6a82efc9104833abd8337b0c094e5a in current term 1: Already voted for candidate dab6500bb777438aac59d7a2bf131bd7 in this term.
I20260710 13:18:44.301535 11436 leader_election.cc:304] T 5c95d7a8dba440039f6c412c6d2dce54 P 7b6a82efc9104833abd8337b0c094e5a [CANDIDATE]: Term 1 pre-election: Election decided. Result: candidate lost. Election summary: received 3 responses out of 3 voters: 1 yes votes; 2 no votes. yes voters: 7b6a82efc9104833abd8337b0c094e5a; no voters: 08a04f7fc67b4b2eb7726cf37f1d6be8, dab6500bb777438aac59d7a2bf131bd7
I20260710 13:18:44.300981 11628 leader_election.cc:290] T 5c95d7a8dba440039f6c412c6d2dce54 P 7b6a82efc9104833abd8337b0c094e5a [CANDIDATE]: Term 1 pre-election: Requested pre-vote from peers dab6500bb777438aac59d7a2bf131bd7 (127.10.255.129:43743), 08a04f7fc67b4b2eb7726cf37f1d6be8 (127.10.255.131:37043)
I20260710 13:18:44.302542 11595 raft_consensus.cc:3060] T 5c95d7a8dba440039f6c412c6d2dce54 P 7b6a82efc9104833abd8337b0c094e5a [term 0 FOLLOWER]: Advancing to term 1
I20260710 13:18:44.309825 11595 raft_consensus.cc:2749] T 5c95d7a8dba440039f6c412c6d2dce54 P 7b6a82efc9104833abd8337b0c094e5a [term 1 FOLLOWER]: Leader pre-election lost for term 1. Reason: could not achieve majority
I20260710 13:18:44.357537 11598 raft_consensus.cc:493] T c3b99dbd209848d3b6fb0d6a535b6443 P dab6500bb777438aac59d7a2bf131bd7 [term 0 FOLLOWER]: Starting pre-election (no leader contacted us within the election timeout)
I20260710 13:18:44.358044 11598 raft_consensus.cc:515] T c3b99dbd209848d3b6fb0d6a535b6443 P dab6500bb777438aac59d7a2bf131bd7 [term 0 FOLLOWER]: Starting pre-election with config: opid_index: -1 OBSOLETE_local: false peers { permanent_uuid: "dab6500bb777438aac59d7a2bf131bd7" member_type: VOTER last_known_addr { host: "127.10.255.129" port: 43743 } } peers { permanent_uuid: "7b6a82efc9104833abd8337b0c094e5a" member_type: VOTER last_known_addr { host: "127.10.255.130" port: 43343 } } peers { permanent_uuid: "08a04f7fc67b4b2eb7726cf37f1d6be8" member_type: VOTER last_known_addr { host: "127.10.255.131" port: 37043 } }
I20260710 13:18:44.359866 11598 leader_election.cc:290] T c3b99dbd209848d3b6fb0d6a535b6443 P dab6500bb777438aac59d7a2bf131bd7 [CANDIDATE]: Term 1 pre-election: Requested pre-vote from peers 7b6a82efc9104833abd8337b0c094e5a (127.10.255.130:43343), 08a04f7fc67b4b2eb7726cf37f1d6be8 (127.10.255.131:37043)
I20260710 13:18:44.361047 11471 tablet_service.cc:1917] Received RequestConsensusVote() RPC: tablet_id: "c3b99dbd209848d3b6fb0d6a535b6443" candidate_uuid: "dab6500bb777438aac59d7a2bf131bd7" candidate_term: 1 candidate_status { last_received { term: 0 index: 0 } } ignore_live_leader: false dest_uuid: "7b6a82efc9104833abd8337b0c094e5a" is_pre_election: true
I20260710 13:18:44.361047 11544 tablet_service.cc:1917] Received RequestConsensusVote() RPC: tablet_id: "c3b99dbd209848d3b6fb0d6a535b6443" candidate_uuid: "dab6500bb777438aac59d7a2bf131bd7" candidate_term: 1 candidate_status { last_received { term: 0 index: 0 } } ignore_live_leader: false dest_uuid: "08a04f7fc67b4b2eb7726cf37f1d6be8" is_pre_election: true
I20260710 13:18:44.361919 11471 raft_consensus.cc:2468] T c3b99dbd209848d3b6fb0d6a535b6443 P 7b6a82efc9104833abd8337b0c094e5a [term 0 FOLLOWER]: Leader pre-election vote request: Granting yes vote for candidate dab6500bb777438aac59d7a2bf131bd7 in term 0.
I20260710 13:18:44.361919 11544 raft_consensus.cc:2468] T c3b99dbd209848d3b6fb0d6a535b6443 P 08a04f7fc67b4b2eb7726cf37f1d6be8 [term 0 FOLLOWER]: Leader pre-election vote request: Granting yes vote for candidate dab6500bb777438aac59d7a2bf131bd7 in term 0.
I20260710 13:18:44.363185 11361 leader_election.cc:304] T c3b99dbd209848d3b6fb0d6a535b6443 P dab6500bb777438aac59d7a2bf131bd7 [CANDIDATE]: Term 1 pre-election: Election decided. Result: candidate won. Election summary: received 2 responses out of 3 voters: 2 yes votes; 0 no votes. yes voters: 08a04f7fc67b4b2eb7726cf37f1d6be8, dab6500bb777438aac59d7a2bf131bd7; no voters: 
I20260710 13:18:44.363864 11598 raft_consensus.cc:2804] T c3b99dbd209848d3b6fb0d6a535b6443 P dab6500bb777438aac59d7a2bf131bd7 [term 0 FOLLOWER]: Leader pre-election won for term 1
I20260710 13:18:44.364238 11598 raft_consensus.cc:493] T c3b99dbd209848d3b6fb0d6a535b6443 P dab6500bb777438aac59d7a2bf131bd7 [term 0 FOLLOWER]: Starting leader election (no leader contacted us within the election timeout)
I20260710 13:18:44.364567 11598 raft_consensus.cc:3060] T c3b99dbd209848d3b6fb0d6a535b6443 P dab6500bb777438aac59d7a2bf131bd7 [term 0 FOLLOWER]: Advancing to term 1
I20260710 13:18:44.371313 11598 raft_consensus.cc:515] T c3b99dbd209848d3b6fb0d6a535b6443 P dab6500bb777438aac59d7a2bf131bd7 [term 1 FOLLOWER]: Starting leader election with config: opid_index: -1 OBSOLETE_local: false peers { permanent_uuid: "dab6500bb777438aac59d7a2bf131bd7" member_type: VOTER last_known_addr { host: "127.10.255.129" port: 43743 } } peers { permanent_uuid: "7b6a82efc9104833abd8337b0c094e5a" member_type: VOTER last_known_addr { host: "127.10.255.130" port: 43343 } } peers { permanent_uuid: "08a04f7fc67b4b2eb7726cf37f1d6be8" member_type: VOTER last_known_addr { host: "127.10.255.131" port: 37043 } }
I20260710 13:18:44.373492 11598 leader_election.cc:290] T c3b99dbd209848d3b6fb0d6a535b6443 P dab6500bb777438aac59d7a2bf131bd7 [CANDIDATE]: Term 1 election: Requested vote from peers 7b6a82efc9104833abd8337b0c094e5a (127.10.255.130:43343), 08a04f7fc67b4b2eb7726cf37f1d6be8 (127.10.255.131:37043)
I20260710 13:18:44.374320 11471 tablet_service.cc:1917] Received RequestConsensusVote() RPC: tablet_id: "c3b99dbd209848d3b6fb0d6a535b6443" candidate_uuid: "dab6500bb777438aac59d7a2bf131bd7" candidate_term: 1 candidate_status { last_received { term: 0 index: 0 } } ignore_live_leader: false dest_uuid: "7b6a82efc9104833abd8337b0c094e5a"
I20260710 13:18:44.374543 11544 tablet_service.cc:1917] Received RequestConsensusVote() RPC: tablet_id: "c3b99dbd209848d3b6fb0d6a535b6443" candidate_uuid: "dab6500bb777438aac59d7a2bf131bd7" candidate_term: 1 candidate_status { last_received { term: 0 index: 0 } } ignore_live_leader: false dest_uuid: "08a04f7fc67b4b2eb7726cf37f1d6be8"
I20260710 13:18:44.374907 11471 raft_consensus.cc:3060] T c3b99dbd209848d3b6fb0d6a535b6443 P 7b6a82efc9104833abd8337b0c094e5a [term 0 FOLLOWER]: Advancing to term 1
I20260710 13:18:44.375324 11544 raft_consensus.cc:3060] T c3b99dbd209848d3b6fb0d6a535b6443 P 08a04f7fc67b4b2eb7726cf37f1d6be8 [term 0 FOLLOWER]: Advancing to term 1
I20260710 13:18:44.380160 11544 raft_consensus.cc:2468] T c3b99dbd209848d3b6fb0d6a535b6443 P 08a04f7fc67b4b2eb7726cf37f1d6be8 [term 1 FOLLOWER]: Leader election vote request: Granting yes vote for candidate dab6500bb777438aac59d7a2bf131bd7 in term 1.
I20260710 13:18:44.381222 11361 leader_election.cc:304] T c3b99dbd209848d3b6fb0d6a535b6443 P dab6500bb777438aac59d7a2bf131bd7 [CANDIDATE]: Term 1 election: Election decided. Result: candidate won. Election summary: received 2 responses out of 3 voters: 2 yes votes; 0 no votes. yes voters: 08a04f7fc67b4b2eb7726cf37f1d6be8, dab6500bb777438aac59d7a2bf131bd7; no voters: 
I20260710 13:18:44.381558 11471 raft_consensus.cc:2468] T c3b99dbd209848d3b6fb0d6a535b6443 P 7b6a82efc9104833abd8337b0c094e5a [term 1 FOLLOWER]: Leader election vote request: Granting yes vote for candidate dab6500bb777438aac59d7a2bf131bd7 in term 1.
I20260710 13:18:44.381912 11598 raft_consensus.cc:2804] T c3b99dbd209848d3b6fb0d6a535b6443 P dab6500bb777438aac59d7a2bf131bd7 [term 1 FOLLOWER]: Leader election won for term 1
I20260710 13:18:44.382390 11598 raft_consensus.cc:697] T c3b99dbd209848d3b6fb0d6a535b6443 P dab6500bb777438aac59d7a2bf131bd7 [term 1 LEADER]: Becoming Leader. State: Replica: dab6500bb777438aac59d7a2bf131bd7, State: Running, Role: LEADER
I20260710 13:18:44.383766 11598 consensus_queue.cc:237] T c3b99dbd209848d3b6fb0d6a535b6443 P dab6500bb777438aac59d7a2bf131bd7 [LEADER]: Queue going to LEADER mode. State: All replicated index: 0, Majority replicated index: 0, Committed index: 0, Last appended: 0.0, Last appended by leader: 0, Current term: 1, Majority size: 2, State: 0, Mode: LEADER, active raft config: opid_index: -1 OBSOLETE_local: false peers { permanent_uuid: "dab6500bb777438aac59d7a2bf131bd7" member_type: VOTER last_known_addr { host: "127.10.255.129" port: 43743 } } peers { permanent_uuid: "7b6a82efc9104833abd8337b0c094e5a" member_type: VOTER last_known_addr { host: "127.10.255.130" port: 43343 } } peers { permanent_uuid: "08a04f7fc67b4b2eb7726cf37f1d6be8" member_type: VOTER last_known_addr { host: "127.10.255.131" port: 37043 } }
I20260710 13:18:44.392982 11294 catalog_manager.cc:5697] T c3b99dbd209848d3b6fb0d6a535b6443 P dab6500bb777438aac59d7a2bf131bd7 reported cstate change: term changed from 0 to 1, leader changed from <none> to dab6500bb777438aac59d7a2bf131bd7 (127.10.255.129). New cstate: current_term: 1 leader_uuid: "dab6500bb777438aac59d7a2bf131bd7" committed_config { opid_index: -1 OBSOLETE_local: false peers { permanent_uuid: "dab6500bb777438aac59d7a2bf131bd7" member_type: VOTER last_known_addr { host: "127.10.255.129" port: 43743 } health_report { overall_health: HEALTHY } } peers { permanent_uuid: "7b6a82efc9104833abd8337b0c094e5a" member_type: VOTER last_known_addr { host: "127.10.255.130" port: 43343 } health_report { overall_health: UNKNOWN } } peers { permanent_uuid: "08a04f7fc67b4b2eb7726cf37f1d6be8" member_type: VOTER last_known_addr { host: "127.10.255.131" port: 37043 } health_report { overall_health: UNKNOWN } } }
I20260710 13:18:44.397414 11596 raft_consensus.cc:493] T 0725dadf791c4d17b407763296581ba4 P 08a04f7fc67b4b2eb7726cf37f1d6be8 [term 0 FOLLOWER]: Starting pre-election (no leader contacted us within the election timeout)
I20260710 13:18:44.397928 11596 raft_consensus.cc:515] T 0725dadf791c4d17b407763296581ba4 P 08a04f7fc67b4b2eb7726cf37f1d6be8 [term 0 FOLLOWER]: Starting pre-election with config: opid_index: -1 OBSOLETE_local: false peers { permanent_uuid: "dab6500bb777438aac59d7a2bf131bd7" member_type: VOTER last_known_addr { host: "127.10.255.129" port: 43743 } } peers { permanent_uuid: "7b6a82efc9104833abd8337b0c094e5a" member_type: VOTER last_known_addr { host: "127.10.255.130" port: 43343 } } peers { permanent_uuid: "08a04f7fc67b4b2eb7726cf37f1d6be8" member_type: VOTER last_known_addr { host: "127.10.255.131" port: 37043 } }
I20260710 13:18:44.400068 11596 leader_election.cc:290] T 0725dadf791c4d17b407763296581ba4 P 08a04f7fc67b4b2eb7726cf37f1d6be8 [CANDIDATE]: Term 1 pre-election: Requested pre-vote from peers dab6500bb777438aac59d7a2bf131bd7 (127.10.255.129:43743), 7b6a82efc9104833abd8337b0c094e5a (127.10.255.130:43343)
I20260710 13:18:44.401381 11471 tablet_service.cc:1917] Received RequestConsensusVote() RPC: tablet_id: "0725dadf791c4d17b407763296581ba4" candidate_uuid: "08a04f7fc67b4b2eb7726cf37f1d6be8" candidate_term: 1 candidate_status { last_received { term: 0 index: 0 } } ignore_live_leader: false dest_uuid: "7b6a82efc9104833abd8337b0c094e5a" is_pre_election: true
I20260710 13:18:44.401593 11397 tablet_service.cc:1917] Received RequestConsensusVote() RPC: tablet_id: "0725dadf791c4d17b407763296581ba4" candidate_uuid: "08a04f7fc67b4b2eb7726cf37f1d6be8" candidate_term: 1 candidate_status { last_received { term: 0 index: 0 } } ignore_live_leader: false dest_uuid: "dab6500bb777438aac59d7a2bf131bd7" is_pre_election: true
I20260710 13:18:44.402426 11397 raft_consensus.cc:2393] T 0725dadf791c4d17b407763296581ba4 P dab6500bb777438aac59d7a2bf131bd7 [term 1 FOLLOWER]: Leader pre-election vote request: Denying vote to candidate 08a04f7fc67b4b2eb7726cf37f1d6be8 in current term 1: Already voted for candidate 7b6a82efc9104833abd8337b0c094e5a in this term.
I20260710 13:18:44.403595 11509 leader_election.cc:304] T 0725dadf791c4d17b407763296581ba4 P 08a04f7fc67b4b2eb7726cf37f1d6be8 [CANDIDATE]: Term 1 pre-election: Election decided. Result: candidate lost. Election summary: received 3 responses out of 3 voters: 1 yes votes; 2 no votes. yes voters: 08a04f7fc67b4b2eb7726cf37f1d6be8; no voters: 7b6a82efc9104833abd8337b0c094e5a, dab6500bb777438aac59d7a2bf131bd7
I20260710 13:18:44.403777 11596 raft_consensus.cc:493] T 2689560999054690804d307c2491320d P 08a04f7fc67b4b2eb7726cf37f1d6be8 [term 0 FOLLOWER]: Starting pre-election (no leader contacted us within the election timeout)
I20260710 13:18:44.404363 11596 raft_consensus.cc:515] T 2689560999054690804d307c2491320d P 08a04f7fc67b4b2eb7726cf37f1d6be8 [term 0 FOLLOWER]: Starting pre-election with config: opid_index: -1 OBSOLETE_local: false peers { permanent_uuid: "dab6500bb777438aac59d7a2bf131bd7" member_type: VOTER last_known_addr { host: "127.10.255.129" port: 43743 } } peers { permanent_uuid: "7b6a82efc9104833abd8337b0c094e5a" member_type: VOTER last_known_addr { host: "127.10.255.130" port: 43343 } } peers { permanent_uuid: "08a04f7fc67b4b2eb7726cf37f1d6be8" member_type: VOTER last_known_addr { host: "127.10.255.131" port: 37043 } }
I20260710 13:18:44.407090 11596 leader_election.cc:290] T 2689560999054690804d307c2491320d P 08a04f7fc67b4b2eb7726cf37f1d6be8 [CANDIDATE]: Term 1 pre-election: Requested pre-vote from peers dab6500bb777438aac59d7a2bf131bd7 (127.10.255.129:43743), 7b6a82efc9104833abd8337b0c094e5a (127.10.255.130:43343)
I20260710 13:18:44.407827 11596 raft_consensus.cc:3060] T 0725dadf791c4d17b407763296581ba4 P 08a04f7fc67b4b2eb7726cf37f1d6be8 [term 0 FOLLOWER]: Advancing to term 1
I20260710 13:18:44.408550 11471 tablet_service.cc:1917] Received RequestConsensusVote() RPC: tablet_id: "2689560999054690804d307c2491320d" candidate_uuid: "08a04f7fc67b4b2eb7726cf37f1d6be8" candidate_term: 1 candidate_status { last_received { term: 0 index: 0 } } ignore_live_leader: false dest_uuid: "7b6a82efc9104833abd8337b0c094e5a" is_pre_election: true
I20260710 13:18:44.409282 11471 raft_consensus.cc:2468] T 2689560999054690804d307c2491320d P 7b6a82efc9104833abd8337b0c094e5a [term 0 FOLLOWER]: Leader pre-election vote request: Granting yes vote for candidate 08a04f7fc67b4b2eb7726cf37f1d6be8 in term 0.
I20260710 13:18:44.410524 11510 leader_election.cc:304] T 2689560999054690804d307c2491320d P 08a04f7fc67b4b2eb7726cf37f1d6be8 [CANDIDATE]: Term 1 pre-election: Election decided. Result: candidate won. Election summary: received 2 responses out of 3 voters: 2 yes votes; 0 no votes. yes voters: 08a04f7fc67b4b2eb7726cf37f1d6be8, 7b6a82efc9104833abd8337b0c094e5a; no voters: 
I20260710 13:18:44.416003 11595 consensus_queue.cc:1048] T 4d42c297856d43b9b413e1b54a4e45fd P 7b6a82efc9104833abd8337b0c094e5a [LEADER]: Connected to new peer: Peer: permanent_uuid: "08a04f7fc67b4b2eb7726cf37f1d6be8" member_type: VOTER last_known_addr { host: "127.10.255.131" port: 37043 }, Status: LMP_MISMATCH, Last received: 0.0, Next index: 1, Last known committed idx: 0, Time since last communication: 0.000s
I20260710 13:18:44.416554 11397 tablet_service.cc:1917] Received RequestConsensusVote() RPC: tablet_id: "2689560999054690804d307c2491320d" candidate_uuid: "08a04f7fc67b4b2eb7726cf37f1d6be8" candidate_term: 1 candidate_status { last_received { term: 0 index: 0 } } ignore_live_leader: false dest_uuid: "dab6500bb777438aac59d7a2bf131bd7" is_pre_election: true
I20260710 13:18:44.417194 11397 raft_consensus.cc:2468] T 2689560999054690804d307c2491320d P dab6500bb777438aac59d7a2bf131bd7 [term 0 FOLLOWER]: Leader pre-election vote request: Granting yes vote for candidate 08a04f7fc67b4b2eb7726cf37f1d6be8 in term 0.
I20260710 13:18:44.418087 11650 raft_consensus.cc:2804] T 2689560999054690804d307c2491320d P 08a04f7fc67b4b2eb7726cf37f1d6be8 [term 0 FOLLOWER]: Leader pre-election won for term 1
I20260710 13:18:44.418494 11650 raft_consensus.cc:493] T 2689560999054690804d307c2491320d P 08a04f7fc67b4b2eb7726cf37f1d6be8 [term 0 FOLLOWER]: Starting leader election (no leader contacted us within the election timeout)
I20260710 13:18:44.418805 11650 raft_consensus.cc:3060] T 2689560999054690804d307c2491320d P 08a04f7fc67b4b2eb7726cf37f1d6be8 [term 0 FOLLOWER]: Advancing to term 1
I20260710 13:18:44.419350 11596 raft_consensus.cc:2749] T 0725dadf791c4d17b407763296581ba4 P 08a04f7fc67b4b2eb7726cf37f1d6be8 [term 1 FOLLOWER]: Leader pre-election lost for term 1. Reason: could not achieve majority
I20260710 13:18:44.425369 11650 raft_consensus.cc:515] T 2689560999054690804d307c2491320d P 08a04f7fc67b4b2eb7726cf37f1d6be8 [term 1 FOLLOWER]: Starting leader election with config: opid_index: -1 OBSOLETE_local: false peers { permanent_uuid: "dab6500bb777438aac59d7a2bf131bd7" member_type: VOTER last_known_addr { host: "127.10.255.129" port: 43743 } } peers { permanent_uuid: "7b6a82efc9104833abd8337b0c094e5a" member_type: VOTER last_known_addr { host: "127.10.255.130" port: 43343 } } peers { permanent_uuid: "08a04f7fc67b4b2eb7726cf37f1d6be8" member_type: VOTER last_known_addr { host: "127.10.255.131" port: 37043 } }
I20260710 13:18:44.434799 11546 raft_consensus.cc:3060] T ee5e82749e9b42e487b9b358eaa205e7 P 08a04f7fc67b4b2eb7726cf37f1d6be8 [term 0 FOLLOWER]: Advancing to term 1
I20260710 13:18:44.434638 11397 tablet_service.cc:1917] Received RequestConsensusVote() RPC: tablet_id: "2689560999054690804d307c2491320d" candidate_uuid: "08a04f7fc67b4b2eb7726cf37f1d6be8" candidate_term: 1 candidate_status { last_received { term: 0 index: 0 } } ignore_live_leader: false dest_uuid: "dab6500bb777438aac59d7a2bf131bd7"
I20260710 13:18:44.435530 11397 raft_consensus.cc:3060] T 2689560999054690804d307c2491320d P dab6500bb777438aac59d7a2bf131bd7 [term 0 FOLLOWER]: Advancing to term 1
I20260710 13:18:44.443719 11622 consensus_queue.cc:1048] T ee5e82749e9b42e487b9b358eaa205e7 P dab6500bb777438aac59d7a2bf131bd7 [LEADER]: Connected to new peer: Peer: permanent_uuid: "08a04f7fc67b4b2eb7726cf37f1d6be8" member_type: VOTER last_known_addr { host: "127.10.255.131" port: 37043 }, Status: LMP_MISMATCH, Last received: 0.0, Next index: 1, Last known committed idx: 0, Time since last communication: 0.000s
I20260710 13:18:44.444300 11471 tablet_service.cc:1917] Received RequestConsensusVote() RPC: tablet_id: "2689560999054690804d307c2491320d" candidate_uuid: "08a04f7fc67b4b2eb7726cf37f1d6be8" candidate_term: 1 candidate_status { last_received { term: 0 index: 0 } } ignore_live_leader: false dest_uuid: "7b6a82efc9104833abd8337b0c094e5a"
I20260710 13:18:44.444864 11471 raft_consensus.cc:3060] T 2689560999054690804d307c2491320d P 7b6a82efc9104833abd8337b0c094e5a [term 0 FOLLOWER]: Advancing to term 1
I20260710 13:18:44.448537 11598 consensus_queue.cc:1048] T 5c95d7a8dba440039f6c412c6d2dce54 P dab6500bb777438aac59d7a2bf131bd7 [LEADER]: Connected to new peer: Peer: permanent_uuid: "7b6a82efc9104833abd8337b0c094e5a" member_type: VOTER last_known_addr { host: "127.10.255.130" port: 43343 }, Status: LMP_MISMATCH, Last received: 0.0, Next index: 1, Last known committed idx: 0, Time since last communication: 0.000s
I20260710 13:18:44.453045 11471 raft_consensus.cc:2468] T 2689560999054690804d307c2491320d P 7b6a82efc9104833abd8337b0c094e5a [term 1 FOLLOWER]: Leader election vote request: Granting yes vote for candidate 08a04f7fc67b4b2eb7726cf37f1d6be8 in term 1.
I20260710 13:18:44.454308 11510 leader_election.cc:304] T 2689560999054690804d307c2491320d P 08a04f7fc67b4b2eb7726cf37f1d6be8 [CANDIDATE]: Term 1 election: Election decided. Result: candidate won. Election summary: received 2 responses out of 3 voters: 2 yes votes; 0 no votes. yes voters: 08a04f7fc67b4b2eb7726cf37f1d6be8, 7b6a82efc9104833abd8337b0c094e5a; no voters: 
I20260710 13:18:44.455426 11651 raft_consensus.cc:2804] T 2689560999054690804d307c2491320d P 08a04f7fc67b4b2eb7726cf37f1d6be8 [term 1 FOLLOWER]: Leader election won for term 1
I20260710 13:18:44.455890 11650 leader_election.cc:290] T 2689560999054690804d307c2491320d P 08a04f7fc67b4b2eb7726cf37f1d6be8 [CANDIDATE]: Term 1 election: Requested vote from peers dab6500bb777438aac59d7a2bf131bd7 (127.10.255.129:43743), 7b6a82efc9104833abd8337b0c094e5a (127.10.255.130:43343)
I20260710 13:18:44.456032 11651 raft_consensus.cc:697] T 2689560999054690804d307c2491320d P 08a04f7fc67b4b2eb7726cf37f1d6be8 [term 1 LEADER]: Becoming Leader. State: Replica: 08a04f7fc67b4b2eb7726cf37f1d6be8, State: Running, Role: LEADER
I20260710 13:18:44.457046 11651 consensus_queue.cc:237] T 2689560999054690804d307c2491320d P 08a04f7fc67b4b2eb7726cf37f1d6be8 [LEADER]: Queue going to LEADER mode. State: All replicated index: 0, Majority replicated index: 0, Committed index: 0, Last appended: 0.0, Last appended by leader: 0, Current term: 1, Majority size: 2, State: 0, Mode: LEADER, active raft config: opid_index: -1 OBSOLETE_local: false peers { permanent_uuid: "dab6500bb777438aac59d7a2bf131bd7" member_type: VOTER last_known_addr { host: "127.10.255.129" port: 43743 } } peers { permanent_uuid: "7b6a82efc9104833abd8337b0c094e5a" member_type: VOTER last_known_addr { host: "127.10.255.130" port: 43343 } } peers { permanent_uuid: "08a04f7fc67b4b2eb7726cf37f1d6be8" member_type: VOTER last_known_addr { host: "127.10.255.131" port: 37043 } }
I20260710 13:18:44.462059 11397 raft_consensus.cc:2468] T 2689560999054690804d307c2491320d P dab6500bb777438aac59d7a2bf131bd7 [term 1 FOLLOWER]: Leader election vote request: Granting yes vote for candidate 08a04f7fc67b4b2eb7726cf37f1d6be8 in term 1.
I20260710 13:18:44.467335 11598 consensus_queue.cc:1048] T 51214b7cfcdb4c1b846ee306851fa28a P dab6500bb777438aac59d7a2bf131bd7 [LEADER]: Connected to new peer: Peer: permanent_uuid: "7b6a82efc9104833abd8337b0c094e5a" member_type: VOTER last_known_addr { host: "127.10.255.130" port: 43343 }, Status: LMP_MISMATCH, Last received: 0.0, Next index: 1, Last known committed idx: 0, Time since last communication: 0.001s
I20260710 13:18:44.485414 11623 consensus_queue.cc:1048] T 4d42c297856d43b9b413e1b54a4e45fd P 7b6a82efc9104833abd8337b0c094e5a [LEADER]: Connected to new peer: Peer: permanent_uuid: "dab6500bb777438aac59d7a2bf131bd7" member_type: VOTER last_known_addr { host: "127.10.255.129" port: 43743 }, Status: LMP_MISMATCH, Last received: 0.0, Next index: 1, Last known committed idx: 0, Time since last communication: 0.001s
I20260710 13:18:44.494165 11292 catalog_manager.cc:5697] T 2689560999054690804d307c2491320d P 08a04f7fc67b4b2eb7726cf37f1d6be8 reported cstate change: term changed from 0 to 1, leader changed from <none> to 08a04f7fc67b4b2eb7726cf37f1d6be8 (127.10.255.131). New cstate: current_term: 1 leader_uuid: "08a04f7fc67b4b2eb7726cf37f1d6be8" committed_config { opid_index: -1 OBSOLETE_local: false peers { permanent_uuid: "dab6500bb777438aac59d7a2bf131bd7" member_type: VOTER last_known_addr { host: "127.10.255.129" port: 43743 } health_report { overall_health: UNKNOWN } } peers { permanent_uuid: "7b6a82efc9104833abd8337b0c094e5a" member_type: VOTER last_known_addr { host: "127.10.255.130" port: 43343 } health_report { overall_health: UNKNOWN } } peers { permanent_uuid: "08a04f7fc67b4b2eb7726cf37f1d6be8" member_type: VOTER last_known_addr { host: "127.10.255.131" port: 37043 } health_report { overall_health: HEALTHY } } }
I20260710 13:18:44.541085 11664 raft_consensus.cc:493] T 258a5782783a41cd81fea5c0aea49ef2 P dab6500bb777438aac59d7a2bf131bd7 [term 0 FOLLOWER]: Starting pre-election (no leader contacted us within the election timeout)
