I20260710 13:18:54.877216 12047 tablet_service.cc:1917] Received RequestConsensusVote() RPC: tablet_id: "bce94707d8654d049a09e827d6e93479" candidate_uuid: "60d3717beedd42498782f9f712c27572" candidate_term: 2 candidate_status { last_received { term: 1 index: 1 } } ignore_live_leader: true dest_uuid: "788a15f8b4844659a2de3e90faaf12f3"
I20260710 13:18:54.877856 12047 raft_consensus.cc:3055] T bce94707d8654d049a09e827d6e93479 P 788a15f8b4844659a2de3e90faaf12f3 [term 1 LEADER]: Stepping down as leader of term 1
I20260710 13:18:54.878170 12047 raft_consensus.cc:740] T bce94707d8654d049a09e827d6e93479 P 788a15f8b4844659a2de3e90faaf12f3 [term 1 LEADER]: Becoming Follower/Learner. State: Replica: 788a15f8b4844659a2de3e90faaf12f3, State: Running, Role: LEADER
I20260710 13:18:54.879021 12047 consensus_queue.cc:260] T bce94707d8654d049a09e827d6e93479 P 788a15f8b4844659a2de3e90faaf12f3 [NON_LEADER]: Queue going to NON_LEADER mode. State: All replicated index: 0, Majority replicated index: 1, Committed index: 1, Last appended: 1.1, Last appended by leader: 1, Current term: 1, Majority size: -1, State: 0, Mode: NON_LEADER, active raft config: opid_index: -1 OBSOLETE_local: false peers { permanent_uuid: "9ce64e886bf540fe9ca60499228f03f9" member_type: VOTER last_known_addr { host: "127.10.255.193" port: 43151 } } peers { permanent_uuid: "60d3717beedd42498782f9f712c27572" member_type: VOTER last_known_addr { host: "127.10.255.194" port: 37447 } } peers { permanent_uuid: "788a15f8b4844659a2de3e90faaf12f3" member_type: VOTER last_known_addr { host: "127.10.255.195" port: 45745 } }
I20260710 13:18:54.880303 12047 raft_consensus.cc:3060] T bce94707d8654d049a09e827d6e93479 P 788a15f8b4844659a2de3e90faaf12f3 [term 1 FOLLOWER]: Advancing to term 2
I20260710 13:18:54.885469 11895 raft_consensus.cc:2468] T bce94707d8654d049a09e827d6e93479 P 9ce64e886bf540fe9ca60499228f03f9 [term 2 FOLLOWER]: Leader election vote request: Granting yes vote for candidate 60d3717beedd42498782f9f712c27572 in term 2.
I20260710 13:18:54.886587 12047 raft_consensus.cc:2468] T bce94707d8654d049a09e827d6e93479 P 788a15f8b4844659a2de3e90faaf12f3 [term 2 FOLLOWER]: Leader election vote request: Granting yes vote for candidate 60d3717beedd42498782f9f712c27572 in term 2.
I20260710 13:18:54.886543 11936 leader_election.cc:304] T bce94707d8654d049a09e827d6e93479 P 60d3717beedd42498782f9f712c27572 [CANDIDATE]: Term 2 election: Election decided. Result: candidate won. Election summary: received 2 responses out of 3 voters: 2 yes votes; 0 no votes. yes voters: 60d3717beedd42498782f9f712c27572, 9ce64e886bf540fe9ca60499228f03f9; no voters: 
I20260710 13:18:54.886855 11898 tablet_service.cc:2072] Received LeaderStepDown RPC: tablet_id: "6d7933dd8ad24d2aa2f69ec6092b1d4e"
dest_uuid: "9ce64e886bf540fe9ca60499228f03f9"
mode: GRACEFUL
new_leader_uuid: "788a15f8b4844659a2de3e90faaf12f3"
 from {username='slave'} at 127.0.0.1:46618
I20260710 13:18:54.887579 11898 raft_consensus.cc:606] T 6d7933dd8ad24d2aa2f69ec6092b1d4e P 9ce64e886bf540fe9ca60499228f03f9 [term 1 LEADER]: Received request to transfer leadership to TS 788a15f8b4844659a2de3e90faaf12f3
I20260710 13:18:54.887666 12138 raft_consensus.cc:2804] T bce94707d8654d049a09e827d6e93479 P 60d3717beedd42498782f9f712c27572 [term 2 FOLLOWER]: Leader election won for term 2
I20260710 13:18:54.888192 12138 raft_consensus.cc:697] T bce94707d8654d049a09e827d6e93479 P 60d3717beedd42498782f9f712c27572 [term 2 LEADER]: Becoming Leader. State: Replica: 60d3717beedd42498782f9f712c27572, State: Running, Role: LEADER
I20260710 13:18:54.889050 12138 consensus_queue.cc:237] T bce94707d8654d049a09e827d6e93479 P 60d3717beedd42498782f9f712c27572 [LEADER]: Queue going to LEADER mode. State: All replicated index: 0, Majority replicated index: 1, Committed index: 1, Last appended: 1.1, Last appended by leader: 1, Current term: 2, Majority size: 2, State: 0, Mode: LEADER, active raft config: opid_index: -1 OBSOLETE_local: false peers { permanent_uuid: "9ce64e886bf540fe9ca60499228f03f9" member_type: VOTER last_known_addr { host: "127.10.255.193" port: 43151 } } peers { permanent_uuid: "60d3717beedd42498782f9f712c27572" member_type: VOTER last_known_addr { host: "127.10.255.194" port: 37447 } } peers { permanent_uuid: "788a15f8b4844659a2de3e90faaf12f3" member_type: VOTER last_known_addr { host: "127.10.255.195" port: 45745 } }
I20260710 13:18:54.896232 11792 catalog_manager.cc:5697] T bce94707d8654d049a09e827d6e93479 P 60d3717beedd42498782f9f712c27572 reported cstate change: term changed from 1 to 2, leader changed from 788a15f8b4844659a2de3e90faaf12f3 (127.10.255.195) to 60d3717beedd42498782f9f712c27572 (127.10.255.194). New cstate: current_term: 2 leader_uuid: "60d3717beedd42498782f9f712c27572" committed_config { opid_index: -1 OBSOLETE_local: false peers { permanent_uuid: "9ce64e886bf540fe9ca60499228f03f9" member_type: VOTER last_known_addr { host: "127.10.255.193" port: 43151 } health_report { overall_health: UNKNOWN } } peers { permanent_uuid: "60d3717beedd42498782f9f712c27572" member_type: VOTER last_known_addr { host: "127.10.255.194" port: 37447 } health_report { overall_health: HEALTHY } } peers { permanent_uuid: "788a15f8b4844659a2de3e90faaf12f3" member_type: VOTER last_known_addr { host: "127.10.255.195" port: 45745 } health_report { overall_health: UNKNOWN } } }
I20260710 13:18:54.926867 12104 raft_consensus.cc:993] T c3ca01864073487cab6a3b5b24052e74 P 9ce64e886bf540fe9ca60499228f03f9: : Instructing follower 60d3717beedd42498782f9f712c27572 to start an election
I20260710 13:18:54.927415 12104 raft_consensus.cc:1081] T c3ca01864073487cab6a3b5b24052e74 P 9ce64e886bf540fe9ca60499228f03f9 [term 1 LEADER]: Signalling peer 60d3717beedd42498782f9f712c27572 to start an election
I20260710 13:18:54.929139 11971 tablet_service.cc:2044] Received Run Leader Election RPC: tablet_id: "c3ca01864073487cab6a3b5b24052e74"
dest_uuid: "60d3717beedd42498782f9f712c27572"
 from {username='slave'} at 127.0.0.1:54870
I20260710 13:18:54.929642 11971 raft_consensus.cc:493] T c3ca01864073487cab6a3b5b24052e74 P 60d3717beedd42498782f9f712c27572 [term 1 FOLLOWER]: Starting forced leader election (received explicit request)
I20260710 13:18:54.929970 11971 raft_consensus.cc:3060] T c3ca01864073487cab6a3b5b24052e74 P 60d3717beedd42498782f9f712c27572 [term 1 FOLLOWER]: Advancing to term 2
I20260710 13:18:54.935053 11971 raft_consensus.cc:515] T c3ca01864073487cab6a3b5b24052e74 P 60d3717beedd42498782f9f712c27572 [term 2 FOLLOWER]: Starting forced leader election with config: opid_index: -1 OBSOLETE_local: false peers { permanent_uuid: "9ce64e886bf540fe9ca60499228f03f9" member_type: VOTER last_known_addr { host: "127.10.255.193" port: 43151 } } peers { permanent_uuid: "60d3717beedd42498782f9f712c27572" member_type: VOTER last_known_addr { host: "127.10.255.194" port: 37447 } } peers { permanent_uuid: "788a15f8b4844659a2de3e90faaf12f3" member_type: VOTER last_known_addr { host: "127.10.255.195" port: 45745 } }
I20260710 13:18:54.938112 11971 leader_election.cc:290] T c3ca01864073487cab6a3b5b24052e74 P 60d3717beedd42498782f9f712c27572 [CANDIDATE]: Term 2 election: Requested vote from peers 9ce64e886bf540fe9ca60499228f03f9 (127.10.255.193:43151), 788a15f8b4844659a2de3e90faaf12f3 (127.10.255.195:45745)
I20260710 13:18:54.938182 12138 consensus_queue.cc:1048] T 32451f1ad8cc4ecea2bdef37a0cef9f1 P 60d3717beedd42498782f9f712c27572 [LEADER]: Connected to new peer: Peer: permanent_uuid: "9ce64e886bf540fe9ca60499228f03f9" member_type: VOTER last_known_addr { host: "127.10.255.193" port: 43151 }, Status: LMP_MISMATCH, Last received: 0.0, Next index: 1, Last known committed idx: 0, Time since last communication: 0.000s
I20260710 13:18:54.939249 12047 tablet_service.cc:1917] Received RequestConsensusVote() RPC: tablet_id: "c3ca01864073487cab6a3b5b24052e74" candidate_uuid: "60d3717beedd42498782f9f712c27572" candidate_term: 2 candidate_status { last_received { term: 1 index: 1 } } ignore_live_leader: true dest_uuid: "788a15f8b4844659a2de3e90faaf12f3"
I20260710 13:18:54.937839 11895 tablet_service.cc:1917] Received RequestConsensusVote() RPC: tablet_id: "c3ca01864073487cab6a3b5b24052e74" candidate_uuid: "60d3717beedd42498782f9f712c27572" candidate_term: 2 candidate_status { last_received { term: 1 index: 1 } } ignore_live_leader: true dest_uuid: "9ce64e886bf540fe9ca60499228f03f9"
I20260710 13:18:54.939888 12047 raft_consensus.cc:3060] T c3ca01864073487cab6a3b5b24052e74 P 788a15f8b4844659a2de3e90faaf12f3 [term 1 FOLLOWER]: Advancing to term 2
I20260710 13:18:54.940361 11895 raft_consensus.cc:3055] T c3ca01864073487cab6a3b5b24052e74 P 9ce64e886bf540fe9ca60499228f03f9 [term 1 LEADER]: Stepping down as leader of term 1
I20260710 13:18:54.940759 11895 raft_consensus.cc:740] T c3ca01864073487cab6a3b5b24052e74 P 9ce64e886bf540fe9ca60499228f03f9 [term 1 LEADER]: Becoming Follower/Learner. State: Replica: 9ce64e886bf540fe9ca60499228f03f9, State: Running, Role: LEADER
I20260710 13:18:54.941820 11895 consensus_queue.cc:260] T c3ca01864073487cab6a3b5b24052e74 P 9ce64e886bf540fe9ca60499228f03f9 [NON_LEADER]: Queue going to NON_LEADER mode. State: All replicated index: 0, Majority replicated index: 1, Committed index: 1, Last appended: 1.1, Last appended by leader: 1, Current term: 1, Majority size: -1, State: 0, Mode: NON_LEADER, active raft config: opid_index: -1 OBSOLETE_local: false peers { permanent_uuid: "9ce64e886bf540fe9ca60499228f03f9" member_type: VOTER last_known_addr { host: "127.10.255.193" port: 43151 } } peers { permanent_uuid: "60d3717beedd42498782f9f712c27572" member_type: VOTER last_known_addr { host: "127.10.255.194" port: 37447 } } peers { permanent_uuid: "788a15f8b4844659a2de3e90faaf12f3" member_type: VOTER last_known_addr { host: "127.10.255.195" port: 45745 } }
I20260710 13:18:54.943379 11895 raft_consensus.cc:3060] T c3ca01864073487cab6a3b5b24052e74 P 9ce64e886bf540fe9ca60499228f03f9 [term 1 FOLLOWER]: Advancing to term 2
I20260710 13:18:54.947038 12118 raft_consensus.cc:993] T 32451f1ad8cc4ecea2bdef37a0cef9f1 P 60d3717beedd42498782f9f712c27572: : Instructing follower 9ce64e886bf540fe9ca60499228f03f9 to start an election
I20260710 13:18:54.947522 12120 raft_consensus.cc:1081] T 32451f1ad8cc4ecea2bdef37a0cef9f1 P 60d3717beedd42498782f9f712c27572 [term 1 LEADER]: Signalling peer 9ce64e886bf540fe9ca60499228f03f9 to start an election
I20260710 13:18:54.949987 12047 raft_consensus.cc:2468] T c3ca01864073487cab6a3b5b24052e74 P 788a15f8b4844659a2de3e90faaf12f3 [term 2 FOLLOWER]: Leader election vote request: Granting yes vote for candidate 60d3717beedd42498782f9f712c27572 in term 2.
I20260710 13:18:54.952373 11936 leader_election.cc:304] T c3ca01864073487cab6a3b5b24052e74 P 60d3717beedd42498782f9f712c27572 [CANDIDATE]: Term 2 election: Election decided. Result: candidate won. Election summary: received 2 responses out of 3 voters: 2 yes votes; 0 no votes. yes voters: 60d3717beedd42498782f9f712c27572, 788a15f8b4844659a2de3e90faaf12f3; no voters: 
I20260710 13:18:54.953159 12138 raft_consensus.cc:2804] T c3ca01864073487cab6a3b5b24052e74 P 60d3717beedd42498782f9f712c27572 [term 2 FOLLOWER]: Leader election won for term 2
I20260710 13:18:54.953651 12138 raft_consensus.cc:697] T c3ca01864073487cab6a3b5b24052e74 P 60d3717beedd42498782f9f712c27572 [term 2 LEADER]: Becoming Leader. State: Replica: 60d3717beedd42498782f9f712c27572, State: Running, Role: LEADER
I20260710 13:18:54.954463 12138 consensus_queue.cc:237] T c3ca01864073487cab6a3b5b24052e74 P 60d3717beedd42498782f9f712c27572 [LEADER]: Queue going to LEADER mode. State: All replicated index: 0, Majority replicated index: 1, Committed index: 1, Last appended: 1.1, Last appended by leader: 1, Current term: 2, Majority size: 2, State: 0, Mode: LEADER, active raft config: opid_index: -1 OBSOLETE_local: false peers { permanent_uuid: "9ce64e886bf540fe9ca60499228f03f9" member_type: VOTER last_known_addr { host: "127.10.255.193" port: 43151 } } peers { permanent_uuid: "60d3717beedd42498782f9f712c27572" member_type: VOTER last_known_addr { host: "127.10.255.194" port: 37447 } } peers { permanent_uuid: "788a15f8b4844659a2de3e90faaf12f3" member_type: VOTER last_known_addr { host: "127.10.255.195" port: 45745 } }
I20260710 13:18:54.955415 11895 raft_consensus.cc:2468] T c3ca01864073487cab6a3b5b24052e74 P 9ce64e886bf540fe9ca60499228f03f9 [term 2 FOLLOWER]: Leader election vote request: Granting yes vote for candidate 60d3717beedd42498782f9f712c27572 in term 2.
I20260710 13:18:54.958194 11898 tablet_service.cc:2044] Received Run Leader Election RPC: tablet_id: "32451f1ad8cc4ecea2bdef37a0cef9f1"
dest_uuid: "9ce64e886bf540fe9ca60499228f03f9"
 from {username='slave'} at 127.0.0.1:46598
I20260710 13:18:54.958024 12120 consensus_queue.cc:1048] T 32451f1ad8cc4ecea2bdef37a0cef9f1 P 60d3717beedd42498782f9f712c27572 [LEADER]: Connected to new peer: Peer: permanent_uuid: "788a15f8b4844659a2de3e90faaf12f3" member_type: VOTER last_known_addr { host: "127.10.255.195" port: 45745 }, Status: LMP_MISMATCH, Last received: 0.0, Next index: 1, Last known committed idx: 0, Time since last communication: 0.000s
I20260710 13:18:54.958833 11898 raft_consensus.cc:493] T 32451f1ad8cc4ecea2bdef37a0cef9f1 P 9ce64e886bf540fe9ca60499228f03f9 [term 1 FOLLOWER]: Starting forced leader election (received explicit request)
I20260710 13:18:54.959278 11898 raft_consensus.cc:3060] T 32451f1ad8cc4ecea2bdef37a0cef9f1 P 9ce64e886bf540fe9ca60499228f03f9 [term 1 FOLLOWER]: Advancing to term 2
I20260710 13:18:54.966841 11898 raft_consensus.cc:515] T 32451f1ad8cc4ecea2bdef37a0cef9f1 P 9ce64e886bf540fe9ca60499228f03f9 [term 2 FOLLOWER]: Starting forced leader election with config: opid_index: -1 OBSOLETE_local: false peers { permanent_uuid: "9ce64e886bf540fe9ca60499228f03f9" member_type: VOTER last_known_addr { host: "127.10.255.193" port: 43151 } } peers { permanent_uuid: "60d3717beedd42498782f9f712c27572" member_type: VOTER last_known_addr { host: "127.10.255.194" port: 37447 } } peers { permanent_uuid: "788a15f8b4844659a2de3e90faaf12f3" member_type: VOTER last_known_addr { host: "127.10.255.195" port: 45745 } }
I20260710 13:18:54.967018 11791 catalog_manager.cc:5697] T c3ca01864073487cab6a3b5b24052e74 P 60d3717beedd42498782f9f712c27572 reported cstate change: term changed from 1 to 2, leader changed from 9ce64e886bf540fe9ca60499228f03f9 (127.10.255.193) to 60d3717beedd42498782f9f712c27572 (127.10.255.194). New cstate: current_term: 2 leader_uuid: "60d3717beedd42498782f9f712c27572" committed_config { opid_index: -1 OBSOLETE_local: false peers { permanent_uuid: "9ce64e886bf540fe9ca60499228f03f9" member_type: VOTER last_known_addr { host: "127.10.255.193" port: 43151 } health_report { overall_health: UNKNOWN } } peers { permanent_uuid: "60d3717beedd42498782f9f712c27572" member_type: VOTER last_known_addr { host: "127.10.255.194" port: 37447 } health_report { overall_health: HEALTHY } } peers { permanent_uuid: "788a15f8b4844659a2de3e90faaf12f3" member_type: VOTER last_known_addr { host: "127.10.255.195" port: 45745 } health_report { overall_health: UNKNOWN } } }
I20260710 13:18:54.970445 11971 tablet_service.cc:1917] Received RequestConsensusVote() RPC: tablet_id: "32451f1ad8cc4ecea2bdef37a0cef9f1" candidate_uuid: "9ce64e886bf540fe9ca60499228f03f9" candidate_term: 2 candidate_status { last_received { term: 1 index: 1 } } ignore_live_leader: true dest_uuid: "60d3717beedd42498782f9f712c27572"
I20260710 13:18:54.971154 11971 raft_consensus.cc:3055] T 32451f1ad8cc4ecea2bdef37a0cef9f1 P 60d3717beedd42498782f9f712c27572 [term 1 LEADER]: Stepping down as leader of term 1
I20260710 13:18:54.971560 11971 raft_consensus.cc:740] T 32451f1ad8cc4ecea2bdef37a0cef9f1 P 60d3717beedd42498782f9f712c27572 [term 1 LEADER]: Becoming Follower/Learner. State: Replica: 60d3717beedd42498782f9f712c27572, State: Running, Role: LEADER
I20260710 13:18:54.970498 12047 tablet_service.cc:1917] Received RequestConsensusVote() RPC: tablet_id: "32451f1ad8cc4ecea2bdef37a0cef9f1" candidate_uuid: "9ce64e886bf540fe9ca60499228f03f9" candidate_term: 2 candidate_status { last_received { term: 1 index: 1 } } ignore_live_leader: true dest_uuid: "788a15f8b4844659a2de3e90faaf12f3"
I20260710 13:18:54.972401 11971 consensus_queue.cc:260] T 32451f1ad8cc4ecea2bdef37a0cef9f1 P 60d3717beedd42498782f9f712c27572 [NON_LEADER]: Queue going to NON_LEADER mode. State: All replicated index: 0, Majority replicated index: 1, Committed index: 1, Last appended: 1.1, Last appended by leader: 1, Current term: 1, Majority size: -1, State: 0, Mode: NON_LEADER, active raft config: opid_index: -1 OBSOLETE_local: false peers { permanent_uuid: "9ce64e886bf540fe9ca60499228f03f9" member_type: VOTER last_known_addr { host: "127.10.255.193" port: 43151 } } peers { permanent_uuid: "60d3717beedd42498782f9f712c27572" member_type: VOTER last_known_addr { host: "127.10.255.194" port: 37447 } } peers { permanent_uuid: "788a15f8b4844659a2de3e90faaf12f3" member_type: VOTER last_known_addr { host: "127.10.255.195" port: 45745 } }
I20260710 13:18:54.973026 12047 raft_consensus.cc:3060] T 32451f1ad8cc4ecea2bdef37a0cef9f1 P 788a15f8b4844659a2de3e90faaf12f3 [term 1 FOLLOWER]: Advancing to term 2
I20260710 13:18:54.973627 11971 raft_consensus.cc:3060] T 32451f1ad8cc4ecea2bdef37a0cef9f1 P 60d3717beedd42498782f9f712c27572 [term 1 FOLLOWER]: Advancing to term 2
I20260710 13:18:54.975845 11898 leader_election.cc:290] T 32451f1ad8cc4ecea2bdef37a0cef9f1 P 9ce64e886bf540fe9ca60499228f03f9 [CANDIDATE]: Term 2 election: Requested vote from peers 60d3717beedd42498782f9f712c27572 (127.10.255.194:37447), 788a15f8b4844659a2de3e90faaf12f3 (127.10.255.195:45745)
I20260710 13:18:54.980504 12095 raft_consensus.cc:993] T f5710095eec246d8870df4caf865ec1b P 60d3717beedd42498782f9f712c27572: : Instructing follower 9ce64e886bf540fe9ca60499228f03f9 to start an election
I20260710 13:18:54.980993 12095 raft_consensus.cc:1081] T f5710095eec246d8870df4caf865ec1b P 60d3717beedd42498782f9f712c27572 [term 1 LEADER]: Signalling peer 9ce64e886bf540fe9ca60499228f03f9 to start an election
I20260710 13:18:54.980985 11971 raft_consensus.cc:2468] T 32451f1ad8cc4ecea2bdef37a0cef9f1 P 60d3717beedd42498782f9f712c27572 [term 2 FOLLOWER]: Leader election vote request: Granting yes vote for candidate 9ce64e886bf540fe9ca60499228f03f9 in term 2.
I20260710 13:18:54.981711 12047 raft_consensus.cc:2468] T 32451f1ad8cc4ecea2bdef37a0cef9f1 P 788a15f8b4844659a2de3e90faaf12f3 [term 2 FOLLOWER]: Leader election vote request: Granting yes vote for candidate 9ce64e886bf540fe9ca60499228f03f9 in term 2.
I20260710 13:18:54.983171 11898 tablet_service.cc:2044] Received Run Leader Election RPC: tablet_id: "f5710095eec246d8870df4caf865ec1b"
dest_uuid: "9ce64e886bf540fe9ca60499228f03f9"
 from {username='slave'} at 127.0.0.1:46598
I20260710 13:18:54.983695 11898 raft_consensus.cc:493] T f5710095eec246d8870df4caf865ec1b P 9ce64e886bf540fe9ca60499228f03f9 [term 1 FOLLOWER]: Starting forced leader election (received explicit request)
I20260710 13:18:54.984040 11898 raft_consensus.cc:3060] T f5710095eec246d8870df4caf865ec1b P 9ce64e886bf540fe9ca60499228f03f9 [term 1 FOLLOWER]: Advancing to term 2
I20260710 13:18:54.984323 11862 leader_election.cc:304] T 32451f1ad8cc4ecea2bdef37a0cef9f1 P 9ce64e886bf540fe9ca60499228f03f9 [CANDIDATE]: Term 2 election: Election decided. Result: candidate won. Election summary: received 2 responses out of 3 voters: 2 yes votes; 0 no votes. yes voters: 60d3717beedd42498782f9f712c27572, 9ce64e886bf540fe9ca60499228f03f9; no voters: 
I20260710 13:18:54.985220 12104 raft_consensus.cc:2804] T 32451f1ad8cc4ecea2bdef37a0cef9f1 P 9ce64e886bf540fe9ca60499228f03f9 [term 2 FOLLOWER]: Leader election won for term 2
I20260710 13:18:54.985703 12104 raft_consensus.cc:697] T 32451f1ad8cc4ecea2bdef37a0cef9f1 P 9ce64e886bf540fe9ca60499228f03f9 [term 2 LEADER]: Becoming Leader. State: Replica: 9ce64e886bf540fe9ca60499228f03f9, State: Running, Role: LEADER
I20260710 13:18:54.986521 12104 consensus_queue.cc:237] T 32451f1ad8cc4ecea2bdef37a0cef9f1 P 9ce64e886bf540fe9ca60499228f03f9 [LEADER]: Queue going to LEADER mode. State: All replicated index: 0, Majority replicated index: 1, Committed index: 1, Last appended: 1.1, Last appended by leader: 1, Current term: 2, Majority size: 2, State: 0, Mode: LEADER, active raft config: opid_index: -1 OBSOLETE_local: false peers { permanent_uuid: "9ce64e886bf540fe9ca60499228f03f9" member_type: VOTER last_known_addr { host: "127.10.255.193" port: 43151 } } peers { permanent_uuid: "60d3717beedd42498782f9f712c27572" member_type: VOTER last_known_addr { host: "127.10.255.194" port: 37447 } } peers { permanent_uuid: "788a15f8b4844659a2de3e90faaf12f3" member_type: VOTER last_known_addr { host: "127.10.255.195" port: 45745 } }
I20260710 13:18:54.991508 11898 raft_consensus.cc:515] T f5710095eec246d8870df4caf865ec1b P 9ce64e886bf540fe9ca60499228f03f9 [term 2 FOLLOWER]: Starting forced leader election with config: opid_index: -1 OBSOLETE_local: false peers { permanent_uuid: "9ce64e886bf540fe9ca60499228f03f9" member_type: VOTER last_known_addr { host: "127.10.255.193" port: 43151 } } peers { permanent_uuid: "60d3717beedd42498782f9f712c27572" member_type: VOTER last_known_addr { host: "127.10.255.194" port: 37447 } } peers { permanent_uuid: "788a15f8b4844659a2de3e90faaf12f3" member_type: VOTER last_known_addr { host: "127.10.255.195" port: 45745 } }
I20260710 13:18:54.993404 11898 leader_election.cc:290] T f5710095eec246d8870df4caf865ec1b P 9ce64e886bf540fe9ca60499228f03f9 [CANDIDATE]: Term 2 election: Requested vote from peers 60d3717beedd42498782f9f712c27572 (127.10.255.194:37447), 788a15f8b4844659a2de3e90faaf12f3 (127.10.255.195:45745)
I20260710 13:18:54.994320 11971 tablet_service.cc:1917] Received RequestConsensusVote() RPC: tablet_id: "f5710095eec246d8870df4caf865ec1b" candidate_uuid: "9ce64e886bf540fe9ca60499228f03f9" candidate_term: 2 candidate_status { last_received { term: 1 index: 1 } } ignore_live_leader: true dest_uuid: "60d3717beedd42498782f9f712c27572"
I20260710 13:18:54.993992 11792 catalog_manager.cc:5697] T 32451f1ad8cc4ecea2bdef37a0cef9f1 P 9ce64e886bf540fe9ca60499228f03f9 reported cstate change: term changed from 1 to 2, leader changed from 60d3717beedd42498782f9f712c27572 (127.10.255.194) to 9ce64e886bf540fe9ca60499228f03f9 (127.10.255.193). New cstate: current_term: 2 leader_uuid: "9ce64e886bf540fe9ca60499228f03f9" committed_config { opid_index: -1 OBSOLETE_local: false peers { permanent_uuid: "9ce64e886bf540fe9ca60499228f03f9" member_type: VOTER last_known_addr { host: "127.10.255.193" port: 43151 } health_report { overall_health: HEALTHY } } peers { permanent_uuid: "60d3717beedd42498782f9f712c27572" member_type: VOTER last_known_addr { host: "127.10.255.194" port: 37447 } health_report { overall_health: UNKNOWN } } peers { permanent_uuid: "788a15f8b4844659a2de3e90faaf12f3" member_type: VOTER last_known_addr { host: "127.10.255.195" port: 45745 } health_report { overall_health: UNKNOWN } } }
I20260710 13:18:54.994933 11971 raft_consensus.cc:3055] T f5710095eec246d8870df4caf865ec1b P 60d3717beedd42498782f9f712c27572 [term 1 LEADER]: Stepping down as leader of term 1
I20260710 13:18:54.995329 11971 raft_consensus.cc:740] T f5710095eec246d8870df4caf865ec1b P 60d3717beedd42498782f9f712c27572 [term 1 LEADER]: Becoming Follower/Learner. State: Replica: 60d3717beedd42498782f9f712c27572, State: Running, Role: LEADER
I20260710 13:18:54.995390 12047 tablet_service.cc:1917] Received RequestConsensusVote() RPC: tablet_id: "f5710095eec246d8870df4caf865ec1b" candidate_uuid: "9ce64e886bf540fe9ca60499228f03f9" candidate_term: 2 candidate_status { last_received { term: 1 index: 1 } } ignore_live_leader: true dest_uuid: "788a15f8b4844659a2de3e90faaf12f3"
I20260710 13:18:54.995995 12047 raft_consensus.cc:3060] T f5710095eec246d8870df4caf865ec1b P 788a15f8b4844659a2de3e90faaf12f3 [term 1 FOLLOWER]: Advancing to term 2
I20260710 13:18:54.996587 11971 consensus_queue.cc:260] T f5710095eec246d8870df4caf865ec1b P 60d3717beedd42498782f9f712c27572 [NON_LEADER]: Queue going to NON_LEADER mode. State: All replicated index: 0, Majority replicated index: 1, Committed index: 1, Last appended: 1.1, Last appended by leader: 1, Current term: 1, Majority size: -1, State: 0, Mode: NON_LEADER, active raft config: opid_index: -1 OBSOLETE_local: false peers { permanent_uuid: "9ce64e886bf540fe9ca60499228f03f9" member_type: VOTER last_known_addr { host: "127.10.255.193" port: 43151 } } peers { permanent_uuid: "60d3717beedd42498782f9f712c27572" member_type: VOTER last_known_addr { host: "127.10.255.194" port: 37447 } } peers { permanent_uuid: "788a15f8b4844659a2de3e90faaf12f3" member_type: VOTER last_known_addr { host: "127.10.255.195" port: 45745 } }
I20260710 13:18:54.997886 11971 raft_consensus.cc:3060] T f5710095eec246d8870df4caf865ec1b P 60d3717beedd42498782f9f712c27572 [term 1 FOLLOWER]: Advancing to term 2
I20260710 13:18:55.002153 12096 raft_consensus.cc:993] T ed24607b55214a7a92c33d084c6dbedb P 9ce64e886bf540fe9ca60499228f03f9: : Instructing follower 60d3717beedd42498782f9f712c27572 to start an election
I20260710 13:18:55.002584 12047 raft_consensus.cc:2468] T f5710095eec246d8870df4caf865ec1b P 788a15f8b4844659a2de3e90faaf12f3 [term 2 FOLLOWER]: Leader election vote request: Granting yes vote for candidate 9ce64e886bf540fe9ca60499228f03f9 in term 2.
I20260710 13:18:55.002678 12096 raft_consensus.cc:1081] T ed24607b55214a7a92c33d084c6dbedb P 9ce64e886bf540fe9ca60499228f03f9 [term 1 LEADER]: Signalling peer 60d3717beedd42498782f9f712c27572 to start an election
I20260710 13:18:55.003891 11861 leader_election.cc:304] T f5710095eec246d8870df4caf865ec1b P 9ce64e886bf540fe9ca60499228f03f9 [CANDIDATE]: Term 2 election: Election decided. Result: candidate won. Election summary: received 2 responses out of 3 voters: 2 yes votes; 0 no votes. yes voters: 788a15f8b4844659a2de3e90faaf12f3, 9ce64e886bf540fe9ca60499228f03f9; no voters: 
I20260710 13:18:55.004675 11972 tablet_service.cc:2044] Received Run Leader Election RPC: tablet_id: "ed24607b55214a7a92c33d084c6dbedb"
dest_uuid: "60d3717beedd42498782f9f712c27572"
 from {username='slave'} at 127.0.0.1:54870
I20260710 13:18:55.005293 11972 raft_consensus.cc:493] T ed24607b55214a7a92c33d084c6dbedb P 60d3717beedd42498782f9f712c27572 [term 1 FOLLOWER]: Starting forced leader election (received explicit request)
I20260710 13:18:55.005242 11971 raft_consensus.cc:2468] T f5710095eec246d8870df4caf865ec1b P 60d3717beedd42498782f9f712c27572 [term 2 FOLLOWER]: Leader election vote request: Granting yes vote for candidate 9ce64e886bf540fe9ca60499228f03f9 in term 2.
I20260710 13:18:55.005811 11972 raft_consensus.cc:3060] T ed24607b55214a7a92c33d084c6dbedb P 60d3717beedd42498782f9f712c27572 [term 1 FOLLOWER]: Advancing to term 2
I20260710 13:18:55.005842 12104 raft_consensus.cc:2804] T f5710095eec246d8870df4caf865ec1b P 9ce64e886bf540fe9ca60499228f03f9 [term 2 FOLLOWER]: Leader election won for term 2
I20260710 13:18:55.007350 12104 raft_consensus.cc:697] T f5710095eec246d8870df4caf865ec1b P 9ce64e886bf540fe9ca60499228f03f9 [term 2 LEADER]: Becoming Leader. State: Replica: 9ce64e886bf540fe9ca60499228f03f9, State: Running, Role: LEADER
I20260710 13:18:55.008108 12104 consensus_queue.cc:237] T f5710095eec246d8870df4caf865ec1b P 9ce64e886bf540fe9ca60499228f03f9 [LEADER]: Queue going to LEADER mode. State: All replicated index: 0, Majority replicated index: 1, Committed index: 1, Last appended: 1.1, Last appended by leader: 1, Current term: 2, Majority size: 2, State: 0, Mode: LEADER, active raft config: opid_index: -1 OBSOLETE_local: false peers { permanent_uuid: "9ce64e886bf540fe9ca60499228f03f9" member_type: VOTER last_known_addr { host: "127.10.255.193" port: 43151 } } peers { permanent_uuid: "60d3717beedd42498782f9f712c27572" member_type: VOTER last_known_addr { host: "127.10.255.194" port: 37447 } } peers { permanent_uuid: "788a15f8b4844659a2de3e90faaf12f3" member_type: VOTER last_known_addr { host: "127.10.255.195" port: 45745 } }
I20260710 13:18:55.013402 11972 raft_consensus.cc:515] T ed24607b55214a7a92c33d084c6dbedb P 60d3717beedd42498782f9f712c27572 [term 2 FOLLOWER]: Starting forced leader election with config: opid_index: -1 OBSOLETE_local: false peers { permanent_uuid: "9ce64e886bf540fe9ca60499228f03f9" member_type: VOTER last_known_addr { host: "127.10.255.193" port: 43151 } } peers { permanent_uuid: "60d3717beedd42498782f9f712c27572" member_type: VOTER last_known_addr { host: "127.10.255.194" port: 37447 } } peers { permanent_uuid: "788a15f8b4844659a2de3e90faaf12f3" member_type: VOTER last_known_addr { host: "127.10.255.195" port: 45745 } }
I20260710 13:18:55.015242 11972 leader_election.cc:290] T ed24607b55214a7a92c33d084c6dbedb P 60d3717beedd42498782f9f712c27572 [CANDIDATE]: Term 2 election: Requested vote from peers 9ce64e886bf540fe9ca60499228f03f9 (127.10.255.193:43151), 788a15f8b4844659a2de3e90faaf12f3 (127.10.255.195:45745)
I20260710 13:18:55.016139 11898 tablet_service.cc:1917] Received RequestConsensusVote() RPC: tablet_id: "ed24607b55214a7a92c33d084c6dbedb" candidate_uuid: "60d3717beedd42498782f9f712c27572" candidate_term: 2 candidate_status { last_received { term: 1 index: 1 } } ignore_live_leader: true dest_uuid: "9ce64e886bf540fe9ca60499228f03f9"
I20260710 13:18:55.016535 12047 tablet_service.cc:1917] Received RequestConsensusVote() RPC: tablet_id: "ed24607b55214a7a92c33d084c6dbedb" candidate_uuid: "60d3717beedd42498782f9f712c27572" candidate_term: 2 candidate_status { last_received { term: 1 index: 1 } } ignore_live_leader: true dest_uuid: "788a15f8b4844659a2de3e90faaf12f3"
I20260710 13:18:55.016738 11898 raft_consensus.cc:3055] T ed24607b55214a7a92c33d084c6dbedb P 9ce64e886bf540fe9ca60499228f03f9 [term 1 LEADER]: Stepping down as leader of term 1
I20260710 13:18:55.017249 12047 raft_consensus.cc:3060] T ed24607b55214a7a92c33d084c6dbedb P 788a15f8b4844659a2de3e90faaf12f3 [term 1 FOLLOWER]: Advancing to term 2
I20260710 13:18:55.017278 11898 raft_consensus.cc:740] T ed24607b55214a7a92c33d084c6dbedb P 9ce64e886bf540fe9ca60499228f03f9 [term 1 LEADER]: Becoming Follower/Learner. State: Replica: 9ce64e886bf540fe9ca60499228f03f9, State: Running, Role: LEADER
I20260710 13:18:55.016646 11792 catalog_manager.cc:5697] T f5710095eec246d8870df4caf865ec1b P 9ce64e886bf540fe9ca60499228f03f9 reported cstate change: term changed from 1 to 2, leader changed from 60d3717beedd42498782f9f712c27572 (127.10.255.194) to 9ce64e886bf540fe9ca60499228f03f9 (127.10.255.193). New cstate: current_term: 2 leader_uuid: "9ce64e886bf540fe9ca60499228f03f9" committed_config { opid_index: -1 OBSOLETE_local: false peers { permanent_uuid: "9ce64e886bf540fe9ca60499228f03f9" member_type: VOTER last_known_addr { host: "127.10.255.193" port: 43151 } health_report { overall_health: HEALTHY } } peers { permanent_uuid: "60d3717beedd42498782f9f712c27572" member_type: VOTER last_known_addr { host: "127.10.255.194" port: 37447 } health_report { overall_health: UNKNOWN } } peers { permanent_uuid: "788a15f8b4844659a2de3e90faaf12f3" member_type: VOTER last_known_addr { host: "127.10.255.195" port: 45745 } health_report { overall_health: UNKNOWN } } }
I20260710 13:18:55.018291 11898 consensus_queue.cc:260] T ed24607b55214a7a92c33d084c6dbedb P 9ce64e886bf540fe9ca60499228f03f9 [NON_LEADER]: Queue going to NON_LEADER mode. State: All replicated index: 0, Majority replicated index: 1, Committed index: 1, Last appended: 1.1, Last appended by leader: 1, Current term: 1, Majority size: -1, State: 0, Mode: NON_LEADER, active raft config: opid_index: -1 OBSOLETE_local: false peers { permanent_uuid: "9ce64e886bf540fe9ca60499228f03f9" member_type: VOTER last_known_addr { host: "127.10.255.193" port: 43151 } } peers { permanent_uuid: "60d3717beedd42498782f9f712c27572" member_type: VOTER last_known_addr { host: "127.10.255.194" port: 37447 } } peers { permanent_uuid: "788a15f8b4844659a2de3e90faaf12f3" member_type: VOTER last_known_addr { host: "127.10.255.195" port: 45745 } }
I20260710 13:18:55.019721 11898 raft_consensus.cc:3060] T ed24607b55214a7a92c33d084c6dbedb P 9ce64e886bf540fe9ca60499228f03f9 [term 1 FOLLOWER]: Advancing to term 2
I20260710 13:18:55.022507 12047 raft_consensus.cc:2468] T ed24607b55214a7a92c33d084c6dbedb P 788a15f8b4844659a2de3e90faaf12f3 [term 2 FOLLOWER]: Leader election vote request: Granting yes vote for candidate 60d3717beedd42498782f9f712c27572 in term 2.
I20260710 13:18:55.023808 11936 leader_election.cc:304] T ed24607b55214a7a92c33d084c6dbedb P 60d3717beedd42498782f9f712c27572 [CANDIDATE]: Term 2 election: Election decided. Result: candidate won. Election summary: received 2 responses out of 3 voters: 2 yes votes; 0 no votes. yes voters: 60d3717beedd42498782f9f712c27572, 788a15f8b4844659a2de3e90faaf12f3; no voters: 
I20260710 13:18:55.024536 12095 raft_consensus.cc:2804] T ed24607b55214a7a92c33d084c6dbedb P 60d3717beedd42498782f9f712c27572 [term 2 FOLLOWER]: Leader election won for term 2
I20260710 13:18:55.025018 12095 raft_consensus.cc:697] T ed24607b55214a7a92c33d084c6dbedb P 60d3717beedd42498782f9f712c27572 [term 2 LEADER]: Becoming Leader. State: Replica: 60d3717beedd42498782f9f712c27572, State: Running, Role: LEADER
I20260710 13:18:55.025700 12095 consensus_queue.cc:237] T ed24607b55214a7a92c33d084c6dbedb P 60d3717beedd42498782f9f712c27572 [LEADER]: Queue going to LEADER mode. State: All replicated index: 0, Majority replicated index: 1, Committed index: 1, Last appended: 1.1, Last appended by leader: 1, Current term: 2, Majority size: 2, State: 0, Mode: LEADER, active raft config: opid_index: -1 OBSOLETE_local: false peers { permanent_uuid: "9ce64e886bf540fe9ca60499228f03f9" member_type: VOTER last_known_addr { host: "127.10.255.193" port: 43151 } } peers { permanent_uuid: "60d3717beedd42498782f9f712c27572" member_type: VOTER last_known_addr { host: "127.10.255.194" port: 37447 } } peers { permanent_uuid: "788a15f8b4844659a2de3e90faaf12f3" member_type: VOTER last_known_addr { host: "127.10.255.195" port: 45745 } }
I20260710 13:18:55.026808 11898 raft_consensus.cc:2468] T ed24607b55214a7a92c33d084c6dbedb P 9ce64e886bf540fe9ca60499228f03f9 [term 2 FOLLOWER]: Leader election vote request: Granting yes vote for candidate 60d3717beedd42498782f9f712c27572 in term 2.
I20260710 13:18:55.032495 11792 catalog_manager.cc:5697] T ed24607b55214a7a92c33d084c6dbedb P 60d3717beedd42498782f9f712c27572 reported cstate change: term changed from 1 to 2, leader changed from 9ce64e886bf540fe9ca60499228f03f9 (127.10.255.193) to 60d3717beedd42498782f9f712c27572 (127.10.255.194). New cstate: current_term: 2 leader_uuid: "60d3717beedd42498782f9f712c27572" committed_config { opid_index: -1 OBSOLETE_local: false peers { permanent_uuid: "9ce64e886bf540fe9ca60499228f03f9" member_type: VOTER last_known_addr { host: "127.10.255.193" port: 43151 } health_report { overall_health: UNKNOWN } } peers { permanent_uuid: "60d3717beedd42498782f9f712c27572" member_type: VOTER last_known_addr { host: "127.10.255.194" port: 37447 } health_report { overall_health: HEALTHY } } peers { permanent_uuid: "788a15f8b4844659a2de3e90faaf12f3" member_type: VOTER last_known_addr { host: "127.10.255.195" port: 45745 } health_report { overall_health: UNKNOWN } } }
I20260710 13:18:55.122812 12134 raft_consensus.cc:993] T cf857a50d318466a91c0bc4ea85cf27b P 788a15f8b4844659a2de3e90faaf12f3: : Instructing follower 9ce64e886bf540fe9ca60499228f03f9 to start an election
I20260710 13:18:55.123325 12134 raft_consensus.cc:1081] T cf857a50d318466a91c0bc4ea85cf27b P 788a15f8b4844659a2de3e90faaf12f3 [term 1 LEADER]: Signalling peer 9ce64e886bf540fe9ca60499228f03f9 to start an election
I20260710 13:18:55.124822 11898 tablet_service.cc:2044] Received Run Leader Election RPC: tablet_id: "cf857a50d318466a91c0bc4ea85cf27b"
dest_uuid: "9ce64e886bf540fe9ca60499228f03f9"
 from {username='slave'} at 127.0.0.1:46604
I20260710 13:18:55.125278 11898 raft_consensus.cc:493] T cf857a50d318466a91c0bc4ea85cf27b P 9ce64e886bf540fe9ca60499228f03f9 [term 1 FOLLOWER]: Starting forced leader election (received explicit request)
I20260710 13:18:55.125524 11898 raft_consensus.cc:3060] T cf857a50d318466a91c0bc4ea85cf27b P 9ce64e886bf540fe9ca60499228f03f9 [term 1 FOLLOWER]: Advancing to term 2
I20260710 13:18:55.129968 11898 raft_consensus.cc:515] T cf857a50d318466a91c0bc4ea85cf27b P 9ce64e886bf540fe9ca60499228f03f9 [term 2 FOLLOWER]: Starting forced leader election with config: opid_index: -1 OBSOLETE_local: false peers { permanent_uuid: "9ce64e886bf540fe9ca60499228f03f9" member_type: VOTER last_known_addr { host: "127.10.255.193" port: 43151 } } peers { permanent_uuid: "60d3717beedd42498782f9f712c27572" member_type: VOTER last_known_addr { host: "127.10.255.194" port: 37447 } } peers { permanent_uuid: "788a15f8b4844659a2de3e90faaf12f3" member_type: VOTER last_known_addr { host: "127.10.255.195" port: 45745 } }
I20260710 13:18:55.131749 11898 leader_election.cc:290] T cf857a50d318466a91c0bc4ea85cf27b P 9ce64e886bf540fe9ca60499228f03f9 [CANDIDATE]: Term 2 election: Requested vote from peers 60d3717beedd42498782f9f712c27572 (127.10.255.194:37447), 788a15f8b4844659a2de3e90faaf12f3 (127.10.255.195:45745)
I20260710 13:18:55.132828 11972 tablet_service.cc:1917] Received RequestConsensusVote() RPC: tablet_id: "cf857a50d318466a91c0bc4ea85cf27b" candidate_uuid: "9ce64e886bf540fe9ca60499228f03f9" candidate_term: 2 candidate_status { last_received { term: 1 index: 1 } } ignore_live_leader: true dest_uuid: "60d3717beedd42498782f9f712c27572"
I20260710 13:18:55.132823 12047 tablet_service.cc:1917] Received RequestConsensusVote() RPC: tablet_id: "cf857a50d318466a91c0bc4ea85cf27b" candidate_uuid: "9ce64e886bf540fe9ca60499228f03f9" candidate_term: 2 candidate_status { last_received { term: 1 index: 1 } } ignore_live_leader: true dest_uuid: "788a15f8b4844659a2de3e90faaf12f3"
I20260710 13:18:55.133455 11972 raft_consensus.cc:3060] T cf857a50d318466a91c0bc4ea85cf27b P 60d3717beedd42498782f9f712c27572 [term 1 FOLLOWER]: Advancing to term 2
I20260710 13:18:55.133512 12047 raft_consensus.cc:3055] T cf857a50d318466a91c0bc4ea85cf27b P 788a15f8b4844659a2de3e90faaf12f3 [term 1 LEADER]: Stepping down as leader of term 1
I20260710 13:18:55.133874 12047 raft_consensus.cc:740] T cf857a50d318466a91c0bc4ea85cf27b P 788a15f8b4844659a2de3e90faaf12f3 [term 1 LEADER]: Becoming Follower/Learner. State: Replica: 788a15f8b4844659a2de3e90faaf12f3, State: Running, Role: LEADER
I20260710 13:18:55.134450 12047 consensus_queue.cc:260] T cf857a50d318466a91c0bc4ea85cf27b P 788a15f8b4844659a2de3e90faaf12f3 [NON_LEADER]: Queue going to NON_LEADER mode. State: All replicated index: 0, Majority replicated index: 1, Committed index: 1, Last appended: 1.1, Last appended by leader: 1, Current term: 1, Majority size: -1, State: 0, Mode: NON_LEADER, active raft config: opid_index: -1 OBSOLETE_local: false peers { permanent_uuid: "9ce64e886bf540fe9ca60499228f03f9" member_type: VOTER last_known_addr { host: "127.10.255.193" port: 43151 } } peers { permanent_uuid: "60d3717beedd42498782f9f712c27572" member_type: VOTER last_known_addr { host: "127.10.255.194" port: 37447 } } peers { permanent_uuid: "788a15f8b4844659a2de3e90faaf12f3" member_type: VOTER last_known_addr { host: "127.10.255.195" port: 45745 } }
I20260710 13:18:55.135308 12047 raft_consensus.cc:3060] T cf857a50d318466a91c0bc4ea85cf27b P 788a15f8b4844659a2de3e90faaf12f3 [term 1 FOLLOWER]: Advancing to term 2
I20260710 13:18:55.138417 11972 raft_consensus.cc:2468] T cf857a50d318466a91c0bc4ea85cf27b P 60d3717beedd42498782f9f712c27572 [term 2 FOLLOWER]: Leader election vote request: Granting yes vote for candidate 9ce64e886bf540fe9ca60499228f03f9 in term 2.
I20260710 13:18:55.139225 12047 raft_consensus.cc:2468] T cf857a50d318466a91c0bc4ea85cf27b P 788a15f8b4844659a2de3e90faaf12f3 [term 2 FOLLOWER]: Leader election vote request: Granting yes vote for candidate 9ce64e886bf540fe9ca60499228f03f9 in term 2.
I20260710 13:18:55.139704 11862 leader_election.cc:304] T cf857a50d318466a91c0bc4ea85cf27b P 9ce64e886bf540fe9ca60499228f03f9 [CANDIDATE]: Term 2 election: Election decided. Result: candidate won. Election summary: received 2 responses out of 3 voters: 2 yes votes; 0 no votes. yes voters: 60d3717beedd42498782f9f712c27572, 9ce64e886bf540fe9ca60499228f03f9; no voters: 
I20260710 13:18:55.140456 12104 raft_consensus.cc:2804] T cf857a50d318466a91c0bc4ea85cf27b P 9ce64e886bf540fe9ca60499228f03f9 [term 2 FOLLOWER]: Leader election won for term 2
I20260710 13:18:55.140910 12104 raft_consensus.cc:697] T cf857a50d318466a91c0bc4ea85cf27b P 9ce64e886bf540fe9ca60499228f03f9 [term 2 LEADER]: Becoming Leader. State: Replica: 9ce64e886bf540fe9ca60499228f03f9, State: Running, Role: LEADER
I20260710 13:18:55.141659 12104 consensus_queue.cc:237] T cf857a50d318466a91c0bc4ea85cf27b P 9ce64e886bf540fe9ca60499228f03f9 [LEADER]: Queue going to LEADER mode. State: All replicated index: 0, Majority replicated index: 1, Committed index: 1, Last appended: 1.1, Last appended by leader: 1, Current term: 2, Majority size: 2, State: 0, Mode: LEADER, active raft config: opid_index: -1 OBSOLETE_local: false peers { permanent_uuid: "9ce64e886bf540fe9ca60499228f03f9" member_type: VOTER last_known_addr { host: "127.10.255.193" port: 43151 } } peers { permanent_uuid: "60d3717beedd42498782f9f712c27572" member_type: VOTER last_known_addr { host: "127.10.255.194" port: 37447 } } peers { permanent_uuid: "788a15f8b4844659a2de3e90faaf12f3" member_type: VOTER last_known_addr { host: "127.10.255.195" port: 45745 } }
I20260710 13:18:55.147810 11792 catalog_manager.cc:5697] T cf857a50d318466a91c0bc4ea85cf27b P 9ce64e886bf540fe9ca60499228f03f9 reported cstate change: term changed from 1 to 2, leader changed from 788a15f8b4844659a2de3e90faaf12f3 (127.10.255.195) to 9ce64e886bf540fe9ca60499228f03f9 (127.10.255.193). New cstate: current_term: 2 leader_uuid: "9ce64e886bf540fe9ca60499228f03f9" committed_config { opid_index: -1 OBSOLETE_local: false peers { permanent_uuid: "9ce64e886bf540fe9ca60499228f03f9" member_type: VOTER last_known_addr { host: "127.10.255.193" port: 43151 } health_report { overall_health: HEALTHY } } peers { permanent_uuid: "60d3717beedd42498782f9f712c27572" member_type: VOTER last_known_addr { host: "127.10.255.194" port: 37447 } health_report { overall_health: UNKNOWN } } peers { permanent_uuid: "788a15f8b4844659a2de3e90faaf12f3" member_type: VOTER last_known_addr { host: "127.10.255.195" port: 45745 } health_report { overall_health: UNKNOWN } } }
I20260710 13:18:55.325351 12096 raft_consensus.cc:993] T 6d7933dd8ad24d2aa2f69ec6092b1d4e P 9ce64e886bf540fe9ca60499228f03f9: : Instructing follower 788a15f8b4844659a2de3e90faaf12f3 to start an election
I20260710 13:18:55.325829 12104 raft_consensus.cc:1081] T 6d7933dd8ad24d2aa2f69ec6092b1d4e P 9ce64e886bf540fe9ca60499228f03f9 [term 1 LEADER]: Signalling peer 788a15f8b4844659a2de3e90faaf12f3 to start an election
I20260710 13:18:55.327677 12047 tablet_service.cc:2044] Received Run Leader Election RPC: tablet_id: "6d7933dd8ad24d2aa2f69ec6092b1d4e"
dest_uuid: "788a15f8b4844659a2de3e90faaf12f3"
 from {username='slave'} at 127.0.0.1:45576
I20260710 13:18:55.328306 12047 raft_consensus.cc:493] T 6d7933dd8ad24d2aa2f69ec6092b1d4e P 788a15f8b4844659a2de3e90faaf12f3 [term 1 FOLLOWER]: Starting forced leader election (received explicit request)
I20260710 13:18:55.328715 12047 raft_consensus.cc:3060] T 6d7933dd8ad24d2aa2f69ec6092b1d4e P 788a15f8b4844659a2de3e90faaf12f3 [term 1 FOLLOWER]: Advancing to term 2
I20260710 13:18:55.334904 12047 raft_consensus.cc:515] T 6d7933dd8ad24d2aa2f69ec6092b1d4e P 788a15f8b4844659a2de3e90faaf12f3 [term 2 FOLLOWER]: Starting forced leader election with config: opid_index: -1 OBSOLETE_local: false peers { permanent_uuid: "9ce64e886bf540fe9ca60499228f03f9" member_type: VOTER last_known_addr { host: "127.10.255.193" port: 43151 } } peers { permanent_uuid: "60d3717beedd42498782f9f712c27572" member_type: VOTER last_known_addr { host: "127.10.255.194" port: 37447 } } peers { permanent_uuid: "788a15f8b4844659a2de3e90faaf12f3" member_type: VOTER last_known_addr { host: "127.10.255.195" port: 45745 } }
I20260710 13:18:55.337047 12047 leader_election.cc:290] T 6d7933dd8ad24d2aa2f69ec6092b1d4e P 788a15f8b4844659a2de3e90faaf12f3 [CANDIDATE]: Term 2 election: Requested vote from peers 9ce64e886bf540fe9ca60499228f03f9 (127.10.255.193:43151), 60d3717beedd42498782f9f712c27572 (127.10.255.194:37447)
I20260710 13:18:55.337471 11972 raft_consensus.cc:1275] T fa614d1a99914e8e8f2e8f17ab537729 P 60d3717beedd42498782f9f712c27572 [term 2 FOLLOWER]: Refusing update from remote peer 9ce64e886bf540fe9ca60499228f03f9: Log matching property violated. Preceding OpId in replica: term: 1 index: 1. Preceding OpId from leader: term: 2 index: 2. (index mismatch)
I20260710 13:18:55.338135 11971 tablet_service.cc:1917] Received RequestConsensusVote() RPC: tablet_id: "6d7933dd8ad24d2aa2f69ec6092b1d4e" candidate_uuid: "788a15f8b4844659a2de3e90faaf12f3" candidate_term: 2 candidate_status { last_received { term: 1 index: 1 } } ignore_live_leader: true dest_uuid: "60d3717beedd42498782f9f712c27572"
I20260710 13:18:55.338768 11971 raft_consensus.cc:3060] T 6d7933dd8ad24d2aa2f69ec6092b1d4e P 60d3717beedd42498782f9f712c27572 [term 1 FOLLOWER]: Advancing to term 2
I20260710 13:18:55.338915 11898 tablet_service.cc:1917] Received RequestConsensusVote() RPC: tablet_id: "6d7933dd8ad24d2aa2f69ec6092b1d4e" candidate_uuid: "788a15f8b4844659a2de3e90faaf12f3" candidate_term: 2 candidate_status { last_received { term: 1 index: 1 } } ignore_live_leader: true dest_uuid: "9ce64e886bf540fe9ca60499228f03f9"
I20260710 13:18:55.339545 11898 raft_consensus.cc:3055] T 6d7933dd8ad24d2aa2f69ec6092b1d4e P 9ce64e886bf540fe9ca60499228f03f9 [term 1 LEADER]: Stepping down as leader of term 1
I20260710 13:18:55.339905 11898 raft_consensus.cc:740] T 6d7933dd8ad24d2aa2f69ec6092b1d4e P 9ce64e886bf540fe9ca60499228f03f9 [term 1 LEADER]: Becoming Follower/Learner. State: Replica: 9ce64e886bf540fe9ca60499228f03f9, State: Running, Role: LEADER
I20260710 13:18:55.340042 12104 consensus_queue.cc:1048] T fa614d1a99914e8e8f2e8f17ab537729 P 9ce64e886bf540fe9ca60499228f03f9 [LEADER]: Connected to new peer: Peer: permanent_uuid: "60d3717beedd42498782f9f712c27572" member_type: VOTER last_known_addr { host: "127.10.255.194" port: 37447 }, Status: LMP_MISMATCH, Last received: 0.0, Next index: 2, Last known committed idx: 1, Time since last communication: 0.000s
I20260710 13:18:55.340780 11898 consensus_queue.cc:260] T 6d7933dd8ad24d2aa2f69ec6092b1d4e P 9ce64e886bf540fe9ca60499228f03f9 [NON_LEADER]: Queue going to NON_LEADER mode. State: All replicated index: 0, Majority replicated index: 1, Committed index: 1, Last appended: 1.1, Last appended by leader: 1, Current term: 1, Majority size: -1, State: 0, Mode: NON_LEADER, active raft config: opid_index: -1 OBSOLETE_local: false peers { permanent_uuid: "9ce64e886bf540fe9ca60499228f03f9" member_type: VOTER last_known_addr { host: "127.10.255.193" port: 43151 } } peers { permanent_uuid: "60d3717beedd42498782f9f712c27572" member_type: VOTER last_known_addr { host: "127.10.255.194" port: 37447 } } peers { permanent_uuid: "788a15f8b4844659a2de3e90faaf12f3" member_type: VOTER last_known_addr { host: "127.10.255.195" port: 45745 } }
I20260710 13:18:55.342079 11895 raft_consensus.cc:1275] T bce94707d8654d049a09e827d6e93479 P 9ce64e886bf540fe9ca60499228f03f9 [term 2 FOLLOWER]: Refusing update from remote peer 60d3717beedd42498782f9f712c27572: Log matching property violated. Preceding OpId in replica: term: 1 index: 1. Preceding OpId from leader: term: 2 index: 2. (index mismatch)
I20260710 13:18:55.342041 11898 raft_consensus.cc:3060] T 6d7933dd8ad24d2aa2f69ec6092b1d4e P 9ce64e886bf540fe9ca60499228f03f9 [term 1 FOLLOWER]: Advancing to term 2
I20260710 13:18:55.343618 12095 consensus_queue.cc:1048] T bce94707d8654d049a09e827d6e93479 P 60d3717beedd42498782f9f712c27572 [LEADER]: Connected to new peer: Peer: permanent_uuid: "9ce64e886bf540fe9ca60499228f03f9" member_type: VOTER last_known_addr { host: "127.10.255.193" port: 43151 }, Status: LMP_MISMATCH, Last received: 0.0, Next index: 2, Last known committed idx: 1, Time since last communication: 0.000s
I20260710 13:18:55.346721 11971 raft_consensus.cc:2468] T 6d7933dd8ad24d2aa2f69ec6092b1d4e P 60d3717beedd42498782f9f712c27572 [term 2 FOLLOWER]: Leader election vote request: Granting yes vote for candidate 788a15f8b4844659a2de3e90faaf12f3 in term 2.
I20260710 13:18:55.348001 12011 leader_election.cc:304] T 6d7933dd8ad24d2aa2f69ec6092b1d4e P 788a15f8b4844659a2de3e90faaf12f3 [CANDIDATE]: Term 2 election: Election decided. Result: candidate won. Election summary: received 2 responses out of 3 voters: 2 yes votes; 0 no votes. yes voters: 60d3717beedd42498782f9f712c27572, 788a15f8b4844659a2de3e90faaf12f3; no voters: 
I20260710 13:18:55.348896 12134 raft_consensus.cc:2804] T 6d7933dd8ad24d2aa2f69ec6092b1d4e P 788a15f8b4844659a2de3e90faaf12f3 [term 2 FOLLOWER]: Leader election won for term 2
I20260710 13:18:55.349393 12134 raft_consensus.cc:697] T 6d7933dd8ad24d2aa2f69ec6092b1d4e P 788a15f8b4844659a2de3e90faaf12f3 [term 2 LEADER]: Becoming Leader. State: Replica: 788a15f8b4844659a2de3e90faaf12f3, State: Running, Role: LEADER
