I20260710 13:19:00.323846 12448 consensus_queue.cc:237] T d11c4115d53b4f8ca3abaede09eb07b1 P 17fcfa0d513c4806b80b1522e7bd4db6 [LEADER]: Queue going to LEADER mode. State: All replicated index: 0, Majority replicated index: 0, Committed index: 0, Last appended: 0.0, Last appended by leader: 0, Current term: 1, Majority size: 2, State: 0, Mode: LEADER, active raft config: opid_index: -1 OBSOLETE_local: false peers { permanent_uuid: "dbfdc9a7db934071aa5b10e36d30f1e6" member_type: VOTER last_known_addr { host: "127.10.223.193" port: 42797 } } peers { permanent_uuid: "17fcfa0d513c4806b80b1522e7bd4db6" member_type: VOTER last_known_addr { host: "127.10.223.194" port: 38437 } } peers { permanent_uuid: "403de09265cb475398b4e8db19d82381" member_type: VOTER last_known_addr { host: "127.10.223.195" port: 38715 } }
I20260710 13:19:00.330063 12462 leader_election.cc:290] T d11c4115d53b4f8ca3abaede09eb07b1 P 17fcfa0d513c4806b80b1522e7bd4db6 [CANDIDATE]: Term 1 election: Requested vote from peers dbfdc9a7db934071aa5b10e36d30f1e6 (127.10.223.193:42797), 403de09265cb475398b4e8db19d82381 (127.10.223.195:38715)
I20260710 13:19:00.330706 12400 tablet_service.cc:1917] Received RequestConsensusVote() RPC: tablet_id: "d11c4115d53b4f8ca3abaede09eb07b1" candidate_uuid: "17fcfa0d513c4806b80b1522e7bd4db6" candidate_term: 1 candidate_status { last_received { term: 0 index: 0 } } ignore_live_leader: false dest_uuid: "403de09265cb475398b4e8db19d82381"
I20260710 13:19:00.331540 12443 tablet_bootstrap.cc:492] T 95755316cf7b409ca3e383fde4ab357c P 403de09265cb475398b4e8db19d82381: Bootstrap starting.
I20260710 13:19:00.331775 12400 raft_consensus.cc:3060] T d11c4115d53b4f8ca3abaede09eb07b1 P 403de09265cb475398b4e8db19d82381 [term 0 FOLLOWER]: Advancing to term 1
I20260710 13:19:00.339478 12444 tablet_bootstrap.cc:654] T 95755316cf7b409ca3e383fde4ab357c P dbfdc9a7db934071aa5b10e36d30f1e6: Neither blocks nor log segments found. Creating new log.
I20260710 13:19:00.341130 12400 raft_consensus.cc:2468] T d11c4115d53b4f8ca3abaede09eb07b1 P 403de09265cb475398b4e8db19d82381 [term 1 FOLLOWER]: Leader election vote request: Granting yes vote for candidate 17fcfa0d513c4806b80b1522e7bd4db6 in term 1.
I20260710 13:19:00.343184 12443 tablet_bootstrap.cc:654] T 95755316cf7b409ca3e383fde4ab357c P 403de09265cb475398b4e8db19d82381: Neither blocks nor log segments found. Creating new log.
I20260710 13:19:00.349771 12444 tablet_bootstrap.cc:492] T 95755316cf7b409ca3e383fde4ab357c P dbfdc9a7db934071aa5b10e36d30f1e6: No bootstrap required, opened a new log
I20260710 13:19:00.350175 12444 ts_tablet_manager.cc:1403] T 95755316cf7b409ca3e383fde4ab357c P dbfdc9a7db934071aa5b10e36d30f1e6: Time spent bootstrapping tablet: real 0.035s	user 0.010s	sys 0.000s
I20260710 13:19:00.348410 12462 raft_consensus.cc:493] T bcbde31725394dddb28b77d2b9aba4ef P 17fcfa0d513c4806b80b1522e7bd4db6 [term 0 FOLLOWER]: Starting pre-election (no leader contacted us within the election timeout)
I20260710 13:19:00.350883 12462 raft_consensus.cc:515] T bcbde31725394dddb28b77d2b9aba4ef P 17fcfa0d513c4806b80b1522e7bd4db6 [term 0 FOLLOWER]: Starting pre-election with config: opid_index: -1 OBSOLETE_local: false peers { permanent_uuid: "dbfdc9a7db934071aa5b10e36d30f1e6" member_type: VOTER last_known_addr { host: "127.10.223.193" port: 42797 } } peers { permanent_uuid: "17fcfa0d513c4806b80b1522e7bd4db6" member_type: VOTER last_known_addr { host: "127.10.223.194" port: 38437 } } peers { permanent_uuid: "403de09265cb475398b4e8db19d82381" member_type: VOTER last_known_addr { host: "127.10.223.195" port: 38715 } }
I20260710 13:19:00.352651 12442 tablet_bootstrap.cc:654] T 95755316cf7b409ca3e383fde4ab357c P 17fcfa0d513c4806b80b1522e7bd4db6: Neither blocks nor log segments found. Creating new log.
I20260710 13:19:00.354101 12253 tablet_service.cc:1917] Received RequestConsensusVote() RPC: tablet_id: "bcbde31725394dddb28b77d2b9aba4ef" candidate_uuid: "17fcfa0d513c4806b80b1522e7bd4db6" candidate_term: 1 candidate_status { last_received { term: 0 index: 0 } } ignore_live_leader: false dest_uuid: "dbfdc9a7db934071aa5b10e36d30f1e6" is_pre_election: true
I20260710 13:19:00.354820 12253 raft_consensus.cc:2393] T bcbde31725394dddb28b77d2b9aba4ef P dbfdc9a7db934071aa5b10e36d30f1e6 [term 1 FOLLOWER]: Leader pre-election vote request: Denying vote to candidate 17fcfa0d513c4806b80b1522e7bd4db6 in current term 1: Already voted for candidate 403de09265cb475398b4e8db19d82381 in this term.
I20260710 13:19:00.355428 12443 tablet_bootstrap.cc:492] T 95755316cf7b409ca3e383fde4ab357c P 403de09265cb475398b4e8db19d82381: No bootstrap required, opened a new log
I20260710 13:19:00.356468 12443 ts_tablet_manager.cc:1403] T 95755316cf7b409ca3e383fde4ab357c P 403de09265cb475398b4e8db19d82381: Time spent bootstrapping tablet: real 0.025s	user 0.008s	sys 0.003s
I20260710 13:19:00.357445 12462 leader_election.cc:290] T bcbde31725394dddb28b77d2b9aba4ef P 17fcfa0d513c4806b80b1522e7bd4db6 [CANDIDATE]: Term 1 pre-election: Requested pre-vote from peers dbfdc9a7db934071aa5b10e36d30f1e6 (127.10.223.193:42797), 403de09265cb475398b4e8db19d82381 (127.10.223.195:38715)
I20260710 13:19:00.360772 12443 raft_consensus.cc:359] T 95755316cf7b409ca3e383fde4ab357c P 403de09265cb475398b4e8db19d82381 [term 0 FOLLOWER]: Replica starting. Triggering 0 pending ops. Active config: opid_index: -1 OBSOLETE_local: false peers { permanent_uuid: "dbfdc9a7db934071aa5b10e36d30f1e6" member_type: VOTER last_known_addr { host: "127.10.223.193" port: 42797 } } peers { permanent_uuid: "17fcfa0d513c4806b80b1522e7bd4db6" member_type: VOTER last_known_addr { host: "127.10.223.194" port: 38437 } } peers { permanent_uuid: "403de09265cb475398b4e8db19d82381" member_type: VOTER last_known_addr { host: "127.10.223.195" port: 38715 } }
I20260710 13:19:00.361462 12443 raft_consensus.cc:385] T 95755316cf7b409ca3e383fde4ab357c P 403de09265cb475398b4e8db19d82381 [term 0 FOLLOWER]: Consensus starting up: Expiring failure detector timer to make a prompt election more likely
I20260710 13:19:00.360509 12400 tablet_service.cc:1917] Received RequestConsensusVote() RPC: tablet_id: "bcbde31725394dddb28b77d2b9aba4ef" candidate_uuid: "17fcfa0d513c4806b80b1522e7bd4db6" candidate_term: 1 candidate_status { last_received { term: 0 index: 0 } } ignore_live_leader: false dest_uuid: "403de09265cb475398b4e8db19d82381" is_pre_election: true
I20260710 13:19:00.361727 12443 raft_consensus.cc:740] T 95755316cf7b409ca3e383fde4ab357c P 403de09265cb475398b4e8db19d82381 [term 0 FOLLOWER]: Becoming Follower/Learner. State: Replica: 403de09265cb475398b4e8db19d82381, State: Initialized, Role: FOLLOWER
I20260710 13:19:00.357137 12148 catalog_manager.cc:5697] T d11c4115d53b4f8ca3abaede09eb07b1 P 17fcfa0d513c4806b80b1522e7bd4db6 reported cstate change: term changed from 0 to 1, leader changed from <none> to 17fcfa0d513c4806b80b1522e7bd4db6 (127.10.223.194). New cstate: current_term: 1 leader_uuid: "17fcfa0d513c4806b80b1522e7bd4db6" committed_config { opid_index: -1 OBSOLETE_local: false peers { permanent_uuid: "dbfdc9a7db934071aa5b10e36d30f1e6" member_type: VOTER last_known_addr { host: "127.10.223.193" port: 42797 } health_report { overall_health: UNKNOWN } } peers { permanent_uuid: "17fcfa0d513c4806b80b1522e7bd4db6" member_type: VOTER last_known_addr { host: "127.10.223.194" port: 38437 } health_report { overall_health: HEALTHY } } peers { permanent_uuid: "403de09265cb475398b4e8db19d82381" member_type: VOTER last_known_addr { host: "127.10.223.195" port: 38715 } health_report { overall_health: UNKNOWN } } }
I20260710 13:19:00.362664 12443 consensus_queue.cc:260] T 95755316cf7b409ca3e383fde4ab357c P 403de09265cb475398b4e8db19d82381 [NON_LEADER]: Queue going to NON_LEADER mode. State: All replicated index: 0, Majority replicated index: 0, Committed index: 0, Last appended: 0.0, Last appended by leader: 0, Current term: 0, Majority size: -1, State: 0, Mode: NON_LEADER, active raft config: opid_index: -1 OBSOLETE_local: false peers { permanent_uuid: "dbfdc9a7db934071aa5b10e36d30f1e6" member_type: VOTER last_known_addr { host: "127.10.223.193" port: 42797 } } peers { permanent_uuid: "17fcfa0d513c4806b80b1522e7bd4db6" member_type: VOTER last_known_addr { host: "127.10.223.194" port: 38437 } } peers { permanent_uuid: "403de09265cb475398b4e8db19d82381" member_type: VOTER last_known_addr { host: "127.10.223.195" port: 38715 } }
I20260710 13:19:00.362814 12291 leader_election.cc:304] T bcbde31725394dddb28b77d2b9aba4ef P 17fcfa0d513c4806b80b1522e7bd4db6 [CANDIDATE]: Term 1 pre-election: Election decided. Result: candidate lost. Election summary: received 3 responses out of 3 voters: 1 yes votes; 2 no votes. yes voters: 17fcfa0d513c4806b80b1522e7bd4db6; no voters: 403de09265cb475398b4e8db19d82381, dbfdc9a7db934071aa5b10e36d30f1e6
I20260710 13:19:00.362838 12444 raft_consensus.cc:359] T 95755316cf7b409ca3e383fde4ab357c P dbfdc9a7db934071aa5b10e36d30f1e6 [term 0 FOLLOWER]: Replica starting. Triggering 0 pending ops. Active config: opid_index: -1 OBSOLETE_local: false peers { permanent_uuid: "dbfdc9a7db934071aa5b10e36d30f1e6" member_type: VOTER last_known_addr { host: "127.10.223.193" port: 42797 } } peers { permanent_uuid: "17fcfa0d513c4806b80b1522e7bd4db6" member_type: VOTER last_known_addr { host: "127.10.223.194" port: 38437 } } peers { permanent_uuid: "403de09265cb475398b4e8db19d82381" member_type: VOTER last_known_addr { host: "127.10.223.195" port: 38715 } }
I20260710 13:19:00.363618 12444 raft_consensus.cc:385] T 95755316cf7b409ca3e383fde4ab357c P dbfdc9a7db934071aa5b10e36d30f1e6 [term 0 FOLLOWER]: Consensus starting up: Expiring failure detector timer to make a prompt election more likely
I20260710 13:19:00.363909 12444 raft_consensus.cc:740] T 95755316cf7b409ca3e383fde4ab357c P dbfdc9a7db934071aa5b10e36d30f1e6 [term 0 FOLLOWER]: Becoming Follower/Learner. State: Replica: dbfdc9a7db934071aa5b10e36d30f1e6, State: Initialized, Role: FOLLOWER
I20260710 13:19:00.364061 12462 raft_consensus.cc:3060] T bcbde31725394dddb28b77d2b9aba4ef P 17fcfa0d513c4806b80b1522e7bd4db6 [term 0 FOLLOWER]: Advancing to term 1
I20260710 13:19:00.364527 12444 consensus_queue.cc:260] T 95755316cf7b409ca3e383fde4ab357c P dbfdc9a7db934071aa5b10e36d30f1e6 [NON_LEADER]: Queue going to NON_LEADER mode. State: All replicated index: 0, Majority replicated index: 0, Committed index: 0, Last appended: 0.0, Last appended by leader: 0, Current term: 0, Majority size: -1, State: 0, Mode: NON_LEADER, active raft config: opid_index: -1 OBSOLETE_local: false peers { permanent_uuid: "dbfdc9a7db934071aa5b10e36d30f1e6" member_type: VOTER last_known_addr { host: "127.10.223.193" port: 42797 } } peers { permanent_uuid: "17fcfa0d513c4806b80b1522e7bd4db6" member_type: VOTER last_known_addr { host: "127.10.223.194" port: 38437 } } peers { permanent_uuid: "403de09265cb475398b4e8db19d82381" member_type: VOTER last_known_addr { host: "127.10.223.195" port: 38715 } }
I20260710 13:19:00.364975 12442 tablet_bootstrap.cc:492] T 95755316cf7b409ca3e383fde4ab357c P 17fcfa0d513c4806b80b1522e7bd4db6: No bootstrap required, opened a new log
I20260710 13:19:00.365554 12442 ts_tablet_manager.cc:1403] T 95755316cf7b409ca3e383fde4ab357c P 17fcfa0d513c4806b80b1522e7bd4db6: Time spent bootstrapping tablet: real 0.044s	user 0.009s	sys 0.004s
I20260710 13:19:00.368079 12442 raft_consensus.cc:359] T 95755316cf7b409ca3e383fde4ab357c P 17fcfa0d513c4806b80b1522e7bd4db6 [term 0 FOLLOWER]: Replica starting. Triggering 0 pending ops. Active config: opid_index: -1 OBSOLETE_local: false peers { permanent_uuid: "dbfdc9a7db934071aa5b10e36d30f1e6" member_type: VOTER last_known_addr { host: "127.10.223.193" port: 42797 } } peers { permanent_uuid: "17fcfa0d513c4806b80b1522e7bd4db6" member_type: VOTER last_known_addr { host: "127.10.223.194" port: 38437 } } peers { permanent_uuid: "403de09265cb475398b4e8db19d82381" member_type: VOTER last_known_addr { host: "127.10.223.195" port: 38715 } }
I20260710 13:19:00.368670 12442 raft_consensus.cc:385] T 95755316cf7b409ca3e383fde4ab357c P 17fcfa0d513c4806b80b1522e7bd4db6 [term 0 FOLLOWER]: Consensus starting up: Expiring failure detector timer to make a prompt election more likely
I20260710 13:19:00.368901 12442 raft_consensus.cc:740] T 95755316cf7b409ca3e383fde4ab357c P 17fcfa0d513c4806b80b1522e7bd4db6 [term 0 FOLLOWER]: Becoming Follower/Learner. State: Replica: 17fcfa0d513c4806b80b1522e7bd4db6, State: Initialized, Role: FOLLOWER
I20260710 13:19:00.369275 12444 ts_tablet_manager.cc:1434] T 95755316cf7b409ca3e383fde4ab357c P dbfdc9a7db934071aa5b10e36d30f1e6: Time spent starting tablet: real 0.019s	user 0.006s	sys 0.000s
I20260710 13:19:00.370188 12444 tablet_bootstrap.cc:492] T 5d061f1ba06f49cb8413983b6217e72f P dbfdc9a7db934071aa5b10e36d30f1e6: Bootstrap starting.
I20260710 13:19:00.373567 12547 raft_consensus.cc:493] T e470f53e4c7142fca7e0923ff5902cec P dbfdc9a7db934071aa5b10e36d30f1e6 [term 0 FOLLOWER]: Starting pre-election (no leader contacted us within the election timeout)
I20260710 13:19:00.373975 12547 raft_consensus.cc:515] T e470f53e4c7142fca7e0923ff5902cec P dbfdc9a7db934071aa5b10e36d30f1e6 [term 0 FOLLOWER]: Starting pre-election with config: opid_index: -1 OBSOLETE_local: false peers { permanent_uuid: "dbfdc9a7db934071aa5b10e36d30f1e6" member_type: VOTER last_known_addr { host: "127.10.223.193" port: 42797 } } peers { permanent_uuid: "17fcfa0d513c4806b80b1522e7bd4db6" member_type: VOTER last_known_addr { host: "127.10.223.194" port: 38437 } } peers { permanent_uuid: "403de09265cb475398b4e8db19d82381" member_type: VOTER last_known_addr { host: "127.10.223.195" port: 38715 } }
I20260710 13:19:00.375931 12444 tablet_bootstrap.cc:654] T 5d061f1ba06f49cb8413983b6217e72f P dbfdc9a7db934071aa5b10e36d30f1e6: Neither blocks nor log segments found. Creating new log.
I20260710 13:19:00.378938 12442 consensus_queue.cc:260] T 95755316cf7b409ca3e383fde4ab357c P 17fcfa0d513c4806b80b1522e7bd4db6 [NON_LEADER]: Queue going to NON_LEADER mode. State: All replicated index: 0, Majority replicated index: 0, Committed index: 0, Last appended: 0.0, Last appended by leader: 0, Current term: 0, Majority size: -1, State: 0, Mode: NON_LEADER, active raft config: opid_index: -1 OBSOLETE_local: false peers { permanent_uuid: "dbfdc9a7db934071aa5b10e36d30f1e6" member_type: VOTER last_known_addr { host: "127.10.223.193" port: 42797 } } peers { permanent_uuid: "17fcfa0d513c4806b80b1522e7bd4db6" member_type: VOTER last_known_addr { host: "127.10.223.194" port: 38437 } } peers { permanent_uuid: "403de09265cb475398b4e8db19d82381" member_type: VOTER last_known_addr { host: "127.10.223.195" port: 38715 } }
I20260710 13:19:00.380342 12547 leader_election.cc:290] T e470f53e4c7142fca7e0923ff5902cec P dbfdc9a7db934071aa5b10e36d30f1e6 [CANDIDATE]: Term 1 pre-election: Requested pre-vote from peers 17fcfa0d513c4806b80b1522e7bd4db6 (127.10.223.194:38437), 403de09265cb475398b4e8db19d82381 (127.10.223.195:38715)
I20260710 13:19:00.382126 12400 tablet_service.cc:1917] Received RequestConsensusVote() RPC: tablet_id: "e470f53e4c7142fca7e0923ff5902cec" candidate_uuid: "dbfdc9a7db934071aa5b10e36d30f1e6" candidate_term: 1 candidate_status { last_received { term: 0 index: 0 } } ignore_live_leader: false dest_uuid: "403de09265cb475398b4e8db19d82381" is_pre_election: true
I20260710 13:19:00.382126 12327 tablet_service.cc:1917] Received RequestConsensusVote() RPC: tablet_id: "e470f53e4c7142fca7e0923ff5902cec" candidate_uuid: "dbfdc9a7db934071aa5b10e36d30f1e6" candidate_term: 1 candidate_status { last_received { term: 0 index: 0 } } ignore_live_leader: false dest_uuid: "17fcfa0d513c4806b80b1522e7bd4db6" is_pre_election: true
I20260710 13:19:00.382877 12400 raft_consensus.cc:2468] T e470f53e4c7142fca7e0923ff5902cec P 403de09265cb475398b4e8db19d82381 [term 0 FOLLOWER]: Leader pre-election vote request: Granting yes vote for candidate dbfdc9a7db934071aa5b10e36d30f1e6 in term 0.
I20260710 13:19:00.382885 12327 raft_consensus.cc:2468] T e470f53e4c7142fca7e0923ff5902cec P 17fcfa0d513c4806b80b1522e7bd4db6 [term 0 FOLLOWER]: Leader pre-election vote request: Granting yes vote for candidate dbfdc9a7db934071aa5b10e36d30f1e6 in term 0.
I20260710 13:19:00.384264 12216 leader_election.cc:304] T e470f53e4c7142fca7e0923ff5902cec P dbfdc9a7db934071aa5b10e36d30f1e6 [CANDIDATE]: Term 1 pre-election: Election decided. Result: candidate won. Election summary: received 2 responses out of 3 voters: 2 yes votes; 0 no votes. yes voters: 17fcfa0d513c4806b80b1522e7bd4db6, dbfdc9a7db934071aa5b10e36d30f1e6; no voters: 
I20260710 13:19:00.385008 12547 raft_consensus.cc:2804] T e470f53e4c7142fca7e0923ff5902cec P dbfdc9a7db934071aa5b10e36d30f1e6 [term 0 FOLLOWER]: Leader pre-election won for term 1
I20260710 13:19:00.385422 12547 raft_consensus.cc:493] T e470f53e4c7142fca7e0923ff5902cec P dbfdc9a7db934071aa5b10e36d30f1e6 [term 0 FOLLOWER]: Starting leader election (no leader contacted us within the election timeout)
I20260710 13:19:00.385812 12547 raft_consensus.cc:3060] T e470f53e4c7142fca7e0923ff5902cec P dbfdc9a7db934071aa5b10e36d30f1e6 [term 0 FOLLOWER]: Advancing to term 1
I20260710 13:19:00.388741 12442 ts_tablet_manager.cc:1434] T 95755316cf7b409ca3e383fde4ab357c P 17fcfa0d513c4806b80b1522e7bd4db6: Time spent starting tablet: real 0.023s	user 0.006s	sys 0.000s
I20260710 13:19:00.389612 12442 tablet_bootstrap.cc:492] T 5d061f1ba06f49cb8413983b6217e72f P 17fcfa0d513c4806b80b1522e7bd4db6: Bootstrap starting.
I20260710 13:19:00.390360 12443 ts_tablet_manager.cc:1434] T 95755316cf7b409ca3e383fde4ab357c P 403de09265cb475398b4e8db19d82381: Time spent starting tablet: real 0.034s	user 0.005s	sys 0.000s
I20260710 13:19:00.400686 12443 tablet_bootstrap.cc:492] T 99b6bbe1fb0e4a78bd9e315ce092acaf P 403de09265cb475398b4e8db19d82381: Bootstrap starting.
I20260710 13:19:00.401899 12462 raft_consensus.cc:2749] T bcbde31725394dddb28b77d2b9aba4ef P 17fcfa0d513c4806b80b1522e7bd4db6 [term 1 FOLLOWER]: Leader pre-election lost for term 1. Reason: could not achieve majority
I20260710 13:19:00.405249 12443 tablet_bootstrap.cc:654] T 99b6bbe1fb0e4a78bd9e315ce092acaf P 403de09265cb475398b4e8db19d82381: Neither blocks nor log segments found. Creating new log.
I20260710 13:19:00.411926 12442 tablet_bootstrap.cc:654] T 5d061f1ba06f49cb8413983b6217e72f P 17fcfa0d513c4806b80b1522e7bd4db6: Neither blocks nor log segments found. Creating new log.
I20260710 13:19:00.412770 12444 tablet_bootstrap.cc:492] T 5d061f1ba06f49cb8413983b6217e72f P dbfdc9a7db934071aa5b10e36d30f1e6: No bootstrap required, opened a new log
I20260710 13:19:00.413249 12444 ts_tablet_manager.cc:1403] T 5d061f1ba06f49cb8413983b6217e72f P dbfdc9a7db934071aa5b10e36d30f1e6: Time spent bootstrapping tablet: real 0.043s	user 0.005s	sys 0.005s
I20260710 13:19:00.415020 12443 tablet_bootstrap.cc:492] T 99b6bbe1fb0e4a78bd9e315ce092acaf P 403de09265cb475398b4e8db19d82381: No bootstrap required, opened a new log
I20260710 13:19:00.415433 12443 ts_tablet_manager.cc:1403] T 99b6bbe1fb0e4a78bd9e315ce092acaf P 403de09265cb475398b4e8db19d82381: Time spent bootstrapping tablet: real 0.015s	user 0.007s	sys 0.001s
I20260710 13:19:00.418049 12547 raft_consensus.cc:515] T e470f53e4c7142fca7e0923ff5902cec P dbfdc9a7db934071aa5b10e36d30f1e6 [term 1 FOLLOWER]: Starting leader election with config: opid_index: -1 OBSOLETE_local: false peers { permanent_uuid: "dbfdc9a7db934071aa5b10e36d30f1e6" member_type: VOTER last_known_addr { host: "127.10.223.193" port: 42797 } } peers { permanent_uuid: "17fcfa0d513c4806b80b1522e7bd4db6" member_type: VOTER last_known_addr { host: "127.10.223.194" port: 38437 } } peers { permanent_uuid: "403de09265cb475398b4e8db19d82381" member_type: VOTER last_known_addr { host: "127.10.223.195" port: 38715 } }
I20260710 13:19:00.420748 12444 raft_consensus.cc:359] T 5d061f1ba06f49cb8413983b6217e72f P dbfdc9a7db934071aa5b10e36d30f1e6 [term 0 FOLLOWER]: Replica starting. Triggering 0 pending ops. Active config: opid_index: -1 OBSOLETE_local: false peers { permanent_uuid: "dbfdc9a7db934071aa5b10e36d30f1e6" member_type: VOTER last_known_addr { host: "127.10.223.193" port: 42797 } } peers { permanent_uuid: "17fcfa0d513c4806b80b1522e7bd4db6" member_type: VOTER last_known_addr { host: "127.10.223.194" port: 38437 } } peers { permanent_uuid: "403de09265cb475398b4e8db19d82381" member_type: VOTER last_known_addr { host: "127.10.223.195" port: 38715 } }
I20260710 13:19:00.421036 12547 leader_election.cc:290] T e470f53e4c7142fca7e0923ff5902cec P dbfdc9a7db934071aa5b10e36d30f1e6 [CANDIDATE]: Term 1 election: Requested vote from peers 17fcfa0d513c4806b80b1522e7bd4db6 (127.10.223.194:38437), 403de09265cb475398b4e8db19d82381 (127.10.223.195:38715)
I20260710 13:19:00.421442 12444 raft_consensus.cc:385] T 5d061f1ba06f49cb8413983b6217e72f P dbfdc9a7db934071aa5b10e36d30f1e6 [term 0 FOLLOWER]: Consensus starting up: Expiring failure detector timer to make a prompt election more likely
I20260710 13:19:00.421114 12443 raft_consensus.cc:359] T 99b6bbe1fb0e4a78bd9e315ce092acaf P 403de09265cb475398b4e8db19d82381 [term 0 FOLLOWER]: Replica starting. Triggering 0 pending ops. Active config: opid_index: -1 OBSOLETE_local: false peers { permanent_uuid: "dbfdc9a7db934071aa5b10e36d30f1e6" member_type: VOTER last_known_addr { host: "127.10.223.193" port: 42797 } } peers { permanent_uuid: "17fcfa0d513c4806b80b1522e7bd4db6" member_type: VOTER last_known_addr { host: "127.10.223.194" port: 38437 } } peers { permanent_uuid: "403de09265cb475398b4e8db19d82381" member_type: VOTER last_known_addr { host: "127.10.223.195" port: 38715 } }
I20260710 13:19:00.422093 12443 raft_consensus.cc:385] T 99b6bbe1fb0e4a78bd9e315ce092acaf P 403de09265cb475398b4e8db19d82381 [term 0 FOLLOWER]: Consensus starting up: Expiring failure detector timer to make a prompt election more likely
I20260710 13:19:00.420923 12327 tablet_service.cc:1917] Received RequestConsensusVote() RPC: tablet_id: "e470f53e4c7142fca7e0923ff5902cec" candidate_uuid: "dbfdc9a7db934071aa5b10e36d30f1e6" candidate_term: 1 candidate_status { last_received { term: 0 index: 0 } } ignore_live_leader: false dest_uuid: "17fcfa0d513c4806b80b1522e7bd4db6"
I20260710 13:19:00.422365 12400 tablet_service.cc:1917] Received RequestConsensusVote() RPC: tablet_id: "e470f53e4c7142fca7e0923ff5902cec" candidate_uuid: "dbfdc9a7db934071aa5b10e36d30f1e6" candidate_term: 1 candidate_status { last_received { term: 0 index: 0 } } ignore_live_leader: false dest_uuid: "403de09265cb475398b4e8db19d82381"
I20260710 13:19:00.422636 12327 raft_consensus.cc:3060] T e470f53e4c7142fca7e0923ff5902cec P 17fcfa0d513c4806b80b1522e7bd4db6 [term 0 FOLLOWER]: Advancing to term 1
I20260710 13:19:00.422933 12400 raft_consensus.cc:3060] T e470f53e4c7142fca7e0923ff5902cec P 403de09265cb475398b4e8db19d82381 [term 0 FOLLOWER]: Advancing to term 1
I20260710 13:19:00.422945 12442 tablet_bootstrap.cc:492] T 5d061f1ba06f49cb8413983b6217e72f P 17fcfa0d513c4806b80b1522e7bd4db6: No bootstrap required, opened a new log
I20260710 13:19:00.421762 12444 raft_consensus.cc:740] T 5d061f1ba06f49cb8413983b6217e72f P dbfdc9a7db934071aa5b10e36d30f1e6 [term 0 FOLLOWER]: Becoming Follower/Learner. State: Replica: dbfdc9a7db934071aa5b10e36d30f1e6, State: Initialized, Role: FOLLOWER
I20260710 13:19:00.423743 12442 ts_tablet_manager.cc:1403] T 5d061f1ba06f49cb8413983b6217e72f P 17fcfa0d513c4806b80b1522e7bd4db6: Time spent bootstrapping tablet: real 0.034s	user 0.014s	sys 0.001s
I20260710 13:19:00.424165 12444 consensus_queue.cc:260] T 5d061f1ba06f49cb8413983b6217e72f P dbfdc9a7db934071aa5b10e36d30f1e6 [NON_LEADER]: Queue going to NON_LEADER mode. State: All replicated index: 0, Majority replicated index: 0, Committed index: 0, Last appended: 0.0, Last appended by leader: 0, Current term: 0, Majority size: -1, State: 0, Mode: NON_LEADER, active raft config: opid_index: -1 OBSOLETE_local: false peers { permanent_uuid: "dbfdc9a7db934071aa5b10e36d30f1e6" member_type: VOTER last_known_addr { host: "127.10.223.193" port: 42797 } } peers { permanent_uuid: "17fcfa0d513c4806b80b1522e7bd4db6" member_type: VOTER last_known_addr { host: "127.10.223.194" port: 38437 } } peers { permanent_uuid: "403de09265cb475398b4e8db19d82381" member_type: VOTER last_known_addr { host: "127.10.223.195" port: 38715 } }
I20260710 13:19:00.426184 12444 ts_tablet_manager.cc:1434] T 5d061f1ba06f49cb8413983b6217e72f P dbfdc9a7db934071aa5b10e36d30f1e6: Time spent starting tablet: real 0.013s	user 0.005s	sys 0.001s
I20260710 13:19:00.427069 12444 tablet_bootstrap.cc:492] T ab0efc2394ee4d5dbc485d8dd697dd5c P dbfdc9a7db934071aa5b10e36d30f1e6: Bootstrap starting.
I20260710 13:19:00.426226 12442 raft_consensus.cc:359] T 5d061f1ba06f49cb8413983b6217e72f P 17fcfa0d513c4806b80b1522e7bd4db6 [term 0 FOLLOWER]: Replica starting. Triggering 0 pending ops. Active config: opid_index: -1 OBSOLETE_local: false peers { permanent_uuid: "dbfdc9a7db934071aa5b10e36d30f1e6" member_type: VOTER last_known_addr { host: "127.10.223.193" port: 42797 } } peers { permanent_uuid: "17fcfa0d513c4806b80b1522e7bd4db6" member_type: VOTER last_known_addr { host: "127.10.223.194" port: 38437 } } peers { permanent_uuid: "403de09265cb475398b4e8db19d82381" member_type: VOTER last_known_addr { host: "127.10.223.195" port: 38715 } }
I20260710 13:19:00.422395 12443 raft_consensus.cc:740] T 99b6bbe1fb0e4a78bd9e315ce092acaf P 403de09265cb475398b4e8db19d82381 [term 0 FOLLOWER]: Becoming Follower/Learner. State: Replica: 403de09265cb475398b4e8db19d82381, State: Initialized, Role: FOLLOWER
I20260710 13:19:00.430960 12442 raft_consensus.cc:385] T 5d061f1ba06f49cb8413983b6217e72f P 17fcfa0d513c4806b80b1522e7bd4db6 [term 0 FOLLOWER]: Consensus starting up: Expiring failure detector timer to make a prompt election more likely
I20260710 13:19:00.431317 12442 raft_consensus.cc:740] T 5d061f1ba06f49cb8413983b6217e72f P 17fcfa0d513c4806b80b1522e7bd4db6 [term 0 FOLLOWER]: Becoming Follower/Learner. State: Replica: 17fcfa0d513c4806b80b1522e7bd4db6, State: Initialized, Role: FOLLOWER
I20260710 13:19:00.432548 12442 consensus_queue.cc:260] T 5d061f1ba06f49cb8413983b6217e72f P 17fcfa0d513c4806b80b1522e7bd4db6 [NON_LEADER]: Queue going to NON_LEADER mode. State: All replicated index: 0, Majority replicated index: 0, Committed index: 0, Last appended: 0.0, Last appended by leader: 0, Current term: 0, Majority size: -1, State: 0, Mode: NON_LEADER, active raft config: opid_index: -1 OBSOLETE_local: false peers { permanent_uuid: "dbfdc9a7db934071aa5b10e36d30f1e6" member_type: VOTER last_known_addr { host: "127.10.223.193" port: 42797 } } peers { permanent_uuid: "17fcfa0d513c4806b80b1522e7bd4db6" member_type: VOTER last_known_addr { host: "127.10.223.194" port: 38437 } } peers { permanent_uuid: "403de09265cb475398b4e8db19d82381" member_type: VOTER last_known_addr { host: "127.10.223.195" port: 38715 } }
I20260710 13:19:00.434525 12442 ts_tablet_manager.cc:1434] T 5d061f1ba06f49cb8413983b6217e72f P 17fcfa0d513c4806b80b1522e7bd4db6: Time spent starting tablet: real 0.010s	user 0.003s	sys 0.001s
I20260710 13:19:00.435349 12442 tablet_bootstrap.cc:492] T ab0efc2394ee4d5dbc485d8dd697dd5c P 17fcfa0d513c4806b80b1522e7bd4db6: Bootstrap starting.
I20260710 13:19:00.432109 12443 consensus_queue.cc:260] T 99b6bbe1fb0e4a78bd9e315ce092acaf P 403de09265cb475398b4e8db19d82381 [NON_LEADER]: Queue going to NON_LEADER mode. State: All replicated index: 0, Majority replicated index: 0, Committed index: 0, Last appended: 0.0, Last appended by leader: 0, Current term: 0, Majority size: -1, State: 0, Mode: NON_LEADER, active raft config: opid_index: -1 OBSOLETE_local: false peers { permanent_uuid: "dbfdc9a7db934071aa5b10e36d30f1e6" member_type: VOTER last_known_addr { host: "127.10.223.193" port: 42797 } } peers { permanent_uuid: "17fcfa0d513c4806b80b1522e7bd4db6" member_type: VOTER last_known_addr { host: "127.10.223.194" port: 38437 } } peers { permanent_uuid: "403de09265cb475398b4e8db19d82381" member_type: VOTER last_known_addr { host: "127.10.223.195" port: 38715 } }
I20260710 13:19:00.436414 12400 raft_consensus.cc:2468] T e470f53e4c7142fca7e0923ff5902cec P 403de09265cb475398b4e8db19d82381 [term 1 FOLLOWER]: Leader election vote request: Granting yes vote for candidate dbfdc9a7db934071aa5b10e36d30f1e6 in term 1.
I20260710 13:19:00.434929 12327 raft_consensus.cc:2468] T e470f53e4c7142fca7e0923ff5902cec P 17fcfa0d513c4806b80b1522e7bd4db6 [term 1 FOLLOWER]: Leader election vote request: Granting yes vote for candidate dbfdc9a7db934071aa5b10e36d30f1e6 in term 1.
I20260710 13:19:00.437561 12501 consensus_queue.cc:1048] T bcbde31725394dddb28b77d2b9aba4ef P 403de09265cb475398b4e8db19d82381 [LEADER]: Connected to new peer: Peer: permanent_uuid: "dbfdc9a7db934071aa5b10e36d30f1e6" member_type: VOTER last_known_addr { host: "127.10.223.193" port: 42797 }, Status: LMP_MISMATCH, Last received: 0.0, Next index: 1, Last known committed idx: 0, Time since last communication: 0.000s
I20260710 13:19:00.438230 12443 ts_tablet_manager.cc:1434] T 99b6bbe1fb0e4a78bd9e315ce092acaf P 403de09265cb475398b4e8db19d82381: Time spent starting tablet: real 0.023s	user 0.007s	sys 0.000s
I20260710 13:19:00.439206 12443 tablet_bootstrap.cc:492] T 5d061f1ba06f49cb8413983b6217e72f P 403de09265cb475398b4e8db19d82381: Bootstrap starting.
I20260710 13:19:00.440531 12444 tablet_bootstrap.cc:654] T ab0efc2394ee4d5dbc485d8dd697dd5c P dbfdc9a7db934071aa5b10e36d30f1e6: Neither blocks nor log segments found. Creating new log.
I20260710 13:19:00.441516 12442 tablet_bootstrap.cc:654] T ab0efc2394ee4d5dbc485d8dd697dd5c P 17fcfa0d513c4806b80b1522e7bd4db6: Neither blocks nor log segments found. Creating new log.
I20260710 13:19:00.442970 12216 leader_election.cc:304] T e470f53e4c7142fca7e0923ff5902cec P dbfdc9a7db934071aa5b10e36d30f1e6 [CANDIDATE]: Term 1 election: Election decided. Result: candidate won. Election summary: received 2 responses out of 3 voters: 2 yes votes; 0 no votes. yes voters: 403de09265cb475398b4e8db19d82381, dbfdc9a7db934071aa5b10e36d30f1e6; no voters: 
I20260710 13:19:00.443879 12517 raft_consensus.cc:2804] T e470f53e4c7142fca7e0923ff5902cec P dbfdc9a7db934071aa5b10e36d30f1e6 [term 1 FOLLOWER]: Leader election won for term 1
I20260710 13:19:00.444470 12517 raft_consensus.cc:697] T e470f53e4c7142fca7e0923ff5902cec P dbfdc9a7db934071aa5b10e36d30f1e6 [term 1 LEADER]: Becoming Leader. State: Replica: dbfdc9a7db934071aa5b10e36d30f1e6, State: Running, Role: LEADER
I20260710 13:19:00.445557 12517 consensus_queue.cc:237] T e470f53e4c7142fca7e0923ff5902cec P dbfdc9a7db934071aa5b10e36d30f1e6 [LEADER]: Queue going to LEADER mode. State: All replicated index: 0, Majority replicated index: 0, Committed index: 0, Last appended: 0.0, Last appended by leader: 0, Current term: 1, Majority size: 2, State: 0, Mode: LEADER, active raft config: opid_index: -1 OBSOLETE_local: false peers { permanent_uuid: "dbfdc9a7db934071aa5b10e36d30f1e6" member_type: VOTER last_known_addr { host: "127.10.223.193" port: 42797 } } peers { permanent_uuid: "17fcfa0d513c4806b80b1522e7bd4db6" member_type: VOTER last_known_addr { host: "127.10.223.194" port: 38437 } } peers { permanent_uuid: "403de09265cb475398b4e8db19d82381" member_type: VOTER last_known_addr { host: "127.10.223.195" port: 38715 } }
I20260710 13:19:00.457377 12443 tablet_bootstrap.cc:654] T 5d061f1ba06f49cb8413983b6217e72f P 403de09265cb475398b4e8db19d82381: Neither blocks nor log segments found. Creating new log.
I20260710 13:19:00.459681 12468 raft_consensus.cc:493] T 99b6bbe1fb0e4a78bd9e315ce092acaf P 403de09265cb475398b4e8db19d82381 [term 0 FOLLOWER]: Starting pre-election (no leader contacted us within the election timeout)
I20260710 13:19:00.460197 12468 raft_consensus.cc:515] T 99b6bbe1fb0e4a78bd9e315ce092acaf P 403de09265cb475398b4e8db19d82381 [term 0 FOLLOWER]: Starting pre-election with config: opid_index: -1 OBSOLETE_local: false peers { permanent_uuid: "dbfdc9a7db934071aa5b10e36d30f1e6" member_type: VOTER last_known_addr { host: "127.10.223.193" port: 42797 } } peers { permanent_uuid: "17fcfa0d513c4806b80b1522e7bd4db6" member_type: VOTER last_known_addr { host: "127.10.223.194" port: 38437 } } peers { permanent_uuid: "403de09265cb475398b4e8db19d82381" member_type: VOTER last_known_addr { host: "127.10.223.195" port: 38715 } }
I20260710 13:19:00.460620 12467 raft_consensus.cc:493] T 95755316cf7b409ca3e383fde4ab357c P 17fcfa0d513c4806b80b1522e7bd4db6 [term 0 FOLLOWER]: Starting pre-election (no leader contacted us within the election timeout)
I20260710 13:19:00.461073 12467 raft_consensus.cc:515] T 95755316cf7b409ca3e383fde4ab357c P 17fcfa0d513c4806b80b1522e7bd4db6 [term 0 FOLLOWER]: Starting pre-election with config: opid_index: -1 OBSOLETE_local: false peers { permanent_uuid: "dbfdc9a7db934071aa5b10e36d30f1e6" member_type: VOTER last_known_addr { host: "127.10.223.193" port: 42797 } } peers { permanent_uuid: "17fcfa0d513c4806b80b1522e7bd4db6" member_type: VOTER last_known_addr { host: "127.10.223.194" port: 38437 } } peers { permanent_uuid: "403de09265cb475398b4e8db19d82381" member_type: VOTER last_known_addr { host: "127.10.223.195" port: 38715 } }
I20260710 13:19:00.462371 12468 leader_election.cc:290] T 99b6bbe1fb0e4a78bd9e315ce092acaf P 403de09265cb475398b4e8db19d82381 [CANDIDATE]: Term 1 pre-election: Requested pre-vote from peers dbfdc9a7db934071aa5b10e36d30f1e6 (127.10.223.193:42797), 17fcfa0d513c4806b80b1522e7bd4db6 (127.10.223.194:38437)
I20260710 13:19:00.463020 12467 leader_election.cc:290] T 95755316cf7b409ca3e383fde4ab357c P 17fcfa0d513c4806b80b1522e7bd4db6 [CANDIDATE]: Term 1 pre-election: Requested pre-vote from peers dbfdc9a7db934071aa5b10e36d30f1e6 (127.10.223.193:42797), 403de09265cb475398b4e8db19d82381 (127.10.223.195:38715)
I20260710 13:19:00.466650 12402 tablet_service.cc:1917] Received RequestConsensusVote() RPC: tablet_id: "95755316cf7b409ca3e383fde4ab357c" candidate_uuid: "17fcfa0d513c4806b80b1522e7bd4db6" candidate_term: 1 candidate_status { last_received { term: 0 index: 0 } } ignore_live_leader: false dest_uuid: "403de09265cb475398b4e8db19d82381" is_pre_election: true
I20260710 13:19:00.466703 12250 tablet_service.cc:1917] Received RequestConsensusVote() RPC: tablet_id: "99b6bbe1fb0e4a78bd9e315ce092acaf" candidate_uuid: "403de09265cb475398b4e8db19d82381" candidate_term: 1 candidate_status { last_received { term: 0 index: 0 } } ignore_live_leader: false dest_uuid: "dbfdc9a7db934071aa5b10e36d30f1e6" is_pre_election: true
I20260710 13:19:00.467346 12402 raft_consensus.cc:2468] T 95755316cf7b409ca3e383fde4ab357c P 403de09265cb475398b4e8db19d82381 [term 0 FOLLOWER]: Leader pre-election vote request: Granting yes vote for candidate 17fcfa0d513c4806b80b1522e7bd4db6 in term 0.
I20260710 13:19:00.467355 12252 tablet_service.cc:1917] Received RequestConsensusVote() RPC: tablet_id: "95755316cf7b409ca3e383fde4ab357c" candidate_uuid: "17fcfa0d513c4806b80b1522e7bd4db6" candidate_term: 1 candidate_status { last_received { term: 0 index: 0 } } ignore_live_leader: false dest_uuid: "dbfdc9a7db934071aa5b10e36d30f1e6" is_pre_election: true
I20260710 13:19:00.469489 12252 raft_consensus.cc:2468] T 95755316cf7b409ca3e383fde4ab357c P dbfdc9a7db934071aa5b10e36d30f1e6 [term 0 FOLLOWER]: Leader pre-election vote request: Granting yes vote for candidate 17fcfa0d513c4806b80b1522e7bd4db6 in term 0.
I20260710 13:19:00.470749 12293 leader_election.cc:304] T 95755316cf7b409ca3e383fde4ab357c P 17fcfa0d513c4806b80b1522e7bd4db6 [CANDIDATE]: Term 1 pre-election: Election decided. Result: candidate won. Election summary: received 2 responses out of 3 voters: 2 yes votes; 0 no votes. yes voters: 17fcfa0d513c4806b80b1522e7bd4db6, dbfdc9a7db934071aa5b10e36d30f1e6; no voters: 
I20260710 13:19:00.467414 12250 raft_consensus.cc:2468] T 99b6bbe1fb0e4a78bd9e315ce092acaf P dbfdc9a7db934071aa5b10e36d30f1e6 [term 0 FOLLOWER]: Leader pre-election vote request: Granting yes vote for candidate 403de09265cb475398b4e8db19d82381 in term 0.
I20260710 13:19:00.471536 12462 raft_consensus.cc:2804] T 95755316cf7b409ca3e383fde4ab357c P 17fcfa0d513c4806b80b1522e7bd4db6 [term 0 FOLLOWER]: Leader pre-election won for term 1
I20260710 13:19:00.471983 12462 raft_consensus.cc:493] T 95755316cf7b409ca3e383fde4ab357c P 17fcfa0d513c4806b80b1522e7bd4db6 [term 0 FOLLOWER]: Starting leader election (no leader contacted us within the election timeout)
I20260710 13:19:00.472326 12462 raft_consensus.cc:3060] T 95755316cf7b409ca3e383fde4ab357c P 17fcfa0d513c4806b80b1522e7bd4db6 [term 0 FOLLOWER]: Advancing to term 1
I20260710 13:19:00.472579 12442 tablet_bootstrap.cc:492] T ab0efc2394ee4d5dbc485d8dd697dd5c P 17fcfa0d513c4806b80b1522e7bd4db6: No bootstrap required, opened a new log
I20260710 13:19:00.473069 12442 ts_tablet_manager.cc:1403] T ab0efc2394ee4d5dbc485d8dd697dd5c P 17fcfa0d513c4806b80b1522e7bd4db6: Time spent bootstrapping tablet: real 0.038s	user 0.022s	sys 0.005s
I20260710 13:19:00.473222 12326 tablet_service.cc:1917] Received RequestConsensusVote() RPC: tablet_id: "99b6bbe1fb0e4a78bd9e315ce092acaf" candidate_uuid: "403de09265cb475398b4e8db19d82381" candidate_term: 1 candidate_status { last_received { term: 0 index: 0 } } ignore_live_leader: false dest_uuid: "17fcfa0d513c4806b80b1522e7bd4db6" is_pre_election: true
I20260710 13:19:00.472682 12149 catalog_manager.cc:5697] T e470f53e4c7142fca7e0923ff5902cec P dbfdc9a7db934071aa5b10e36d30f1e6 reported cstate change: term changed from 0 to 1, leader changed from <none> to dbfdc9a7db934071aa5b10e36d30f1e6 (127.10.223.193). New cstate: current_term: 1 leader_uuid: "dbfdc9a7db934071aa5b10e36d30f1e6" committed_config { opid_index: -1 OBSOLETE_local: false peers { permanent_uuid: "dbfdc9a7db934071aa5b10e36d30f1e6" member_type: VOTER last_known_addr { host: "127.10.223.193" port: 42797 } health_report { overall_health: HEALTHY } } peers { permanent_uuid: "17fcfa0d513c4806b80b1522e7bd4db6" member_type: VOTER last_known_addr { host: "127.10.223.194" port: 38437 } health_report { overall_health: UNKNOWN } } peers { permanent_uuid: "403de09265cb475398b4e8db19d82381" member_type: VOTER last_known_addr { host: "127.10.223.195" port: 38715 } health_report { overall_health: UNKNOWN } } }
W20260710 13:19:00.474897 12365 leader_election.cc:343] T 99b6bbe1fb0e4a78bd9e315ce092acaf P 403de09265cb475398b4e8db19d82381 [CANDIDATE]: Term 1 pre-election: Tablet error from VoteRequest() call to peer 17fcfa0d513c4806b80b1522e7bd4db6 (127.10.223.194:38437): Illegal state: must be running to vote when last-logged opid is not known
I20260710 13:19:00.475914 12442 raft_consensus.cc:359] T ab0efc2394ee4d5dbc485d8dd697dd5c P 17fcfa0d513c4806b80b1522e7bd4db6 [term 0 FOLLOWER]: Replica starting. Triggering 0 pending ops. Active config: opid_index: -1 OBSOLETE_local: false peers { permanent_uuid: "dbfdc9a7db934071aa5b10e36d30f1e6" member_type: VOTER last_known_addr { host: "127.10.223.193" port: 42797 } } peers { permanent_uuid: "17fcfa0d513c4806b80b1522e7bd4db6" member_type: VOTER last_known_addr { host: "127.10.223.194" port: 38437 } } peers { permanent_uuid: "403de09265cb475398b4e8db19d82381" member_type: VOTER last_known_addr { host: "127.10.223.195" port: 38715 } }
I20260710 13:19:00.475590 12501 consensus_queue.cc:1048] T bcbde31725394dddb28b77d2b9aba4ef P 403de09265cb475398b4e8db19d82381 [LEADER]: Connected to new peer: Peer: permanent_uuid: "17fcfa0d513c4806b80b1522e7bd4db6" member_type: VOTER last_known_addr { host: "127.10.223.194" port: 38437 }, Status: LMP_MISMATCH, Last received: 0.0, Next index: 1, Last known committed idx: 0, Time since last communication: 0.001s
I20260710 13:19:00.476619 12442 raft_consensus.cc:385] T ab0efc2394ee4d5dbc485d8dd697dd5c P 17fcfa0d513c4806b80b1522e7bd4db6 [term 0 FOLLOWER]: Consensus starting up: Expiring failure detector timer to make a prompt election more likely
I20260710 13:19:00.476922 12442 raft_consensus.cc:740] T ab0efc2394ee4d5dbc485d8dd697dd5c P 17fcfa0d513c4806b80b1522e7bd4db6 [term 0 FOLLOWER]: Becoming Follower/Learner. State: Replica: 17fcfa0d513c4806b80b1522e7bd4db6, State: Initialized, Role: FOLLOWER
I20260710 13:19:00.477769 12442 consensus_queue.cc:260] T ab0efc2394ee4d5dbc485d8dd697dd5c P 17fcfa0d513c4806b80b1522e7bd4db6 [NON_LEADER]: Queue going to NON_LEADER mode. State: All replicated index: 0, Majority replicated index: 0, Committed index: 0, Last appended: 0.0, Last appended by leader: 0, Current term: 0, Majority size: -1, State: 0, Mode: NON_LEADER, active raft config: opid_index: -1 OBSOLETE_local: false peers { permanent_uuid: "dbfdc9a7db934071aa5b10e36d30f1e6" member_type: VOTER last_known_addr { host: "127.10.223.193" port: 42797 } } peers { permanent_uuid: "17fcfa0d513c4806b80b1522e7bd4db6" member_type: VOTER last_known_addr { host: "127.10.223.194" port: 38437 } } peers { permanent_uuid: "403de09265cb475398b4e8db19d82381" member_type: VOTER last_known_addr { host: "127.10.223.195" port: 38715 } }
I20260710 13:19:00.479012 12367 leader_election.cc:304] T 99b6bbe1fb0e4a78bd9e315ce092acaf P 403de09265cb475398b4e8db19d82381 [CANDIDATE]: Term 1 pre-election: Election decided. Result: candidate won. Election summary: received 3 responses out of 3 voters: 2 yes votes; 1 no votes. yes voters: 403de09265cb475398b4e8db19d82381, dbfdc9a7db934071aa5b10e36d30f1e6; no voters: 17fcfa0d513c4806b80b1522e7bd4db6
I20260710 13:19:00.478895 12462 raft_consensus.cc:515] T 95755316cf7b409ca3e383fde4ab357c P 17fcfa0d513c4806b80b1522e7bd4db6 [term 1 FOLLOWER]: Starting leader election with config: opid_index: -1 OBSOLETE_local: false peers { permanent_uuid: "dbfdc9a7db934071aa5b10e36d30f1e6" member_type: VOTER last_known_addr { host: "127.10.223.193" port: 42797 } } peers { permanent_uuid: "17fcfa0d513c4806b80b1522e7bd4db6" member_type: VOTER last_known_addr { host: "127.10.223.194" port: 38437 } } peers { permanent_uuid: "403de09265cb475398b4e8db19d82381" member_type: VOTER last_known_addr { host: "127.10.223.195" port: 38715 } }
I20260710 13:19:00.480108 12442 ts_tablet_manager.cc:1434] T ab0efc2394ee4d5dbc485d8dd697dd5c P 17fcfa0d513c4806b80b1522e7bd4db6: Time spent starting tablet: real 0.007s	user 0.008s	sys 0.000s
I20260710 13:19:00.480428 12449 raft_consensus.cc:2804] T 99b6bbe1fb0e4a78bd9e315ce092acaf P 403de09265cb475398b4e8db19d82381 [term 0 FOLLOWER]: Leader pre-election won for term 1
I20260710 13:19:00.480799 12449 raft_consensus.cc:493] T 99b6bbe1fb0e4a78bd9e315ce092acaf P 403de09265cb475398b4e8db19d82381 [term 0 FOLLOWER]: Starting leader election (no leader contacted us within the election timeout)
I20260710 13:19:00.480966 12442 tablet_bootstrap.cc:492] T 99b6bbe1fb0e4a78bd9e315ce092acaf P 17fcfa0d513c4806b80b1522e7bd4db6: Bootstrap starting.
I20260710 13:19:00.481151 12449 raft_consensus.cc:3060] T 99b6bbe1fb0e4a78bd9e315ce092acaf P 403de09265cb475398b4e8db19d82381 [term 0 FOLLOWER]: Advancing to term 1
I20260710 13:19:00.481599 12443 tablet_bootstrap.cc:492] T 5d061f1ba06f49cb8413983b6217e72f P 403de09265cb475398b4e8db19d82381: No bootstrap required, opened a new log
I20260710 13:19:00.481734 12252 tablet_service.cc:1917] Received RequestConsensusVote() RPC: tablet_id: "95755316cf7b409ca3e383fde4ab357c" candidate_uuid: "17fcfa0d513c4806b80b1522e7bd4db6" candidate_term: 1 candidate_status { last_received { term: 0 index: 0 } } ignore_live_leader: false dest_uuid: "dbfdc9a7db934071aa5b10e36d30f1e6"
I20260710 13:19:00.482128 12443 ts_tablet_manager.cc:1403] T 5d061f1ba06f49cb8413983b6217e72f P 403de09265cb475398b4e8db19d82381: Time spent bootstrapping tablet: real 0.043s	user 0.008s	sys 0.006s
I20260710 13:19:00.482335 12252 raft_consensus.cc:3060] T 95755316cf7b409ca3e383fde4ab357c P dbfdc9a7db934071aa5b10e36d30f1e6 [term 0 FOLLOWER]: Advancing to term 1
I20260710 13:19:00.485021 12443 raft_consensus.cc:359] T 5d061f1ba06f49cb8413983b6217e72f P 403de09265cb475398b4e8db19d82381 [term 0 FOLLOWER]: Replica starting. Triggering 0 pending ops. Active config: opid_index: -1 OBSOLETE_local: false peers { permanent_uuid: "dbfdc9a7db934071aa5b10e36d30f1e6" member_type: VOTER last_known_addr { host: "127.10.223.193" port: 42797 } } peers { permanent_uuid: "17fcfa0d513c4806b80b1522e7bd4db6" member_type: VOTER last_known_addr { host: "127.10.223.194" port: 38437 } } peers { permanent_uuid: "403de09265cb475398b4e8db19d82381" member_type: VOTER last_known_addr { host: "127.10.223.195" port: 38715 } }
I20260710 13:19:00.485651 12443 raft_consensus.cc:385] T 5d061f1ba06f49cb8413983b6217e72f P 403de09265cb475398b4e8db19d82381 [term 0 FOLLOWER]: Consensus starting up: Expiring failure detector timer to make a prompt election more likely
I20260710 13:19:00.485893 12443 raft_consensus.cc:740] T 5d061f1ba06f49cb8413983b6217e72f P 403de09265cb475398b4e8db19d82381 [term 0 FOLLOWER]: Becoming Follower/Learner. State: Replica: 403de09265cb475398b4e8db19d82381, State: Initialized, Role: FOLLOWER
I20260710 13:19:00.486503 12443 consensus_queue.cc:260] T 5d061f1ba06f49cb8413983b6217e72f P 403de09265cb475398b4e8db19d82381 [NON_LEADER]: Queue going to NON_LEADER mode. State: All replicated index: 0, Majority replicated index: 0, Committed index: 0, Last appended: 0.0, Last appended by leader: 0, Current term: 0, Majority size: -1, State: 0, Mode: NON_LEADER, active raft config: opid_index: -1 OBSOLETE_local: false peers { permanent_uuid: "dbfdc9a7db934071aa5b10e36d30f1e6" member_type: VOTER last_known_addr { host: "127.10.223.193" port: 42797 } } peers { permanent_uuid: "17fcfa0d513c4806b80b1522e7bd4db6" member_type: VOTER last_known_addr { host: "127.10.223.194" port: 38437 } } peers { permanent_uuid: "403de09265cb475398b4e8db19d82381" member_type: VOTER last_known_addr { host: "127.10.223.195" port: 38715 } }
I20260710 13:19:00.488435 12443 ts_tablet_manager.cc:1434] T 5d061f1ba06f49cb8413983b6217e72f P 403de09265cb475398b4e8db19d82381: Time spent starting tablet: real 0.006s	user 0.006s	sys 0.000s
I20260710 13:19:00.489234 12443 tablet_bootstrap.cc:492] T ea0f960eb2884240ba394752956a540b P 403de09265cb475398b4e8db19d82381: Bootstrap starting.
I20260710 13:19:00.489580 12449 raft_consensus.cc:515] T 99b6bbe1fb0e4a78bd9e315ce092acaf P 403de09265cb475398b4e8db19d82381 [term 1 FOLLOWER]: Starting leader election with config: opid_index: -1 OBSOLETE_local: false peers { permanent_uuid: "dbfdc9a7db934071aa5b10e36d30f1e6" member_type: VOTER last_known_addr { host: "127.10.223.193" port: 42797 } } peers { permanent_uuid: "17fcfa0d513c4806b80b1522e7bd4db6" member_type: VOTER last_known_addr { host: "127.10.223.194" port: 38437 } } peers { permanent_uuid: "403de09265cb475398b4e8db19d82381" member_type: VOTER last_known_addr { host: "127.10.223.195" port: 38715 } }
I20260710 13:19:00.491917 12444 tablet_bootstrap.cc:492] T ab0efc2394ee4d5dbc485d8dd697dd5c P dbfdc9a7db934071aa5b10e36d30f1e6: No bootstrap required, opened a new log
I20260710 13:19:00.491722 12451 consensus_queue.cc:1048] T 82a417244950401fb79c7a45c84bca80 P dbfdc9a7db934071aa5b10e36d30f1e6 [LEADER]: Connected to new peer: Peer: permanent_uuid: "17fcfa0d513c4806b80b1522e7bd4db6" member_type: VOTER last_known_addr { host: "127.10.223.194" port: 38437 }, Status: LMP_MISMATCH, Last received: 0.0, Next index: 1, Last known committed idx: 0, Time since last communication: 0.000s
I20260710 13:19:00.492403 12444 ts_tablet_manager.cc:1403] T ab0efc2394ee4d5dbc485d8dd697dd5c P dbfdc9a7db934071aa5b10e36d30f1e6: Time spent bootstrapping tablet: real 0.065s	user 0.019s	sys 0.000s
I20260710 13:19:00.493006 12451 consensus_queue.cc:1048] T 82a417244950401fb79c7a45c84bca80 P dbfdc9a7db934071aa5b10e36d30f1e6 [LEADER]: Connected to new peer: Peer: permanent_uuid: "403de09265cb475398b4e8db19d82381" member_type: VOTER last_known_addr { host: "127.10.223.195" port: 38715 }, Status: LMP_MISMATCH, Last received: 0.0, Next index: 1, Last known committed idx: 0, Time since last communication: 0.000s
I20260710 13:19:00.494765 12443 tablet_bootstrap.cc:654] T ea0f960eb2884240ba394752956a540b P 403de09265cb475398b4e8db19d82381: Neither blocks nor log segments found. Creating new log.
I20260710 13:19:00.494863 12444 raft_consensus.cc:359] T ab0efc2394ee4d5dbc485d8dd697dd5c P dbfdc9a7db934071aa5b10e36d30f1e6 [term 0 FOLLOWER]: Replica starting. Triggering 0 pending ops. Active config: opid_index: -1 OBSOLETE_local: false peers { permanent_uuid: "dbfdc9a7db934071aa5b10e36d30f1e6" member_type: VOTER last_known_addr { host: "127.10.223.193" port: 42797 } } peers { permanent_uuid: "17fcfa0d513c4806b80b1522e7bd4db6" member_type: VOTER last_known_addr { host: "127.10.223.194" port: 38437 } } peers { permanent_uuid: "403de09265cb475398b4e8db19d82381" member_type: VOTER last_known_addr { host: "127.10.223.195" port: 38715 } }
I20260710 13:19:00.495501 12444 raft_consensus.cc:385] T ab0efc2394ee4d5dbc485d8dd697dd5c P dbfdc9a7db934071aa5b10e36d30f1e6 [term 0 FOLLOWER]: Consensus starting up: Expiring failure detector timer to make a prompt election more likely
I20260710 13:19:00.495800 12444 raft_consensus.cc:740] T ab0efc2394ee4d5dbc485d8dd697dd5c P dbfdc9a7db934071aa5b10e36d30f1e6 [term 0 FOLLOWER]: Becoming Follower/Learner. State: Replica: dbfdc9a7db934071aa5b10e36d30f1e6, State: Initialized, Role: FOLLOWER
I20260710 13:19:00.496387 12444 consensus_queue.cc:260] T ab0efc2394ee4d5dbc485d8dd697dd5c P dbfdc9a7db934071aa5b10e36d30f1e6 [NON_LEADER]: Queue going to NON_LEADER mode. State: All replicated index: 0, Majority replicated index: 0, Committed index: 0, Last appended: 0.0, Last appended by leader: 0, Current term: 0, Majority size: -1, State: 0, Mode: NON_LEADER, active raft config: opid_index: -1 OBSOLETE_local: false peers { permanent_uuid: "dbfdc9a7db934071aa5b10e36d30f1e6" member_type: VOTER last_known_addr { host: "127.10.223.193" port: 42797 } } peers { permanent_uuid: "17fcfa0d513c4806b80b1522e7bd4db6" member_type: VOTER last_known_addr { host: "127.10.223.194" port: 38437 } } peers { permanent_uuid: "403de09265cb475398b4e8db19d82381" member_type: VOTER last_known_addr { host: "127.10.223.195" port: 38715 } }
