I20260710 13:18:40.503836  6331 consensus_queue.cc:260] T 00000000000000000000000000000000 P 2fd943fdaec74952a016261926e6d121 [NON_LEADER]: Queue going to NON_LEADER mode. State: All replicated index: 0, Majority replicated index: 0, Committed index: 0, Last appended: 0.0, Last appended by leader: 0, Current term: 0, Majority size: -1, State: 0, Mode: NON_LEADER, active raft config: opid_index: -1 OBSOLETE_local: true peers { permanent_uuid: "2fd943fdaec74952a016261926e6d121" member_type: VOTER }
I20260710 13:18:40.504282  6331 raft_consensus.cc:399] T 00000000000000000000000000000000 P 2fd943fdaec74952a016261926e6d121 [term 0 FOLLOWER]: Only one voter in the Raft config. Triggering election immediately
I20260710 13:18:40.504594  6331 raft_consensus.cc:493] T 00000000000000000000000000000000 P 2fd943fdaec74952a016261926e6d121 [term 0 FOLLOWER]: Starting leader election (initial election of a single-replica configuration)
I20260710 13:18:40.504899  6331 raft_consensus.cc:3060] T 00000000000000000000000000000000 P 2fd943fdaec74952a016261926e6d121 [term 0 FOLLOWER]: Advancing to term 1
I20260710 13:18:40.508849  6331 raft_consensus.cc:515] T 00000000000000000000000000000000 P 2fd943fdaec74952a016261926e6d121 [term 1 FOLLOWER]: Starting leader election with config: opid_index: -1 OBSOLETE_local: true peers { permanent_uuid: "2fd943fdaec74952a016261926e6d121" member_type: VOTER }
I20260710 13:18:40.509356  6331 leader_election.cc:304] T 00000000000000000000000000000000 P 2fd943fdaec74952a016261926e6d121 [CANDIDATE]: Term 1 election: Election decided. Result: candidate won. Election summary: received 1 responses out of 1 voters: 1 yes votes; 0 no votes. yes voters: 2fd943fdaec74952a016261926e6d121; no voters: 
I20260710 13:18:40.510426  6331 leader_election.cc:290] T 00000000000000000000000000000000 P 2fd943fdaec74952a016261926e6d121 [CANDIDATE]: Term 1 election: Requested vote from peers 
I20260710 13:18:40.510840  6334 raft_consensus.cc:2804] T 00000000000000000000000000000000 P 2fd943fdaec74952a016261926e6d121 [term 1 FOLLOWER]: Leader election won for term 1
I20260710 13:18:40.512143  6334 raft_consensus.cc:697] T 00000000000000000000000000000000 P 2fd943fdaec74952a016261926e6d121 [term 1 LEADER]: Becoming Leader. State: Replica: 2fd943fdaec74952a016261926e6d121, State: Running, Role: LEADER
I20260710 13:18:40.512854  6334 consensus_queue.cc:237] T 00000000000000000000000000000000 P 2fd943fdaec74952a016261926e6d121 [LEADER]: Queue going to LEADER mode. State: All replicated index: 0, Majority replicated index: 0, Committed index: 0, Last appended: 0.0, Last appended by leader: 0, Current term: 1, Majority size: 1, State: 0, Mode: LEADER, active raft config: opid_index: -1 OBSOLETE_local: true peers { permanent_uuid: "2fd943fdaec74952a016261926e6d121" member_type: VOTER }
I20260710 13:18:40.513309  6331 sys_catalog.cc:565] T 00000000000000000000000000000000 P 2fd943fdaec74952a016261926e6d121 [sys.catalog]: configured and running, proceeding with master startup.
I20260710 13:18:40.517630  6336 sys_catalog.cc:455] T 00000000000000000000000000000000 P 2fd943fdaec74952a016261926e6d121 [sys.catalog]: SysCatalogTable state changed. Reason: New leader 2fd943fdaec74952a016261926e6d121. Latest consensus state: current_term: 1 leader_uuid: "2fd943fdaec74952a016261926e6d121" committed_config { opid_index: -1 OBSOLETE_local: true peers { permanent_uuid: "2fd943fdaec74952a016261926e6d121" member_type: VOTER } }
I20260710 13:18:40.517844  6335 sys_catalog.cc:455] T 00000000000000000000000000000000 P 2fd943fdaec74952a016261926e6d121 [sys.catalog]: SysCatalogTable state changed. Reason: RaftConsensus started. Latest consensus state: current_term: 1 leader_uuid: "2fd943fdaec74952a016261926e6d121" committed_config { opid_index: -1 OBSOLETE_local: true peers { permanent_uuid: "2fd943fdaec74952a016261926e6d121" member_type: VOTER } }
I20260710 13:18:40.518343  6336 sys_catalog.cc:458] T 00000000000000000000000000000000 P 2fd943fdaec74952a016261926e6d121 [sys.catalog]: This master's current role is: LEADER
I20260710 13:18:40.518551  6335 sys_catalog.cc:458] T 00000000000000000000000000000000 P 2fd943fdaec74952a016261926e6d121 [sys.catalog]: This master's current role is: LEADER
I20260710 13:18:40.521665  6342 catalog_manager.cc:1511] Loading table and tablet metadata into memory...
I20260710 13:18:40.526592  6342 catalog_manager.cc:1520] Initializing Kudu cluster ID...
I20260710 13:18:40.529310  5772 internal_mini_cluster.cc:184] Waiting to initialize catalog manager on master 0
I20260710 13:18:40.535097  6342 catalog_manager.cc:1383] Generated new cluster ID: c656a338300e4d2d97287763c420d13a
I20260710 13:18:40.535331  6342 catalog_manager.cc:1531] Initializing Kudu internal certificate authority...
I20260710 13:18:40.552322  6342 catalog_manager.cc:1406] Generated new certificate authority record
I20260710 13:18:40.553732  6342 catalog_manager.cc:1540] Loading token signing keys...
I20260710 13:18:40.568869  6342 catalog_manager.cc:6070] T 00000000000000000000000000000000 P 2fd943fdaec74952a016261926e6d121: Generated new TSK 0
I20260710 13:18:40.569430  6342 catalog_manager.cc:1550] Initializing in-progress tserver states...
I20260710 13:18:40.596189  5772 file_cache.cc:504] Constructed file cache file cache with capacity 419430
W20260710 13:18:40.601763  6352 instance_detector.cc:116] could not retrieve AWS instance metadata: Network error: curl error: HTTP response code said error: The requested URL returned error: 404
W20260710 13:18:40.602880  6353 instance_detector.cc:116] could not retrieve Azure instance metadata: Network error: curl error: HTTP response code said error: The requested URL returned error: 404
W20260710 13:18:40.604339  6355 instance_detector.cc:116] could not retrieve OpenStack instance metadata: Network error: curl error: HTTP response code said error: The requested URL returned error: 404
I20260710 13:18:40.604638  5772 server_base.cc:1061] running on GCE node
I20260710 13:18:40.605443  5772 hybrid_clock.cc:584] initializing the hybrid clock with 'system_unsync' time source
W20260710 13:18:40.605651  5772 system_unsync_time.cc:38] NTP support is disabled. Clock error bounds will not be accurate. This configuration is not suitable for distributed clusters.
I20260710 13:18:40.605818  5772 hybrid_clock.cc:648] HybridClock initialized: now 1783689520605783 us; error 0 us; skew 500 ppm
I20260710 13:18:40.606364  5772 server_base.cc:861] Flag tcmalloc_max_total_thread_cache_bytes is not working since tcmalloc is not enabled.
I20260710 13:18:40.608615  5772 webserver.cc:533] Webserver started at http://127.5.163.1:42623/ using document root <none> and password file <none>
I20260710 13:18:40.609124  5772 fs_manager.cc:362] Metadata directory not provided
I20260710 13:18:40.609318  5772 fs_manager.cc:368] Using write-ahead log directory (fs_wal_dir) as metadata directory
I20260710 13:18:40.609596  5772 server_base.cc:909] This appears to be a new deployment of Kudu; creating new FS layout
I20260710 13:18:40.610615  5772 fs_manager.cc:1068] Generated new instance metadata in path /tmp/dist-test-tasktAWjJD/test-tmp/auto_leader_rebalancer-test.0.LeaderRebalancerTest.FunctionalTestForNotDivided.1783689507572327-5772-0/minicluster-data/ts-0-root/instance:
uuid: "b11a76bf6de54301ad965969b2ca392e"
format_stamp: "Formatted at 2026-07-10 13:18:40 on dist-test-slave-zhqg"
I20260710 13:18:40.614907  5772 fs_manager.cc:696] Time spent creating directory manager: real 0.004s	user 0.006s	sys 0.000s
I20260710 13:18:40.618060  6360 log_block_manager.cc:4127] Time spent loading block containers with low live blocks: real 0.000s	user 0.000s	sys 0.000s
I20260710 13:18:40.618779  5772 fs_manager.cc:730] Time spent opening block manager: real 0.002s	user 0.000s	sys 0.001s
I20260710 13:18:40.619163  5772 fs_manager.cc:647] Opened local filesystem: /tmp/dist-test-tasktAWjJD/test-tmp/auto_leader_rebalancer-test.0.LeaderRebalancerTest.FunctionalTestForNotDivided.1783689507572327-5772-0/minicluster-data/ts-0-root
uuid: "b11a76bf6de54301ad965969b2ca392e"
format_stamp: "Formatted at 2026-07-10 13:18:40 on dist-test-slave-zhqg"
I20260710 13:18:40.619422  5772 fs_report.cc:389] FS layout report
--------------------
wal directory: /tmp/dist-test-tasktAWjJD/test-tmp/auto_leader_rebalancer-test.0.LeaderRebalancerTest.FunctionalTestForNotDivided.1783689507572327-5772-0/minicluster-data/ts-0-root
metadata directory: /tmp/dist-test-tasktAWjJD/test-tmp/auto_leader_rebalancer-test.0.LeaderRebalancerTest.FunctionalTestForNotDivided.1783689507572327-5772-0/minicluster-data/ts-0-root
1 data directories: /tmp/dist-test-tasktAWjJD/test-tmp/auto_leader_rebalancer-test.0.LeaderRebalancerTest.FunctionalTestForNotDivided.1783689507572327-5772-0/minicluster-data/ts-0-root/data
Total live blocks: 0
Total live bytes: 0
Total live bytes (after alignment): 0
Total number of LBM containers: 0 (0 full)
Did not check for missing blocks
Did not check for orphaned blocks
Total full LBM containers with extra space: 0 (0 repaired)
Total full LBM container extra space in bytes: 0 (0 repaired)
Total incomplete LBM containers: 0 (0 repaired)
Total LBM partial records: 0 (0 repaired)
Total corrupted LBM metadata records in RocksDB: 0 (0 repaired)
I20260710 13:18:40.632416  5772 rpc_server.cc:225] running with OpenSSL 1.1.1  11 Sep 2018
I20260710 13:18:40.633656  5772 kserver.cc:163] Server-wide thread pool size limit: 3276
I20260710 13:18:40.635025  5772 txn_system_client.cc:432] TxnSystemClient initialization is disabled...
I20260710 13:18:40.637207  5772 ts_tablet_manager.cc:585] Loaded tablet metadata (0 total tablets, 0 live tablets)
I20260710 13:18:40.637379  5772 ts_tablet_manager.cc:531] Time spent load tablet metadata: real 0.000s	user 0.000s	sys 0.000s
I20260710 13:18:40.637669  5772 ts_tablet_manager.cc:616] Registered 0 tablets
I20260710 13:18:40.637838  5772 ts_tablet_manager.cc:595] Time spent register tablets: real 0.000s	user 0.000s	sys 0.000s
I20260710 13:18:40.675697  5772 rpc_server.cc:307] RPC server started. Bound to: 127.5.163.1:35407
I20260710 13:18:40.675788  6422 acceptor_pool.cc:272] collecting diagnostics on the listening RPC socket 127.5.163.1:35407 every 8 connection(s)
I20260710 13:18:40.680573  5772 file_cache.cc:504] Constructed file cache file cache with capacity 419430
W20260710 13:18:40.687419  6427 instance_detector.cc:116] could not retrieve AWS instance metadata: Network error: curl error: HTTP response code said error: The requested URL returned error: 404
W20260710 13:18:40.688984  6428 instance_detector.cc:116] could not retrieve Azure instance metadata: Network error: curl error: HTTP response code said error: The requested URL returned error: 404
W20260710 13:18:40.690464  6430 instance_detector.cc:116] could not retrieve OpenStack instance metadata: Network error: curl error: HTTP response code said error: The requested URL returned error: 404
I20260710 13:18:40.691907  5772 server_base.cc:1061] running on GCE node
I20260710 13:18:40.692788  5772 hybrid_clock.cc:584] initializing the hybrid clock with 'system_unsync' time source
W20260710 13:18:40.692966  5772 system_unsync_time.cc:38] NTP support is disabled. Clock error bounds will not be accurate. This configuration is not suitable for distributed clusters.
I20260710 13:18:40.693095  5772 hybrid_clock.cc:648] HybridClock initialized: now 1783689520693085 us; error 0 us; skew 500 ppm
I20260710 13:18:40.693518  5772 server_base.cc:861] Flag tcmalloc_max_total_thread_cache_bytes is not working since tcmalloc is not enabled.
I20260710 13:18:40.695832  5772 webserver.cc:533] Webserver started at http://127.5.163.2:39459/ using document root <none> and password file <none>
I20260710 13:18:40.696516  5772 fs_manager.cc:362] Metadata directory not provided
I20260710 13:18:40.696729  5772 fs_manager.cc:368] Using write-ahead log directory (fs_wal_dir) as metadata directory
I20260710 13:18:40.697029  5772 server_base.cc:909] This appears to be a new deployment of Kudu; creating new FS layout
I20260710 13:18:40.698561  5772 fs_manager.cc:1068] Generated new instance metadata in path /tmp/dist-test-tasktAWjJD/test-tmp/auto_leader_rebalancer-test.0.LeaderRebalancerTest.FunctionalTestForNotDivided.1783689507572327-5772-0/minicluster-data/ts-1-root/instance:
uuid: "e4a4f126a66242f58d90187928e19823"
format_stamp: "Formatted at 2026-07-10 13:18:40 on dist-test-slave-zhqg"
I20260710 13:18:40.699467  6423 heartbeater.cc:344] Connected to a master server at 127.5.163.62:35923
I20260710 13:18:40.699803  6423 heartbeater.cc:461] Registering TS with master...
I20260710 13:18:40.700510  6423 heartbeater.cc:507] Master 127.5.163.62:35923 requested a full tablet report, sending...
I20260710 13:18:40.702561  6296 ts_manager.cc:194] Registered new tserver with Master: b11a76bf6de54301ad965969b2ca392e (127.5.163.1:35407)
I20260710 13:18:40.703567  5772 fs_manager.cc:696] Time spent creating directory manager: real 0.004s	user 0.006s	sys 0.000s
I20260710 13:18:40.704609  6296 master_service.cc:502] Signed X509 certificate for tserver {username='slave'} at 127.0.0.1:34414
I20260710 13:18:40.707017  6435 log_block_manager.cc:4127] Time spent loading block containers with low live blocks: real 0.000s	user 0.000s	sys 0.000s
I20260710 13:18:40.708035  5772 fs_manager.cc:730] Time spent opening block manager: real 0.003s	user 0.002s	sys 0.000s
I20260710 13:18:40.708403  5772 fs_manager.cc:647] Opened local filesystem: /tmp/dist-test-tasktAWjJD/test-tmp/auto_leader_rebalancer-test.0.LeaderRebalancerTest.FunctionalTestForNotDivided.1783689507572327-5772-0/minicluster-data/ts-1-root
uuid: "e4a4f126a66242f58d90187928e19823"
format_stamp: "Formatted at 2026-07-10 13:18:40 on dist-test-slave-zhqg"
I20260710 13:18:40.708751  5772 fs_report.cc:389] FS layout report
--------------------
wal directory: /tmp/dist-test-tasktAWjJD/test-tmp/auto_leader_rebalancer-test.0.LeaderRebalancerTest.FunctionalTestForNotDivided.1783689507572327-5772-0/minicluster-data/ts-1-root
metadata directory: /tmp/dist-test-tasktAWjJD/test-tmp/auto_leader_rebalancer-test.0.LeaderRebalancerTest.FunctionalTestForNotDivided.1783689507572327-5772-0/minicluster-data/ts-1-root
1 data directories: /tmp/dist-test-tasktAWjJD/test-tmp/auto_leader_rebalancer-test.0.LeaderRebalancerTest.FunctionalTestForNotDivided.1783689507572327-5772-0/minicluster-data/ts-1-root/data
Total live blocks: 0
Total live bytes: 0
Total live bytes (after alignment): 0
Total number of LBM containers: 0 (0 full)
Did not check for missing blocks
Did not check for orphaned blocks
Total full LBM containers with extra space: 0 (0 repaired)
Total full LBM container extra space in bytes: 0 (0 repaired)
Total incomplete LBM containers: 0 (0 repaired)
Total LBM partial records: 0 (0 repaired)
Total corrupted LBM metadata records in RocksDB: 0 (0 repaired)
I20260710 13:18:40.730186  5772 rpc_server.cc:225] running with OpenSSL 1.1.1  11 Sep 2018
I20260710 13:18:40.731345  5772 kserver.cc:163] Server-wide thread pool size limit: 3276
I20260710 13:18:40.732772  5772 txn_system_client.cc:432] TxnSystemClient initialization is disabled...
I20260710 13:18:40.734807  5772 ts_tablet_manager.cc:585] Loaded tablet metadata (0 total tablets, 0 live tablets)
I20260710 13:18:40.735006  5772 ts_tablet_manager.cc:531] Time spent load tablet metadata: real 0.000s	user 0.000s	sys 0.000s
I20260710 13:18:40.735263  5772 ts_tablet_manager.cc:616] Registered 0 tablets
I20260710 13:18:40.735419  5772 ts_tablet_manager.cc:595] Time spent register tablets: real 0.000s	user 0.000s	sys 0.000s
I20260710 13:18:40.773720  5772 rpc_server.cc:307] RPC server started. Bound to: 127.5.163.2:43095
I20260710 13:18:40.773828  6497 acceptor_pool.cc:272] collecting diagnostics on the listening RPC socket 127.5.163.2:43095 every 8 connection(s)
I20260710 13:18:40.778200  5772 file_cache.cc:504] Constructed file cache file cache with capacity 419430
W20260710 13:18:40.785274  6501 instance_detector.cc:116] could not retrieve AWS instance metadata: Network error: curl error: HTTP response code said error: The requested URL returned error: 404
W20260710 13:18:40.786255  6502 instance_detector.cc:116] could not retrieve Azure instance metadata: Network error: curl error: HTTP response code said error: The requested URL returned error: 404
I20260710 13:18:40.790350  5772 server_base.cc:1061] running on GCE node
W20260710 13:18:40.790874  6504 instance_detector.cc:116] could not retrieve OpenStack instance metadata: Network error: curl error: HTTP response code said error: The requested URL returned error: 404
I20260710 13:18:40.791460  6498 heartbeater.cc:344] Connected to a master server at 127.5.163.62:35923
I20260710 13:18:40.791824  6498 heartbeater.cc:461] Registering TS with master...
I20260710 13:18:40.791922  5772 hybrid_clock.cc:584] initializing the hybrid clock with 'system_unsync' time source
W20260710 13:18:40.792188  5772 system_unsync_time.cc:38] NTP support is disabled. Clock error bounds will not be accurate. This configuration is not suitable for distributed clusters.
I20260710 13:18:40.792380  5772 hybrid_clock.cc:648] HybridClock initialized: now 1783689520792364 us; error 0 us; skew 500 ppm
I20260710 13:18:40.792742  6498 heartbeater.cc:507] Master 127.5.163.62:35923 requested a full tablet report, sending...
I20260710 13:18:40.793145  5772 server_base.cc:861] Flag tcmalloc_max_total_thread_cache_bytes is not working since tcmalloc is not enabled.
I20260710 13:18:40.794958  6296 ts_manager.cc:194] Registered new tserver with Master: e4a4f126a66242f58d90187928e19823 (127.5.163.2:43095)
I20260710 13:18:40.796002  5772 webserver.cc:533] Webserver started at http://127.5.163.3:37873/ using document root <none> and password file <none>
I20260710 13:18:40.796624  5772 fs_manager.cc:362] Metadata directory not provided
I20260710 13:18:40.796869  5772 fs_manager.cc:368] Using write-ahead log directory (fs_wal_dir) as metadata directory
I20260710 13:18:40.796803  6296 master_service.cc:502] Signed X509 certificate for tserver {username='slave'} at 127.0.0.1:34430
I20260710 13:18:40.797269  5772 server_base.cc:909] This appears to be a new deployment of Kudu; creating new FS layout
I20260710 13:18:40.798471  5772 fs_manager.cc:1068] Generated new instance metadata in path /tmp/dist-test-tasktAWjJD/test-tmp/auto_leader_rebalancer-test.0.LeaderRebalancerTest.FunctionalTestForNotDivided.1783689507572327-5772-0/minicluster-data/ts-2-root/instance:
uuid: "a395cb0964db4fbcbb9a2de895bf740f"
format_stamp: "Formatted at 2026-07-10 13:18:40 on dist-test-slave-zhqg"
I20260710 13:18:40.802692  5772 fs_manager.cc:696] Time spent creating directory manager: real 0.004s	user 0.006s	sys 0.000s
I20260710 13:18:40.805884  6509 log_block_manager.cc:4127] Time spent loading block containers with low live blocks: real 0.000s	user 0.000s	sys 0.000s
I20260710 13:18:40.806749  5772 fs_manager.cc:730] Time spent opening block manager: real 0.002s	user 0.001s	sys 0.000s
I20260710 13:18:40.807006  5772 fs_manager.cc:647] Opened local filesystem: /tmp/dist-test-tasktAWjJD/test-tmp/auto_leader_rebalancer-test.0.LeaderRebalancerTest.FunctionalTestForNotDivided.1783689507572327-5772-0/minicluster-data/ts-2-root
uuid: "a395cb0964db4fbcbb9a2de895bf740f"
format_stamp: "Formatted at 2026-07-10 13:18:40 on dist-test-slave-zhqg"
I20260710 13:18:40.807246  5772 fs_report.cc:389] FS layout report
--------------------
wal directory: /tmp/dist-test-tasktAWjJD/test-tmp/auto_leader_rebalancer-test.0.LeaderRebalancerTest.FunctionalTestForNotDivided.1783689507572327-5772-0/minicluster-data/ts-2-root
metadata directory: /tmp/dist-test-tasktAWjJD/test-tmp/auto_leader_rebalancer-test.0.LeaderRebalancerTest.FunctionalTestForNotDivided.1783689507572327-5772-0/minicluster-data/ts-2-root
1 data directories: /tmp/dist-test-tasktAWjJD/test-tmp/auto_leader_rebalancer-test.0.LeaderRebalancerTest.FunctionalTestForNotDivided.1783689507572327-5772-0/minicluster-data/ts-2-root/data
Total live blocks: 0
Total live bytes: 0
Total live bytes (after alignment): 0
Total number of LBM containers: 0 (0 full)
Did not check for missing blocks
Did not check for orphaned blocks
Total full LBM containers with extra space: 0 (0 repaired)
Total full LBM container extra space in bytes: 0 (0 repaired)
Total incomplete LBM containers: 0 (0 repaired)
Total LBM partial records: 0 (0 repaired)
Total corrupted LBM metadata records in RocksDB: 0 (0 repaired)
I20260710 13:18:40.823566  5772 rpc_server.cc:225] running with OpenSSL 1.1.1  11 Sep 2018
I20260710 13:18:40.824733  5772 kserver.cc:163] Server-wide thread pool size limit: 3276
I20260710 13:18:40.826036  5772 txn_system_client.cc:432] TxnSystemClient initialization is disabled...
I20260710 13:18:40.828090  5772 ts_tablet_manager.cc:585] Loaded tablet metadata (0 total tablets, 0 live tablets)
I20260710 13:18:40.828321  5772 ts_tablet_manager.cc:531] Time spent load tablet metadata: real 0.000s	user 0.000s	sys 0.000s
I20260710 13:18:40.828572  5772 ts_tablet_manager.cc:616] Registered 0 tablets
I20260710 13:18:40.828744  5772 ts_tablet_manager.cc:595] Time spent register tablets: real 0.000s	user 0.000s	sys 0.000s
I20260710 13:18:40.866814  5772 rpc_server.cc:307] RPC server started. Bound to: 127.5.163.3:40017
I20260710 13:18:40.866904  6571 acceptor_pool.cc:272] collecting diagnostics on the listening RPC socket 127.5.163.3:40017 every 8 connection(s)
I20260710 13:18:40.880833  6572 heartbeater.cc:344] Connected to a master server at 127.5.163.62:35923
I20260710 13:18:40.881208  6572 heartbeater.cc:461] Registering TS with master...
I20260710 13:18:40.881927  6572 heartbeater.cc:507] Master 127.5.163.62:35923 requested a full tablet report, sending...
I20260710 13:18:40.883800  6296 ts_manager.cc:194] Registered new tserver with Master: a395cb0964db4fbcbb9a2de895bf740f (127.5.163.3:40017)
I20260710 13:18:40.884337  5772 internal_mini_cluster.cc:371] 3 TS(s) registered with all masters after 0.014487579s
I20260710 13:18:40.885197  6296 master_service.cc:502] Signed X509 certificate for tserver {username='slave'} at 127.0.0.1:34444
I20260710 13:18:40.909168  6296 catalog_manager.cc:2283] Servicing CreateTable request from {username='slave'} at 127.0.0.1:34448:
name: "test-workload"
schema {
  columns {
    name: "key"
    type: INT32
    is_key: true
    is_nullable: false
    encoding: AUTO_ENCODING
    compression: DEFAULT_COMPRESSION
    cfile_block_size: 0
    immutable: false
  }
  columns {
    name: "int_val"
    type: INT32
    is_key: false
    is_nullable: false
    encoding: AUTO_ENCODING
    compression: DEFAULT_COMPRESSION
    cfile_block_size: 0
    immutable: false
  }
  columns {
    name: "string_val"
    type: STRING
    is_key: false
    is_nullable: true
    encoding: AUTO_ENCODING
    compression: DEFAULT_COMPRESSION
    cfile_block_size: 0
    immutable: false
  }
}
num_replicas: 3
split_rows_range_bounds {
  rows: "\004\001\000\314\314\314\014\004\001\000\230\231\231\031\004\001\000dff&\004\001\0000333\004\001\000\374\377\377?\004\001\000\310\314\314L\004\001\000\224\231\231Y\004\001\000`fff\004\001\000,33s""\004\001\000\314\314\314\014\004\001\000\230\231\231\031\004\001\000dff&\004\001\0000333\004\001\000\374\377\377?\004\001\000\310\314\314L\004\001\000\224\231\231Y\004\001\000`fff\004\001\000,33s"
  indirect_data: """"
}
partition_schema {
  range_schema {
    columns {
      name: "key"
    }
  }
}
W20260710 13:18:40.912357  6296 catalog_manager.cc:7077] The number of live tablet servers is not enough to re-replicate a tablet replica of the newly created table test-workload in case of a server failure: 4 tablet servers would be needed, 3 are available. Consider bringing up more tablet servers.
I20260710 13:18:40.984458  6537 tablet_service.cc:1511] Processing CreateTablet for tablet 0d09f4b76abe4272b4df04a95f4d5e69 (DEFAULT_TABLE table=test-workload [id=53247ae9d00b4830add0ceb3e6b1ceda]), partition=RANGE (key) PARTITION VALUES < 214748364
I20260710 13:18:40.986294  6537 data_dirs.cc:400] Could only allocate 1 dirs of requested 3 for tablet 0d09f4b76abe4272b4df04a95f4d5e69. 1 dirs total, 0 dirs full, 0 dirs failed
I20260710 13:18:40.990173  6536 tablet_service.cc:1511] Processing CreateTablet for tablet 80099c215b8f4aff884997395d23ab41 (DEFAULT_TABLE table=test-workload [id=53247ae9d00b4830add0ceb3e6b1ceda]), partition=RANGE (key) PARTITION 214748364 <= VALUES < 429496728
I20260710 13:18:40.991776  6536 data_dirs.cc:400] Could only allocate 1 dirs of requested 3 for tablet 80099c215b8f4aff884997395d23ab41. 1 dirs total, 0 dirs full, 0 dirs failed
I20260710 13:18:40.993280  6535 tablet_service.cc:1511] Processing CreateTablet for tablet 63ab1a511d5e4e09922951fdd05977a5 (DEFAULT_TABLE table=test-workload [id=53247ae9d00b4830add0ceb3e6b1ceda]), partition=RANGE (key) PARTITION 429496728 <= VALUES < 644245092
I20260710 13:18:40.994782  6535 data_dirs.cc:400] Could only allocate 1 dirs of requested 3 for tablet 63ab1a511d5e4e09922951fdd05977a5. 1 dirs total, 0 dirs full, 0 dirs failed
I20260710 13:18:40.998528  6534 tablet_service.cc:1511] Processing CreateTablet for tablet 56d9d0c678e84e5a90f4ab3b836fd475 (DEFAULT_TABLE table=test-workload [id=53247ae9d00b4830add0ceb3e6b1ceda]), partition=RANGE (key) PARTITION 644245092 <= VALUES < 858993456
I20260710 13:18:41.000085  6534 data_dirs.cc:400] Could only allocate 1 dirs of requested 3 for tablet 56d9d0c678e84e5a90f4ab3b836fd475. 1 dirs total, 0 dirs full, 0 dirs failed
I20260710 13:18:41.001713  6533 tablet_service.cc:1511] Processing CreateTablet for tablet 7e94f76fa6d1470993a9e831ca32bd46 (DEFAULT_TABLE table=test-workload [id=53247ae9d00b4830add0ceb3e6b1ceda]), partition=RANGE (key) PARTITION 858993456 <= VALUES < 1073741820
I20260710 13:18:41.003151  6533 data_dirs.cc:400] Could only allocate 1 dirs of requested 3 for tablet 7e94f76fa6d1470993a9e831ca32bd46. 1 dirs total, 0 dirs full, 0 dirs failed
I20260710 13:18:41.005733  6532 tablet_service.cc:1511] Processing CreateTablet for tablet 1c68e6419faa472cb0e32aabe3d71ca0 (DEFAULT_TABLE table=test-workload [id=53247ae9d00b4830add0ceb3e6b1ceda]), partition=RANGE (key) PARTITION 1073741820 <= VALUES < 1288490184
I20260710 13:18:41.007154  6532 data_dirs.cc:400] Could only allocate 1 dirs of requested 3 for tablet 1c68e6419faa472cb0e32aabe3d71ca0. 1 dirs total, 0 dirs full, 0 dirs failed
I20260710 13:18:41.016124  6463 tablet_service.cc:1511] Processing CreateTablet for tablet 0d09f4b76abe4272b4df04a95f4d5e69 (DEFAULT_TABLE table=test-workload [id=53247ae9d00b4830add0ceb3e6b1ceda]), partition=RANGE (key) PARTITION VALUES < 214748364
I20260710 13:18:41.017633  6463 data_dirs.cc:400] Could only allocate 1 dirs of requested 3 for tablet 0d09f4b76abe4272b4df04a95f4d5e69. 1 dirs total, 0 dirs full, 0 dirs failed
I20260710 13:18:41.027128  6462 tablet_service.cc:1511] Processing CreateTablet for tablet 80099c215b8f4aff884997395d23ab41 (DEFAULT_TABLE table=test-workload [id=53247ae9d00b4830add0ceb3e6b1ceda]), partition=RANGE (key) PARTITION 214748364 <= VALUES < 429496728
I20260710 13:18:41.027983  6461 tablet_service.cc:1511] Processing CreateTablet for tablet 63ab1a511d5e4e09922951fdd05977a5 (DEFAULT_TABLE table=test-workload [id=53247ae9d00b4830add0ceb3e6b1ceda]), partition=RANGE (key) PARTITION 429496728 <= VALUES < 644245092
I20260710 13:18:41.028702  6462 data_dirs.cc:400] Could only allocate 1 dirs of requested 3 for tablet 80099c215b8f4aff884997395d23ab41. 1 dirs total, 0 dirs full, 0 dirs failed
I20260710 13:18:41.029469  6461 data_dirs.cc:400] Could only allocate 1 dirs of requested 3 for tablet 63ab1a511d5e4e09922951fdd05977a5. 1 dirs total, 0 dirs full, 0 dirs failed
I20260710 13:18:41.030926  6460 tablet_service.cc:1511] Processing CreateTablet for tablet 56d9d0c678e84e5a90f4ab3b836fd475 (DEFAULT_TABLE table=test-workload [id=53247ae9d00b4830add0ceb3e6b1ceda]), partition=RANGE (key) PARTITION 644245092 <= VALUES < 858993456
I20260710 13:18:41.033763  6460 data_dirs.cc:400] Could only allocate 1 dirs of requested 3 for tablet 56d9d0c678e84e5a90f4ab3b836fd475. 1 dirs total, 0 dirs full, 0 dirs failed
I20260710 13:18:41.036973  6459 tablet_service.cc:1511] Processing CreateTablet for tablet 7e94f76fa6d1470993a9e831ca32bd46 (DEFAULT_TABLE table=test-workload [id=53247ae9d00b4830add0ceb3e6b1ceda]), partition=RANGE (key) PARTITION 858993456 <= VALUES < 1073741820
I20260710 13:18:41.041441  6459 data_dirs.cc:400] Could only allocate 1 dirs of requested 3 for tablet 7e94f76fa6d1470993a9e831ca32bd46. 1 dirs total, 0 dirs full, 0 dirs failed
I20260710 13:18:41.038290  6458 tablet_service.cc:1511] Processing CreateTablet for tablet 1c68e6419faa472cb0e32aabe3d71ca0 (DEFAULT_TABLE table=test-workload [id=53247ae9d00b4830add0ceb3e6b1ceda]), partition=RANGE (key) PARTITION 1073741820 <= VALUES < 1288490184
I20260710 13:18:41.039778  6586 tablet_bootstrap.cc:492] T 80099c215b8f4aff884997395d23ab41 P a395cb0964db4fbcbb9a2de895bf740f: Bootstrap starting.
I20260710 13:18:41.049431  6458 data_dirs.cc:400] Could only allocate 1 dirs of requested 3 for tablet 1c68e6419faa472cb0e32aabe3d71ca0. 1 dirs total, 0 dirs full, 0 dirs failed
I20260710 13:18:41.054829  6534 tablet_service.cc:1511] Processing CreateTablet for tablet 0bb85cbf54514f159b1319bd9aec861b (DEFAULT_TABLE table=test-workload [id=53247ae9d00b4830add0ceb3e6b1ceda]), partition=RANGE (key) PARTITION 1288490184 <= VALUES < 1503238548
I20260710 13:18:41.055627  6586 tablet_bootstrap.cc:654] T 80099c215b8f4aff884997395d23ab41 P a395cb0964db4fbcbb9a2de895bf740f: Neither blocks nor log segments found. Creating new log.
I20260710 13:18:41.056313  6534 data_dirs.cc:400] Could only allocate 1 dirs of requested 3 for tablet 0bb85cbf54514f159b1319bd9aec861b. 1 dirs total, 0 dirs full, 0 dirs failed
I20260710 13:18:41.062719  6457 tablet_service.cc:1511] Processing CreateTablet for tablet 0bb85cbf54514f159b1319bd9aec861b (DEFAULT_TABLE table=test-workload [id=53247ae9d00b4830add0ceb3e6b1ceda]), partition=RANGE (key) PARTITION 1288490184 <= VALUES < 1503238548
I20260710 13:18:41.064602  6457 data_dirs.cc:400] Could only allocate 1 dirs of requested 3 for tablet 0bb85cbf54514f159b1319bd9aec861b. 1 dirs total, 0 dirs full, 0 dirs failed
I20260710 13:18:41.109513  6534 tablet_service.cc:1511] Processing CreateTablet for tablet 7e269dc8ff7f41f3b32ac33eb3d57b8a (DEFAULT_TABLE table=test-workload [id=53247ae9d00b4830add0ceb3e6b1ceda]), partition=RANGE (key) PARTITION 1503238548 <= VALUES < 1717986912
I20260710 13:18:41.111471  6534 data_dirs.cc:400] Could only allocate 1 dirs of requested 3 for tablet 7e269dc8ff7f41f3b32ac33eb3d57b8a. 1 dirs total, 0 dirs full, 0 dirs failed
I20260710 13:18:41.114866  6457 tablet_service.cc:1511] Processing CreateTablet for tablet 7e269dc8ff7f41f3b32ac33eb3d57b8a (DEFAULT_TABLE table=test-workload [id=53247ae9d00b4830add0ceb3e6b1ceda]), partition=RANGE (key) PARTITION 1503238548 <= VALUES < 1717986912
I20260710 13:18:41.124720  6457 data_dirs.cc:400] Could only allocate 1 dirs of requested 3 for tablet 7e269dc8ff7f41f3b32ac33eb3d57b8a. 1 dirs total, 0 dirs full, 0 dirs failed
I20260710 13:18:41.125883  6588 tablet_bootstrap.cc:492] T 0d09f4b76abe4272b4df04a95f4d5e69 P e4a4f126a66242f58d90187928e19823: Bootstrap starting.
I20260710 13:18:41.138022  6586 tablet_bootstrap.cc:492] T 80099c215b8f4aff884997395d23ab41 P a395cb0964db4fbcbb9a2de895bf740f: No bootstrap required, opened a new log
I20260710 13:18:41.138567  6586 ts_tablet_manager.cc:1403] T 80099c215b8f4aff884997395d23ab41 P a395cb0964db4fbcbb9a2de895bf740f: Time spent bootstrapping tablet: real 0.099s	user 0.011s	sys 0.029s
I20260710 13:18:41.141126  6388 tablet_service.cc:1511] Processing CreateTablet for tablet 0d09f4b76abe4272b4df04a95f4d5e69 (DEFAULT_TABLE table=test-workload [id=53247ae9d00b4830add0ceb3e6b1ceda]), partition=RANGE (key) PARTITION VALUES < 214748364
I20260710 13:18:41.142638  6388 data_dirs.cc:400] Could only allocate 1 dirs of requested 3 for tablet 0d09f4b76abe4272b4df04a95f4d5e69. 1 dirs total, 0 dirs full, 0 dirs failed
I20260710 13:18:41.141126  6387 tablet_service.cc:1511] Processing CreateTablet for tablet 80099c215b8f4aff884997395d23ab41 (DEFAULT_TABLE table=test-workload [id=53247ae9d00b4830add0ceb3e6b1ceda]), partition=RANGE (key) PARTITION 214748364 <= VALUES < 429496728
I20260710 13:18:41.143456  6588 tablet_bootstrap.cc:654] T 0d09f4b76abe4272b4df04a95f4d5e69 P e4a4f126a66242f58d90187928e19823: Neither blocks nor log segments found. Creating new log.
I20260710 13:18:41.144380  6387 data_dirs.cc:400] Could only allocate 1 dirs of requested 3 for tablet 80099c215b8f4aff884997395d23ab41. 1 dirs total, 0 dirs full, 0 dirs failed
I20260710 13:18:41.142194  6461 tablet_service.cc:1511] Processing CreateTablet for tablet 1f067229c35e481cbd4a02528b4878e7 (DEFAULT_TABLE table=test-workload [id=53247ae9d00b4830add0ceb3e6b1ceda]), partition=RANGE (key) PARTITION 1717986912 <= VALUES < 1932735276
I20260710 13:18:41.149426  6461 data_dirs.cc:400] Could only allocate 1 dirs of requested 3 for tablet 1f067229c35e481cbd4a02528b4878e7. 1 dirs total, 0 dirs full, 0 dirs failed
I20260710 13:18:41.154713  6586 raft_consensus.cc:359] T 80099c215b8f4aff884997395d23ab41 P a395cb0964db4fbcbb9a2de895bf740f [term 0 FOLLOWER]: Replica starting. Triggering 0 pending ops. Active config: opid_index: -1 OBSOLETE_local: false peers { permanent_uuid: "b11a76bf6de54301ad965969b2ca392e" member_type: VOTER last_known_addr { host: "127.5.163.1" port: 35407 } } peers { permanent_uuid: "e4a4f126a66242f58d90187928e19823" member_type: VOTER last_known_addr { host: "127.5.163.2" port: 43095 } } peers { permanent_uuid: "a395cb0964db4fbcbb9a2de895bf740f" member_type: VOTER last_known_addr { host: "127.5.163.3" port: 40017 } }
I20260710 13:18:41.156219  6537 tablet_service.cc:1511] Processing CreateTablet for tablet 1f067229c35e481cbd4a02528b4878e7 (DEFAULT_TABLE table=test-workload [id=53247ae9d00b4830add0ceb3e6b1ceda]), partition=RANGE (key) PARTITION 1717986912 <= VALUES < 1932735276
I20260710 13:18:41.164598  6586 raft_consensus.cc:385] T 80099c215b8f4aff884997395d23ab41 P a395cb0964db4fbcbb9a2de895bf740f [term 0 FOLLOWER]: Consensus starting up: Expiring failure detector timer to make a prompt election more likely
I20260710 13:18:41.165000  6586 raft_consensus.cc:740] T 80099c215b8f4aff884997395d23ab41 P a395cb0964db4fbcbb9a2de895bf740f [term 0 FOLLOWER]: Becoming Follower/Learner. State: Replica: a395cb0964db4fbcbb9a2de895bf740f, State: Initialized, Role: FOLLOWER
I20260710 13:18:41.165318  6537 data_dirs.cc:400] Could only allocate 1 dirs of requested 3 for tablet 1f067229c35e481cbd4a02528b4878e7. 1 dirs total, 0 dirs full, 0 dirs failed
I20260710 13:18:41.164655  6383 tablet_service.cc:1511] Processing CreateTablet for tablet 1c68e6419faa472cb0e32aabe3d71ca0 (DEFAULT_TABLE table=test-workload [id=53247ae9d00b4830add0ceb3e6b1ceda]), partition=RANGE (key) PARTITION 1073741820 <= VALUES < 1288490184
I20260710 13:18:41.165869  6586 consensus_queue.cc:260] T 80099c215b8f4aff884997395d23ab41 P a395cb0964db4fbcbb9a2de895bf740f [NON_LEADER]: Queue going to NON_LEADER mode. State: All replicated index: 0, Majority replicated index: 0, Committed index: 0, Last appended: 0.0, Last appended by leader: 0, Current term: 0, Majority size: -1, State: 0, Mode: NON_LEADER, active raft config: opid_index: -1 OBSOLETE_local: false peers { permanent_uuid: "b11a76bf6de54301ad965969b2ca392e" member_type: VOTER last_known_addr { host: "127.5.163.1" port: 35407 } } peers { permanent_uuid: "e4a4f126a66242f58d90187928e19823" member_type: VOTER last_known_addr { host: "127.5.163.2" port: 43095 } } peers { permanent_uuid: "a395cb0964db4fbcbb9a2de895bf740f" member_type: VOTER last_known_addr { host: "127.5.163.3" port: 40017 } }
I20260710 13:18:41.166639  6383 data_dirs.cc:400] Could only allocate 1 dirs of requested 3 for tablet 1c68e6419faa472cb0e32aabe3d71ca0. 1 dirs total, 0 dirs full, 0 dirs failed
I20260710 13:18:41.157284  6386 tablet_service.cc:1511] Processing CreateTablet for tablet 63ab1a511d5e4e09922951fdd05977a5 (DEFAULT_TABLE table=test-workload [id=53247ae9d00b4830add0ceb3e6b1ceda]), partition=RANGE (key) PARTITION 429496728 <= VALUES < 644245092
I20260710 13:18:41.169709  6386 data_dirs.cc:400] Could only allocate 1 dirs of requested 3 for tablet 63ab1a511d5e4e09922951fdd05977a5. 1 dirs total, 0 dirs full, 0 dirs failed
I20260710 13:18:41.159576  6385 tablet_service.cc:1511] Processing CreateTablet for tablet 56d9d0c678e84e5a90f4ab3b836fd475 (DEFAULT_TABLE table=test-workload [id=53247ae9d00b4830add0ceb3e6b1ceda]), partition=RANGE (key) PARTITION 644245092 <= VALUES < 858993456
I20260710 13:18:41.173709  6385 data_dirs.cc:400] Could only allocate 1 dirs of requested 3 for tablet 56d9d0c678e84e5a90f4ab3b836fd475. 1 dirs total, 0 dirs full, 0 dirs failed
I20260710 13:18:41.159698  6457 tablet_service.cc:1511] Processing CreateTablet for tablet 10cb5d79879641c9a14b75082fdb3c09 (DEFAULT_TABLE table=test-workload [id=53247ae9d00b4830add0ceb3e6b1ceda]), partition=RANGE (key) PARTITION 1932735276 <= VALUES
I20260710 13:18:41.162240  6534 tablet_service.cc:1511] Processing CreateTablet for tablet 10cb5d79879641c9a14b75082fdb3c09 (DEFAULT_TABLE table=test-workload [id=53247ae9d00b4830add0ceb3e6b1ceda]), partition=RANGE (key) PARTITION 1932735276 <= VALUES
I20260710 13:18:41.177482  6534 data_dirs.cc:400] Could only allocate 1 dirs of requested 3 for tablet 10cb5d79879641c9a14b75082fdb3c09. 1 dirs total, 0 dirs full, 0 dirs failed
I20260710 13:18:41.177668  6457 data_dirs.cc:400] Could only allocate 1 dirs of requested 3 for tablet 10cb5d79879641c9a14b75082fdb3c09. 1 dirs total, 0 dirs full, 0 dirs failed
I20260710 13:18:41.162254  6384 tablet_service.cc:1511] Processing CreateTablet for tablet 7e94f76fa6d1470993a9e831ca32bd46 (DEFAULT_TABLE table=test-workload [id=53247ae9d00b4830add0ceb3e6b1ceda]), partition=RANGE (key) PARTITION 858993456 <= VALUES < 1073741820
I20260710 13:18:41.180620  6384 data_dirs.cc:400] Could only allocate 1 dirs of requested 3 for tablet 7e94f76fa6d1470993a9e831ca32bd46. 1 dirs total, 0 dirs full, 0 dirs failed
I20260710 13:18:41.191062  6382 tablet_service.cc:1511] Processing CreateTablet for tablet 7e269dc8ff7f41f3b32ac33eb3d57b8a (DEFAULT_TABLE table=test-workload [id=53247ae9d00b4830add0ceb3e6b1ceda]), partition=RANGE (key) PARTITION 1503238548 <= VALUES < 1717986912
I20260710 13:18:41.194478  6382 data_dirs.cc:400] Could only allocate 1 dirs of requested 3 for tablet 7e269dc8ff7f41f3b32ac33eb3d57b8a. 1 dirs total, 0 dirs full, 0 dirs failed
I20260710 13:18:41.194543  6381 tablet_service.cc:1511] Processing CreateTablet for tablet 1f067229c35e481cbd4a02528b4878e7 (DEFAULT_TABLE table=test-workload [id=53247ae9d00b4830add0ceb3e6b1ceda]), partition=RANGE (key) PARTITION 1717986912 <= VALUES < 1932735276
I20260710 13:18:41.196030  6381 data_dirs.cc:400] Could only allocate 1 dirs of requested 3 for tablet 1f067229c35e481cbd4a02528b4878e7. 1 dirs total, 0 dirs full, 0 dirs failed
I20260710 13:18:41.193233  6387 tablet_service.cc:1511] Processing CreateTablet for tablet 0bb85cbf54514f159b1319bd9aec861b (DEFAULT_TABLE table=test-workload [id=53247ae9d00b4830add0ceb3e6b1ceda]), partition=RANGE (key) PARTITION 1288490184 <= VALUES < 1503238548
I20260710 13:18:41.197563  6387 data_dirs.cc:400] Could only allocate 1 dirs of requested 3 for tablet 0bb85cbf54514f159b1319bd9aec861b. 1 dirs total, 0 dirs full, 0 dirs failed
I20260710 13:18:41.201715  6380 tablet_service.cc:1511] Processing CreateTablet for tablet 10cb5d79879641c9a14b75082fdb3c09 (DEFAULT_TABLE table=test-workload [id=53247ae9d00b4830add0ceb3e6b1ceda]), partition=RANGE (key) PARTITION 1932735276 <= VALUES
I20260710 13:18:41.203090  6380 data_dirs.cc:400] Could only allocate 1 dirs of requested 3 for tablet 10cb5d79879641c9a14b75082fdb3c09. 1 dirs total, 0 dirs full, 0 dirs failed
I20260710 13:18:41.164189  6588 tablet_bootstrap.cc:492] T 0d09f4b76abe4272b4df04a95f4d5e69 P e4a4f126a66242f58d90187928e19823: No bootstrap required, opened a new log
I20260710 13:18:41.218150  6588 ts_tablet_manager.cc:1403] T 0d09f4b76abe4272b4df04a95f4d5e69 P e4a4f126a66242f58d90187928e19823: Time spent bootstrapping tablet: real 0.093s	user 0.013s	sys 0.009s
I20260710 13:18:41.241793  6588 raft_consensus.cc:359] T 0d09f4b76abe4272b4df04a95f4d5e69 P e4a4f126a66242f58d90187928e19823 [term 0 FOLLOWER]: Replica starting. Triggering 0 pending ops. Active config: opid_index: -1 OBSOLETE_local: false peers { permanent_uuid: "a395cb0964db4fbcbb9a2de895bf740f" member_type: VOTER last_known_addr { host: "127.5.163.3" port: 40017 } } peers { permanent_uuid: "e4a4f126a66242f58d90187928e19823" member_type: VOTER last_known_addr { host: "127.5.163.2" port: 43095 } } peers { permanent_uuid: "b11a76bf6de54301ad965969b2ca392e" member_type: VOTER last_known_addr { host: "127.5.163.1" port: 35407 } }
I20260710 13:18:41.242751  6588 raft_consensus.cc:385] T 0d09f4b76abe4272b4df04a95f4d5e69 P e4a4f126a66242f58d90187928e19823 [term 0 FOLLOWER]: Consensus starting up: Expiring failure detector timer to make a prompt election more likely
I20260710 13:18:41.243130  6588 raft_consensus.cc:740] T 0d09f4b76abe4272b4df04a95f4d5e69 P e4a4f126a66242f58d90187928e19823 [term 0 FOLLOWER]: Becoming Follower/Learner. State: Replica: e4a4f126a66242f58d90187928e19823, State: Initialized, Role: FOLLOWER
I20260710 13:18:41.250068  6586 ts_tablet_manager.cc:1434] T 80099c215b8f4aff884997395d23ab41 P a395cb0964db4fbcbb9a2de895bf740f: Time spent starting tablet: real 0.111s	user 0.017s	sys 0.022s
I20260710 13:18:41.250854  6572 heartbeater.cc:499] Master 127.5.163.62:35923 was elected leader, sending a full tablet report...
I20260710 13:18:41.251107  6586 tablet_bootstrap.cc:492] T 56d9d0c678e84e5a90f4ab3b836fd475 P a395cb0964db4fbcbb9a2de895bf740f: Bootstrap starting.
I20260710 13:18:41.257561  6586 tablet_bootstrap.cc:654] T 56d9d0c678e84e5a90f4ab3b836fd475 P a395cb0964db4fbcbb9a2de895bf740f: Neither blocks nor log segments found. Creating new log.
I20260710 13:18:41.244025  6588 consensus_queue.cc:260] T 0d09f4b76abe4272b4df04a95f4d5e69 P e4a4f126a66242f58d90187928e19823 [NON_LEADER]: Queue going to NON_LEADER mode. State: All replicated index: 0, Majority replicated index: 0, Committed index: 0, Last appended: 0.0, Last appended by leader: 0, Current term: 0, Majority size: -1, State: 0, Mode: NON_LEADER, active raft config: opid_index: -1 OBSOLETE_local: false peers { permanent_uuid: "a395cb0964db4fbcbb9a2de895bf740f" member_type: VOTER last_known_addr { host: "127.5.163.3" port: 40017 } } peers { permanent_uuid: "e4a4f126a66242f58d90187928e19823" member_type: VOTER last_known_addr { host: "127.5.163.2" port: 43095 } } peers { permanent_uuid: "b11a76bf6de54301ad965969b2ca392e" member_type: VOTER last_known_addr { host: "127.5.163.1" port: 35407 } }
I20260710 13:18:41.279595  6498 heartbeater.cc:499] Master 127.5.163.62:35923 was elected leader, sending a full tablet report...
I20260710 13:18:41.281785  6586 tablet_bootstrap.cc:492] T 56d9d0c678e84e5a90f4ab3b836fd475 P a395cb0964db4fbcbb9a2de895bf740f: No bootstrap required, opened a new log
I20260710 13:18:41.282496  6586 ts_tablet_manager.cc:1403] T 56d9d0c678e84e5a90f4ab3b836fd475 P a395cb0964db4fbcbb9a2de895bf740f: Time spent bootstrapping tablet: real 0.032s	user 0.021s	sys 0.007s
I20260710 13:18:41.286721  6586 raft_consensus.cc:359] T 56d9d0c678e84e5a90f4ab3b836fd475 P a395cb0964db4fbcbb9a2de895bf740f [term 0 FOLLOWER]: Replica starting. Triggering 0 pending ops. Active config: opid_index: -1 OBSOLETE_local: false peers { permanent_uuid: "b11a76bf6de54301ad965969b2ca392e" member_type: VOTER last_known_addr { host: "127.5.163.1" port: 35407 } } peers { permanent_uuid: "e4a4f126a66242f58d90187928e19823" member_type: VOTER last_known_addr { host: "127.5.163.2" port: 43095 } } peers { permanent_uuid: "a395cb0964db4fbcbb9a2de895bf740f" member_type: VOTER last_known_addr { host: "127.5.163.3" port: 40017 } }
I20260710 13:18:41.292551  6590 tablet_bootstrap.cc:492] T 0d09f4b76abe4272b4df04a95f4d5e69 P b11a76bf6de54301ad965969b2ca392e: Bootstrap starting.
I20260710 13:18:41.293764  6588 ts_tablet_manager.cc:1434] T 0d09f4b76abe4272b4df04a95f4d5e69 P e4a4f126a66242f58d90187928e19823: Time spent starting tablet: real 0.075s	user 0.010s	sys 0.000s
I20260710 13:18:41.294770  6588 tablet_bootstrap.cc:492] T 56d9d0c678e84e5a90f4ab3b836fd475 P e4a4f126a66242f58d90187928e19823: Bootstrap starting.
I20260710 13:18:41.299312  6590 tablet_bootstrap.cc:654] T 0d09f4b76abe4272b4df04a95f4d5e69 P b11a76bf6de54301ad965969b2ca392e: Neither blocks nor log segments found. Creating new log.
I20260710 13:18:41.290964  6586 raft_consensus.cc:385] T 56d9d0c678e84e5a90f4ab3b836fd475 P a395cb0964db4fbcbb9a2de895bf740f [term 0 FOLLOWER]: Consensus starting up: Expiring failure detector timer to make a prompt election more likely
I20260710 13:18:41.301774  6586 raft_consensus.cc:740] T 56d9d0c678e84e5a90f4ab3b836fd475 P a395cb0964db4fbcbb9a2de895bf740f [term 0 FOLLOWER]: Becoming Follower/Learner. State: Replica: a395cb0964db4fbcbb9a2de895bf740f, State: Initialized, Role: FOLLOWER
I20260710 13:18:41.301978  6588 tablet_bootstrap.cc:654] T 56d9d0c678e84e5a90f4ab3b836fd475 P e4a4f126a66242f58d90187928e19823: Neither blocks nor log segments found. Creating new log.
I20260710 13:18:41.302600  6586 consensus_queue.cc:260] T 56d9d0c678e84e5a90f4ab3b836fd475 P a395cb0964db4fbcbb9a2de895bf740f [NON_LEADER]: Queue going to NON_LEADER mode. State: All replicated index: 0, Majority replicated index: 0, Committed index: 0, Last appended: 0.0, Last appended by leader: 0, Current term: 0, Majority size: -1, State: 0, Mode: NON_LEADER, active raft config: opid_index: -1 OBSOLETE_local: false peers { permanent_uuid: "b11a76bf6de54301ad965969b2ca392e" member_type: VOTER last_known_addr { host: "127.5.163.1" port: 35407 } } peers { permanent_uuid: "e4a4f126a66242f58d90187928e19823" member_type: VOTER last_known_addr { host: "127.5.163.2" port: 43095 } } peers { permanent_uuid: "a395cb0964db4fbcbb9a2de895bf740f" member_type: VOTER last_known_addr { host: "127.5.163.3" port: 40017 } }
I20260710 13:18:41.305089  6590 tablet_bootstrap.cc:492] T 0d09f4b76abe4272b4df04a95f4d5e69 P b11a76bf6de54301ad965969b2ca392e: No bootstrap required, opened a new log
I20260710 13:18:41.305900  6590 ts_tablet_manager.cc:1403] T 0d09f4b76abe4272b4df04a95f4d5e69 P b11a76bf6de54301ad965969b2ca392e: Time spent bootstrapping tablet: real 0.014s	user 0.007s	sys 0.006s
I20260710 13:18:41.305066  6586 ts_tablet_manager.cc:1434] T 56d9d0c678e84e5a90f4ab3b836fd475 P a395cb0964db4fbcbb9a2de895bf740f: Time spent starting tablet: real 0.022s	user 0.008s	sys 0.003s
I20260710 13:18:41.307473  6586 tablet_bootstrap.cc:492] T 0bb85cbf54514f159b1319bd9aec861b P a395cb0964db4fbcbb9a2de895bf740f: Bootstrap starting.
I20260710 13:18:41.316205  6586 tablet_bootstrap.cc:654] T 0bb85cbf54514f159b1319bd9aec861b P a395cb0964db4fbcbb9a2de895bf740f: Neither blocks nor log segments found. Creating new log.
I20260710 13:18:41.316816  6590 raft_consensus.cc:359] T 0d09f4b76abe4272b4df04a95f4d5e69 P b11a76bf6de54301ad965969b2ca392e [term 0 FOLLOWER]: Replica starting. Triggering 0 pending ops. Active config: opid_index: -1 OBSOLETE_local: false peers { permanent_uuid: "a395cb0964db4fbcbb9a2de895bf740f" member_type: VOTER last_known_addr { host: "127.5.163.3" port: 40017 } } peers { permanent_uuid: "e4a4f126a66242f58d90187928e19823" member_type: VOTER last_known_addr { host: "127.5.163.2" port: 43095 } } peers { permanent_uuid: "b11a76bf6de54301ad965969b2ca392e" member_type: VOTER last_known_addr { host: "127.5.163.1" port: 35407 } }
I20260710 13:18:41.317441  6590 raft_consensus.cc:385] T 0d09f4b76abe4272b4df04a95f4d5e69 P b11a76bf6de54301ad965969b2ca392e [term 0 FOLLOWER]: Consensus starting up: Expiring failure detector timer to make a prompt election more likely
I20260710 13:18:41.317713  6590 raft_consensus.cc:740] T 0d09f4b76abe4272b4df04a95f4d5e69 P b11a76bf6de54301ad965969b2ca392e [term 0 FOLLOWER]: Becoming Follower/Learner. State: Replica: b11a76bf6de54301ad965969b2ca392e, State: Initialized, Role: FOLLOWER
I20260710 13:18:41.318415  6590 consensus_queue.cc:260] T 0d09f4b76abe4272b4df04a95f4d5e69 P b11a76bf6de54301ad965969b2ca392e [NON_LEADER]: Queue going to NON_LEADER mode. State: All replicated index: 0, Majority replicated index: 0, Committed index: 0, Last appended: 0.0, Last appended by leader: 0, Current term: 0, Majority size: -1, State: 0, Mode: NON_LEADER, active raft config: opid_index: -1 OBSOLETE_local: false peers { permanent_uuid: "a395cb0964db4fbcbb9a2de895bf740f" member_type: VOTER last_known_addr { host: "127.5.163.3" port: 40017 } } peers { permanent_uuid: "e4a4f126a66242f58d90187928e19823" member_type: VOTER last_known_addr { host: "127.5.163.2" port: 43095 } } peers { permanent_uuid: "b11a76bf6de54301ad965969b2ca392e" member_type: VOTER last_known_addr { host: "127.5.163.1" port: 35407 } }
I20260710 13:18:41.320747  6423 heartbeater.cc:499] Master 127.5.163.62:35923 was elected leader, sending a full tablet report...
I20260710 13:18:41.321272  6590 ts_tablet_manager.cc:1434] T 0d09f4b76abe4272b4df04a95f4d5e69 P b11a76bf6de54301ad965969b2ca392e: Time spent starting tablet: real 0.015s	user 0.007s	sys 0.000s
I20260710 13:18:41.322180  6590 tablet_bootstrap.cc:492] T 80099c215b8f4aff884997395d23ab41 P b11a76bf6de54301ad965969b2ca392e: Bootstrap starting.
I20260710 13:18:41.326824  6588 tablet_bootstrap.cc:492] T 56d9d0c678e84e5a90f4ab3b836fd475 P e4a4f126a66242f58d90187928e19823: No bootstrap required, opened a new log
I20260710 13:18:41.327423  6588 ts_tablet_manager.cc:1403] T 56d9d0c678e84e5a90f4ab3b836fd475 P e4a4f126a66242f58d90187928e19823: Time spent bootstrapping tablet: real 0.033s	user 0.009s	sys 0.019s
