I20260710 13:18:49.468852 11513 hybrid_clock.cc:584] initializing the hybrid clock with 'system_unsync' time source
W20260710 13:18:49.469058 11513 system_unsync_time.cc:38] NTP support is disabled. Clock error bounds will not be accurate. This configuration is not suitable for distributed clusters.
I20260710 13:18:49.469226 11513 hybrid_clock.cc:648] HybridClock initialized: now 1783689529469209 us; error 0 us; skew 500 ppm
I20260710 13:18:49.469990 11513 server_base.cc:861] Flag tcmalloc_max_total_thread_cache_bytes is not working since tcmalloc is not enabled.
I20260710 13:18:49.472404 11513 webserver.cc:533] Webserver started at http://127.11.62.126:41593/ using document root <none> and password file <none>
I20260710 13:18:49.472872 11513 fs_manager.cc:362] Metadata directory not provided
I20260710 13:18:49.473069 11513 fs_manager.cc:368] Using write-ahead log directory (fs_wal_dir) as metadata directory
I20260710 13:18:49.473402 11513 server_base.cc:909] This appears to be a new deployment of Kudu; creating new FS layout
I20260710 13:18:49.474488 11513 fs_manager.cc:1068] Generated new instance metadata in path /tmp/dist-test-taskTJCdC0/test-tmp/auto_leader_rebalancer-test.0.LeaderRebalancerTest.AddTserver.1783689505835852-11513-0/minicluster-data/master-0-root/instance:
uuid: "3a129ff5e0754f5da09033e131b9fd17"
format_stamp: "Formatted at 2026-07-10 13:18:49 on dist-test-slave-l6d2"
I20260710 13:18:49.478790 11513 fs_manager.cc:696] Time spent creating directory manager: real 0.004s	user 0.005s	sys 0.000s
I20260710 13:18:49.482175 12524 log_block_manager.cc:4127] Time spent loading block containers with low live blocks: real 0.000s	user 0.000s	sys 0.000s
I20260710 13:18:49.483144 11513 fs_manager.cc:730] Time spent opening block manager: real 0.002s	user 0.003s	sys 0.000s
I20260710 13:18:49.483438 11513 fs_manager.cc:647] Opened local filesystem: /tmp/dist-test-taskTJCdC0/test-tmp/auto_leader_rebalancer-test.0.LeaderRebalancerTest.AddTserver.1783689505835852-11513-0/minicluster-data/master-0-root
uuid: "3a129ff5e0754f5da09033e131b9fd17"
format_stamp: "Formatted at 2026-07-10 13:18:49 on dist-test-slave-l6d2"
I20260710 13:18:49.483733 11513 fs_report.cc:389] FS layout report
--------------------
wal directory: /tmp/dist-test-taskTJCdC0/test-tmp/auto_leader_rebalancer-test.0.LeaderRebalancerTest.AddTserver.1783689505835852-11513-0/minicluster-data/master-0-root
metadata directory: /tmp/dist-test-taskTJCdC0/test-tmp/auto_leader_rebalancer-test.0.LeaderRebalancerTest.AddTserver.1783689505835852-11513-0/minicluster-data/master-0-root
1 data directories: /tmp/dist-test-taskTJCdC0/test-tmp/auto_leader_rebalancer-test.0.LeaderRebalancerTest.AddTserver.1783689505835852-11513-0/minicluster-data/master-0-root/data
Total live blocks: 0
Total live bytes: 0
Total live bytes (after alignment): 0
Total number of LBM containers: 0 (0 full)
Did not check for missing blocks
Did not check for orphaned blocks
Total full LBM containers with extra space: 0 (0 repaired)
Total full LBM container extra space in bytes: 0 (0 repaired)
Total incomplete LBM containers: 0 (0 repaired)
Total LBM partial records: 0 (0 repaired)
Total corrupted LBM metadata records in RocksDB: 0 (0 repaired)
I20260710 13:18:49.510842 11513 rpc_server.cc:225] running with OpenSSL 1.1.1  11 Sep 2018
I20260710 13:18:49.512029 11513 kserver.cc:163] Server-wide thread pool size limit: 3276
I20260710 13:18:49.548929 11513 rpc_server.cc:307] RPC server started. Bound to: 127.11.62.126:32945
I20260710 13:18:49.549063 12575 acceptor_pool.cc:272] collecting diagnostics on the listening RPC socket 127.11.62.126:32945 every 8 connection(s)
I20260710 13:18:49.553025 12576 data_dirs.cc:400] Could only allocate 1 dirs of requested 3 for tablet 00000000000000000000000000000000. 1 dirs total, 0 dirs full, 0 dirs failed
I20260710 13:18:49.562340 12576 tablet_bootstrap.cc:492] T 00000000000000000000000000000000 P 3a129ff5e0754f5da09033e131b9fd17: Bootstrap starting.
I20260710 13:18:49.566706 12576 tablet_bootstrap.cc:654] T 00000000000000000000000000000000 P 3a129ff5e0754f5da09033e131b9fd17: Neither blocks nor log segments found. Creating new log.
I20260710 13:18:49.570731 12576 tablet_bootstrap.cc:492] T 00000000000000000000000000000000 P 3a129ff5e0754f5da09033e131b9fd17: No bootstrap required, opened a new log
I20260710 13:18:49.572758 12576 raft_consensus.cc:359] T 00000000000000000000000000000000 P 3a129ff5e0754f5da09033e131b9fd17 [term 0 FOLLOWER]: Replica starting. Triggering 0 pending ops. Active config: opid_index: -1 OBSOLETE_local: true peers { permanent_uuid: "3a129ff5e0754f5da09033e131b9fd17" member_type: VOTER }
I20260710 13:18:49.573099 12576 raft_consensus.cc:385] T 00000000000000000000000000000000 P 3a129ff5e0754f5da09033e131b9fd17 [term 0 FOLLOWER]: Consensus starting up: Expiring failure detector timer to make a prompt election more likely
I20260710 13:18:49.573400 12576 raft_consensus.cc:740] T 00000000000000000000000000000000 P 3a129ff5e0754f5da09033e131b9fd17 [term 0 FOLLOWER]: Becoming Follower/Learner. State: Replica: 3a129ff5e0754f5da09033e131b9fd17, State: Initialized, Role: FOLLOWER
I20260710 13:18:49.573995 12576 consensus_queue.cc:260] T 00000000000000000000000000000000 P 3a129ff5e0754f5da09033e131b9fd17 [NON_LEADER]: Queue going to NON_LEADER mode. State: All replicated index: 0, Majority replicated index: 0, Committed index: 0, Last appended: 0.0, Last appended by leader: 0, Current term: 0, Majority size: -1, State: 0, Mode: NON_LEADER, active raft config: opid_index: -1 OBSOLETE_local: true peers { permanent_uuid: "3a129ff5e0754f5da09033e131b9fd17" member_type: VOTER }
I20260710 13:18:49.574431 12576 raft_consensus.cc:399] T 00000000000000000000000000000000 P 3a129ff5e0754f5da09033e131b9fd17 [term 0 FOLLOWER]: Only one voter in the Raft config. Triggering election immediately
I20260710 13:18:49.574638 12576 raft_consensus.cc:493] T 00000000000000000000000000000000 P 3a129ff5e0754f5da09033e131b9fd17 [term 0 FOLLOWER]: Starting leader election (initial election of a single-replica configuration)
I20260710 13:18:49.574936 12576 raft_consensus.cc:3060] T 00000000000000000000000000000000 P 3a129ff5e0754f5da09033e131b9fd17 [term 0 FOLLOWER]: Advancing to term 1
I20260710 13:18:49.579044 12576 raft_consensus.cc:515] T 00000000000000000000000000000000 P 3a129ff5e0754f5da09033e131b9fd17 [term 1 FOLLOWER]: Starting leader election with config: opid_index: -1 OBSOLETE_local: true peers { permanent_uuid: "3a129ff5e0754f5da09033e131b9fd17" member_type: VOTER }
I20260710 13:18:49.579528 12576 leader_election.cc:304] T 00000000000000000000000000000000 P 3a129ff5e0754f5da09033e131b9fd17 [CANDIDATE]: Term 1 election: Election decided. Result: candidate won. Election summary: received 1 responses out of 1 voters: 1 yes votes; 0 no votes. yes voters: 3a129ff5e0754f5da09033e131b9fd17; no voters: 
I20260710 13:18:49.580646 12576 leader_election.cc:290] T 00000000000000000000000000000000 P 3a129ff5e0754f5da09033e131b9fd17 [CANDIDATE]: Term 1 election: Requested vote from peers 
I20260710 13:18:49.580972 12579 raft_consensus.cc:2804] T 00000000000000000000000000000000 P 3a129ff5e0754f5da09033e131b9fd17 [term 1 FOLLOWER]: Leader election won for term 1
I20260710 13:18:49.582243 12579 raft_consensus.cc:697] T 00000000000000000000000000000000 P 3a129ff5e0754f5da09033e131b9fd17 [term 1 LEADER]: Becoming Leader. State: Replica: 3a129ff5e0754f5da09033e131b9fd17, State: Running, Role: LEADER
I20260710 13:18:49.582890 12579 consensus_queue.cc:237] T 00000000000000000000000000000000 P 3a129ff5e0754f5da09033e131b9fd17 [LEADER]: Queue going to LEADER mode. State: All replicated index: 0, Majority replicated index: 0, Committed index: 0, Last appended: 0.0, Last appended by leader: 0, Current term: 1, Majority size: 1, State: 0, Mode: LEADER, active raft config: opid_index: -1 OBSOLETE_local: true peers { permanent_uuid: "3a129ff5e0754f5da09033e131b9fd17" member_type: VOTER }
I20260710 13:18:49.583534 12576 sys_catalog.cc:565] T 00000000000000000000000000000000 P 3a129ff5e0754f5da09033e131b9fd17 [sys.catalog]: configured and running, proceeding with master startup.
I20260710 13:18:49.587191 12581 sys_catalog.cc:455] T 00000000000000000000000000000000 P 3a129ff5e0754f5da09033e131b9fd17 [sys.catalog]: SysCatalogTable state changed. Reason: New leader 3a129ff5e0754f5da09033e131b9fd17. Latest consensus state: current_term: 1 leader_uuid: "3a129ff5e0754f5da09033e131b9fd17" committed_config { opid_index: -1 OBSOLETE_local: true peers { permanent_uuid: "3a129ff5e0754f5da09033e131b9fd17" member_type: VOTER } }
I20260710 13:18:49.587872 12581 sys_catalog.cc:458] T 00000000000000000000000000000000 P 3a129ff5e0754f5da09033e131b9fd17 [sys.catalog]: This master's current role is: LEADER
I20260710 13:18:49.587476 12580 sys_catalog.cc:455] T 00000000000000000000000000000000 P 3a129ff5e0754f5da09033e131b9fd17 [sys.catalog]: SysCatalogTable state changed. Reason: RaftConsensus started. Latest consensus state: current_term: 1 leader_uuid: "3a129ff5e0754f5da09033e131b9fd17" committed_config { opid_index: -1 OBSOLETE_local: true peers { permanent_uuid: "3a129ff5e0754f5da09033e131b9fd17" member_type: VOTER } }
I20260710 13:18:49.588395 12580 sys_catalog.cc:458] T 00000000000000000000000000000000 P 3a129ff5e0754f5da09033e131b9fd17 [sys.catalog]: This master's current role is: LEADER
I20260710 13:18:49.593561 12585 catalog_manager.cc:1511] Loading table and tablet metadata into memory...
I20260710 13:18:49.601122 12585 catalog_manager.cc:1520] Initializing Kudu cluster ID...
I20260710 13:18:49.602097 11513 internal_mini_cluster.cc:184] Waiting to initialize catalog manager on master 0
I20260710 13:18:49.609989 12585 catalog_manager.cc:1383] Generated new cluster ID: 82cdb7030b9542739002426456c86013
I20260710 13:18:49.610294 12585 catalog_manager.cc:1531] Initializing Kudu internal certificate authority...
I20260710 13:18:49.632151 12585 catalog_manager.cc:1406] Generated new certificate authority record
I20260710 13:18:49.633388 12585 catalog_manager.cc:1540] Loading token signing keys...
I20260710 13:18:49.649570 12585 catalog_manager.cc:6070] T 00000000000000000000000000000000 P 3a129ff5e0754f5da09033e131b9fd17: Generated new TSK 0
I20260710 13:18:49.650152 12585 catalog_manager.cc:1550] Initializing in-progress tserver states...
I20260710 13:18:49.668432 11513 file_cache.cc:504] Constructed file cache file cache with capacity 419430
W20260710 13:18:49.674885 12597 instance_detector.cc:116] could not retrieve AWS instance metadata: Network error: curl error: HTTP response code said error: The requested URL returned error: 404
W20260710 13:18:49.676168 12598 instance_detector.cc:116] could not retrieve Azure instance metadata: Network error: curl error: HTTP response code said error: The requested URL returned error: 404
W20260710 13:18:49.678848 12600 instance_detector.cc:116] could not retrieve OpenStack instance metadata: Network error: curl error: HTTP response code said error: The requested URL returned error: 404
I20260710 13:18:49.678931 11513 server_base.cc:1061] running on GCE node
I20260710 13:18:49.680099 11513 hybrid_clock.cc:584] initializing the hybrid clock with 'system_unsync' time source
W20260710 13:18:49.680317 11513 system_unsync_time.cc:38] NTP support is disabled. Clock error bounds will not be accurate. This configuration is not suitable for distributed clusters.
I20260710 13:18:49.680521 11513 hybrid_clock.cc:648] HybridClock initialized: now 1783689529680506 us; error 0 us; skew 500 ppm
I20260710 13:18:49.681149 11513 server_base.cc:861] Flag tcmalloc_max_total_thread_cache_bytes is not working since tcmalloc is not enabled.
I20260710 13:18:49.683625 11513 webserver.cc:533] Webserver started at http://127.11.62.65:45103/ using document root <none> and password file <none>
I20260710 13:18:49.684171 11513 fs_manager.cc:362] Metadata directory not provided
I20260710 13:18:49.684373 11513 fs_manager.cc:368] Using write-ahead log directory (fs_wal_dir) as metadata directory
I20260710 13:18:49.684715 11513 server_base.cc:909] This appears to be a new deployment of Kudu; creating new FS layout
I20260710 13:18:49.686041 11513 fs_manager.cc:1068] Generated new instance metadata in path /tmp/dist-test-taskTJCdC0/test-tmp/auto_leader_rebalancer-test.0.LeaderRebalancerTest.AddTserver.1783689505835852-11513-0/minicluster-data/ts-0-root/instance:
uuid: "c622e5e27c4d41ca8f5eac57e79686c7"
format_stamp: "Formatted at 2026-07-10 13:18:49 on dist-test-slave-l6d2"
I20260710 13:18:49.690871 11513 fs_manager.cc:696] Time spent creating directory manager: real 0.004s	user 0.005s	sys 0.000s
I20260710 13:18:49.694617 12605 log_block_manager.cc:4127] Time spent loading block containers with low live blocks: real 0.000s	user 0.000s	sys 0.000s
I20260710 13:18:49.695571 11513 fs_manager.cc:730] Time spent opening block manager: real 0.003s	user 0.003s	sys 0.001s
I20260710 13:18:49.695914 11513 fs_manager.cc:647] Opened local filesystem: /tmp/dist-test-taskTJCdC0/test-tmp/auto_leader_rebalancer-test.0.LeaderRebalancerTest.AddTserver.1783689505835852-11513-0/minicluster-data/ts-0-root
uuid: "c622e5e27c4d41ca8f5eac57e79686c7"
format_stamp: "Formatted at 2026-07-10 13:18:49 on dist-test-slave-l6d2"
I20260710 13:18:49.696203 11513 fs_report.cc:389] FS layout report
--------------------
wal directory: /tmp/dist-test-taskTJCdC0/test-tmp/auto_leader_rebalancer-test.0.LeaderRebalancerTest.AddTserver.1783689505835852-11513-0/minicluster-data/ts-0-root
metadata directory: /tmp/dist-test-taskTJCdC0/test-tmp/auto_leader_rebalancer-test.0.LeaderRebalancerTest.AddTserver.1783689505835852-11513-0/minicluster-data/ts-0-root
1 data directories: /tmp/dist-test-taskTJCdC0/test-tmp/auto_leader_rebalancer-test.0.LeaderRebalancerTest.AddTserver.1783689505835852-11513-0/minicluster-data/ts-0-root/data
Total live blocks: 0
Total live bytes: 0
Total live bytes (after alignment): 0
Total number of LBM containers: 0 (0 full)
Did not check for missing blocks
Did not check for orphaned blocks
Total full LBM containers with extra space: 0 (0 repaired)
Total full LBM container extra space in bytes: 0 (0 repaired)
Total incomplete LBM containers: 0 (0 repaired)
Total LBM partial records: 0 (0 repaired)
Total corrupted LBM metadata records in RocksDB: 0 (0 repaired)
I20260710 13:18:49.732553 11513 rpc_server.cc:225] running with OpenSSL 1.1.1  11 Sep 2018
I20260710 13:18:49.733824 11513 kserver.cc:163] Server-wide thread pool size limit: 3276
I20260710 13:18:49.735340 11513 txn_system_client.cc:432] TxnSystemClient initialization is disabled...
I20260710 13:18:49.737576 11513 ts_tablet_manager.cc:585] Loaded tablet metadata (0 total tablets, 0 live tablets)
I20260710 13:18:49.737756 11513 ts_tablet_manager.cc:531] Time spent load tablet metadata: real 0.000s	user 0.000s	sys 0.000s
I20260710 13:18:49.738050 11513 ts_tablet_manager.cc:616] Registered 0 tablets
I20260710 13:18:49.738219 11513 ts_tablet_manager.cc:595] Time spent register tablets: real 0.000s	user 0.000s	sys 0.000s
I20260710 13:18:49.781116 11513 rpc_server.cc:307] RPC server started. Bound to: 127.11.62.65:32915
I20260710 13:18:49.781241 12667 acceptor_pool.cc:272] collecting diagnostics on the listening RPC socket 127.11.62.65:32915 every 8 connection(s)
I20260710 13:18:49.785686 11513 file_cache.cc:504] Constructed file cache file cache with capacity 419430
W20260710 13:18:49.793078 12672 instance_detector.cc:116] could not retrieve AWS instance metadata: Network error: curl error: HTTP response code said error: The requested URL returned error: 404
W20260710 13:18:49.794673 12673 instance_detector.cc:116] could not retrieve Azure instance metadata: Network error: curl error: HTTP response code said error: The requested URL returned error: 404
W20260710 13:18:49.797760 12675 instance_detector.cc:116] could not retrieve OpenStack instance metadata: Network error: curl error: HTTP response code said error: The requested URL returned error: 404
I20260710 13:18:49.798070 11513 server_base.cc:1061] running on GCE node
I20260710 13:18:49.798588 12668 heartbeater.cc:344] Connected to a master server at 127.11.62.126:32945
I20260710 13:18:49.799032 12668 heartbeater.cc:461] Registering TS with master...
I20260710 13:18:49.799464 11513 hybrid_clock.cc:584] initializing the hybrid clock with 'system_unsync' time source
W20260710 13:18:49.799728 11513 system_unsync_time.cc:38] NTP support is disabled. Clock error bounds will not be accurate. This configuration is not suitable for distributed clusters.
I20260710 13:18:49.799710 12668 heartbeater.cc:507] Master 127.11.62.126:32945 requested a full tablet report, sending...
I20260710 13:18:49.800132 11513 hybrid_clock.cc:648] HybridClock initialized: now 1783689529800110 us; error 0 us; skew 500 ppm
I20260710 13:18:49.800814 11513 server_base.cc:861] Flag tcmalloc_max_total_thread_cache_bytes is not working since tcmalloc is not enabled.
I20260710 13:18:49.801994 12541 ts_manager.cc:194] Registered new tserver with Master: c622e5e27c4d41ca8f5eac57e79686c7 (127.11.62.65:32915)
I20260710 13:18:49.803730 11513 webserver.cc:533] Webserver started at http://127.11.62.66:44787/ using document root <none> and password file <none>
I20260710 13:18:49.803992 12541 master_service.cc:502] Signed X509 certificate for tserver {username='slave'} at 127.0.0.1:42392
I20260710 13:18:49.804299 11513 fs_manager.cc:362] Metadata directory not provided
I20260710 13:18:49.804557 11513 fs_manager.cc:368] Using write-ahead log directory (fs_wal_dir) as metadata directory
I20260710 13:18:49.804845 11513 server_base.cc:909] This appears to be a new deployment of Kudu; creating new FS layout
I20260710 13:18:49.806142 11513 fs_manager.cc:1068] Generated new instance metadata in path /tmp/dist-test-taskTJCdC0/test-tmp/auto_leader_rebalancer-test.0.LeaderRebalancerTest.AddTserver.1783689505835852-11513-0/minicluster-data/ts-1-root/instance:
uuid: "f203c7f1b772410e84e54dd0260e4239"
format_stamp: "Formatted at 2026-07-10 13:18:49 on dist-test-slave-l6d2"
I20260710 13:18:49.810784 11513 fs_manager.cc:696] Time spent creating directory manager: real 0.004s	user 0.000s	sys 0.004s
I20260710 13:18:49.813889 12680 log_block_manager.cc:4127] Time spent loading block containers with low live blocks: real 0.000s	user 0.000s	sys 0.000s
I20260710 13:18:49.814638 11513 fs_manager.cc:730] Time spent opening block manager: real 0.002s	user 0.001s	sys 0.002s
I20260710 13:18:49.814978 11513 fs_manager.cc:647] Opened local filesystem: /tmp/dist-test-taskTJCdC0/test-tmp/auto_leader_rebalancer-test.0.LeaderRebalancerTest.AddTserver.1783689505835852-11513-0/minicluster-data/ts-1-root
uuid: "f203c7f1b772410e84e54dd0260e4239"
format_stamp: "Formatted at 2026-07-10 13:18:49 on dist-test-slave-l6d2"
I20260710 13:18:49.815235 11513 fs_report.cc:389] FS layout report
--------------------
wal directory: /tmp/dist-test-taskTJCdC0/test-tmp/auto_leader_rebalancer-test.0.LeaderRebalancerTest.AddTserver.1783689505835852-11513-0/minicluster-data/ts-1-root
metadata directory: /tmp/dist-test-taskTJCdC0/test-tmp/auto_leader_rebalancer-test.0.LeaderRebalancerTest.AddTserver.1783689505835852-11513-0/minicluster-data/ts-1-root
1 data directories: /tmp/dist-test-taskTJCdC0/test-tmp/auto_leader_rebalancer-test.0.LeaderRebalancerTest.AddTserver.1783689505835852-11513-0/minicluster-data/ts-1-root/data
Total live blocks: 0
Total live bytes: 0
Total live bytes (after alignment): 0
Total number of LBM containers: 0 (0 full)
Did not check for missing blocks
Did not check for orphaned blocks
Total full LBM containers with extra space: 0 (0 repaired)
Total full LBM container extra space in bytes: 0 (0 repaired)
Total incomplete LBM containers: 0 (0 repaired)
Total LBM partial records: 0 (0 repaired)
Total corrupted LBM metadata records in RocksDB: 0 (0 repaired)
I20260710 13:18:49.834827 11513 rpc_server.cc:225] running with OpenSSL 1.1.1  11 Sep 2018
I20260710 13:18:49.836032 11513 kserver.cc:163] Server-wide thread pool size limit: 3276
I20260710 13:18:49.837584 11513 txn_system_client.cc:432] TxnSystemClient initialization is disabled...
I20260710 13:18:49.839980 11513 ts_tablet_manager.cc:585] Loaded tablet metadata (0 total tablets, 0 live tablets)
I20260710 13:18:49.840169 11513 ts_tablet_manager.cc:531] Time spent load tablet metadata: real 0.000s	user 0.000s	sys 0.000s
I20260710 13:18:49.840487 11513 ts_tablet_manager.cc:616] Registered 0 tablets
I20260710 13:18:49.840663 11513 ts_tablet_manager.cc:595] Time spent register tablets: real 0.000s	user 0.000s	sys 0.000s
I20260710 13:18:49.882282 11513 rpc_server.cc:307] RPC server started. Bound to: 127.11.62.66:46603
I20260710 13:18:49.882377 12742 acceptor_pool.cc:272] collecting diagnostics on the listening RPC socket 127.11.62.66:46603 every 8 connection(s)
I20260710 13:18:49.887420 11513 file_cache.cc:504] Constructed file cache file cache with capacity 419430
W20260710 13:18:49.895460 12746 instance_detector.cc:116] could not retrieve AWS instance metadata: Network error: curl error: HTTP response code said error: The requested URL returned error: 404
W20260710 13:18:49.896042 12747 instance_detector.cc:116] could not retrieve Azure instance metadata: Network error: curl error: HTTP response code said error: The requested URL returned error: 404
W20260710 13:18:49.899740 12749 instance_detector.cc:116] could not retrieve OpenStack instance metadata: Network error: curl error: HTTP response code said error: The requested URL returned error: 404
I20260710 13:18:49.899986 11513 server_base.cc:1061] running on GCE node
I20260710 13:18:49.901193 11513 hybrid_clock.cc:584] initializing the hybrid clock with 'system_unsync' time source
W20260710 13:18:49.901495 11513 system_unsync_time.cc:38] NTP support is disabled. Clock error bounds will not be accurate. This configuration is not suitable for distributed clusters.
I20260710 13:18:49.901557 12743 heartbeater.cc:344] Connected to a master server at 127.11.62.126:32945
I20260710 13:18:49.901763 11513 hybrid_clock.cc:648] HybridClock initialized: now 1783689529901745 us; error 0 us; skew 500 ppm
I20260710 13:18:49.902047 12743 heartbeater.cc:461] Registering TS with master...
I20260710 13:18:49.902524 11513 server_base.cc:861] Flag tcmalloc_max_total_thread_cache_bytes is not working since tcmalloc is not enabled.
I20260710 13:18:49.902911 12743 heartbeater.cc:507] Master 127.11.62.126:32945 requested a full tablet report, sending...
I20260710 13:18:49.905368 12541 ts_manager.cc:194] Registered new tserver with Master: f203c7f1b772410e84e54dd0260e4239 (127.11.62.66:46603)
I20260710 13:18:49.905520 11513 webserver.cc:533] Webserver started at http://127.11.62.67:34109/ using document root <none> and password file <none>
I20260710 13:18:49.906121 11513 fs_manager.cc:362] Metadata directory not provided
I20260710 13:18:49.906329 11513 fs_manager.cc:368] Using write-ahead log directory (fs_wal_dir) as metadata directory
I20260710 13:18:49.906623 11513 server_base.cc:909] This appears to be a new deployment of Kudu; creating new FS layout
I20260710 13:18:49.906958 12541 master_service.cc:502] Signed X509 certificate for tserver {username='slave'} at 127.0.0.1:42398
I20260710 13:18:49.908120 11513 fs_manager.cc:1068] Generated new instance metadata in path /tmp/dist-test-taskTJCdC0/test-tmp/auto_leader_rebalancer-test.0.LeaderRebalancerTest.AddTserver.1783689505835852-11513-0/minicluster-data/ts-2-root/instance:
uuid: "ac52f1cd26924796b10846ef448334b9"
format_stamp: "Formatted at 2026-07-10 13:18:49 on dist-test-slave-l6d2"
I20260710 13:18:49.912648 11513 fs_manager.cc:696] Time spent creating directory manager: real 0.004s	user 0.000s	sys 0.006s
I20260710 13:18:49.916097 12754 log_block_manager.cc:4127] Time spent loading block containers with low live blocks: real 0.000s	user 0.000s	sys 0.000s
I20260710 13:18:49.916908 11513 fs_manager.cc:730] Time spent opening block manager: real 0.002s	user 0.002s	sys 0.000s
I20260710 13:18:49.917222 11513 fs_manager.cc:647] Opened local filesystem: /tmp/dist-test-taskTJCdC0/test-tmp/auto_leader_rebalancer-test.0.LeaderRebalancerTest.AddTserver.1783689505835852-11513-0/minicluster-data/ts-2-root
uuid: "ac52f1cd26924796b10846ef448334b9"
format_stamp: "Formatted at 2026-07-10 13:18:49 on dist-test-slave-l6d2"
I20260710 13:18:49.917623 11513 fs_report.cc:389] FS layout report
--------------------
wal directory: /tmp/dist-test-taskTJCdC0/test-tmp/auto_leader_rebalancer-test.0.LeaderRebalancerTest.AddTserver.1783689505835852-11513-0/minicluster-data/ts-2-root
metadata directory: /tmp/dist-test-taskTJCdC0/test-tmp/auto_leader_rebalancer-test.0.LeaderRebalancerTest.AddTserver.1783689505835852-11513-0/minicluster-data/ts-2-root
1 data directories: /tmp/dist-test-taskTJCdC0/test-tmp/auto_leader_rebalancer-test.0.LeaderRebalancerTest.AddTserver.1783689505835852-11513-0/minicluster-data/ts-2-root/data
Total live blocks: 0
Total live bytes: 0
Total live bytes (after alignment): 0
Total number of LBM containers: 0 (0 full)
Did not check for missing blocks
Did not check for orphaned blocks
Total full LBM containers with extra space: 0 (0 repaired)
Total full LBM container extra space in bytes: 0 (0 repaired)
Total incomplete LBM containers: 0 (0 repaired)
Total LBM partial records: 0 (0 repaired)
Total corrupted LBM metadata records in RocksDB: 0 (0 repaired)
I20260710 13:18:49.932734 11513 rpc_server.cc:225] running with OpenSSL 1.1.1  11 Sep 2018
I20260710 13:18:49.934128 11513 kserver.cc:163] Server-wide thread pool size limit: 3276
I20260710 13:18:49.935731 11513 txn_system_client.cc:432] TxnSystemClient initialization is disabled...
I20260710 13:18:49.938091 11513 ts_tablet_manager.cc:585] Loaded tablet metadata (0 total tablets, 0 live tablets)
I20260710 13:18:49.938336 11513 ts_tablet_manager.cc:531] Time spent load tablet metadata: real 0.000s	user 0.000s	sys 0.000s
I20260710 13:18:49.938611 11513 ts_tablet_manager.cc:616] Registered 0 tablets
I20260710 13:18:49.938819 11513 ts_tablet_manager.cc:595] Time spent register tablets: real 0.000s	user 0.000s	sys 0.000s
I20260710 13:18:49.980212 11513 rpc_server.cc:307] RPC server started. Bound to: 127.11.62.67:42829
I20260710 13:18:49.980368 12816 acceptor_pool.cc:272] collecting diagnostics on the listening RPC socket 127.11.62.67:42829 every 8 connection(s)
I20260710 13:18:49.994481 12817 heartbeater.cc:344] Connected to a master server at 127.11.62.126:32945
I20260710 13:18:49.994925 12817 heartbeater.cc:461] Registering TS with master...
I20260710 13:18:49.995584 12817 heartbeater.cc:507] Master 127.11.62.126:32945 requested a full tablet report, sending...
I20260710 13:18:49.997503 12541 ts_manager.cc:194] Registered new tserver with Master: ac52f1cd26924796b10846ef448334b9 (127.11.62.67:42829)
I20260710 13:18:49.998272 11513 internal_mini_cluster.cc:371] 3 TS(s) registered with all masters after 0.014742197s
I20260710 13:18:49.999073 12541 master_service.cc:502] Signed X509 certificate for tserver {username='slave'} at 127.0.0.1:42406
I20260710 13:18:50.026124 12541 catalog_manager.cc:2283] Servicing CreateTable request from {username='slave'} at 127.0.0.1:42422:
name: "test-workload"
schema {
  columns {
    name: "key"
    type: INT32
    is_key: true
    is_nullable: false
    encoding: AUTO_ENCODING
    compression: DEFAULT_COMPRESSION
    cfile_block_size: 0
    immutable: false
  }
  columns {
    name: "int_val"
    type: INT32
    is_key: false
    is_nullable: false
    encoding: AUTO_ENCODING
    compression: DEFAULT_COMPRESSION
    cfile_block_size: 0
    immutable: false
  }
  columns {
    name: "string_val"
    type: STRING
    is_key: false
    is_nullable: true
    encoding: AUTO_ENCODING
    compression: DEFAULT_COMPRESSION
    cfile_block_size: 0
    immutable: false
  }
}
num_replicas: 3
split_rows_range_bounds {
  rows: "\004\001\000UUU\005\004\001\000\252\252\252\n\004\001\000\377\377\377\017\004\001\000TUU\025\004\001\000\251\252\252\032\004\001\000\376\377\377\037\004\001\000SUU%\004\001\000\250\252\252*\004\001\000\375\377\377/\004\001\000RUU5\004\001\000\247\252\252:\004\001\000\374\377\377?\004\001\000QUUE\004\001\000\246\252\252J\004\001\000\373\377\377O\004\001\000PUUU\004\001\000\245\252\252Z\004\001\000\372\377\377_\004\001\000OUUe\004\001\000\244\252\252j\004\001\000\371\377\377o\004\001\000NUUu\004\001\000\243\252\252z""\004\001\000UUU\005\004\001\000\252\252\252\n\004\001\000\377\377\377\017\004\001\000TUU\025\004\001\000\251\252\252\032\004\001\000\376\377\377\037\004\001\000SUU%\004\001\000\250\252\252*\004\001\000\375\377\377/\004\001\000RUU5\004\001\000\247\252\252:\004\001\000\374\377\377?\004\001\000QUUE\004\001\000\246\252\252J\004\001\000\373\377\377O\004\001\000PUUU\004\001\000\245\252\252Z\004\001\000\372\377\377_\004\001\000OUUe\004\001\000\244\252\252j\004\001\000\371\377\377o\004\001\000NUUu\004\001\000\243\252\252z"
  indirect_data: """"
}
partition_schema {
  range_schema {
    columns {
      name: "key"
    }
  }
}
W20260710 13:18:50.030202 12541 catalog_manager.cc:7077] The number of live tablet servers is not enough to re-replicate a tablet replica of the newly created table test-workload in case of a server failure: 4 tablet servers would be needed, 3 are available. Consider bringing up more tablet servers.
I20260710 13:18:50.158692 12631 tablet_service.cc:1511] Processing CreateTablet for tablet 28f25ea273c34fb1af905f2bfe547b58 (DEFAULT_TABLE table=test-workload [id=d5427b91e6534a47ab2cb3d070831e3c]), partition=RANGE (key) PARTITION 178956970 <= VALUES < 268435455
I20260710 13:18:50.159399 12782 tablet_service.cc:1511] Processing CreateTablet for tablet 2e5beaa7e2194691bb287f11490f9a82 (DEFAULT_TABLE table=test-workload [id=d5427b91e6534a47ab2cb3d070831e3c]), partition=RANGE (key) PARTITION VALUES < 89478485
I20260710 13:18:50.160403 12631 data_dirs.cc:400] Could only allocate 1 dirs of requested 3 for tablet 28f25ea273c34fb1af905f2bfe547b58. 1 dirs total, 0 dirs full, 0 dirs failed
I20260710 13:18:50.160813 12782 data_dirs.cc:400] Could only allocate 1 dirs of requested 3 for tablet 2e5beaa7e2194691bb287f11490f9a82. 1 dirs total, 0 dirs full, 0 dirs failed
I20260710 13:18:50.161763 12781 tablet_service.cc:1511] Processing CreateTablet for tablet 82184fed7f004a5b812a58cba06cd5fb (DEFAULT_TABLE table=test-workload [id=d5427b91e6534a47ab2cb3d070831e3c]), partition=RANGE (key) PARTITION 89478485 <= VALUES < 178956970
I20260710 13:18:50.162585 12630 tablet_service.cc:1511] Processing CreateTablet for tablet e0e49725667f4cae8219c94d31b61176 (DEFAULT_TABLE table=test-workload [id=d5427b91e6534a47ab2cb3d070831e3c]), partition=RANGE (key) PARTITION 268435455 <= VALUES < 357913940
I20260710 13:18:50.163049 12781 data_dirs.cc:400] Could only allocate 1 dirs of requested 3 for tablet 82184fed7f004a5b812a58cba06cd5fb. 1 dirs total, 0 dirs full, 0 dirs failed
I20260710 13:18:50.164111 12630 data_dirs.cc:400] Could only allocate 1 dirs of requested 3 for tablet e0e49725667f4cae8219c94d31b61176. 1 dirs total, 0 dirs full, 0 dirs failed
I20260710 13:18:50.166049 12628 tablet_service.cc:1511] Processing CreateTablet for tablet 03976aa000464382a02bd399c3ff291e (DEFAULT_TABLE table=test-workload [id=d5427b91e6534a47ab2cb3d070831e3c]), partition=RANGE (key) PARTITION 447392425 <= VALUES < 536870910
I20260710 13:18:50.167583 12628 data_dirs.cc:400] Could only allocate 1 dirs of requested 3 for tablet 03976aa000464382a02bd399c3ff291e. 1 dirs total, 0 dirs full, 0 dirs failed
I20260710 13:18:50.170536 12629 tablet_service.cc:1511] Processing CreateTablet for tablet f610f4b2b3bc439f975bcb8cf750f1df (DEFAULT_TABLE table=test-workload [id=d5427b91e6534a47ab2cb3d070831e3c]), partition=RANGE (key) PARTITION 357913940 <= VALUES < 447392425
I20260710 13:18:50.171875 12629 data_dirs.cc:400] Could only allocate 1 dirs of requested 3 for tablet f610f4b2b3bc439f975bcb8cf750f1df. 1 dirs total, 0 dirs full, 0 dirs failed
I20260710 13:18:50.171504 12778 tablet_service.cc:1511] Processing CreateTablet for tablet f610f4b2b3bc439f975bcb8cf750f1df (DEFAULT_TABLE table=test-workload [id=d5427b91e6534a47ab2cb3d070831e3c]), partition=RANGE (key) PARTITION 357913940 <= VALUES < 447392425
I20260710 13:18:50.172917 12778 data_dirs.cc:400] Could only allocate 1 dirs of requested 3 for tablet f610f4b2b3bc439f975bcb8cf750f1df. 1 dirs total, 0 dirs full, 0 dirs failed
I20260710 13:18:50.173355 12777 tablet_service.cc:1511] Processing CreateTablet for tablet 03976aa000464382a02bd399c3ff291e (DEFAULT_TABLE table=test-workload [id=d5427b91e6534a47ab2cb3d070831e3c]), partition=RANGE (key) PARTITION 447392425 <= VALUES < 536870910
I20260710 13:18:50.174893 12777 data_dirs.cc:400] Could only allocate 1 dirs of requested 3 for tablet 03976aa000464382a02bd399c3ff291e. 1 dirs total, 0 dirs full, 0 dirs failed
I20260710 13:18:50.177078 12779 tablet_service.cc:1511] Processing CreateTablet for tablet e0e49725667f4cae8219c94d31b61176 (DEFAULT_TABLE table=test-workload [id=d5427b91e6534a47ab2cb3d070831e3c]), partition=RANGE (key) PARTITION 268435455 <= VALUES < 357913940
I20260710 13:18:50.177330 12708 tablet_service.cc:1511] Processing CreateTablet for tablet 2e5beaa7e2194691bb287f11490f9a82 (DEFAULT_TABLE table=test-workload [id=d5427b91e6534a47ab2cb3d070831e3c]), partition=RANGE (key) PARTITION VALUES < 89478485
I20260710 13:18:50.178601 12708 data_dirs.cc:400] Could only allocate 1 dirs of requested 3 for tablet 2e5beaa7e2194691bb287f11490f9a82. 1 dirs total, 0 dirs full, 0 dirs failed
I20260710 13:18:50.179196 12780 tablet_service.cc:1511] Processing CreateTablet for tablet 28f25ea273c34fb1af905f2bfe547b58 (DEFAULT_TABLE table=test-workload [id=d5427b91e6534a47ab2cb3d070831e3c]), partition=RANGE (key) PARTITION 178956970 <= VALUES < 268435455
I20260710 13:18:50.182458 12632 tablet_service.cc:1511] Processing CreateTablet for tablet 82184fed7f004a5b812a58cba06cd5fb (DEFAULT_TABLE table=test-workload [id=d5427b91e6534a47ab2cb3d070831e3c]), partition=RANGE (key) PARTITION 89478485 <= VALUES < 178956970
I20260710 13:18:50.183881 12632 data_dirs.cc:400] Could only allocate 1 dirs of requested 3 for tablet 82184fed7f004a5b812a58cba06cd5fb. 1 dirs total, 0 dirs full, 0 dirs failed
I20260710 13:18:50.183491 12705 tablet_service.cc:1511] Processing CreateTablet for tablet e0e49725667f4cae8219c94d31b61176 (DEFAULT_TABLE table=test-workload [id=d5427b91e6534a47ab2cb3d070831e3c]), partition=RANGE (key) PARTITION 268435455 <= VALUES < 357913940
I20260710 13:18:50.154059 12633 tablet_service.cc:1511] Processing CreateTablet for tablet 2e5beaa7e2194691bb287f11490f9a82 (DEFAULT_TABLE table=test-workload [id=d5427b91e6534a47ab2cb3d070831e3c]), partition=RANGE (key) PARTITION VALUES < 89478485
I20260710 13:18:50.171379 12627 tablet_service.cc:1511] Processing CreateTablet for tablet 9057297aa5fa45448771533ca6984662 (DEFAULT_TABLE table=test-workload [id=d5427b91e6534a47ab2cb3d070831e3c]), partition=RANGE (key) PARTITION 536870910 <= VALUES < 626349395
I20260710 13:18:50.185248 12705 data_dirs.cc:400] Could only allocate 1 dirs of requested 3 for tablet e0e49725667f4cae8219c94d31b61176. 1 dirs total, 0 dirs full, 0 dirs failed
I20260710 13:18:50.186517 12704 tablet_service.cc:1511] Processing CreateTablet for tablet f610f4b2b3bc439f975bcb8cf750f1df (DEFAULT_TABLE table=test-workload [id=d5427b91e6534a47ab2cb3d070831e3c]), partition=RANGE (key) PARTITION 357913940 <= VALUES < 447392425
I20260710 13:18:50.193940 12774 tablet_service.cc:1511] Processing CreateTablet for tablet 27714c3f1a8e45c490fe0b767a0113f8 (DEFAULT_TABLE table=test-workload [id=d5427b91e6534a47ab2cb3d070831e3c]), partition=RANGE (key) PARTITION 715827880 <= VALUES < 805306365
I20260710 13:18:50.209712 12704 data_dirs.cc:400] Could only allocate 1 dirs of requested 3 for tablet f610f4b2b3bc439f975bcb8cf750f1df. 1 dirs total, 0 dirs full, 0 dirs failed
I20260710 13:18:50.209801 12782 tablet_service.cc:1511] Processing CreateTablet for tablet eab4ff6751414ce7a88c8447d54ecc37 (DEFAULT_TABLE table=test-workload [id=d5427b91e6534a47ab2cb3d070831e3c]), partition=RANGE (key) PARTITION 894784850 <= VALUES < 984263335
I20260710 13:18:50.194747 12773 tablet_service.cc:1511] Processing CreateTablet for tablet 709a5e51676c4b8083622cbfcdce0438 (DEFAULT_TABLE table=test-workload [id=d5427b91e6534a47ab2cb3d070831e3c]), partition=RANGE (key) PARTITION 805306365 <= VALUES < 894784850
I20260710 13:18:50.208637 12832 tablet_bootstrap.cc:492] T f610f4b2b3bc439f975bcb8cf750f1df P ac52f1cd26924796b10846ef448334b9: Bootstrap starting.
I20260710 13:18:50.195077 12624 tablet_service.cc:1511] Processing CreateTablet for tablet 709a5e51676c4b8083622cbfcdce0438 (DEFAULT_TABLE table=test-workload [id=d5427b91e6534a47ab2cb3d070831e3c]), partition=RANGE (key) PARTITION 805306365 <= VALUES < 894784850
I20260710 13:18:50.196290 12699 tablet_service.cc:1511] Processing CreateTablet for tablet 709a5e51676c4b8083622cbfcdce0438 (DEFAULT_TABLE table=test-workload [id=d5427b91e6534a47ab2cb3d070831e3c]), partition=RANGE (key) PARTITION 805306365 <= VALUES < 894784850
I20260710 13:18:50.197592 12775 tablet_service.cc:1511] Processing CreateTablet for tablet 37eeaffa29a8470eb6a1df5bd142b863 (DEFAULT_TABLE table=test-workload [id=d5427b91e6534a47ab2cb3d070831e3c]), partition=RANGE (key) PARTITION 626349395 <= VALUES < 715827880
I20260710 13:18:50.182454 12706 tablet_service.cc:1511] Processing CreateTablet for tablet 28f25ea273c34fb1af905f2bfe547b58 (DEFAULT_TABLE table=test-workload [id=d5427b91e6534a47ab2cb3d070831e3c]), partition=RANGE (key) PARTITION 178956970 <= VALUES < 268435455
I20260710 13:18:50.214867 12775 data_dirs.cc:400] Could only allocate 1 dirs of requested 3 for tablet 37eeaffa29a8470eb6a1df5bd142b863. 1 dirs total, 0 dirs full, 0 dirs failed
I20260710 13:18:50.215572 12706 data_dirs.cc:400] Could only allocate 1 dirs of requested 3 for tablet 28f25ea273c34fb1af905f2bfe547b58. 1 dirs total, 0 dirs full, 0 dirs failed
I20260710 13:18:50.216934 12780 data_dirs.cc:400] Could only allocate 1 dirs of requested 3 for tablet 28f25ea273c34fb1af905f2bfe547b58. 1 dirs total, 0 dirs full, 0 dirs failed
I20260710 13:18:50.192847 12700 tablet_service.cc:1511] Processing CreateTablet for tablet 27714c3f1a8e45c490fe0b767a0113f8 (DEFAULT_TABLE table=test-workload [id=d5427b91e6534a47ab2cb3d070831e3c]), partition=RANGE (key) PARTITION 715827880 <= VALUES < 805306365
I20260710 13:18:50.187553 12703 tablet_service.cc:1511] Processing CreateTablet for tablet 03976aa000464382a02bd399c3ff291e (DEFAULT_TABLE table=test-workload [id=d5427b91e6534a47ab2cb3d070831e3c]), partition=RANGE (key) PARTITION 447392425 <= VALUES < 536870910
I20260710 13:18:50.217908 12700 data_dirs.cc:400] Could only allocate 1 dirs of requested 3 for tablet 27714c3f1a8e45c490fe0b767a0113f8. 1 dirs total, 0 dirs full, 0 dirs failed
I20260710 13:18:50.218766 12703 data_dirs.cc:400] Could only allocate 1 dirs of requested 3 for tablet 03976aa000464382a02bd399c3ff291e. 1 dirs total, 0 dirs full, 0 dirs failed
I20260710 13:18:50.219084 12773 data_dirs.cc:400] Could only allocate 1 dirs of requested 3 for tablet 709a5e51676c4b8083622cbfcdce0438. 1 dirs total, 0 dirs full, 0 dirs failed
I20260710 13:18:50.219709 12779 data_dirs.cc:400] Could only allocate 1 dirs of requested 3 for tablet e0e49725667f4cae8219c94d31b61176. 1 dirs total, 0 dirs full, 0 dirs failed
I20260710 13:18:50.190479 12701 tablet_service.cc:1511] Processing CreateTablet for tablet 37eeaffa29a8470eb6a1df5bd142b863 (DEFAULT_TABLE table=test-workload [id=d5427b91e6534a47ab2cb3d070831e3c]), partition=RANGE (key) PARTITION 626349395 <= VALUES < 715827880
I20260710 13:18:50.221203 12701 data_dirs.cc:400] Could only allocate 1 dirs of requested 3 for tablet 37eeaffa29a8470eb6a1df5bd142b863. 1 dirs total, 0 dirs full, 0 dirs failed
I20260710 13:18:50.221943 12699 data_dirs.cc:400] Could only allocate 1 dirs of requested 3 for tablet 709a5e51676c4b8083622cbfcdce0438. 1 dirs total, 0 dirs full, 0 dirs failed
I20260710 13:18:50.190507 12633 data_dirs.cc:400] Could only allocate 1 dirs of requested 3 for tablet 2e5beaa7e2194691bb287f11490f9a82. 1 dirs total, 0 dirs full, 0 dirs failed
I20260710 13:18:50.188851 12702 tablet_service.cc:1511] Processing CreateTablet for tablet 9057297aa5fa45448771533ca6984662 (DEFAULT_TABLE table=test-workload [id=d5427b91e6534a47ab2cb3d070831e3c]), partition=RANGE (key) PARTITION 536870910 <= VALUES < 626349395
I20260710 13:18:50.226745 12702 data_dirs.cc:400] Could only allocate 1 dirs of requested 3 for tablet 9057297aa5fa45448771533ca6984662. 1 dirs total, 0 dirs full, 0 dirs failed
I20260710 13:18:50.228174 12624 data_dirs.cc:400] Could only allocate 1 dirs of requested 3 for tablet 709a5e51676c4b8083622cbfcdce0438. 1 dirs total, 0 dirs full, 0 dirs failed
I20260710 13:18:50.229629 12627 data_dirs.cc:400] Could only allocate 1 dirs of requested 3 for tablet 9057297aa5fa45448771533ca6984662. 1 dirs total, 0 dirs full, 0 dirs failed
I20260710 13:18:50.191663 12625 tablet_service.cc:1511] Processing CreateTablet for tablet 27714c3f1a8e45c490fe0b767a0113f8 (DEFAULT_TABLE table=test-workload [id=d5427b91e6534a47ab2cb3d070831e3c]), partition=RANGE (key) PARTITION 715827880 <= VALUES < 805306365
I20260710 13:18:50.230685 12625 data_dirs.cc:400] Could only allocate 1 dirs of requested 3 for tablet 27714c3f1a8e45c490fe0b767a0113f8. 1 dirs total, 0 dirs full, 0 dirs failed
I20260710 13:18:50.203104 12707 tablet_service.cc:1511] Processing CreateTablet for tablet 82184fed7f004a5b812a58cba06cd5fb (DEFAULT_TABLE table=test-workload [id=d5427b91e6534a47ab2cb3d070831e3c]), partition=RANGE (key) PARTITION 89478485 <= VALUES < 178956970
I20260710 13:18:50.231755 12707 data_dirs.cc:400] Could only allocate 1 dirs of requested 3 for tablet 82184fed7f004a5b812a58cba06cd5fb. 1 dirs total, 0 dirs full, 0 dirs failed
I20260710 13:18:50.233641 12774 data_dirs.cc:400] Could only allocate 1 dirs of requested 3 for tablet 27714c3f1a8e45c490fe0b767a0113f8. 1 dirs total, 0 dirs full, 0 dirs failed
I20260710 13:18:50.198840 12776 tablet_service.cc:1511] Processing CreateTablet for tablet 9057297aa5fa45448771533ca6984662 (DEFAULT_TABLE table=test-workload [id=d5427b91e6534a47ab2cb3d070831e3c]), partition=RANGE (key) PARTITION 536870910 <= VALUES < 626349395
I20260710 13:18:50.237773 12776 data_dirs.cc:400] Could only allocate 1 dirs of requested 3 for tablet 9057297aa5fa45448771533ca6984662. 1 dirs total, 0 dirs full, 0 dirs failed
I20260710 13:18:50.199425 12626 tablet_service.cc:1511] Processing CreateTablet for tablet 37eeaffa29a8470eb6a1df5bd142b863 (DEFAULT_TABLE table=test-workload [id=d5427b91e6534a47ab2cb3d070831e3c]), partition=RANGE (key) PARTITION 626349395 <= VALUES < 715827880
I20260710 13:18:50.246192 12626 data_dirs.cc:400] Could only allocate 1 dirs of requested 3 for tablet 37eeaffa29a8470eb6a1df5bd142b863. 1 dirs total, 0 dirs full, 0 dirs failed
I20260710 13:18:50.289629 12782 data_dirs.cc:400] Could only allocate 1 dirs of requested 3 for tablet eab4ff6751414ce7a88c8447d54ecc37. 1 dirs total, 0 dirs full, 0 dirs failed
I20260710 13:18:50.213428 12778 tablet_service.cc:1511] Processing CreateTablet for tablet 5481a093ea004c609b00110e01cd064e (DEFAULT_TABLE table=test-workload [id=d5427b91e6534a47ab2cb3d070831e3c]), partition=RANGE (key) PARTITION 984263335 <= VALUES < 1073741820
I20260710 13:18:50.290872 12778 data_dirs.cc:400] Could only allocate 1 dirs of requested 3 for tablet 5481a093ea004c609b00110e01cd064e. 1 dirs total, 0 dirs full, 0 dirs failed
I20260710 13:18:50.325007 12706 tablet_service.cc:1511] Processing CreateTablet for tablet eab4ff6751414ce7a88c8447d54ecc37 (DEFAULT_TABLE table=test-workload [id=d5427b91e6534a47ab2cb3d070831e3c]), partition=RANGE (key) PARTITION 894784850 <= VALUES < 984263335
I20260710 13:18:50.325592 12625 tablet_service.cc:1511] Processing CreateTablet for tablet eab4ff6751414ce7a88c8447d54ecc37 (DEFAULT_TABLE table=test-workload [id=d5427b91e6534a47ab2cb3d070831e3c]), partition=RANGE (key) PARTITION 894784850 <= VALUES < 984263335
I20260710 13:18:50.328505 12632 tablet_service.cc:1511] Processing CreateTablet for tablet 5481a093ea004c609b00110e01cd064e (DEFAULT_TABLE table=test-workload [id=d5427b91e6534a47ab2cb3d070831e3c]), partition=RANGE (key) PARTITION 984263335 <= VALUES < 1073741820
I20260710 13:18:50.342295 12834 tablet_bootstrap.cc:492] T 37eeaffa29a8470eb6a1df5bd142b863 P f203c7f1b772410e84e54dd0260e4239: Bootstrap starting.
I20260710 13:18:50.352581 12773 tablet_service.cc:1511] Processing CreateTablet for tablet b0f6a6678fc9460a8f5c92324d46f4e5 (DEFAULT_TABLE table=test-workload [id=d5427b91e6534a47ab2cb3d070831e3c]), partition=RANGE (key) PARTITION 1163220305 <= VALUES < 1252698790
I20260710 13:18:50.354014 12773 data_dirs.cc:400] Could only allocate 1 dirs of requested 3 for tablet b0f6a6678fc9460a8f5c92324d46f4e5. 1 dirs total, 0 dirs full, 0 dirs failed
I20260710 13:18:50.354648 12625 data_dirs.cc:400] Could only allocate 1 dirs of requested 3 for tablet eab4ff6751414ce7a88c8447d54ecc37. 1 dirs total, 0 dirs full, 0 dirs failed
I20260710 13:18:50.357131 12701 tablet_service.cc:1511] Processing CreateTablet for tablet 5481a093ea004c609b00110e01cd064e (DEFAULT_TABLE table=test-workload [id=d5427b91e6534a47ab2cb3d070831e3c]), partition=RANGE (key) PARTITION 984263335 <= VALUES < 1073741820
I20260710 13:18:50.359395 12627 tablet_service.cc:1511] Processing CreateTablet for tablet b0f6a6678fc9460a8f5c92324d46f4e5 (DEFAULT_TABLE table=test-workload [id=d5427b91e6534a47ab2cb3d070831e3c]), partition=RANGE (key) PARTITION 1163220305 <= VALUES < 1252698790
I20260710 13:18:50.361114 12781 tablet_service.cc:1511] Processing CreateTablet for tablet 96d04d2fb09340eaa9545ab10a2ab22d (DEFAULT_TABLE table=test-workload [id=d5427b91e6534a47ab2cb3d070831e3c]), partition=RANGE (key) PARTITION 1252698790 <= VALUES < 1342177275
I20260710 13:18:50.352792 12706 data_dirs.cc:400] Could only allocate 1 dirs of requested 3 for tablet eab4ff6751414ce7a88c8447d54ecc37. 1 dirs total, 0 dirs full, 0 dirs failed
I20260710 13:18:50.367020 12705 tablet_service.cc:1511] Processing CreateTablet for tablet f50616ad6b834f1291ca0127b31ae420 (DEFAULT_TABLE table=test-workload [id=d5427b91e6534a47ab2cb3d070831e3c]), partition=RANGE (key) PARTITION 1073741820 <= VALUES < 1163220305
I20260710 13:18:50.368264 12705 data_dirs.cc:400] Could only allocate 1 dirs of requested 3 for tablet f50616ad6b834f1291ca0127b31ae420. 1 dirs total, 0 dirs full, 0 dirs failed
I20260710 13:18:50.368184 12702 tablet_service.cc:1511] Processing CreateTablet for tablet b0f6a6678fc9460a8f5c92324d46f4e5 (DEFAULT_TABLE table=test-workload [id=d5427b91e6534a47ab2cb3d070831e3c]), partition=RANGE (key) PARTITION 1163220305 <= VALUES < 1252698790
I20260710 13:18:50.370291 12782 tablet_service.cc:1511] Processing CreateTablet for tablet f50616ad6b834f1291ca0127b31ae420 (DEFAULT_TABLE table=test-workload [id=d5427b91e6534a47ab2cb3d070831e3c]), partition=RANGE (key) PARTITION 1073741820 <= VALUES < 1163220305
I20260710 13:18:50.372725 12834 tablet_bootstrap.cc:654] T 37eeaffa29a8470eb6a1df5bd142b863 P f203c7f1b772410e84e54dd0260e4239: Neither blocks nor log segments found. Creating new log.
I20260710 13:18:50.373282 12632 data_dirs.cc:400] Could only allocate 1 dirs of requested 3 for tablet 5481a093ea004c609b00110e01cd064e. 1 dirs total, 0 dirs full, 0 dirs failed
I20260710 13:18:50.374749 12832 tablet_bootstrap.cc:654] T f610f4b2b3bc439f975bcb8cf750f1df P ac52f1cd26924796b10846ef448334b9: Neither blocks nor log segments found. Creating new log.
I20260710 13:18:50.399493 12630 tablet_service.cc:1511] Processing CreateTablet for tablet 220900a8091343a6bbd6c317aad6a72e (DEFAULT_TABLE table=test-workload [id=d5427b91e6534a47ab2cb3d070831e3c]), partition=RANGE (key) PARTITION 1431655760 <= VALUES < 1521134245
I20260710 13:18:50.400710 12627 data_dirs.cc:400] Could only allocate 1 dirs of requested 3 for tablet b0f6a6678fc9460a8f5c92324d46f4e5. 1 dirs total, 0 dirs full, 0 dirs failed
I20260710 13:18:50.401547 12707 tablet_service.cc:1511] Processing CreateTablet for tablet 0d42a7453fc4457f98c2fa1fa99d9e6b (DEFAULT_TABLE table=test-workload [id=d5427b91e6534a47ab2cb3d070831e3c]), partition=RANGE (key) PARTITION 1610612730 <= VALUES < 1700091215
I20260710 13:18:50.374647 12704 tablet_service.cc:1511] Processing CreateTablet for tablet 85b632c04bac4ff490305a73ad78cd0b (DEFAULT_TABLE table=test-workload [id=d5427b91e6534a47ab2cb3d070831e3c]), partition=RANGE (key) PARTITION 1342177275 <= VALUES < 1431655760
I20260710 13:18:50.376475 12699 tablet_service.cc:1511] Processing CreateTablet for tablet 220900a8091343a6bbd6c317aad6a72e (DEFAULT_TABLE table=test-workload [id=d5427b91e6534a47ab2cb3d070831e3c]), partition=RANGE (key) PARTITION 1431655760 <= VALUES < 1521134245
I20260710 13:18:50.376495 12629 tablet_service.cc:1511] Processing CreateTablet for tablet 96d04d2fb09340eaa9545ab10a2ab22d (DEFAULT_TABLE table=test-workload [id=d5427b91e6534a47ab2cb3d070831e3c]), partition=RANGE (key) PARTITION 1252698790 <= VALUES < 1342177275
I20260710 13:18:50.378926 12774 tablet_service.cc:1511] Processing CreateTablet for tablet 85b632c04bac4ff490305a73ad78cd0b (DEFAULT_TABLE table=test-workload [id=d5427b91e6534a47ab2cb3d070831e3c]), partition=RANGE (key) PARTITION 1342177275 <= VALUES < 1431655760
I20260710 13:18:50.379418 12626 tablet_service.cc:1511] Processing CreateTablet for tablet 85b632c04bac4ff490305a73ad78cd0b (DEFAULT_TABLE table=test-workload [id=d5427b91e6534a47ab2cb3d070831e3c]), partition=RANGE (key) PARTITION 1342177275 <= VALUES < 1431655760
I20260710 13:18:50.372593 12703 tablet_service.cc:1511] Processing CreateTablet for tablet 96d04d2fb09340eaa9545ab10a2ab22d (DEFAULT_TABLE table=test-workload [id=d5427b91e6534a47ab2cb3d070831e3c]), partition=RANGE (key) PARTITION 1252698790 <= VALUES < 1342177275
