I20260710 13:18:50.511014  7101 raft_consensus.cc:2804] T d94e4e4303a44147a21df3ce59fa294d P 010c1117f86a4fd99267f1d09025416e [term 1 FOLLOWER]: Leader election won for term 1
I20260710 13:18:50.511804  7101 raft_consensus.cc:697] T d94e4e4303a44147a21df3ce59fa294d P 010c1117f86a4fd99267f1d09025416e [term 1 LEADER]: Becoming Leader. State: Replica: 010c1117f86a4fd99267f1d09025416e, State: Running, Role: LEADER
I20260710 13:18:50.511346  7077 raft_consensus.cc:359] T 338c9fdb96eb457bb931728076111825 P 4940be4467ac470ab4d3358302375386 [term 0 FOLLOWER]: Replica starting. Triggering 0 pending ops. Active config: opid_index: -1 OBSOLETE_local: false peers { permanent_uuid: "774f020bd0f547869bbd5bfda2520317" member_type: VOTER last_known_addr { host: "127.5.164.1" port: 39133 } } peers { permanent_uuid: "4940be4467ac470ab4d3358302375386" member_type: VOTER last_known_addr { host: "127.5.164.2" port: 35493 } } peers { permanent_uuid: "010c1117f86a4fd99267f1d09025416e" member_type: VOTER last_known_addr { host: "127.5.164.3" port: 39501 } }
I20260710 13:18:50.512321  7077 raft_consensus.cc:385] T 338c9fdb96eb457bb931728076111825 P 4940be4467ac470ab4d3358302375386 [term 0 FOLLOWER]: Consensus starting up: Expiring failure detector timer to make a prompt election more likely
I20260710 13:18:50.512712  7077 raft_consensus.cc:740] T 338c9fdb96eb457bb931728076111825 P 4940be4467ac470ab4d3358302375386 [term 0 FOLLOWER]: Becoming Follower/Learner. State: Replica: 4940be4467ac470ab4d3358302375386, State: Initialized, Role: FOLLOWER
I20260710 13:18:50.512771  7101 consensus_queue.cc:237] T d94e4e4303a44147a21df3ce59fa294d P 010c1117f86a4fd99267f1d09025416e [LEADER]: Queue going to LEADER mode. State: All replicated index: 0, Majority replicated index: 0, Committed index: 0, Last appended: 0.0, Last appended by leader: 0, Current term: 1, Majority size: 2, State: 0, Mode: LEADER, active raft config: opid_index: -1 OBSOLETE_local: false peers { permanent_uuid: "774f020bd0f547869bbd5bfda2520317" member_type: VOTER last_known_addr { host: "127.5.164.1" port: 39133 } } peers { permanent_uuid: "4940be4467ac470ab4d3358302375386" member_type: VOTER last_known_addr { host: "127.5.164.2" port: 35493 } } peers { permanent_uuid: "010c1117f86a4fd99267f1d09025416e" member_type: VOTER last_known_addr { host: "127.5.164.3" port: 39501 } }
I20260710 13:18:50.515306  7090 raft_consensus.cc:493] T bdf76322da474360baafe495911be242 P 774f020bd0f547869bbd5bfda2520317 [term 0 FOLLOWER]: Starting pre-election (no leader contacted us within the election timeout)
I20260710 13:18:50.515960  7090 raft_consensus.cc:515] T bdf76322da474360baafe495911be242 P 774f020bd0f547869bbd5bfda2520317 [term 0 FOLLOWER]: Starting pre-election with config: opid_index: -1 OBSOLETE_local: false peers { permanent_uuid: "774f020bd0f547869bbd5bfda2520317" member_type: VOTER last_known_addr { host: "127.5.164.1" port: 39133 } } peers { permanent_uuid: "4940be4467ac470ab4d3358302375386" member_type: VOTER last_known_addr { host: "127.5.164.2" port: 35493 } } peers { permanent_uuid: "010c1117f86a4fd99267f1d09025416e" member_type: VOTER last_known_addr { host: "127.5.164.3" port: 39501 } }
I20260710 13:18:50.518090  7090 leader_election.cc:290] T bdf76322da474360baafe495911be242 P 774f020bd0f547869bbd5bfda2520317 [CANDIDATE]: Term 1 pre-election: Requested pre-vote from peers 4940be4467ac470ab4d3358302375386 (127.5.164.2:35493), 010c1117f86a4fd99267f1d09025416e (127.5.164.3:39501)
I20260710 13:18:50.518999  7079 tablet_bootstrap.cc:492] T 7a5bc6c3e68a42b5a59c525c5a6ec7ce P 774f020bd0f547869bbd5bfda2520317: No bootstrap required, opened a new log
I20260710 13:18:50.519495  7079 ts_tablet_manager.cc:1403] T 7a5bc6c3e68a42b5a59c525c5a6ec7ce P 774f020bd0f547869bbd5bfda2520317: Time spent bootstrapping tablet: real 0.040s	user 0.013s	sys 0.008s
I20260710 13:18:50.520190  7037 tablet_service.cc:1917] Received RequestConsensusVote() RPC: tablet_id: "bdf76322da474360baafe495911be242" candidate_uuid: "774f020bd0f547869bbd5bfda2520317" candidate_term: 1 candidate_status { last_received { term: 0 index: 0 } } ignore_live_leader: false dest_uuid: "010c1117f86a4fd99267f1d09025416e" is_pre_election: true
I20260710 13:18:50.520615  6964 tablet_service.cc:1917] Received RequestConsensusVote() RPC: tablet_id: "bdf76322da474360baafe495911be242" candidate_uuid: "774f020bd0f547869bbd5bfda2520317" candidate_term: 1 candidate_status { last_received { term: 0 index: 0 } } ignore_live_leader: false dest_uuid: "4940be4467ac470ab4d3358302375386" is_pre_election: true
I20260710 13:18:50.521224  6964 raft_consensus.cc:2468] T bdf76322da474360baafe495911be242 P 4940be4467ac470ab4d3358302375386 [term 0 FOLLOWER]: Leader pre-election vote request: Granting yes vote for candidate 774f020bd0f547869bbd5bfda2520317 in term 0.
I20260710 13:18:50.522394  6854 leader_election.cc:304] T bdf76322da474360baafe495911be242 P 774f020bd0f547869bbd5bfda2520317 [CANDIDATE]: Term 1 pre-election: Election decided. Result: candidate won. Election summary: received 2 responses out of 3 voters: 2 yes votes; 0 no votes. yes voters: 4940be4467ac470ab4d3358302375386, 774f020bd0f547869bbd5bfda2520317; no voters: 
I20260710 13:18:50.523244  7090 raft_consensus.cc:2804] T bdf76322da474360baafe495911be242 P 774f020bd0f547869bbd5bfda2520317 [term 0 FOLLOWER]: Leader pre-election won for term 1
I20260710 13:18:50.523602  7090 raft_consensus.cc:493] T bdf76322da474360baafe495911be242 P 774f020bd0f547869bbd5bfda2520317 [term 0 FOLLOWER]: Starting leader election (no leader contacted us within the election timeout)
I20260710 13:18:50.523955  7090 raft_consensus.cc:3060] T bdf76322da474360baafe495911be242 P 774f020bd0f547869bbd5bfda2520317 [term 0 FOLLOWER]: Advancing to term 1
I20260710 13:18:50.524063  7079 raft_consensus.cc:359] T 7a5bc6c3e68a42b5a59c525c5a6ec7ce P 774f020bd0f547869bbd5bfda2520317 [term 0 FOLLOWER]: Replica starting. Triggering 0 pending ops. Active config: opid_index: -1 OBSOLETE_local: false peers { permanent_uuid: "010c1117f86a4fd99267f1d09025416e" member_type: VOTER last_known_addr { host: "127.5.164.3" port: 39501 } } peers { permanent_uuid: "4940be4467ac470ab4d3358302375386" member_type: VOTER last_known_addr { host: "127.5.164.2" port: 35493 } } peers { permanent_uuid: "774f020bd0f547869bbd5bfda2520317" member_type: VOTER last_known_addr { host: "127.5.164.1" port: 39133 } }
I20260710 13:18:50.526960  7079 raft_consensus.cc:385] T 7a5bc6c3e68a42b5a59c525c5a6ec7ce P 774f020bd0f547869bbd5bfda2520317 [term 0 FOLLOWER]: Consensus starting up: Expiring failure detector timer to make a prompt election more likely
I20260710 13:18:50.527446  7079 raft_consensus.cc:740] T 7a5bc6c3e68a42b5a59c525c5a6ec7ce P 774f020bd0f547869bbd5bfda2520317 [term 0 FOLLOWER]: Becoming Follower/Learner. State: Replica: 774f020bd0f547869bbd5bfda2520317, State: Initialized, Role: FOLLOWER
I20260710 13:18:50.528286  7079 consensus_queue.cc:260] T 7a5bc6c3e68a42b5a59c525c5a6ec7ce P 774f020bd0f547869bbd5bfda2520317 [NON_LEADER]: Queue going to NON_LEADER mode. State: All replicated index: 0, Majority replicated index: 0, Committed index: 0, Last appended: 0.0, Last appended by leader: 0, Current term: 0, Majority size: -1, State: 0, Mode: NON_LEADER, active raft config: opid_index: -1 OBSOLETE_local: false peers { permanent_uuid: "010c1117f86a4fd99267f1d09025416e" member_type: VOTER last_known_addr { host: "127.5.164.3" port: 39501 } } peers { permanent_uuid: "4940be4467ac470ab4d3358302375386" member_type: VOTER last_known_addr { host: "127.5.164.2" port: 35493 } } peers { permanent_uuid: "774f020bd0f547869bbd5bfda2520317" member_type: VOTER last_known_addr { host: "127.5.164.1" port: 39133 } }
I20260710 13:18:50.515304  7078 raft_consensus.cc:359] T bdf76322da474360baafe495911be242 P 010c1117f86a4fd99267f1d09025416e [term 0 FOLLOWER]: Replica starting. Triggering 0 pending ops. Active config: opid_index: -1 OBSOLETE_local: false peers { permanent_uuid: "774f020bd0f547869bbd5bfda2520317" member_type: VOTER last_known_addr { host: "127.5.164.1" port: 39133 } } peers { permanent_uuid: "4940be4467ac470ab4d3358302375386" member_type: VOTER last_known_addr { host: "127.5.164.2" port: 35493 } } peers { permanent_uuid: "010c1117f86a4fd99267f1d09025416e" member_type: VOTER last_known_addr { host: "127.5.164.3" port: 39501 } }
I20260710 13:18:50.530582  7078 raft_consensus.cc:385] T bdf76322da474360baafe495911be242 P 010c1117f86a4fd99267f1d09025416e [term 0 FOLLOWER]: Consensus starting up: Expiring failure detector timer to make a prompt election more likely
I20260710 13:18:50.530953  7078 raft_consensus.cc:740] T bdf76322da474360baafe495911be242 P 010c1117f86a4fd99267f1d09025416e [term 0 FOLLOWER]: Becoming Follower/Learner. State: Replica: 010c1117f86a4fd99267f1d09025416e, State: Initialized, Role: FOLLOWER
I20260710 13:18:50.530900  6785 catalog_manager.cc:5697] T 7a5bc6c3e68a42b5a59c525c5a6ec7ce P 4940be4467ac470ab4d3358302375386 reported cstate change: term changed from 0 to 1, leader changed from <none> to 4940be4467ac470ab4d3358302375386 (127.5.164.2). New cstate: current_term: 1 leader_uuid: "4940be4467ac470ab4d3358302375386" committed_config { opid_index: -1 OBSOLETE_local: false peers { permanent_uuid: "010c1117f86a4fd99267f1d09025416e" member_type: VOTER last_known_addr { host: "127.5.164.3" port: 39501 } health_report { overall_health: UNKNOWN } } peers { permanent_uuid: "4940be4467ac470ab4d3358302375386" member_type: VOTER last_known_addr { host: "127.5.164.2" port: 35493 } health_report { overall_health: HEALTHY } } peers { permanent_uuid: "774f020bd0f547869bbd5bfda2520317" member_type: VOTER last_known_addr { host: "127.5.164.1" port: 39133 } health_report { overall_health: UNKNOWN } } }
I20260710 13:18:50.532099  7078 consensus_queue.cc:260] T bdf76322da474360baafe495911be242 P 010c1117f86a4fd99267f1d09025416e [NON_LEADER]: Queue going to NON_LEADER mode. State: All replicated index: 0, Majority replicated index: 0, Committed index: 0, Last appended: 0.0, Last appended by leader: 0, Current term: 0, Majority size: -1, State: 0, Mode: NON_LEADER, active raft config: opid_index: -1 OBSOLETE_local: false peers { permanent_uuid: "774f020bd0f547869bbd5bfda2520317" member_type: VOTER last_known_addr { host: "127.5.164.1" port: 39133 } } peers { permanent_uuid: "4940be4467ac470ab4d3358302375386" member_type: VOTER last_known_addr { host: "127.5.164.2" port: 35493 } } peers { permanent_uuid: "010c1117f86a4fd99267f1d09025416e" member_type: VOTER last_known_addr { host: "127.5.164.3" port: 39501 } }
I20260710 13:18:50.533367  7037 raft_consensus.cc:2468] T bdf76322da474360baafe495911be242 P 010c1117f86a4fd99267f1d09025416e [term 0 FOLLOWER]: Leader pre-election vote request: Granting yes vote for candidate 774f020bd0f547869bbd5bfda2520317 in term 0.
I20260710 13:18:50.533111  6785 catalog_manager.cc:5697] T de74d133e378441ab5e862dc1e6726ec P 4940be4467ac470ab4d3358302375386 reported cstate change: term changed from 0 to 1, leader changed from <none> to 4940be4467ac470ab4d3358302375386 (127.5.164.2). New cstate: current_term: 1 leader_uuid: "4940be4467ac470ab4d3358302375386" committed_config { opid_index: -1 OBSOLETE_local: false peers { permanent_uuid: "774f020bd0f547869bbd5bfda2520317" member_type: VOTER last_known_addr { host: "127.5.164.1" port: 39133 } health_report { overall_health: UNKNOWN } } peers { permanent_uuid: "4940be4467ac470ab4d3358302375386" member_type: VOTER last_known_addr { host: "127.5.164.2" port: 35493 } health_report { overall_health: HEALTHY } } peers { permanent_uuid: "010c1117f86a4fd99267f1d09025416e" member_type: VOTER last_known_addr { host: "127.5.164.3" port: 39501 } health_report { overall_health: UNKNOWN } } }
I20260710 13:18:50.534845  7078 ts_tablet_manager.cc:1434] T bdf76322da474360baafe495911be242 P 010c1117f86a4fd99267f1d09025416e: Time spent starting tablet: real 0.031s	user 0.005s	sys 0.004s
I20260710 13:18:50.535919  7078 tablet_bootstrap.cc:492] T 338c9fdb96eb457bb931728076111825 P 010c1117f86a4fd99267f1d09025416e: Bootstrap starting.
I20260710 13:18:50.537711  7077 consensus_queue.cc:260] T 338c9fdb96eb457bb931728076111825 P 4940be4467ac470ab4d3358302375386 [NON_LEADER]: Queue going to NON_LEADER mode. State: All replicated index: 0, Majority replicated index: 0, Committed index: 0, Last appended: 0.0, Last appended by leader: 0, Current term: 0, Majority size: -1, State: 0, Mode: NON_LEADER, active raft config: opid_index: -1 OBSOLETE_local: false peers { permanent_uuid: "774f020bd0f547869bbd5bfda2520317" member_type: VOTER last_known_addr { host: "127.5.164.1" port: 39133 } } peers { permanent_uuid: "4940be4467ac470ab4d3358302375386" member_type: VOTER last_known_addr { host: "127.5.164.2" port: 35493 } } peers { permanent_uuid: "010c1117f86a4fd99267f1d09025416e" member_type: VOTER last_known_addr { host: "127.5.164.3" port: 39501 } }
I20260710 13:18:50.540258  7077 ts_tablet_manager.cc:1434] T 338c9fdb96eb457bb931728076111825 P 4940be4467ac470ab4d3358302375386: Time spent starting tablet: real 0.032s	user 0.009s	sys 0.000s
I20260710 13:18:50.540388  6787 catalog_manager.cc:5697] T d94e4e4303a44147a21df3ce59fa294d P 010c1117f86a4fd99267f1d09025416e reported cstate change: term changed from 0 to 1, leader changed from <none> to 010c1117f86a4fd99267f1d09025416e (127.5.164.3). New cstate: current_term: 1 leader_uuid: "010c1117f86a4fd99267f1d09025416e" committed_config { opid_index: -1 OBSOLETE_local: false peers { permanent_uuid: "774f020bd0f547869bbd5bfda2520317" member_type: VOTER last_known_addr { host: "127.5.164.1" port: 39133 } health_report { overall_health: UNKNOWN } } peers { permanent_uuid: "4940be4467ac470ab4d3358302375386" member_type: VOTER last_known_addr { host: "127.5.164.2" port: 35493 } health_report { overall_health: UNKNOWN } } peers { permanent_uuid: "010c1117f86a4fd99267f1d09025416e" member_type: VOTER last_known_addr { host: "127.5.164.3" port: 39501 } health_report { overall_health: HEALTHY } } }
I20260710 13:18:50.542409  7078 tablet_bootstrap.cc:654] T 338c9fdb96eb457bb931728076111825 P 010c1117f86a4fd99267f1d09025416e: Neither blocks nor log segments found. Creating new log.
I20260710 13:18:50.542608  7090 raft_consensus.cc:515] T bdf76322da474360baafe495911be242 P 774f020bd0f547869bbd5bfda2520317 [term 1 FOLLOWER]: Starting leader election with config: opid_index: -1 OBSOLETE_local: false peers { permanent_uuid: "774f020bd0f547869bbd5bfda2520317" member_type: VOTER last_known_addr { host: "127.5.164.1" port: 39133 } } peers { permanent_uuid: "4940be4467ac470ab4d3358302375386" member_type: VOTER last_known_addr { host: "127.5.164.2" port: 35493 } } peers { permanent_uuid: "010c1117f86a4fd99267f1d09025416e" member_type: VOTER last_known_addr { host: "127.5.164.3" port: 39501 } }
I20260710 13:18:50.544947  7090 leader_election.cc:290] T bdf76322da474360baafe495911be242 P 774f020bd0f547869bbd5bfda2520317 [CANDIDATE]: Term 1 election: Requested vote from peers 4940be4467ac470ab4d3358302375386 (127.5.164.2:35493), 010c1117f86a4fd99267f1d09025416e (127.5.164.3:39501)
I20260710 13:18:50.545751  6964 tablet_service.cc:1917] Received RequestConsensusVote() RPC: tablet_id: "bdf76322da474360baafe495911be242" candidate_uuid: "774f020bd0f547869bbd5bfda2520317" candidate_term: 1 candidate_status { last_received { term: 0 index: 0 } } ignore_live_leader: false dest_uuid: "4940be4467ac470ab4d3358302375386"
I20260710 13:18:50.546298  6964 raft_consensus.cc:3060] T bdf76322da474360baafe495911be242 P 4940be4467ac470ab4d3358302375386 [term 0 FOLLOWER]: Advancing to term 1
I20260710 13:18:50.546474  7077 tablet_bootstrap.cc:492] T de78c1faaba549bd8d17bca134967a98 P 4940be4467ac470ab4d3358302375386: Bootstrap starting.
I20260710 13:18:50.550238  7037 tablet_service.cc:1917] Received RequestConsensusVote() RPC: tablet_id: "bdf76322da474360baafe495911be242" candidate_uuid: "774f020bd0f547869bbd5bfda2520317" candidate_term: 1 candidate_status { last_received { term: 0 index: 0 } } ignore_live_leader: false dest_uuid: "010c1117f86a4fd99267f1d09025416e"
I20260710 13:18:50.550887  7037 raft_consensus.cc:3060] T bdf76322da474360baafe495911be242 P 010c1117f86a4fd99267f1d09025416e [term 0 FOLLOWER]: Advancing to term 1
I20260710 13:18:50.553040  6964 raft_consensus.cc:2468] T bdf76322da474360baafe495911be242 P 4940be4467ac470ab4d3358302375386 [term 1 FOLLOWER]: Leader election vote request: Granting yes vote for candidate 774f020bd0f547869bbd5bfda2520317 in term 1.
I20260710 13:18:50.553591  7077 tablet_bootstrap.cc:654] T de78c1faaba549bd8d17bca134967a98 P 4940be4467ac470ab4d3358302375386: Neither blocks nor log segments found. Creating new log.
I20260710 13:18:50.560425  6854 leader_election.cc:304] T bdf76322da474360baafe495911be242 P 774f020bd0f547869bbd5bfda2520317 [CANDIDATE]: Term 1 election: Election decided. Result: candidate won. Election summary: received 2 responses out of 3 voters: 2 yes votes; 0 no votes. yes voters: 4940be4467ac470ab4d3358302375386, 774f020bd0f547869bbd5bfda2520317; no voters: 
I20260710 13:18:50.560829  7077 tablet_bootstrap.cc:492] T de78c1faaba549bd8d17bca134967a98 P 4940be4467ac470ab4d3358302375386: No bootstrap required, opened a new log
I20260710 13:18:50.561297  7077 ts_tablet_manager.cc:1403] T de78c1faaba549bd8d17bca134967a98 P 4940be4467ac470ab4d3358302375386: Time spent bootstrapping tablet: real 0.015s	user 0.008s	sys 0.004s
I20260710 13:18:50.561354  7090 raft_consensus.cc:2804] T bdf76322da474360baafe495911be242 P 774f020bd0f547869bbd5bfda2520317 [term 1 FOLLOWER]: Leader election won for term 1
I20260710 13:18:50.561858  7090 raft_consensus.cc:697] T bdf76322da474360baafe495911be242 P 774f020bd0f547869bbd5bfda2520317 [term 1 LEADER]: Becoming Leader. State: Replica: 774f020bd0f547869bbd5bfda2520317, State: Running, Role: LEADER
I20260710 13:18:50.562403  7090 consensus_queue.cc:237] T bdf76322da474360baafe495911be242 P 774f020bd0f547869bbd5bfda2520317 [LEADER]: Queue going to LEADER mode. State: All replicated index: 0, Majority replicated index: 0, Committed index: 0, Last appended: 0.0, Last appended by leader: 0, Current term: 1, Majority size: 2, State: 0, Mode: LEADER, active raft config: opid_index: -1 OBSOLETE_local: false peers { permanent_uuid: "774f020bd0f547869bbd5bfda2520317" member_type: VOTER last_known_addr { host: "127.5.164.1" port: 39133 } } peers { permanent_uuid: "4940be4467ac470ab4d3358302375386" member_type: VOTER last_known_addr { host: "127.5.164.2" port: 35493 } } peers { permanent_uuid: "010c1117f86a4fd99267f1d09025416e" member_type: VOTER last_known_addr { host: "127.5.164.3" port: 39501 } }
I20260710 13:18:50.563941  7077 raft_consensus.cc:359] T de78c1faaba549bd8d17bca134967a98 P 4940be4467ac470ab4d3358302375386 [term 0 FOLLOWER]: Replica starting. Triggering 0 pending ops. Active config: opid_index: -1 OBSOLETE_local: false peers { permanent_uuid: "774f020bd0f547869bbd5bfda2520317" member_type: VOTER last_known_addr { host: "127.5.164.1" port: 39133 } } peers { permanent_uuid: "4940be4467ac470ab4d3358302375386" member_type: VOTER last_known_addr { host: "127.5.164.2" port: 35493 } } peers { permanent_uuid: "010c1117f86a4fd99267f1d09025416e" member_type: VOTER last_known_addr { host: "127.5.164.3" port: 39501 } }
I20260710 13:18:50.564512  7077 raft_consensus.cc:385] T de78c1faaba549bd8d17bca134967a98 P 4940be4467ac470ab4d3358302375386 [term 0 FOLLOWER]: Consensus starting up: Expiring failure detector timer to make a prompt election more likely
I20260710 13:18:50.564756  7077 raft_consensus.cc:740] T de78c1faaba549bd8d17bca134967a98 P 4940be4467ac470ab4d3358302375386 [term 0 FOLLOWER]: Becoming Follower/Learner. State: Replica: 4940be4467ac470ab4d3358302375386, State: Initialized, Role: FOLLOWER
I20260710 13:18:50.565289  7077 consensus_queue.cc:260] T de78c1faaba549bd8d17bca134967a98 P 4940be4467ac470ab4d3358302375386 [NON_LEADER]: Queue going to NON_LEADER mode. State: All replicated index: 0, Majority replicated index: 0, Committed index: 0, Last appended: 0.0, Last appended by leader: 0, Current term: 0, Majority size: -1, State: 0, Mode: NON_LEADER, active raft config: opid_index: -1 OBSOLETE_local: false peers { permanent_uuid: "774f020bd0f547869bbd5bfda2520317" member_type: VOTER last_known_addr { host: "127.5.164.1" port: 39133 } } peers { permanent_uuid: "4940be4467ac470ab4d3358302375386" member_type: VOTER last_known_addr { host: "127.5.164.2" port: 35493 } } peers { permanent_uuid: "010c1117f86a4fd99267f1d09025416e" member_type: VOTER last_known_addr { host: "127.5.164.3" port: 39501 } }
I20260710 13:18:50.567420  7078 tablet_bootstrap.cc:492] T 338c9fdb96eb457bb931728076111825 P 010c1117f86a4fd99267f1d09025416e: No bootstrap required, opened a new log
I20260710 13:18:50.567503  7077 ts_tablet_manager.cc:1434] T de78c1faaba549bd8d17bca134967a98 P 4940be4467ac470ab4d3358302375386: Time spent starting tablet: real 0.006s	user 0.005s	sys 0.000s
I20260710 13:18:50.567917  7078 ts_tablet_manager.cc:1403] T 338c9fdb96eb457bb931728076111825 P 010c1117f86a4fd99267f1d09025416e: Time spent bootstrapping tablet: real 0.032s	user 0.005s	sys 0.010s
I20260710 13:18:50.568413  7077 tablet_bootstrap.cc:492] T adb0b8017e3b4674b0a265c640f2562e P 4940be4467ac470ab4d3358302375386: Bootstrap starting.
I20260710 13:18:50.570408  7078 raft_consensus.cc:359] T 338c9fdb96eb457bb931728076111825 P 010c1117f86a4fd99267f1d09025416e [term 0 FOLLOWER]: Replica starting. Triggering 0 pending ops. Active config: opid_index: -1 OBSOLETE_local: false peers { permanent_uuid: "774f020bd0f547869bbd5bfda2520317" member_type: VOTER last_known_addr { host: "127.5.164.1" port: 39133 } } peers { permanent_uuid: "4940be4467ac470ab4d3358302375386" member_type: VOTER last_known_addr { host: "127.5.164.2" port: 35493 } } peers { permanent_uuid: "010c1117f86a4fd99267f1d09025416e" member_type: VOTER last_known_addr { host: "127.5.164.3" port: 39501 } }
I20260710 13:18:50.571048  7078 raft_consensus.cc:385] T 338c9fdb96eb457bb931728076111825 P 010c1117f86a4fd99267f1d09025416e [term 0 FOLLOWER]: Consensus starting up: Expiring failure detector timer to make a prompt election more likely
I20260710 13:18:50.571336  7078 raft_consensus.cc:740] T 338c9fdb96eb457bb931728076111825 P 010c1117f86a4fd99267f1d09025416e [term 0 FOLLOWER]: Becoming Follower/Learner. State: Replica: 010c1117f86a4fd99267f1d09025416e, State: Initialized, Role: FOLLOWER
I20260710 13:18:50.572093  7078 consensus_queue.cc:260] T 338c9fdb96eb457bb931728076111825 P 010c1117f86a4fd99267f1d09025416e [NON_LEADER]: Queue going to NON_LEADER mode. State: All replicated index: 0, Majority replicated index: 0, Committed index: 0, Last appended: 0.0, Last appended by leader: 0, Current term: 0, Majority size: -1, State: 0, Mode: NON_LEADER, active raft config: opid_index: -1 OBSOLETE_local: false peers { permanent_uuid: "774f020bd0f547869bbd5bfda2520317" member_type: VOTER last_known_addr { host: "127.5.164.1" port: 39133 } } peers { permanent_uuid: "4940be4467ac470ab4d3358302375386" member_type: VOTER last_known_addr { host: "127.5.164.2" port: 35493 } } peers { permanent_uuid: "010c1117f86a4fd99267f1d09025416e" member_type: VOTER last_known_addr { host: "127.5.164.3" port: 39501 } }
I20260710 13:18:50.574214  7077 tablet_bootstrap.cc:654] T adb0b8017e3b4674b0a265c640f2562e P 4940be4467ac470ab4d3358302375386: Neither blocks nor log segments found. Creating new log.
I20260710 13:18:50.574368  7078 ts_tablet_manager.cc:1434] T 338c9fdb96eb457bb931728076111825 P 010c1117f86a4fd99267f1d09025416e: Time spent starting tablet: real 0.006s	user 0.005s	sys 0.001s
I20260710 13:18:50.575341  7078 tablet_bootstrap.cc:492] T a2379c7a8fbe45a6b7c04b0983738393 P 010c1117f86a4fd99267f1d09025416e: Bootstrap starting.
I20260710 13:18:50.581446  7078 tablet_bootstrap.cc:654] T a2379c7a8fbe45a6b7c04b0983738393 P 010c1117f86a4fd99267f1d09025416e: Neither blocks nor log segments found. Creating new log.
I20260710 13:18:50.582683  7077 tablet_bootstrap.cc:492] T adb0b8017e3b4674b0a265c640f2562e P 4940be4467ac470ab4d3358302375386: No bootstrap required, opened a new log
I20260710 13:18:50.583249  7077 ts_tablet_manager.cc:1403] T adb0b8017e3b4674b0a265c640f2562e P 4940be4467ac470ab4d3358302375386: Time spent bootstrapping tablet: real 0.015s	user 0.009s	sys 0.001s
I20260710 13:18:50.582692  6787 catalog_manager.cc:5697] T bdf76322da474360baafe495911be242 P 774f020bd0f547869bbd5bfda2520317 reported cstate change: term changed from 0 to 1, leader changed from <none> to 774f020bd0f547869bbd5bfda2520317 (127.5.164.1). New cstate: current_term: 1 leader_uuid: "774f020bd0f547869bbd5bfda2520317" committed_config { opid_index: -1 OBSOLETE_local: false peers { permanent_uuid: "774f020bd0f547869bbd5bfda2520317" member_type: VOTER last_known_addr { host: "127.5.164.1" port: 39133 } health_report { overall_health: HEALTHY } } peers { permanent_uuid: "4940be4467ac470ab4d3358302375386" member_type: VOTER last_known_addr { host: "127.5.164.2" port: 35493 } health_report { overall_health: UNKNOWN } } peers { permanent_uuid: "010c1117f86a4fd99267f1d09025416e" member_type: VOTER last_known_addr { host: "127.5.164.3" port: 39501 } health_report { overall_health: UNKNOWN } } }
I20260710 13:18:50.586635  7077 raft_consensus.cc:359] T adb0b8017e3b4674b0a265c640f2562e P 4940be4467ac470ab4d3358302375386 [term 0 FOLLOWER]: Replica starting. Triggering 0 pending ops. Active config: opid_index: -1 OBSOLETE_local: false peers { permanent_uuid: "774f020bd0f547869bbd5bfda2520317" member_type: VOTER last_known_addr { host: "127.5.164.1" port: 39133 } } peers { permanent_uuid: "4940be4467ac470ab4d3358302375386" member_type: VOTER last_known_addr { host: "127.5.164.2" port: 35493 } } peers { permanent_uuid: "010c1117f86a4fd99267f1d09025416e" member_type: VOTER last_known_addr { host: "127.5.164.3" port: 39501 } }
I20260710 13:18:50.587515  7077 raft_consensus.cc:385] T adb0b8017e3b4674b0a265c640f2562e P 4940be4467ac470ab4d3358302375386 [term 0 FOLLOWER]: Consensus starting up: Expiring failure detector timer to make a prompt election more likely
I20260710 13:18:50.587859  7077 raft_consensus.cc:740] T adb0b8017e3b4674b0a265c640f2562e P 4940be4467ac470ab4d3358302375386 [term 0 FOLLOWER]: Becoming Follower/Learner. State: Replica: 4940be4467ac470ab4d3358302375386, State: Initialized, Role: FOLLOWER
I20260710 13:18:50.588429  7037 raft_consensus.cc:2468] T bdf76322da474360baafe495911be242 P 010c1117f86a4fd99267f1d09025416e [term 1 FOLLOWER]: Leader election vote request: Granting yes vote for candidate 774f020bd0f547869bbd5bfda2520317 in term 1.
I20260710 13:18:50.588876  7077 consensus_queue.cc:260] T adb0b8017e3b4674b0a265c640f2562e P 4940be4467ac470ab4d3358302375386 [NON_LEADER]: Queue going to NON_LEADER mode. State: All replicated index: 0, Majority replicated index: 0, Committed index: 0, Last appended: 0.0, Last appended by leader: 0, Current term: 0, Majority size: -1, State: 0, Mode: NON_LEADER, active raft config: opid_index: -1 OBSOLETE_local: false peers { permanent_uuid: "774f020bd0f547869bbd5bfda2520317" member_type: VOTER last_known_addr { host: "127.5.164.1" port: 39133 } } peers { permanent_uuid: "4940be4467ac470ab4d3358302375386" member_type: VOTER last_known_addr { host: "127.5.164.2" port: 35493 } } peers { permanent_uuid: "010c1117f86a4fd99267f1d09025416e" member_type: VOTER last_known_addr { host: "127.5.164.3" port: 39501 } }
I20260710 13:18:50.591838  7077 ts_tablet_manager.cc:1434] T adb0b8017e3b4674b0a265c640f2562e P 4940be4467ac470ab4d3358302375386: Time spent starting tablet: real 0.008s	user 0.006s	sys 0.002s
I20260710 13:18:50.593024  7077 tablet_bootstrap.cc:492] T 0ed860bdaa324f7aa1b74779fb896254 P 4940be4467ac470ab4d3358302375386: Bootstrap starting.
I20260710 13:18:50.601099  7078 tablet_bootstrap.cc:492] T a2379c7a8fbe45a6b7c04b0983738393 P 010c1117f86a4fd99267f1d09025416e: No bootstrap required, opened a new log
I20260710 13:18:50.601599  7077 tablet_bootstrap.cc:654] T 0ed860bdaa324f7aa1b74779fb896254 P 4940be4467ac470ab4d3358302375386: Neither blocks nor log segments found. Creating new log.
I20260710 13:18:50.601634  7078 ts_tablet_manager.cc:1403] T a2379c7a8fbe45a6b7c04b0983738393 P 010c1117f86a4fd99267f1d09025416e: Time spent bootstrapping tablet: real 0.027s	user 0.019s	sys 0.006s
I20260710 13:18:50.604909  7079 ts_tablet_manager.cc:1434] T 7a5bc6c3e68a42b5a59c525c5a6ec7ce P 774f020bd0f547869bbd5bfda2520317: Time spent starting tablet: real 0.084s	user 0.010s	sys 0.002s
I20260710 13:18:50.604760  7078 raft_consensus.cc:359] T a2379c7a8fbe45a6b7c04b0983738393 P 010c1117f86a4fd99267f1d09025416e [term 0 FOLLOWER]: Replica starting. Triggering 0 pending ops. Active config: opid_index: -1 OBSOLETE_local: false peers { permanent_uuid: "774f020bd0f547869bbd5bfda2520317" member_type: VOTER last_known_addr { host: "127.5.164.1" port: 39133 } } peers { permanent_uuid: "4940be4467ac470ab4d3358302375386" member_type: VOTER last_known_addr { host: "127.5.164.2" port: 35493 } } peers { permanent_uuid: "010c1117f86a4fd99267f1d09025416e" member_type: VOTER last_known_addr { host: "127.5.164.3" port: 39501 } }
I20260710 13:18:50.605528  7078 raft_consensus.cc:385] T a2379c7a8fbe45a6b7c04b0983738393 P 010c1117f86a4fd99267f1d09025416e [term 0 FOLLOWER]: Consensus starting up: Expiring failure detector timer to make a prompt election more likely
I20260710 13:18:50.605785  7078 raft_consensus.cc:740] T a2379c7a8fbe45a6b7c04b0983738393 P 010c1117f86a4fd99267f1d09025416e [term 0 FOLLOWER]: Becoming Follower/Learner. State: Replica: 010c1117f86a4fd99267f1d09025416e, State: Initialized, Role: FOLLOWER
I20260710 13:18:50.606576  7078 consensus_queue.cc:260] T a2379c7a8fbe45a6b7c04b0983738393 P 010c1117f86a4fd99267f1d09025416e [NON_LEADER]: Queue going to NON_LEADER mode. State: All replicated index: 0, Majority replicated index: 0, Committed index: 0, Last appended: 0.0, Last appended by leader: 0, Current term: 0, Majority size: -1, State: 0, Mode: NON_LEADER, active raft config: opid_index: -1 OBSOLETE_local: false peers { permanent_uuid: "774f020bd0f547869bbd5bfda2520317" member_type: VOTER last_known_addr { host: "127.5.164.1" port: 39133 } } peers { permanent_uuid: "4940be4467ac470ab4d3358302375386" member_type: VOTER last_known_addr { host: "127.5.164.2" port: 35493 } } peers { permanent_uuid: "010c1117f86a4fd99267f1d09025416e" member_type: VOTER last_known_addr { host: "127.5.164.3" port: 39501 } }
I20260710 13:18:50.608542  7078 ts_tablet_manager.cc:1434] T a2379c7a8fbe45a6b7c04b0983738393 P 010c1117f86a4fd99267f1d09025416e: Time spent starting tablet: real 0.006s	user 0.004s	sys 0.000s
I20260710 13:18:50.611362  7078 tablet_bootstrap.cc:492] T b4876fdf1301463ca8fbfb7591fb99ce P 010c1117f86a4fd99267f1d09025416e: Bootstrap starting.
I20260710 13:18:50.612684  7079 tablet_bootstrap.cc:492] T d94e4e4303a44147a21df3ce59fa294d P 774f020bd0f547869bbd5bfda2520317: Bootstrap starting.
I20260710 13:18:50.616827  7078 tablet_bootstrap.cc:654] T b4876fdf1301463ca8fbfb7591fb99ce P 010c1117f86a4fd99267f1d09025416e: Neither blocks nor log segments found. Creating new log.
I20260710 13:18:50.618582  7079 tablet_bootstrap.cc:654] T d94e4e4303a44147a21df3ce59fa294d P 774f020bd0f547869bbd5bfda2520317: Neither blocks nor log segments found. Creating new log.
I20260710 13:18:50.622449  7077 tablet_bootstrap.cc:492] T 0ed860bdaa324f7aa1b74779fb896254 P 4940be4467ac470ab4d3358302375386: No bootstrap required, opened a new log
I20260710 13:18:50.622943  7077 ts_tablet_manager.cc:1403] T 0ed860bdaa324f7aa1b74779fb896254 P 4940be4467ac470ab4d3358302375386: Time spent bootstrapping tablet: real 0.030s	user 0.012s	sys 0.015s
I20260710 13:18:50.623418  7079 tablet_bootstrap.cc:492] T d94e4e4303a44147a21df3ce59fa294d P 774f020bd0f547869bbd5bfda2520317: No bootstrap required, opened a new log
I20260710 13:18:50.623855  7079 ts_tablet_manager.cc:1403] T d94e4e4303a44147a21df3ce59fa294d P 774f020bd0f547869bbd5bfda2520317: Time spent bootstrapping tablet: real 0.011s	user 0.005s	sys 0.004s
I20260710 13:18:50.625727  7079 raft_consensus.cc:359] T d94e4e4303a44147a21df3ce59fa294d P 774f020bd0f547869bbd5bfda2520317 [term 0 FOLLOWER]: Replica starting. Triggering 0 pending ops. Active config: opid_index: -1 OBSOLETE_local: false peers { permanent_uuid: "774f020bd0f547869bbd5bfda2520317" member_type: VOTER last_known_addr { host: "127.5.164.1" port: 39133 } } peers { permanent_uuid: "4940be4467ac470ab4d3358302375386" member_type: VOTER last_known_addr { host: "127.5.164.2" port: 35493 } } peers { permanent_uuid: "010c1117f86a4fd99267f1d09025416e" member_type: VOTER last_known_addr { host: "127.5.164.3" port: 39501 } }
I20260710 13:18:50.626406  7079 raft_consensus.cc:385] T d94e4e4303a44147a21df3ce59fa294d P 774f020bd0f547869bbd5bfda2520317 [term 0 FOLLOWER]: Consensus starting up: Expiring failure detector timer to make a prompt election more likely
I20260710 13:18:50.625741  7077 raft_consensus.cc:359] T 0ed860bdaa324f7aa1b74779fb896254 P 4940be4467ac470ab4d3358302375386 [term 0 FOLLOWER]: Replica starting. Triggering 0 pending ops. Active config: opid_index: -1 OBSOLETE_local: false peers { permanent_uuid: "774f020bd0f547869bbd5bfda2520317" member_type: VOTER last_known_addr { host: "127.5.164.1" port: 39133 } } peers { permanent_uuid: "4940be4467ac470ab4d3358302375386" member_type: VOTER last_known_addr { host: "127.5.164.2" port: 35493 } } peers { permanent_uuid: "010c1117f86a4fd99267f1d09025416e" member_type: VOTER last_known_addr { host: "127.5.164.3" port: 39501 } }
I20260710 13:18:50.626762  7079 raft_consensus.cc:740] T d94e4e4303a44147a21df3ce59fa294d P 774f020bd0f547869bbd5bfda2520317 [term 0 FOLLOWER]: Becoming Follower/Learner. State: Replica: 774f020bd0f547869bbd5bfda2520317, State: Initialized, Role: FOLLOWER
I20260710 13:18:50.627105  7077 raft_consensus.cc:385] T 0ed860bdaa324f7aa1b74779fb896254 P 4940be4467ac470ab4d3358302375386 [term 0 FOLLOWER]: Consensus starting up: Expiring failure detector timer to make a prompt election more likely
I20260710 13:18:50.627326  7078 tablet_bootstrap.cc:492] T b4876fdf1301463ca8fbfb7591fb99ce P 010c1117f86a4fd99267f1d09025416e: No bootstrap required, opened a new log
I20260710 13:18:50.627427  7077 raft_consensus.cc:740] T 0ed860bdaa324f7aa1b74779fb896254 P 4940be4467ac470ab4d3358302375386 [term 0 FOLLOWER]: Becoming Follower/Learner. State: Replica: 4940be4467ac470ab4d3358302375386, State: Initialized, Role: FOLLOWER
I20260710 13:18:50.627780  7078 ts_tablet_manager.cc:1403] T b4876fdf1301463ca8fbfb7591fb99ce P 010c1117f86a4fd99267f1d09025416e: Time spent bootstrapping tablet: real 0.017s	user 0.009s	sys 0.000s
I20260710 13:18:50.627561  7079 consensus_queue.cc:260] T d94e4e4303a44147a21df3ce59fa294d P 774f020bd0f547869bbd5bfda2520317 [NON_LEADER]: Queue going to NON_LEADER mode. State: All replicated index: 0, Majority replicated index: 0, Committed index: 0, Last appended: 0.0, Last appended by leader: 0, Current term: 0, Majority size: -1, State: 0, Mode: NON_LEADER, active raft config: opid_index: -1 OBSOLETE_local: false peers { permanent_uuid: "774f020bd0f547869bbd5bfda2520317" member_type: VOTER last_known_addr { host: "127.5.164.1" port: 39133 } } peers { permanent_uuid: "4940be4467ac470ab4d3358302375386" member_type: VOTER last_known_addr { host: "127.5.164.2" port: 35493 } } peers { permanent_uuid: "010c1117f86a4fd99267f1d09025416e" member_type: VOTER last_known_addr { host: "127.5.164.3" port: 39501 } }
I20260710 13:18:50.628350  7077 consensus_queue.cc:260] T 0ed860bdaa324f7aa1b74779fb896254 P 4940be4467ac470ab4d3358302375386 [NON_LEADER]: Queue going to NON_LEADER mode. State: All replicated index: 0, Majority replicated index: 0, Committed index: 0, Last appended: 0.0, Last appended by leader: 0, Current term: 0, Majority size: -1, State: 0, Mode: NON_LEADER, active raft config: opid_index: -1 OBSOLETE_local: false peers { permanent_uuid: "774f020bd0f547869bbd5bfda2520317" member_type: VOTER last_known_addr { host: "127.5.164.1" port: 39133 } } peers { permanent_uuid: "4940be4467ac470ab4d3358302375386" member_type: VOTER last_known_addr { host: "127.5.164.2" port: 35493 } } peers { permanent_uuid: "010c1117f86a4fd99267f1d09025416e" member_type: VOTER last_known_addr { host: "127.5.164.3" port: 39501 } }
I20260710 13:18:50.630509  7077 ts_tablet_manager.cc:1434] T 0ed860bdaa324f7aa1b74779fb896254 P 4940be4467ac470ab4d3358302375386: Time spent starting tablet: real 0.007s	user 0.007s	sys 0.000s
I20260710 13:18:50.630412  7078 raft_consensus.cc:359] T b4876fdf1301463ca8fbfb7591fb99ce P 010c1117f86a4fd99267f1d09025416e [term 0 FOLLOWER]: Replica starting. Triggering 0 pending ops. Active config: opid_index: -1 OBSOLETE_local: false peers { permanent_uuid: "774f020bd0f547869bbd5bfda2520317" member_type: VOTER last_known_addr { host: "127.5.164.1" port: 39133 } } peers { permanent_uuid: "4940be4467ac470ab4d3358302375386" member_type: VOTER last_known_addr { host: "127.5.164.2" port: 35493 } } peers { permanent_uuid: "010c1117f86a4fd99267f1d09025416e" member_type: VOTER last_known_addr { host: "127.5.164.3" port: 39501 } }
I20260710 13:18:50.631080  7078 raft_consensus.cc:385] T b4876fdf1301463ca8fbfb7591fb99ce P 010c1117f86a4fd99267f1d09025416e [term 0 FOLLOWER]: Consensus starting up: Expiring failure detector timer to make a prompt election more likely
I20260710 13:18:50.631345  7078 raft_consensus.cc:740] T b4876fdf1301463ca8fbfb7591fb99ce P 010c1117f86a4fd99267f1d09025416e [term 0 FOLLOWER]: Becoming Follower/Learner. State: Replica: 010c1117f86a4fd99267f1d09025416e, State: Initialized, Role: FOLLOWER
I20260710 13:18:50.632409  7077 tablet_bootstrap.cc:492] T a2379c7a8fbe45a6b7c04b0983738393 P 4940be4467ac470ab4d3358302375386: Bootstrap starting.
I20260710 13:18:50.632267  7078 consensus_queue.cc:260] T b4876fdf1301463ca8fbfb7591fb99ce P 010c1117f86a4fd99267f1d09025416e [NON_LEADER]: Queue going to NON_LEADER mode. State: All replicated index: 0, Majority replicated index: 0, Committed index: 0, Last appended: 0.0, Last appended by leader: 0, Current term: 0, Majority size: -1, State: 0, Mode: NON_LEADER, active raft config: opid_index: -1 OBSOLETE_local: false peers { permanent_uuid: "774f020bd0f547869bbd5bfda2520317" member_type: VOTER last_known_addr { host: "127.5.164.1" port: 39133 } } peers { permanent_uuid: "4940be4467ac470ab4d3358302375386" member_type: VOTER last_known_addr { host: "127.5.164.2" port: 35493 } } peers { permanent_uuid: "010c1117f86a4fd99267f1d09025416e" member_type: VOTER last_known_addr { host: "127.5.164.3" port: 39501 } }
I20260710 13:18:50.634750  7079 ts_tablet_manager.cc:1434] T d94e4e4303a44147a21df3ce59fa294d P 774f020bd0f547869bbd5bfda2520317: Time spent starting tablet: real 0.011s	user 0.005s	sys 0.001s
I20260710 13:18:50.635772  7079 tablet_bootstrap.cc:492] T fdb6fe49ca6e48e888032e5d601340fe P 774f020bd0f547869bbd5bfda2520317: Bootstrap starting.
I20260710 13:18:50.637822  7078 ts_tablet_manager.cc:1434] T b4876fdf1301463ca8fbfb7591fb99ce P 010c1117f86a4fd99267f1d09025416e: Time spent starting tablet: real 0.010s	user 0.006s	sys 0.001s
I20260710 13:18:50.638761  7078 tablet_bootstrap.cc:492] T fdb6fe49ca6e48e888032e5d601340fe P 010c1117f86a4fd99267f1d09025416e: Bootstrap starting.
I20260710 13:18:50.638995  7077 tablet_bootstrap.cc:654] T a2379c7a8fbe45a6b7c04b0983738393 P 4940be4467ac470ab4d3358302375386: Neither blocks nor log segments found. Creating new log.
I20260710 13:18:50.641783  7079 tablet_bootstrap.cc:654] T fdb6fe49ca6e48e888032e5d601340fe P 774f020bd0f547869bbd5bfda2520317: Neither blocks nor log segments found. Creating new log.
I20260710 13:18:50.644447  7078 tablet_bootstrap.cc:654] T fdb6fe49ca6e48e888032e5d601340fe P 010c1117f86a4fd99267f1d09025416e: Neither blocks nor log segments found. Creating new log.
I20260710 13:18:50.647094  7082 raft_consensus.cc:493] T 338c9fdb96eb457bb931728076111825 P 4940be4467ac470ab4d3358302375386 [term 0 FOLLOWER]: Starting pre-election (no leader contacted us within the election timeout)
I20260710 13:18:50.647794  7082 raft_consensus.cc:515] T 338c9fdb96eb457bb931728076111825 P 4940be4467ac470ab4d3358302375386 [term 0 FOLLOWER]: Starting pre-election with config: opid_index: -1 OBSOLETE_local: false peers { permanent_uuid: "774f020bd0f547869bbd5bfda2520317" member_type: VOTER last_known_addr { host: "127.5.164.1" port: 39133 } } peers { permanent_uuid: "4940be4467ac470ab4d3358302375386" member_type: VOTER last_known_addr { host: "127.5.164.2" port: 35493 } } peers { permanent_uuid: "010c1117f86a4fd99267f1d09025416e" member_type: VOTER last_known_addr { host: "127.5.164.3" port: 39501 } }
I20260710 13:18:50.652352  7037 tablet_service.cc:1917] Received RequestConsensusVote() RPC: tablet_id: "338c9fdb96eb457bb931728076111825" candidate_uuid: "4940be4467ac470ab4d3358302375386" candidate_term: 1 candidate_status { last_received { term: 0 index: 0 } } ignore_live_leader: false dest_uuid: "010c1117f86a4fd99267f1d09025416e" is_pre_election: true
I20260710 13:18:50.653038  6889 tablet_service.cc:1917] Received RequestConsensusVote() RPC: tablet_id: "338c9fdb96eb457bb931728076111825" candidate_uuid: "4940be4467ac470ab4d3358302375386" candidate_term: 1 candidate_status { last_received { term: 0 index: 0 } } ignore_live_leader: false dest_uuid: "774f020bd0f547869bbd5bfda2520317" is_pre_election: true
I20260710 13:18:50.654072  6889 raft_consensus.cc:2468] T 338c9fdb96eb457bb931728076111825 P 774f020bd0f547869bbd5bfda2520317 [term 0 FOLLOWER]: Leader pre-election vote request: Granting yes vote for candidate 4940be4467ac470ab4d3358302375386 in term 0.
I20260710 13:18:50.653229  7037 raft_consensus.cc:2468] T 338c9fdb96eb457bb931728076111825 P 010c1117f86a4fd99267f1d09025416e [term 0 FOLLOWER]: Leader pre-election vote request: Granting yes vote for candidate 4940be4467ac470ab4d3358302375386 in term 0.
I20260710 13:18:50.656934  6927 leader_election.cc:304] T 338c9fdb96eb457bb931728076111825 P 4940be4467ac470ab4d3358302375386 [CANDIDATE]: Term 1 pre-election: Election decided. Result: candidate won. Election summary: received 2 responses out of 3 voters: 2 yes votes; 0 no votes. yes voters: 010c1117f86a4fd99267f1d09025416e, 4940be4467ac470ab4d3358302375386; no voters: 
I20260710 13:18:50.658459  7114 raft_consensus.cc:2804] T 338c9fdb96eb457bb931728076111825 P 4940be4467ac470ab4d3358302375386 [term 0 FOLLOWER]: Leader pre-election won for term 1
I20260710 13:18:50.659047  7114 raft_consensus.cc:493] T 338c9fdb96eb457bb931728076111825 P 4940be4467ac470ab4d3358302375386 [term 0 FOLLOWER]: Starting leader election (no leader contacted us within the election timeout)
I20260710 13:18:50.659533  7114 raft_consensus.cc:3060] T 338c9fdb96eb457bb931728076111825 P 4940be4467ac470ab4d3358302375386 [term 0 FOLLOWER]: Advancing to term 1
I20260710 13:18:50.665571  7082 leader_election.cc:290] T 338c9fdb96eb457bb931728076111825 P 4940be4467ac470ab4d3358302375386 [CANDIDATE]: Term 1 pre-election: Requested pre-vote from peers 774f020bd0f547869bbd5bfda2520317 (127.5.164.1:39133), 010c1117f86a4fd99267f1d09025416e (127.5.164.3:39501)
I20260710 13:18:50.673254  7114 raft_consensus.cc:515] T 338c9fdb96eb457bb931728076111825 P 4940be4467ac470ab4d3358302375386 [term 1 FOLLOWER]: Starting leader election with config: opid_index: -1 OBSOLETE_local: false peers { permanent_uuid: "774f020bd0f547869bbd5bfda2520317" member_type: VOTER last_known_addr { host: "127.5.164.1" port: 39133 } } peers { permanent_uuid: "4940be4467ac470ab4d3358302375386" member_type: VOTER last_known_addr { host: "127.5.164.2" port: 35493 } } peers { permanent_uuid: "010c1117f86a4fd99267f1d09025416e" member_type: VOTER last_known_addr { host: "127.5.164.3" port: 39501 } }
I20260710 13:18:50.683610  7077 tablet_bootstrap.cc:492] T a2379c7a8fbe45a6b7c04b0983738393 P 4940be4467ac470ab4d3358302375386: No bootstrap required, opened a new log
I20260710 13:18:50.684156  7114 leader_election.cc:290] T 338c9fdb96eb457bb931728076111825 P 4940be4467ac470ab4d3358302375386 [CANDIDATE]: Term 1 election: Requested vote from peers 774f020bd0f547869bbd5bfda2520317 (127.5.164.1:39133), 010c1117f86a4fd99267f1d09025416e (127.5.164.3:39501)
I20260710 13:18:50.685024  6889 tablet_service.cc:1917] Received RequestConsensusVote() RPC: tablet_id: "338c9fdb96eb457bb931728076111825" candidate_uuid: "4940be4467ac470ab4d3358302375386" candidate_term: 1 candidate_status { last_received { term: 0 index: 0 } } ignore_live_leader: false dest_uuid: "774f020bd0f547869bbd5bfda2520317"
I20260710 13:18:50.685323  7037 tablet_service.cc:1917] Received RequestConsensusVote() RPC: tablet_id: "338c9fdb96eb457bb931728076111825" candidate_uuid: "4940be4467ac470ab4d3358302375386" candidate_term: 1 candidate_status { last_received { term: 0 index: 0 } } ignore_live_leader: false dest_uuid: "010c1117f86a4fd99267f1d09025416e"
I20260710 13:18:50.685627  6889 raft_consensus.cc:3060] T 338c9fdb96eb457bb931728076111825 P 774f020bd0f547869bbd5bfda2520317 [term 0 FOLLOWER]: Advancing to term 1
I20260710 13:18:50.685962  7037 raft_consensus.cc:3060] T 338c9fdb96eb457bb931728076111825 P 010c1117f86a4fd99267f1d09025416e [term 0 FOLLOWER]: Advancing to term 1
I20260710 13:18:50.686146  7079 tablet_bootstrap.cc:492] T fdb6fe49ca6e48e888032e5d601340fe P 774f020bd0f547869bbd5bfda2520317: No bootstrap required, opened a new log
I20260710 13:18:50.686307  7077 ts_tablet_manager.cc:1403] T a2379c7a8fbe45a6b7c04b0983738393 P 4940be4467ac470ab4d3358302375386: Time spent bootstrapping tablet: real 0.054s	user 0.014s	sys 0.004s
I20260710 13:18:50.686666  7079 ts_tablet_manager.cc:1403] T fdb6fe49ca6e48e888032e5d601340fe P 774f020bd0f547869bbd5bfda2520317: Time spent bootstrapping tablet: real 0.051s	user 0.018s	sys 0.030s
I20260710 13:18:50.689194  7077 raft_consensus.cc:359] T a2379c7a8fbe45a6b7c04b0983738393 P 4940be4467ac470ab4d3358302375386 [term 0 FOLLOWER]: Replica starting. Triggering 0 pending ops. Active config: opid_index: -1 OBSOLETE_local: false peers { permanent_uuid: "774f020bd0f547869bbd5bfda2520317" member_type: VOTER last_known_addr { host: "127.5.164.1" port: 39133 } } peers { permanent_uuid: "4940be4467ac470ab4d3358302375386" member_type: VOTER last_known_addr { host: "127.5.164.2" port: 35493 } } peers { permanent_uuid: "010c1117f86a4fd99267f1d09025416e" member_type: VOTER last_known_addr { host: "127.5.164.3" port: 39501 } }
I20260710 13:18:50.689965  7077 raft_consensus.cc:385] T a2379c7a8fbe45a6b7c04b0983738393 P 4940be4467ac470ab4d3358302375386 [term 0 FOLLOWER]: Consensus starting up: Expiring failure detector timer to make a prompt election more likely
I20260710 13:18:50.686141  7078 tablet_bootstrap.cc:492] T fdb6fe49ca6e48e888032e5d601340fe P 010c1117f86a4fd99267f1d09025416e: No bootstrap required, opened a new log
I20260710 13:18:50.690306  7077 raft_consensus.cc:740] T a2379c7a8fbe45a6b7c04b0983738393 P 4940be4467ac470ab4d3358302375386 [term 0 FOLLOWER]: Becoming Follower/Learner. State: Replica: 4940be4467ac470ab4d3358302375386, State: Initialized, Role: FOLLOWER
I20260710 13:18:50.690738  7078 ts_tablet_manager.cc:1403] T fdb6fe49ca6e48e888032e5d601340fe P 010c1117f86a4fd99267f1d09025416e: Time spent bootstrapping tablet: real 0.052s	user 0.030s	sys 0.014s
I20260710 13:18:50.691244  7077 consensus_queue.cc:260] T a2379c7a8fbe45a6b7c04b0983738393 P 4940be4467ac470ab4d3358302375386 [NON_LEADER]: Queue going to NON_LEADER mode. State: All replicated index: 0, Majority replicated index: 0, Committed index: 0, Last appended: 0.0, Last appended by leader: 0, Current term: 0, Majority size: -1, State: 0, Mode: NON_LEADER, active raft config: opid_index: -1 OBSOLETE_local: false peers { permanent_uuid: "774f020bd0f547869bbd5bfda2520317" member_type: VOTER last_known_addr { host: "127.5.164.1" port: 39133 } } peers { permanent_uuid: "4940be4467ac470ab4d3358302375386" member_type: VOTER last_known_addr { host: "127.5.164.2" port: 35493 } } peers { permanent_uuid: "010c1117f86a4fd99267f1d09025416e" member_type: VOTER last_known_addr { host: "127.5.164.3" port: 39501 } }
I20260710 13:18:50.692392  6889 raft_consensus.cc:2468] T 338c9fdb96eb457bb931728076111825 P 774f020bd0f547869bbd5bfda2520317 [term 1 FOLLOWER]: Leader election vote request: Granting yes vote for candidate 4940be4467ac470ab4d3358302375386 in term 1.
I20260710 13:18:50.693553  7037 raft_consensus.cc:2468] T 338c9fdb96eb457bb931728076111825 P 010c1117f86a4fd99267f1d09025416e [term 1 FOLLOWER]: Leader election vote request: Granting yes vote for candidate 4940be4467ac470ab4d3358302375386 in term 1.
I20260710 13:18:50.693563  6929 leader_election.cc:304] T 338c9fdb96eb457bb931728076111825 P 4940be4467ac470ab4d3358302375386 [CANDIDATE]: Term 1 election: Election decided. Result: candidate won. Election summary: received 2 responses out of 3 voters: 2 yes votes; 0 no votes. yes voters: 4940be4467ac470ab4d3358302375386, 774f020bd0f547869bbd5bfda2520317; no voters: 
I20260710 13:18:50.694594  7082 raft_consensus.cc:2804] T 338c9fdb96eb457bb931728076111825 P 4940be4467ac470ab4d3358302375386 [term 1 FOLLOWER]: Leader election won for term 1
I20260710 13:18:50.694398  7078 raft_consensus.cc:359] T fdb6fe49ca6e48e888032e5d601340fe P 010c1117f86a4fd99267f1d09025416e [term 0 FOLLOWER]: Replica starting. Triggering 0 pending ops. Active config: opid_index: -1 OBSOLETE_local: false peers { permanent_uuid: "774f020bd0f547869bbd5bfda2520317" member_type: VOTER last_known_addr { host: "127.5.164.1" port: 39133 } } peers { permanent_uuid: "4940be4467ac470ab4d3358302375386" member_type: VOTER last_known_addr { host: "127.5.164.2" port: 35493 } } peers { permanent_uuid: "010c1117f86a4fd99267f1d09025416e" member_type: VOTER last_known_addr { host: "127.5.164.3" port: 39501 } }
