I20260710 13:18:45.294801  7093 raft_consensus.cc:515] T 5aba9df3e4fb4d398cb7cff225dfd292 P 756a85db4b2947ef9c434b00a546a683 [term 0 FOLLOWER]: Starting pre-election with config: opid_index: -1 OBSOLETE_local: false peers { permanent_uuid: "756a85db4b2947ef9c434b00a546a683" member_type: VOTER last_known_addr { host: "127.5.167.65" port: 39203 } } peers { permanent_uuid: "d7db83591c8c4311a1c6bbb9a08d1516" member_type: VOTER last_known_addr { host: "127.5.167.66" port: 33841 } } peers { permanent_uuid: "a0c3e34bde2e462d9b39ef13b84effd1" member_type: VOTER last_known_addr { host: "127.5.167.67" port: 38407 } }
W20260710 13:18:45.296459  6998 leader_election.cc:343] T b32834cb300d42148b5f28a05ddda73c P a0c3e34bde2e462d9b39ef13b84effd1 [CANDIDATE]: Term 1 pre-election: Tablet error from VoteRequest() call to peer 756a85db4b2947ef9c434b00a546a683 (127.5.167.65:39203): Illegal state: must be running to vote when last-logged opid is not known
I20260710 13:18:45.296800  7093 leader_election.cc:290] T 5aba9df3e4fb4d398cb7cff225dfd292 P 756a85db4b2947ef9c434b00a546a683 [CANDIDATE]: Term 1 pre-election: Requested pre-vote from peers d7db83591c8c4311a1c6bbb9a08d1516 (127.5.167.66:33841), a0c3e34bde2e462d9b39ef13b84effd1 (127.5.167.67:38407)
I20260710 13:18:45.298775  6958 tablet_service.cc:1917] Received RequestConsensusVote() RPC: tablet_id: "b32834cb300d42148b5f28a05ddda73c" candidate_uuid: "a0c3e34bde2e462d9b39ef13b84effd1" candidate_term: 1 candidate_status { last_received { term: 0 index: 0 } } ignore_live_leader: false dest_uuid: "d7db83591c8c4311a1c6bbb9a08d1516" is_pre_election: true
I20260710 13:18:45.298935  6957 tablet_service.cc:1917] Received RequestConsensusVote() RPC: tablet_id: "5aba9df3e4fb4d398cb7cff225dfd292" candidate_uuid: "756a85db4b2947ef9c434b00a546a683" candidate_term: 1 candidate_status { last_received { term: 0 index: 0 } } ignore_live_leader: false dest_uuid: "d7db83591c8c4311a1c6bbb9a08d1516" is_pre_election: true
I20260710 13:18:45.299081  7031 tablet_service.cc:1917] Received RequestConsensusVote() RPC: tablet_id: "5aba9df3e4fb4d398cb7cff225dfd292" candidate_uuid: "756a85db4b2947ef9c434b00a546a683" candidate_term: 1 candidate_status { last_received { term: 0 index: 0 } } ignore_live_leader: false dest_uuid: "a0c3e34bde2e462d9b39ef13b84effd1" is_pre_election: true
I20260710 13:18:45.299494  6958 raft_consensus.cc:2468] T b32834cb300d42148b5f28a05ddda73c P d7db83591c8c4311a1c6bbb9a08d1516 [term 0 FOLLOWER]: Leader pre-election vote request: Granting yes vote for candidate a0c3e34bde2e462d9b39ef13b84effd1 in term 0.
W20260710 13:18:45.301139  6847 leader_election.cc:343] T 5aba9df3e4fb4d398cb7cff225dfd292 P 756a85db4b2947ef9c434b00a546a683 [CANDIDATE]: Term 1 pre-election: Tablet error from VoteRequest() call to peer a0c3e34bde2e462d9b39ef13b84effd1 (127.5.167.67:38407): Illegal state: must be running to vote when last-logged opid is not known
I20260710 13:18:45.301332  7073 tablet_bootstrap.cc:492] T b32834cb300d42148b5f28a05ddda73c P 756a85db4b2947ef9c434b00a546a683: Bootstrap starting.
W20260710 13:18:45.302304  6850 leader_election.cc:343] T 5aba9df3e4fb4d398cb7cff225dfd292 P 756a85db4b2947ef9c434b00a546a683 [CANDIDATE]: Term 1 pre-election: Tablet error from VoteRequest() call to peer d7db83591c8c4311a1c6bbb9a08d1516 (127.5.167.66:33841): Illegal state: must be running to vote when last-logged opid is not known
I20260710 13:18:45.302418  7075 consensus_queue.cc:260] T e622a55155d84a98ac9f9fc3ea033e25 P d7db83591c8c4311a1c6bbb9a08d1516 [NON_LEADER]: Queue going to NON_LEADER mode. State: All replicated index: 0, Majority replicated index: 0, Committed index: 0, Last appended: 0.0, Last appended by leader: 0, Current term: 0, Majority size: -1, State: 0, Mode: NON_LEADER, active raft config: opid_index: -1 OBSOLETE_local: false peers { permanent_uuid: "756a85db4b2947ef9c434b00a546a683" member_type: VOTER last_known_addr { host: "127.5.167.65" port: 39203 } } peers { permanent_uuid: "d7db83591c8c4311a1c6bbb9a08d1516" member_type: VOTER last_known_addr { host: "127.5.167.66" port: 33841 } } peers { permanent_uuid: "a0c3e34bde2e462d9b39ef13b84effd1" member_type: VOTER last_known_addr { host: "127.5.167.67" port: 38407 } }
I20260710 13:18:45.302749  6850 leader_election.cc:304] T 5aba9df3e4fb4d398cb7cff225dfd292 P 756a85db4b2947ef9c434b00a546a683 [CANDIDATE]: Term 1 pre-election: Election decided. Result: candidate lost. Election summary: received 3 responses out of 3 voters: 1 yes votes; 2 no votes. yes voters: 756a85db4b2947ef9c434b00a546a683; no voters: a0c3e34bde2e462d9b39ef13b84effd1, d7db83591c8c4311a1c6bbb9a08d1516
I20260710 13:18:45.303819  7093 raft_consensus.cc:2749] T 5aba9df3e4fb4d398cb7cff225dfd292 P 756a85db4b2947ef9c434b00a546a683 [term 0 FOLLOWER]: Leader pre-election lost for term 1. Reason: could not achieve majority
I20260710 13:18:45.306110  7117 consensus_queue.cc:237] T df87454b40d84e63ac88910c2bc2148f P a0c3e34bde2e462d9b39ef13b84effd1 [LEADER]: Queue going to LEADER mode. State: All replicated index: 0, Majority replicated index: 0, Committed index: 0, Last appended: 0.0, Last appended by leader: 0, Current term: 1, Majority size: 2, State: 0, Mode: LEADER, active raft config: opid_index: -1 OBSOLETE_local: false peers { permanent_uuid: "756a85db4b2947ef9c434b00a546a683" member_type: VOTER last_known_addr { host: "127.5.167.65" port: 39203 } } peers { permanent_uuid: "d7db83591c8c4311a1c6bbb9a08d1516" member_type: VOTER last_known_addr { host: "127.5.167.66" port: 33841 } } peers { permanent_uuid: "a0c3e34bde2e462d9b39ef13b84effd1" member_type: VOTER last_known_addr { host: "127.5.167.67" port: 38407 } }
I20260710 13:18:45.306627  6999 leader_election.cc:304] T b32834cb300d42148b5f28a05ddda73c P a0c3e34bde2e462d9b39ef13b84effd1 [CANDIDATE]: Term 1 pre-election: Election decided. Result: candidate won. Election summary: received 3 responses out of 3 voters: 2 yes votes; 1 no votes. yes voters: a0c3e34bde2e462d9b39ef13b84effd1, d7db83591c8c4311a1c6bbb9a08d1516; no voters: 756a85db4b2947ef9c434b00a546a683
I20260710 13:18:45.307621  7119 raft_consensus.cc:2804] T b32834cb300d42148b5f28a05ddda73c P a0c3e34bde2e462d9b39ef13b84effd1 [term 0 FOLLOWER]: Leader pre-election won for term 1
I20260710 13:18:45.307996  7119 raft_consensus.cc:493] T b32834cb300d42148b5f28a05ddda73c P a0c3e34bde2e462d9b39ef13b84effd1 [term 0 FOLLOWER]: Starting leader election (no leader contacted us within the election timeout)
I20260710 13:18:45.310230  7119 raft_consensus.cc:3060] T b32834cb300d42148b5f28a05ddda73c P a0c3e34bde2e462d9b39ef13b84effd1 [term 0 FOLLOWER]: Advancing to term 1
I20260710 13:18:45.310348  7124 raft_consensus.cc:697] T 1a4b8e911a1e450e8ffecfbf97814635 P d7db83591c8c4311a1c6bbb9a08d1516 [term 1 LEADER]: Becoming Leader. State: Replica: d7db83591c8c4311a1c6bbb9a08d1516, State: Running, Role: LEADER
I20260710 13:18:45.311745  7075 ts_tablet_manager.cc:1434] T e622a55155d84a98ac9f9fc3ea033e25 P d7db83591c8c4311a1c6bbb9a08d1516: Time spent starting tablet: real 0.054s	user 0.007s	sys 0.006s
I20260710 13:18:45.312666  7075 tablet_bootstrap.cc:492] T 0fbe1984e42e46e9a68f01bdd88de1c4 P d7db83591c8c4311a1c6bbb9a08d1516: Bootstrap starting.
I20260710 13:18:45.311973  7124 consensus_queue.cc:237] T 1a4b8e911a1e450e8ffecfbf97814635 P d7db83591c8c4311a1c6bbb9a08d1516 [LEADER]: Queue going to LEADER mode. State: All replicated index: 0, Majority replicated index: 0, Committed index: 0, Last appended: 0.0, Last appended by leader: 0, Current term: 1, Majority size: 2, State: 0, Mode: LEADER, active raft config: opid_index: -1 OBSOLETE_local: false peers { permanent_uuid: "756a85db4b2947ef9c434b00a546a683" member_type: VOTER last_known_addr { host: "127.5.167.65" port: 39203 } } peers { permanent_uuid: "d7db83591c8c4311a1c6bbb9a08d1516" member_type: VOTER last_known_addr { host: "127.5.167.66" port: 33841 } } peers { permanent_uuid: "a0c3e34bde2e462d9b39ef13b84effd1" member_type: VOTER last_known_addr { host: "127.5.167.67" port: 38407 } }
I20260710 13:18:45.317554  7073 tablet_bootstrap.cc:654] T b32834cb300d42148b5f28a05ddda73c P 756a85db4b2947ef9c434b00a546a683: Neither blocks nor log segments found. Creating new log.
I20260710 13:18:45.317328  7081 consensus_queue.cc:237] T 5533da48233a49489f1dd252d182e527 P d7db83591c8c4311a1c6bbb9a08d1516 [LEADER]: Queue going to LEADER mode. State: All replicated index: 0, Majority replicated index: 0, Committed index: 0, Last appended: 0.0, Last appended by leader: 0, Current term: 1, Majority size: 2, State: 0, Mode: LEADER, active raft config: opid_index: -1 OBSOLETE_local: false peers { permanent_uuid: "756a85db4b2947ef9c434b00a546a683" member_type: VOTER last_known_addr { host: "127.5.167.65" port: 39203 } } peers { permanent_uuid: "d7db83591c8c4311a1c6bbb9a08d1516" member_type: VOTER last_known_addr { host: "127.5.167.66" port: 33841 } } peers { permanent_uuid: "a0c3e34bde2e462d9b39ef13b84effd1" member_type: VOTER last_known_addr { host: "127.5.167.67" port: 38407 } }
I20260710 13:18:45.320473  7119 raft_consensus.cc:515] T b32834cb300d42148b5f28a05ddda73c P a0c3e34bde2e462d9b39ef13b84effd1 [term 1 FOLLOWER]: Starting leader election with config: opid_index: -1 OBSOLETE_local: false peers { permanent_uuid: "756a85db4b2947ef9c434b00a546a683" member_type: VOTER last_known_addr { host: "127.5.167.65" port: 39203 } } peers { permanent_uuid: "d7db83591c8c4311a1c6bbb9a08d1516" member_type: VOTER last_known_addr { host: "127.5.167.66" port: 33841 } } peers { permanent_uuid: "a0c3e34bde2e462d9b39ef13b84effd1" member_type: VOTER last_known_addr { host: "127.5.167.67" port: 38407 } }
I20260710 13:18:45.323995  7075 tablet_bootstrap.cc:654] T 0fbe1984e42e46e9a68f01bdd88de1c4 P d7db83591c8c4311a1c6bbb9a08d1516: Neither blocks nor log segments found. Creating new log.
I20260710 13:18:45.331256  7074 tablet_bootstrap.cc:492] T 0fbe1984e42e46e9a68f01bdd88de1c4 P a0c3e34bde2e462d9b39ef13b84effd1: No bootstrap required, opened a new log
I20260710 13:18:45.331561  7074 ts_tablet_manager.cc:1403] T 0fbe1984e42e46e9a68f01bdd88de1c4 P a0c3e34bde2e462d9b39ef13b84effd1: Time spent bootstrapping tablet: real 0.112s	user 0.028s	sys 0.011s
I20260710 13:18:45.336293  7074 raft_consensus.cc:359] T 0fbe1984e42e46e9a68f01bdd88de1c4 P a0c3e34bde2e462d9b39ef13b84effd1 [term 0 FOLLOWER]: Replica starting. Triggering 0 pending ops. Active config: opid_index: -1 OBSOLETE_local: false peers { permanent_uuid: "a0c3e34bde2e462d9b39ef13b84effd1" member_type: VOTER last_known_addr { host: "127.5.167.67" port: 38407 } } peers { permanent_uuid: "756a85db4b2947ef9c434b00a546a683" member_type: VOTER last_known_addr { host: "127.5.167.65" port: 39203 } } peers { permanent_uuid: "d7db83591c8c4311a1c6bbb9a08d1516" member_type: VOTER last_known_addr { host: "127.5.167.66" port: 33841 } }
I20260710 13:18:45.337179  7074 raft_consensus.cc:385] T 0fbe1984e42e46e9a68f01bdd88de1c4 P a0c3e34bde2e462d9b39ef13b84effd1 [term 0 FOLLOWER]: Consensus starting up: Expiring failure detector timer to make a prompt election more likely
I20260710 13:18:45.337509  7074 raft_consensus.cc:740] T 0fbe1984e42e46e9a68f01bdd88de1c4 P a0c3e34bde2e462d9b39ef13b84effd1 [term 0 FOLLOWER]: Becoming Follower/Learner. State: Replica: a0c3e34bde2e462d9b39ef13b84effd1, State: Initialized, Role: FOLLOWER
I20260710 13:18:45.338471  7074 consensus_queue.cc:260] T 0fbe1984e42e46e9a68f01bdd88de1c4 P a0c3e34bde2e462d9b39ef13b84effd1 [NON_LEADER]: Queue going to NON_LEADER mode. State: All replicated index: 0, Majority replicated index: 0, Committed index: 0, Last appended: 0.0, Last appended by leader: 0, Current term: 0, Majority size: -1, State: 0, Mode: NON_LEADER, active raft config: opid_index: -1 OBSOLETE_local: false peers { permanent_uuid: "a0c3e34bde2e462d9b39ef13b84effd1" member_type: VOTER last_known_addr { host: "127.5.167.67" port: 38407 } } peers { permanent_uuid: "756a85db4b2947ef9c434b00a546a683" member_type: VOTER last_known_addr { host: "127.5.167.65" port: 39203 } } peers { permanent_uuid: "d7db83591c8c4311a1c6bbb9a08d1516" member_type: VOTER last_known_addr { host: "127.5.167.66" port: 33841 } }
I20260710 13:18:45.344898  6882 tablet_service.cc:1917] Received RequestConsensusVote() RPC: tablet_id: "b32834cb300d42148b5f28a05ddda73c" candidate_uuid: "a0c3e34bde2e462d9b39ef13b84effd1" candidate_term: 1 candidate_status { last_received { term: 0 index: 0 } } ignore_live_leader: false dest_uuid: "756a85db4b2947ef9c434b00a546a683"
I20260710 13:18:45.345160  7074 ts_tablet_manager.cc:1434] T 0fbe1984e42e46e9a68f01bdd88de1c4 P a0c3e34bde2e462d9b39ef13b84effd1: Time spent starting tablet: real 0.013s	user 0.008s	sys 0.000s
I20260710 13:18:45.345105  6958 tablet_service.cc:1917] Received RequestConsensusVote() RPC: tablet_id: "b32834cb300d42148b5f28a05ddda73c" candidate_uuid: "a0c3e34bde2e462d9b39ef13b84effd1" candidate_term: 1 candidate_status { last_received { term: 0 index: 0 } } ignore_live_leader: false dest_uuid: "d7db83591c8c4311a1c6bbb9a08d1516"
I20260710 13:18:45.345765  6958 raft_consensus.cc:3060] T b32834cb300d42148b5f28a05ddda73c P d7db83591c8c4311a1c6bbb9a08d1516 [term 0 FOLLOWER]: Advancing to term 1
W20260710 13:18:45.346517  6998 leader_election.cc:343] T b32834cb300d42148b5f28a05ddda73c P a0c3e34bde2e462d9b39ef13b84effd1 [CANDIDATE]: Term 1 election: Tablet error from VoteRequest() call to peer 756a85db4b2947ef9c434b00a546a683 (127.5.167.65:39203): Illegal state: must be running to vote when last-logged opid is not known
I20260710 13:18:45.354832  6958 raft_consensus.cc:2468] T b32834cb300d42148b5f28a05ddda73c P d7db83591c8c4311a1c6bbb9a08d1516 [term 1 FOLLOWER]: Leader election vote request: Granting yes vote for candidate a0c3e34bde2e462d9b39ef13b84effd1 in term 1.
I20260710 13:18:45.356743  7074 tablet_bootstrap.cc:492] T 0d3ba8e525c14deaa30c6924e961b813 P a0c3e34bde2e462d9b39ef13b84effd1: Bootstrap starting.
I20260710 13:18:45.356496  6999 leader_election.cc:304] T b32834cb300d42148b5f28a05ddda73c P a0c3e34bde2e462d9b39ef13b84effd1 [CANDIDATE]: Term 1 election: Election decided. Result: candidate won. Election summary: received 3 responses out of 3 voters: 2 yes votes; 1 no votes. yes voters: a0c3e34bde2e462d9b39ef13b84effd1, d7db83591c8c4311a1c6bbb9a08d1516; no voters: 756a85db4b2947ef9c434b00a546a683
I20260710 13:18:45.357764  7073 tablet_bootstrap.cc:492] T b32834cb300d42148b5f28a05ddda73c P 756a85db4b2947ef9c434b00a546a683: No bootstrap required, opened a new log
I20260710 13:18:45.357683  7082 raft_consensus.cc:2804] T b32834cb300d42148b5f28a05ddda73c P a0c3e34bde2e462d9b39ef13b84effd1 [term 1 FOLLOWER]: Leader election won for term 1
I20260710 13:18:45.358269  7073 ts_tablet_manager.cc:1403] T b32834cb300d42148b5f28a05ddda73c P 756a85db4b2947ef9c434b00a546a683: Time spent bootstrapping tablet: real 0.057s	user 0.014s	sys 0.006s
I20260710 13:18:45.362212  7119 leader_election.cc:290] T b32834cb300d42148b5f28a05ddda73c P a0c3e34bde2e462d9b39ef13b84effd1 [CANDIDATE]: Term 1 election: Requested vote from peers 756a85db4b2947ef9c434b00a546a683 (127.5.167.65:39203), d7db83591c8c4311a1c6bbb9a08d1516 (127.5.167.66:33841)
I20260710 13:18:45.363710  7074 tablet_bootstrap.cc:654] T 0d3ba8e525c14deaa30c6924e961b813 P a0c3e34bde2e462d9b39ef13b84effd1: Neither blocks nor log segments found. Creating new log.
I20260710 13:18:45.363834  7073 raft_consensus.cc:359] T b32834cb300d42148b5f28a05ddda73c P 756a85db4b2947ef9c434b00a546a683 [term 0 FOLLOWER]: Replica starting. Triggering 0 pending ops. Active config: opid_index: -1 OBSOLETE_local: false peers { permanent_uuid: "756a85db4b2947ef9c434b00a546a683" member_type: VOTER last_known_addr { host: "127.5.167.65" port: 39203 } } peers { permanent_uuid: "d7db83591c8c4311a1c6bbb9a08d1516" member_type: VOTER last_known_addr { host: "127.5.167.66" port: 33841 } } peers { permanent_uuid: "a0c3e34bde2e462d9b39ef13b84effd1" member_type: VOTER last_known_addr { host: "127.5.167.67" port: 38407 } }
I20260710 13:18:45.364506  7073 raft_consensus.cc:385] T b32834cb300d42148b5f28a05ddda73c P 756a85db4b2947ef9c434b00a546a683 [term 0 FOLLOWER]: Consensus starting up: Expiring failure detector timer to make a prompt election more likely
I20260710 13:18:45.364799  7073 raft_consensus.cc:740] T b32834cb300d42148b5f28a05ddda73c P 756a85db4b2947ef9c434b00a546a683 [term 0 FOLLOWER]: Becoming Follower/Learner. State: Replica: 756a85db4b2947ef9c434b00a546a683, State: Initialized, Role: FOLLOWER
I20260710 13:18:45.365540  7073 consensus_queue.cc:260] T b32834cb300d42148b5f28a05ddda73c P 756a85db4b2947ef9c434b00a546a683 [NON_LEADER]: Queue going to NON_LEADER mode. State: All replicated index: 0, Majority replicated index: 0, Committed index: 0, Last appended: 0.0, Last appended by leader: 0, Current term: 0, Majority size: -1, State: 0, Mode: NON_LEADER, active raft config: opid_index: -1 OBSOLETE_local: false peers { permanent_uuid: "756a85db4b2947ef9c434b00a546a683" member_type: VOTER last_known_addr { host: "127.5.167.65" port: 39203 } } peers { permanent_uuid: "d7db83591c8c4311a1c6bbb9a08d1516" member_type: VOTER last_known_addr { host: "127.5.167.66" port: 33841 } } peers { permanent_uuid: "a0c3e34bde2e462d9b39ef13b84effd1" member_type: VOTER last_known_addr { host: "127.5.167.67" port: 38407 } }
I20260710 13:18:45.366530  7075 tablet_bootstrap.cc:492] T 0fbe1984e42e46e9a68f01bdd88de1c4 P d7db83591c8c4311a1c6bbb9a08d1516: No bootstrap required, opened a new log
I20260710 13:18:45.368788  7075 ts_tablet_manager.cc:1403] T 0fbe1984e42e46e9a68f01bdd88de1c4 P d7db83591c8c4311a1c6bbb9a08d1516: Time spent bootstrapping tablet: real 0.056s	user 0.017s	sys 0.021s
I20260710 13:18:45.375733  7073 ts_tablet_manager.cc:1434] T b32834cb300d42148b5f28a05ddda73c P 756a85db4b2947ef9c434b00a546a683: Time spent starting tablet: real 0.017s	user 0.007s	sys 0.000s
I20260710 13:18:45.375756  7075 raft_consensus.cc:359] T 0fbe1984e42e46e9a68f01bdd88de1c4 P d7db83591c8c4311a1c6bbb9a08d1516 [term 0 FOLLOWER]: Replica starting. Triggering 0 pending ops. Active config: opid_index: -1 OBSOLETE_local: false peers { permanent_uuid: "a0c3e34bde2e462d9b39ef13b84effd1" member_type: VOTER last_known_addr { host: "127.5.167.67" port: 38407 } } peers { permanent_uuid: "756a85db4b2947ef9c434b00a546a683" member_type: VOTER last_known_addr { host: "127.5.167.65" port: 39203 } } peers { permanent_uuid: "d7db83591c8c4311a1c6bbb9a08d1516" member_type: VOTER last_known_addr { host: "127.5.167.66" port: 33841 } }
I20260710 13:18:45.376521  7075 raft_consensus.cc:385] T 0fbe1984e42e46e9a68f01bdd88de1c4 P d7db83591c8c4311a1c6bbb9a08d1516 [term 0 FOLLOWER]: Consensus starting up: Expiring failure detector timer to make a prompt election more likely
I20260710 13:18:45.376741  7073 tablet_bootstrap.cc:492] T e622a55155d84a98ac9f9fc3ea033e25 P 756a85db4b2947ef9c434b00a546a683: Bootstrap starting.
I20260710 13:18:45.376775  7075 raft_consensus.cc:740] T 0fbe1984e42e46e9a68f01bdd88de1c4 P d7db83591c8c4311a1c6bbb9a08d1516 [term 0 FOLLOWER]: Becoming Follower/Learner. State: Replica: d7db83591c8c4311a1c6bbb9a08d1516, State: Initialized, Role: FOLLOWER
I20260710 13:18:45.380054  7074 tablet_bootstrap.cc:492] T 0d3ba8e525c14deaa30c6924e961b813 P a0c3e34bde2e462d9b39ef13b84effd1: No bootstrap required, opened a new log
I20260710 13:18:45.380466  7074 ts_tablet_manager.cc:1403] T 0d3ba8e525c14deaa30c6924e961b813 P a0c3e34bde2e462d9b39ef13b84effd1: Time spent bootstrapping tablet: real 0.024s	user 0.013s	sys 0.004s
I20260710 13:18:45.380947  7082 raft_consensus.cc:697] T b32834cb300d42148b5f28a05ddda73c P a0c3e34bde2e462d9b39ef13b84effd1 [term 1 LEADER]: Becoming Leader. State: Replica: a0c3e34bde2e462d9b39ef13b84effd1, State: Running, Role: LEADER
I20260710 13:18:45.382642  7082 consensus_queue.cc:237] T b32834cb300d42148b5f28a05ddda73c P a0c3e34bde2e462d9b39ef13b84effd1 [LEADER]: Queue going to LEADER mode. State: All replicated index: 0, Majority replicated index: 0, Committed index: 0, Last appended: 0.0, Last appended by leader: 0, Current term: 1, Majority size: 2, State: 0, Mode: LEADER, active raft config: opid_index: -1 OBSOLETE_local: false peers { permanent_uuid: "756a85db4b2947ef9c434b00a546a683" member_type: VOTER last_known_addr { host: "127.5.167.65" port: 39203 } } peers { permanent_uuid: "d7db83591c8c4311a1c6bbb9a08d1516" member_type: VOTER last_known_addr { host: "127.5.167.66" port: 33841 } } peers { permanent_uuid: "a0c3e34bde2e462d9b39ef13b84effd1" member_type: VOTER last_known_addr { host: "127.5.167.67" port: 38407 } }
I20260710 13:18:45.382922  7074 raft_consensus.cc:359] T 0d3ba8e525c14deaa30c6924e961b813 P a0c3e34bde2e462d9b39ef13b84effd1 [term 0 FOLLOWER]: Replica starting. Triggering 0 pending ops. Active config: opid_index: -1 OBSOLETE_local: false peers { permanent_uuid: "756a85db4b2947ef9c434b00a546a683" member_type: VOTER last_known_addr { host: "127.5.167.65" port: 39203 } } peers { permanent_uuid: "d7db83591c8c4311a1c6bbb9a08d1516" member_type: VOTER last_known_addr { host: "127.5.167.66" port: 33841 } } peers { permanent_uuid: "a0c3e34bde2e462d9b39ef13b84effd1" member_type: VOTER last_known_addr { host: "127.5.167.67" port: 38407 } }
I20260710 13:18:45.381477  7075 consensus_queue.cc:260] T 0fbe1984e42e46e9a68f01bdd88de1c4 P d7db83591c8c4311a1c6bbb9a08d1516 [NON_LEADER]: Queue going to NON_LEADER mode. State: All replicated index: 0, Majority replicated index: 0, Committed index: 0, Last appended: 0.0, Last appended by leader: 0, Current term: 0, Majority size: -1, State: 0, Mode: NON_LEADER, active raft config: opid_index: -1 OBSOLETE_local: false peers { permanent_uuid: "a0c3e34bde2e462d9b39ef13b84effd1" member_type: VOTER last_known_addr { host: "127.5.167.67" port: 38407 } } peers { permanent_uuid: "756a85db4b2947ef9c434b00a546a683" member_type: VOTER last_known_addr { host: "127.5.167.65" port: 39203 } } peers { permanent_uuid: "d7db83591c8c4311a1c6bbb9a08d1516" member_type: VOTER last_known_addr { host: "127.5.167.66" port: 33841 } }
I20260710 13:18:45.383587  7074 raft_consensus.cc:385] T 0d3ba8e525c14deaa30c6924e961b813 P a0c3e34bde2e462d9b39ef13b84effd1 [term 0 FOLLOWER]: Consensus starting up: Expiring failure detector timer to make a prompt election more likely
I20260710 13:18:45.383883  7074 raft_consensus.cc:740] T 0d3ba8e525c14deaa30c6924e961b813 P a0c3e34bde2e462d9b39ef13b84effd1 [term 0 FOLLOWER]: Becoming Follower/Learner. State: Replica: a0c3e34bde2e462d9b39ef13b84effd1, State: Initialized, Role: FOLLOWER
I20260710 13:18:45.385367  7075 ts_tablet_manager.cc:1434] T 0fbe1984e42e46e9a68f01bdd88de1c4 P d7db83591c8c4311a1c6bbb9a08d1516: Time spent starting tablet: real 0.016s	user 0.006s	sys 0.000s
I20260710 13:18:45.391780  7073 tablet_bootstrap.cc:654] T e622a55155d84a98ac9f9fc3ea033e25 P 756a85db4b2947ef9c434b00a546a683: Neither blocks nor log segments found. Creating new log.
I20260710 13:18:45.393172  7074 consensus_queue.cc:260] T 0d3ba8e525c14deaa30c6924e961b813 P a0c3e34bde2e462d9b39ef13b84effd1 [NON_LEADER]: Queue going to NON_LEADER mode. State: All replicated index: 0, Majority replicated index: 0, Committed index: 0, Last appended: 0.0, Last appended by leader: 0, Current term: 0, Majority size: -1, State: 0, Mode: NON_LEADER, active raft config: opid_index: -1 OBSOLETE_local: false peers { permanent_uuid: "756a85db4b2947ef9c434b00a546a683" member_type: VOTER last_known_addr { host: "127.5.167.65" port: 39203 } } peers { permanent_uuid: "d7db83591c8c4311a1c6bbb9a08d1516" member_type: VOTER last_known_addr { host: "127.5.167.66" port: 33841 } } peers { permanent_uuid: "a0c3e34bde2e462d9b39ef13b84effd1" member_type: VOTER last_known_addr { host: "127.5.167.67" port: 38407 } }
I20260710 13:18:45.391352  6781 catalog_manager.cc:5697] T df87454b40d84e63ac88910c2bc2148f P a0c3e34bde2e462d9b39ef13b84effd1 reported cstate change: term changed from 0 to 1, leader changed from <none> to a0c3e34bde2e462d9b39ef13b84effd1 (127.5.167.67). New cstate: current_term: 1 leader_uuid: "a0c3e34bde2e462d9b39ef13b84effd1" committed_config { opid_index: -1 OBSOLETE_local: false peers { permanent_uuid: "756a85db4b2947ef9c434b00a546a683" member_type: VOTER last_known_addr { host: "127.5.167.65" port: 39203 } health_report { overall_health: UNKNOWN } } peers { permanent_uuid: "d7db83591c8c4311a1c6bbb9a08d1516" member_type: VOTER last_known_addr { host: "127.5.167.66" port: 33841 } health_report { overall_health: UNKNOWN } } peers { permanent_uuid: "a0c3e34bde2e462d9b39ef13b84effd1" member_type: VOTER last_known_addr { host: "127.5.167.67" port: 38407 } health_report { overall_health: HEALTHY } } }
I20260710 13:18:45.393875  7117 raft_consensus.cc:493] T 0fbe1984e42e46e9a68f01bdd88de1c4 P a0c3e34bde2e462d9b39ef13b84effd1 [term 0 FOLLOWER]: Starting pre-election (no leader contacted us within the election timeout)
I20260710 13:18:45.396819  6779 catalog_manager.cc:5697] T 5533da48233a49489f1dd252d182e527 P d7db83591c8c4311a1c6bbb9a08d1516 reported cstate change: term changed from 0 to 1, leader changed from <none> to d7db83591c8c4311a1c6bbb9a08d1516 (127.5.167.66). New cstate: current_term: 1 leader_uuid: "d7db83591c8c4311a1c6bbb9a08d1516" committed_config { opid_index: -1 OBSOLETE_local: false peers { permanent_uuid: "756a85db4b2947ef9c434b00a546a683" member_type: VOTER last_known_addr { host: "127.5.167.65" port: 39203 } health_report { overall_health: UNKNOWN } } peers { permanent_uuid: "d7db83591c8c4311a1c6bbb9a08d1516" member_type: VOTER last_known_addr { host: "127.5.167.66" port: 33841 } health_report { overall_health: HEALTHY } } peers { permanent_uuid: "a0c3e34bde2e462d9b39ef13b84effd1" member_type: VOTER last_known_addr { host: "127.5.167.67" port: 38407 } health_report { overall_health: UNKNOWN } } }
I20260710 13:18:45.399449  7074 ts_tablet_manager.cc:1434] T 0d3ba8e525c14deaa30c6924e961b813 P a0c3e34bde2e462d9b39ef13b84effd1: Time spent starting tablet: real 0.019s	user 0.001s	sys 0.006s
I20260710 13:18:45.397706  7117 raft_consensus.cc:515] T 0fbe1984e42e46e9a68f01bdd88de1c4 P a0c3e34bde2e462d9b39ef13b84effd1 [term 0 FOLLOWER]: Starting pre-election with config: opid_index: -1 OBSOLETE_local: false peers { permanent_uuid: "a0c3e34bde2e462d9b39ef13b84effd1" member_type: VOTER last_known_addr { host: "127.5.167.67" port: 38407 } } peers { permanent_uuid: "756a85db4b2947ef9c434b00a546a683" member_type: VOTER last_known_addr { host: "127.5.167.65" port: 39203 } } peers { permanent_uuid: "d7db83591c8c4311a1c6bbb9a08d1516" member_type: VOTER last_known_addr { host: "127.5.167.66" port: 33841 } }
I20260710 13:18:45.400336  7074 tablet_bootstrap.cc:492] T 5533da48233a49489f1dd252d182e527 P a0c3e34bde2e462d9b39ef13b84effd1: Bootstrap starting.
I20260710 13:18:45.402555  7075 tablet_bootstrap.cc:492] T 95702abf3aaf45c2a634701bb36a810a P d7db83591c8c4311a1c6bbb9a08d1516: Bootstrap starting.
I20260710 13:18:45.402521  7117 leader_election.cc:290] T 0fbe1984e42e46e9a68f01bdd88de1c4 P a0c3e34bde2e462d9b39ef13b84effd1 [CANDIDATE]: Term 1 pre-election: Requested pre-vote from peers 756a85db4b2947ef9c434b00a546a683 (127.5.167.65:39203), d7db83591c8c4311a1c6bbb9a08d1516 (127.5.167.66:33841)
I20260710 13:18:45.407341  6957 tablet_service.cc:1917] Received RequestConsensusVote() RPC: tablet_id: "0fbe1984e42e46e9a68f01bdd88de1c4" candidate_uuid: "a0c3e34bde2e462d9b39ef13b84effd1" candidate_term: 1 candidate_status { last_received { term: 0 index: 0 } } ignore_live_leader: false dest_uuid: "d7db83591c8c4311a1c6bbb9a08d1516" is_pre_election: true
I20260710 13:18:45.407975  6957 raft_consensus.cc:2468] T 0fbe1984e42e46e9a68f01bdd88de1c4 P d7db83591c8c4311a1c6bbb9a08d1516 [term 0 FOLLOWER]: Leader pre-election vote request: Granting yes vote for candidate a0c3e34bde2e462d9b39ef13b84effd1 in term 0.
I20260710 13:18:45.408461  7075 tablet_bootstrap.cc:654] T 95702abf3aaf45c2a634701bb36a810a P d7db83591c8c4311a1c6bbb9a08d1516: Neither blocks nor log segments found. Creating new log.
I20260710 13:18:45.409570  6882 tablet_service.cc:1917] Received RequestConsensusVote() RPC: tablet_id: "0fbe1984e42e46e9a68f01bdd88de1c4" candidate_uuid: "a0c3e34bde2e462d9b39ef13b84effd1" candidate_term: 1 candidate_status { last_received { term: 0 index: 0 } } ignore_live_leader: false dest_uuid: "756a85db4b2947ef9c434b00a546a683" is_pre_election: true
I20260710 13:18:45.410569  6882 raft_consensus.cc:2468] T 0fbe1984e42e46e9a68f01bdd88de1c4 P 756a85db4b2947ef9c434b00a546a683 [term 0 FOLLOWER]: Leader pre-election vote request: Granting yes vote for candidate a0c3e34bde2e462d9b39ef13b84effd1 in term 0.
I20260710 13:18:45.410961  6999 leader_election.cc:304] T 0fbe1984e42e46e9a68f01bdd88de1c4 P a0c3e34bde2e462d9b39ef13b84effd1 [CANDIDATE]: Term 1 pre-election: Election decided. Result: candidate won. Election summary: received 2 responses out of 3 voters: 2 yes votes; 0 no votes. yes voters: a0c3e34bde2e462d9b39ef13b84effd1, d7db83591c8c4311a1c6bbb9a08d1516; no voters: 
I20260710 13:18:45.412117  7117 raft_consensus.cc:2804] T 0fbe1984e42e46e9a68f01bdd88de1c4 P a0c3e34bde2e462d9b39ef13b84effd1 [term 0 FOLLOWER]: Leader pre-election won for term 1
I20260710 13:18:45.412470  7117 raft_consensus.cc:493] T 0fbe1984e42e46e9a68f01bdd88de1c4 P a0c3e34bde2e462d9b39ef13b84effd1 [term 0 FOLLOWER]: Starting leader election (no leader contacted us within the election timeout)
I20260710 13:18:45.412817  7117 raft_consensus.cc:3060] T 0fbe1984e42e46e9a68f01bdd88de1c4 P a0c3e34bde2e462d9b39ef13b84effd1 [term 0 FOLLOWER]: Advancing to term 1
I20260710 13:18:45.412973  7093 consensus_queue.cc:1048] T 0d3ba8e525c14deaa30c6924e961b813 P 756a85db4b2947ef9c434b00a546a683 [LEADER]: Connected to new peer: Peer: permanent_uuid: "d7db83591c8c4311a1c6bbb9a08d1516" member_type: VOTER last_known_addr { host: "127.5.167.66" port: 33841 }, Status: LMP_MISMATCH, Last received: 0.0, Next index: 1, Last known committed idx: 0, Time since last communication: 0.001s
I20260710 13:18:45.412871  6780 catalog_manager.cc:5697] T b32834cb300d42148b5f28a05ddda73c P a0c3e34bde2e462d9b39ef13b84effd1 reported cstate change: term changed from 0 to 1, leader changed from <none> to a0c3e34bde2e462d9b39ef13b84effd1 (127.5.167.67). New cstate: current_term: 1 leader_uuid: "a0c3e34bde2e462d9b39ef13b84effd1" committed_config { opid_index: -1 OBSOLETE_local: false peers { permanent_uuid: "756a85db4b2947ef9c434b00a546a683" member_type: VOTER last_known_addr { host: "127.5.167.65" port: 39203 } health_report { overall_health: UNKNOWN } } peers { permanent_uuid: "d7db83591c8c4311a1c6bbb9a08d1516" member_type: VOTER last_known_addr { host: "127.5.167.66" port: 33841 } health_report { overall_health: UNKNOWN } } peers { permanent_uuid: "a0c3e34bde2e462d9b39ef13b84effd1" member_type: VOTER last_known_addr { host: "127.5.167.67" port: 38407 } health_report { overall_health: HEALTHY } } }
I20260710 13:18:45.420195  7117 raft_consensus.cc:515] T 0fbe1984e42e46e9a68f01bdd88de1c4 P a0c3e34bde2e462d9b39ef13b84effd1 [term 1 FOLLOWER]: Starting leader election with config: opid_index: -1 OBSOLETE_local: false peers { permanent_uuid: "a0c3e34bde2e462d9b39ef13b84effd1" member_type: VOTER last_known_addr { host: "127.5.167.67" port: 38407 } } peers { permanent_uuid: "756a85db4b2947ef9c434b00a546a683" member_type: VOTER last_known_addr { host: "127.5.167.65" port: 39203 } } peers { permanent_uuid: "d7db83591c8c4311a1c6bbb9a08d1516" member_type: VOTER last_known_addr { host: "127.5.167.66" port: 33841 } }
I20260710 13:18:45.422655  7073 tablet_bootstrap.cc:492] T e622a55155d84a98ac9f9fc3ea033e25 P 756a85db4b2947ef9c434b00a546a683: No bootstrap required, opened a new log
I20260710 13:18:45.423081  7073 ts_tablet_manager.cc:1403] T e622a55155d84a98ac9f9fc3ea033e25 P 756a85db4b2947ef9c434b00a546a683: Time spent bootstrapping tablet: real 0.047s	user 0.014s	sys 0.001s
I20260710 13:18:45.423301  6882 tablet_service.cc:1917] Received RequestConsensusVote() RPC: tablet_id: "0fbe1984e42e46e9a68f01bdd88de1c4" candidate_uuid: "a0c3e34bde2e462d9b39ef13b84effd1" candidate_term: 1 candidate_status { last_received { term: 0 index: 0 } } ignore_live_leader: false dest_uuid: "756a85db4b2947ef9c434b00a546a683"
I20260710 13:18:45.423911  6882 raft_consensus.cc:3060] T 0fbe1984e42e46e9a68f01bdd88de1c4 P 756a85db4b2947ef9c434b00a546a683 [term 0 FOLLOWER]: Advancing to term 1
I20260710 13:18:45.425853  7073 raft_consensus.cc:359] T e622a55155d84a98ac9f9fc3ea033e25 P 756a85db4b2947ef9c434b00a546a683 [term 0 FOLLOWER]: Replica starting. Triggering 0 pending ops. Active config: opid_index: -1 OBSOLETE_local: false peers { permanent_uuid: "756a85db4b2947ef9c434b00a546a683" member_type: VOTER last_known_addr { host: "127.5.167.65" port: 39203 } } peers { permanent_uuid: "d7db83591c8c4311a1c6bbb9a08d1516" member_type: VOTER last_known_addr { host: "127.5.167.66" port: 33841 } } peers { permanent_uuid: "a0c3e34bde2e462d9b39ef13b84effd1" member_type: VOTER last_known_addr { host: "127.5.167.67" port: 38407 } }
I20260710 13:18:45.426472  7073 raft_consensus.cc:385] T e622a55155d84a98ac9f9fc3ea033e25 P 756a85db4b2947ef9c434b00a546a683 [term 0 FOLLOWER]: Consensus starting up: Expiring failure detector timer to make a prompt election more likely
I20260710 13:18:45.426740  7073 raft_consensus.cc:740] T e622a55155d84a98ac9f9fc3ea033e25 P 756a85db4b2947ef9c434b00a546a683 [term 0 FOLLOWER]: Becoming Follower/Learner. State: Replica: 756a85db4b2947ef9c434b00a546a683, State: Initialized, Role: FOLLOWER
I20260710 13:18:45.427421  7073 consensus_queue.cc:260] T e622a55155d84a98ac9f9fc3ea033e25 P 756a85db4b2947ef9c434b00a546a683 [NON_LEADER]: Queue going to NON_LEADER mode. State: All replicated index: 0, Majority replicated index: 0, Committed index: 0, Last appended: 0.0, Last appended by leader: 0, Current term: 0, Majority size: -1, State: 0, Mode: NON_LEADER, active raft config: opid_index: -1 OBSOLETE_local: false peers { permanent_uuid: "756a85db4b2947ef9c434b00a546a683" member_type: VOTER last_known_addr { host: "127.5.167.65" port: 39203 } } peers { permanent_uuid: "d7db83591c8c4311a1c6bbb9a08d1516" member_type: VOTER last_known_addr { host: "127.5.167.66" port: 33841 } } peers { permanent_uuid: "a0c3e34bde2e462d9b39ef13b84effd1" member_type: VOTER last_known_addr { host: "127.5.167.67" port: 38407 } }
I20260710 13:18:45.429375  7073 ts_tablet_manager.cc:1434] T e622a55155d84a98ac9f9fc3ea033e25 P 756a85db4b2947ef9c434b00a546a683: Time spent starting tablet: real 0.006s	user 0.007s	sys 0.001s
I20260710 13:18:45.430006  7075 tablet_bootstrap.cc:492] T 95702abf3aaf45c2a634701bb36a810a P d7db83591c8c4311a1c6bbb9a08d1516: No bootstrap required, opened a new log
I20260710 13:18:45.430176  7073 tablet_bootstrap.cc:492] T 1b20f44b67e643cb8b88e5313ae39146 P 756a85db4b2947ef9c434b00a546a683: Bootstrap starting.
I20260710 13:18:45.430516  7075 ts_tablet_manager.cc:1403] T 95702abf3aaf45c2a634701bb36a810a P d7db83591c8c4311a1c6bbb9a08d1516: Time spent bootstrapping tablet: real 0.028s	user 0.011s	sys 0.004s
I20260710 13:18:45.431473  7124 raft_consensus.cc:493] T e622a55155d84a98ac9f9fc3ea033e25 P d7db83591c8c4311a1c6bbb9a08d1516 [term 0 FOLLOWER]: Starting pre-election (no leader contacted us within the election timeout)
I20260710 13:18:45.431952  7124 raft_consensus.cc:515] T e622a55155d84a98ac9f9fc3ea033e25 P d7db83591c8c4311a1c6bbb9a08d1516 [term 0 FOLLOWER]: Starting pre-election with config: opid_index: -1 OBSOLETE_local: false peers { permanent_uuid: "756a85db4b2947ef9c434b00a546a683" member_type: VOTER last_known_addr { host: "127.5.167.65" port: 39203 } } peers { permanent_uuid: "d7db83591c8c4311a1c6bbb9a08d1516" member_type: VOTER last_known_addr { host: "127.5.167.66" port: 33841 } } peers { permanent_uuid: "a0c3e34bde2e462d9b39ef13b84effd1" member_type: VOTER last_known_addr { host: "127.5.167.67" port: 38407 } }
I20260710 13:18:45.433287  7075 raft_consensus.cc:359] T 95702abf3aaf45c2a634701bb36a810a P d7db83591c8c4311a1c6bbb9a08d1516 [term 0 FOLLOWER]: Replica starting. Triggering 0 pending ops. Active config: opid_index: -1 OBSOLETE_local: false peers { permanent_uuid: "756a85db4b2947ef9c434b00a546a683" member_type: VOTER last_known_addr { host: "127.5.167.65" port: 39203 } } peers { permanent_uuid: "d7db83591c8c4311a1c6bbb9a08d1516" member_type: VOTER last_known_addr { host: "127.5.167.66" port: 33841 } } peers { permanent_uuid: "a0c3e34bde2e462d9b39ef13b84effd1" member_type: VOTER last_known_addr { host: "127.5.167.67" port: 38407 } }
I20260710 13:18:45.433837  7124 leader_election.cc:290] T e622a55155d84a98ac9f9fc3ea033e25 P d7db83591c8c4311a1c6bbb9a08d1516 [CANDIDATE]: Term 1 pre-election: Requested pre-vote from peers 756a85db4b2947ef9c434b00a546a683 (127.5.167.65:39203), a0c3e34bde2e462d9b39ef13b84effd1 (127.5.167.67:38407)
I20260710 13:18:45.433907  7075 raft_consensus.cc:385] T 95702abf3aaf45c2a634701bb36a810a P d7db83591c8c4311a1c6bbb9a08d1516 [term 0 FOLLOWER]: Consensus starting up: Expiring failure detector timer to make a prompt election more likely
I20260710 13:18:45.434404  7075 raft_consensus.cc:740] T 95702abf3aaf45c2a634701bb36a810a P d7db83591c8c4311a1c6bbb9a08d1516 [term 0 FOLLOWER]: Becoming Follower/Learner. State: Replica: d7db83591c8c4311a1c6bbb9a08d1516, State: Initialized, Role: FOLLOWER
I20260710 13:18:45.407996  7074 tablet_bootstrap.cc:654] T 5533da48233a49489f1dd252d182e527 P a0c3e34bde2e462d9b39ef13b84effd1: Neither blocks nor log segments found. Creating new log.
I20260710 13:18:45.434981  6882 raft_consensus.cc:2468] T 0fbe1984e42e46e9a68f01bdd88de1c4 P 756a85db4b2947ef9c434b00a546a683 [term 1 FOLLOWER]: Leader election vote request: Granting yes vote for candidate a0c3e34bde2e462d9b39ef13b84effd1 in term 1.
I20260710 13:18:45.435329  7031 tablet_service.cc:1917] Received RequestConsensusVote() RPC: tablet_id: "e622a55155d84a98ac9f9fc3ea033e25" candidate_uuid: "d7db83591c8c4311a1c6bbb9a08d1516" candidate_term: 1 candidate_status { last_received { term: 0 index: 0 } } ignore_live_leader: false dest_uuid: "a0c3e34bde2e462d9b39ef13b84effd1" is_pre_election: true
I20260710 13:18:45.435904  7031 raft_consensus.cc:2468] T e622a55155d84a98ac9f9fc3ea033e25 P a0c3e34bde2e462d9b39ef13b84effd1 [term 0 FOLLOWER]: Leader pre-election vote request: Granting yes vote for candidate d7db83591c8c4311a1c6bbb9a08d1516 in term 0.
I20260710 13:18:45.436071  6998 leader_election.cc:304] T 0fbe1984e42e46e9a68f01bdd88de1c4 P a0c3e34bde2e462d9b39ef13b84effd1 [CANDIDATE]: Term 1 election: Election decided. Result: candidate won. Election summary: received 2 responses out of 3 voters: 2 yes votes; 0 no votes. yes voters: 756a85db4b2947ef9c434b00a546a683, a0c3e34bde2e462d9b39ef13b84effd1; no voters: 
I20260710 13:18:45.436997  7139 raft_consensus.cc:2804] T 0fbe1984e42e46e9a68f01bdd88de1c4 P a0c3e34bde2e462d9b39ef13b84effd1 [term 1 FOLLOWER]: Leader election won for term 1
I20260710 13:18:45.437124  6922 leader_election.cc:304] T e622a55155d84a98ac9f9fc3ea033e25 P d7db83591c8c4311a1c6bbb9a08d1516 [CANDIDATE]: Term 1 pre-election: Election decided. Result: candidate won. Election summary: received 2 responses out of 3 voters: 2 yes votes; 0 no votes. yes voters: a0c3e34bde2e462d9b39ef13b84effd1, d7db83591c8c4311a1c6bbb9a08d1516; no voters: 
I20260710 13:18:45.437224  6881 tablet_service.cc:1917] Received RequestConsensusVote() RPC: tablet_id: "e622a55155d84a98ac9f9fc3ea033e25" candidate_uuid: "d7db83591c8c4311a1c6bbb9a08d1516" candidate_term: 1 candidate_status { last_received { term: 0 index: 0 } } ignore_live_leader: false dest_uuid: "756a85db4b2947ef9c434b00a546a683" is_pre_election: true
I20260710 13:18:45.437511  7139 raft_consensus.cc:697] T 0fbe1984e42e46e9a68f01bdd88de1c4 P a0c3e34bde2e462d9b39ef13b84effd1 [term 1 LEADER]: Becoming Leader. State: Replica: a0c3e34bde2e462d9b39ef13b84effd1, State: Running, Role: LEADER
I20260710 13:18:45.437841  6881 raft_consensus.cc:2468] T e622a55155d84a98ac9f9fc3ea033e25 P 756a85db4b2947ef9c434b00a546a683 [term 0 FOLLOWER]: Leader pre-election vote request: Granting yes vote for candidate d7db83591c8c4311a1c6bbb9a08d1516 in term 0.
I20260710 13:18:45.437912  7124 raft_consensus.cc:2804] T e622a55155d84a98ac9f9fc3ea033e25 P d7db83591c8c4311a1c6bbb9a08d1516 [term 0 FOLLOWER]: Leader pre-election won for term 1
I20260710 13:18:45.438359  7124 raft_consensus.cc:493] T e622a55155d84a98ac9f9fc3ea033e25 P d7db83591c8c4311a1c6bbb9a08d1516 [term 0 FOLLOWER]: Starting leader election (no leader contacted us within the election timeout)
I20260710 13:18:45.438832  7124 raft_consensus.cc:3060] T e622a55155d84a98ac9f9fc3ea033e25 P d7db83591c8c4311a1c6bbb9a08d1516 [term 0 FOLLOWER]: Advancing to term 1
I20260710 13:18:45.438334  7139 consensus_queue.cc:237] T 0fbe1984e42e46e9a68f01bdd88de1c4 P a0c3e34bde2e462d9b39ef13b84effd1 [LEADER]: Queue going to LEADER mode. State: All replicated index: 0, Majority replicated index: 0, Committed index: 0, Last appended: 0.0, Last appended by leader: 0, Current term: 1, Majority size: 2, State: 0, Mode: LEADER, active raft config: opid_index: -1 OBSOLETE_local: false peers { permanent_uuid: "a0c3e34bde2e462d9b39ef13b84effd1" member_type: VOTER last_known_addr { host: "127.5.167.67" port: 38407 } } peers { permanent_uuid: "756a85db4b2947ef9c434b00a546a683" member_type: VOTER last_known_addr { host: "127.5.167.65" port: 39203 } } peers { permanent_uuid: "d7db83591c8c4311a1c6bbb9a08d1516" member_type: VOTER last_known_addr { host: "127.5.167.66" port: 33841 } }
I20260710 13:18:45.441825  7073 tablet_bootstrap.cc:654] T 1b20f44b67e643cb8b88e5313ae39146 P 756a85db4b2947ef9c434b00a546a683: Neither blocks nor log segments found. Creating new log.
I20260710 13:18:45.449311  7124 raft_consensus.cc:515] T e622a55155d84a98ac9f9fc3ea033e25 P d7db83591c8c4311a1c6bbb9a08d1516 [term 1 FOLLOWER]: Starting leader election with config: opid_index: -1 OBSOLETE_local: false peers { permanent_uuid: "756a85db4b2947ef9c434b00a546a683" member_type: VOTER last_known_addr { host: "127.5.167.65" port: 39203 } } peers { permanent_uuid: "d7db83591c8c4311a1c6bbb9a08d1516" member_type: VOTER last_known_addr { host: "127.5.167.66" port: 33841 } } peers { permanent_uuid: "a0c3e34bde2e462d9b39ef13b84effd1" member_type: VOTER last_known_addr { host: "127.5.167.67" port: 38407 } }
I20260710 13:18:45.451303  7124 leader_election.cc:290] T e622a55155d84a98ac9f9fc3ea033e25 P d7db83591c8c4311a1c6bbb9a08d1516 [CANDIDATE]: Term 1 election: Requested vote from peers 756a85db4b2947ef9c434b00a546a683 (127.5.167.65:39203), a0c3e34bde2e462d9b39ef13b84effd1 (127.5.167.67:38407)
I20260710 13:18:45.451797  7075 consensus_queue.cc:260] T 95702abf3aaf45c2a634701bb36a810a P d7db83591c8c4311a1c6bbb9a08d1516 [NON_LEADER]: Queue going to NON_LEADER mode. State: All replicated index: 0, Majority replicated index: 0, Committed index: 0, Last appended: 0.0, Last appended by leader: 0, Current term: 0, Majority size: -1, State: 0, Mode: NON_LEADER, active raft config: opid_index: -1 OBSOLETE_local: false peers { permanent_uuid: "756a85db4b2947ef9c434b00a546a683" member_type: VOTER last_known_addr { host: "127.5.167.65" port: 39203 } } peers { permanent_uuid: "d7db83591c8c4311a1c6bbb9a08d1516" member_type: VOTER last_known_addr { host: "127.5.167.66" port: 33841 } } peers { permanent_uuid: "a0c3e34bde2e462d9b39ef13b84effd1" member_type: VOTER last_known_addr { host: "127.5.167.67" port: 38407 } }
I20260710 13:18:45.465505  7075 ts_tablet_manager.cc:1434] T 95702abf3aaf45c2a634701bb36a810a P d7db83591c8c4311a1c6bbb9a08d1516: Time spent starting tablet: real 0.035s	user 0.006s	sys 0.001s
I20260710 13:18:45.467195  7031 tablet_service.cc:1917] Received RequestConsensusVote() RPC: tablet_id: "e622a55155d84a98ac9f9fc3ea033e25" candidate_uuid: "d7db83591c8c4311a1c6bbb9a08d1516" candidate_term: 1 candidate_status { last_received { term: 0 index: 0 } } ignore_live_leader: false dest_uuid: "a0c3e34bde2e462d9b39ef13b84effd1"
I20260710 13:18:45.467886  7031 raft_consensus.cc:3060] T e622a55155d84a98ac9f9fc3ea033e25 P a0c3e34bde2e462d9b39ef13b84effd1 [term 0 FOLLOWER]: Advancing to term 1
I20260710 13:18:45.470683  6882 tablet_service.cc:1917] Received RequestConsensusVote() RPC: tablet_id: "e622a55155d84a98ac9f9fc3ea033e25" candidate_uuid: "d7db83591c8c4311a1c6bbb9a08d1516" candidate_term: 1 candidate_status { last_received { term: 0 index: 0 } } ignore_live_leader: false dest_uuid: "756a85db4b2947ef9c434b00a546a683"
I20260710 13:18:45.471457  6882 raft_consensus.cc:3060] T e622a55155d84a98ac9f9fc3ea033e25 P 756a85db4b2947ef9c434b00a546a683 [term 0 FOLLOWER]: Advancing to term 1
I20260710 13:18:45.472857  7075 tablet_bootstrap.cc:492] T 4d0986078e924a2c86d65b6ee000783c P d7db83591c8c4311a1c6bbb9a08d1516: Bootstrap starting.
I20260710 13:18:45.474609  7117 leader_election.cc:290] T 0fbe1984e42e46e9a68f01bdd88de1c4 P a0c3e34bde2e462d9b39ef13b84effd1 [CANDIDATE]: Term 1 election: Requested vote from peers 756a85db4b2947ef9c434b00a546a683 (127.5.167.65:39203), d7db83591c8c4311a1c6bbb9a08d1516 (127.5.167.66:33841)
I20260710 13:18:45.476684  6958 tablet_service.cc:1917] Received RequestConsensusVote() RPC: tablet_id: "0fbe1984e42e46e9a68f01bdd88de1c4" candidate_uuid: "a0c3e34bde2e462d9b39ef13b84effd1" candidate_term: 1 candidate_status { last_received { term: 0 index: 0 } } ignore_live_leader: false dest_uuid: "d7db83591c8c4311a1c6bbb9a08d1516"
I20260710 13:18:45.477458  6958 raft_consensus.cc:3060] T 0fbe1984e42e46e9a68f01bdd88de1c4 P d7db83591c8c4311a1c6bbb9a08d1516 [term 0 FOLLOWER]: Advancing to term 1
I20260710 13:18:45.461623  7093 consensus_queue.cc:1048] T b1667b80b41b40aeae748c7ea8d9b8ff P 756a85db4b2947ef9c434b00a546a683 [LEADER]: Connected to new peer: Peer: permanent_uuid: "d7db83591c8c4311a1c6bbb9a08d1516" member_type: VOTER last_known_addr { host: "127.5.167.66" port: 33841 }, Status: LMP_MISMATCH, Last received: 0.0, Next index: 1, Last known committed idx: 0, Time since last communication: 0.018s
I20260710 13:18:45.491528  7031 raft_consensus.cc:2468] T e622a55155d84a98ac9f9fc3ea033e25 P a0c3e34bde2e462d9b39ef13b84effd1 [term 1 FOLLOWER]: Leader election vote request: Granting yes vote for candidate d7db83591c8c4311a1c6bbb9a08d1516 in term 1.
I20260710 13:18:45.492810  7093 raft_consensus.cc:493] T 73c6277080a74582aa888d1fb1b7ad45 P 756a85db4b2947ef9c434b00a546a683 [term 0 FOLLOWER]: Starting pre-election (no leader contacted us within the election timeout)
I20260710 13:18:45.492885  6922 leader_election.cc:304] T e622a55155d84a98ac9f9fc3ea033e25 P d7db83591c8c4311a1c6bbb9a08d1516 [CANDIDATE]: Term 1 election: Election decided. Result: candidate won. Election summary: received 2 responses out of 3 voters: 2 yes votes; 0 no votes. yes voters: a0c3e34bde2e462d9b39ef13b84effd1, d7db83591c8c4311a1c6bbb9a08d1516; no voters: 
I20260710 13:18:45.493350  7093 raft_consensus.cc:515] T 73c6277080a74582aa888d1fb1b7ad45 P 756a85db4b2947ef9c434b00a546a683 [term 0 FOLLOWER]: Starting pre-election with config: opid_index: -1 OBSOLETE_local: false peers { permanent_uuid: "756a85db4b2947ef9c434b00a546a683" member_type: VOTER last_known_addr { host: "127.5.167.65" port: 39203 } } peers { permanent_uuid: "d7db83591c8c4311a1c6bbb9a08d1516" member_type: VOTER last_known_addr { host: "127.5.167.66" port: 33841 } } peers { permanent_uuid: "a0c3e34bde2e462d9b39ef13b84effd1" member_type: VOTER last_known_addr { host: "127.5.167.67" port: 38407 } }
I20260710 13:18:45.494017  7124 raft_consensus.cc:2804] T e622a55155d84a98ac9f9fc3ea033e25 P d7db83591c8c4311a1c6bbb9a08d1516 [term 1 FOLLOWER]: Leader election won for term 1
I20260710 13:18:45.494577  7124 raft_consensus.cc:697] T e622a55155d84a98ac9f9fc3ea033e25 P d7db83591c8c4311a1c6bbb9a08d1516 [term 1 LEADER]: Becoming Leader. State: Replica: d7db83591c8c4311a1c6bbb9a08d1516, State: Running, Role: LEADER
I20260710 13:18:45.495543  7124 consensus_queue.cc:237] T e622a55155d84a98ac9f9fc3ea033e25 P d7db83591c8c4311a1c6bbb9a08d1516 [LEADER]: Queue going to LEADER mode. State: All replicated index: 0, Majority replicated index: 0, Committed index: 0, Last appended: 0.0, Last appended by leader: 0, Current term: 1, Majority size: 2, State: 0, Mode: LEADER, active raft config: opid_index: -1 OBSOLETE_local: false peers { permanent_uuid: "756a85db4b2947ef9c434b00a546a683" member_type: VOTER last_known_addr { host: "127.5.167.65" port: 39203 } } peers { permanent_uuid: "d7db83591c8c4311a1c6bbb9a08d1516" member_type: VOTER last_known_addr { host: "127.5.167.66" port: 33841 } } peers { permanent_uuid: "a0c3e34bde2e462d9b39ef13b84effd1" member_type: VOTER last_known_addr { host: "127.5.167.67" port: 38407 } }
I20260710 13:18:45.496986  7033 tablet_service.cc:1917] Received RequestConsensusVote() RPC: tablet_id: "73c6277080a74582aa888d1fb1b7ad45" candidate_uuid: "756a85db4b2947ef9c434b00a546a683" candidate_term: 1 candidate_status { last_received { term: 0 index: 0 } } ignore_live_leader: false dest_uuid: "a0c3e34bde2e462d9b39ef13b84effd1" is_pre_election: true
W20260710 13:18:45.498340  6847 leader_election.cc:343] T 73c6277080a74582aa888d1fb1b7ad45 P 756a85db4b2947ef9c434b00a546a683 [CANDIDATE]: Term 1 pre-election: Tablet error from VoteRequest() call to peer a0c3e34bde2e462d9b39ef13b84effd1 (127.5.167.67:38407): Illegal state: must be running to vote when last-logged opid is not known
I20260710 13:18:45.498467  7081 raft_consensus.cc:493] T 95702abf3aaf45c2a634701bb36a810a P d7db83591c8c4311a1c6bbb9a08d1516 [term 0 FOLLOWER]: Starting pre-election (no leader contacted us within the election timeout)
I20260710 13:18:45.498890  7093 leader_election.cc:290] T 73c6277080a74582aa888d1fb1b7ad45 P 756a85db4b2947ef9c434b00a546a683 [CANDIDATE]: Term 1 pre-election: Requested pre-vote from peers d7db83591c8c4311a1c6bbb9a08d1516 (127.5.167.66:33841), a0c3e34bde2e462d9b39ef13b84effd1 (127.5.167.67:38407)
