I20260710 13:18:20.776669 11251 tablet_service.cc:1917] Received RequestConsensusVote() RPC: tablet_id: "6d10fbd3750c4f4bb1142d2533220eee" candidate_uuid: "9237a5cea492498d9f6dda6c697f64ce" candidate_term: 2 candidate_status { last_received { term: 1 index: 1 } } ignore_live_leader: true dest_uuid: "450fbe29f40844b3a566fc25806adfcd"
I20260710 13:18:20.777249 11251 raft_consensus.cc:3055] T 6d10fbd3750c4f4bb1142d2533220eee P 450fbe29f40844b3a566fc25806adfcd [term 1 LEADER]: Stepping down as leader of term 1
I20260710 13:18:20.777568 11251 raft_consensus.cc:740] T 6d10fbd3750c4f4bb1142d2533220eee P 450fbe29f40844b3a566fc25806adfcd [term 1 LEADER]: Becoming Follower/Learner. State: Replica: 450fbe29f40844b3a566fc25806adfcd, State: Running, Role: LEADER
I20260710 13:18:20.778327 11251 consensus_queue.cc:260] T 6d10fbd3750c4f4bb1142d2533220eee P 450fbe29f40844b3a566fc25806adfcd [NON_LEADER]: Queue going to NON_LEADER mode. State: All replicated index: 0, Majority replicated index: 1, Committed index: 1, Last appended: 1.1, Last appended by leader: 1, Current term: 1, Majority size: -1, State: 0, Mode: NON_LEADER, active raft config: opid_index: -1 OBSOLETE_local: false peers { permanent_uuid: "9237a5cea492498d9f6dda6c697f64ce" member_type: VOTER last_known_addr { host: "127.10.200.65" port: 38057 } } peers { permanent_uuid: "450fbe29f40844b3a566fc25806adfcd" member_type: VOTER last_known_addr { host: "127.10.200.66" port: 33901 } } peers { permanent_uuid: "509f5b9003dd43c989f9829b45db9738" member_type: VOTER last_known_addr { host: "127.10.200.67" port: 34925 } }
I20260710 13:18:20.778689 11324 tablet_service.cc:1917] Received RequestConsensusVote() RPC: tablet_id: "6d10fbd3750c4f4bb1142d2533220eee" candidate_uuid: "9237a5cea492498d9f6dda6c697f64ce" candidate_term: 2 candidate_status { last_received { term: 1 index: 1 } } ignore_live_leader: true dest_uuid: "509f5b9003dd43c989f9829b45db9738"
I20260710 13:18:20.779372 11324 raft_consensus.cc:3060] T 6d10fbd3750c4f4bb1142d2533220eee P 509f5b9003dd43c989f9829b45db9738 [term 1 FOLLOWER]: Advancing to term 2
I20260710 13:18:20.779697 11251 raft_consensus.cc:3060] T 6d10fbd3750c4f4bb1142d2533220eee P 450fbe29f40844b3a566fc25806adfcd [term 1 FOLLOWER]: Advancing to term 2
I20260710 13:18:20.784068 11251 raft_consensus.cc:2468] T 6d10fbd3750c4f4bb1142d2533220eee P 450fbe29f40844b3a566fc25806adfcd [term 2 FOLLOWER]: Leader election vote request: Granting yes vote for candidate 9237a5cea492498d9f6dda6c697f64ce in term 2.
I20260710 13:18:20.785089 11141 leader_election.cc:304] T 6d10fbd3750c4f4bb1142d2533220eee P 9237a5cea492498d9f6dda6c697f64ce [CANDIDATE]: Term 2 election: Election decided. Result: candidate won. Election summary: received 2 responses out of 3 voters: 2 yes votes; 0 no votes. yes voters: 450fbe29f40844b3a566fc25806adfcd, 9237a5cea492498d9f6dda6c697f64ce; no voters: 
I20260710 13:18:20.785686 11374 raft_consensus.cc:2804] T 6d10fbd3750c4f4bb1142d2533220eee P 9237a5cea492498d9f6dda6c697f64ce [term 2 FOLLOWER]: Leader election won for term 2
I20260710 13:18:20.785633 11324 raft_consensus.cc:2468] T 6d10fbd3750c4f4bb1142d2533220eee P 509f5b9003dd43c989f9829b45db9738 [term 2 FOLLOWER]: Leader election vote request: Granting yes vote for candidate 9237a5cea492498d9f6dda6c697f64ce in term 2.
I20260710 13:18:20.786203 11374 raft_consensus.cc:697] T 6d10fbd3750c4f4bb1142d2533220eee P 9237a5cea492498d9f6dda6c697f64ce [term 2 LEADER]: Becoming Leader. State: Replica: 9237a5cea492498d9f6dda6c697f64ce, State: Running, Role: LEADER
I20260710 13:18:20.786953 11374 consensus_queue.cc:237] T 6d10fbd3750c4f4bb1142d2533220eee P 9237a5cea492498d9f6dda6c697f64ce [LEADER]: Queue going to LEADER mode. State: All replicated index: 0, Majority replicated index: 1, Committed index: 1, Last appended: 1.1, Last appended by leader: 1, Current term: 2, Majority size: 2, State: 0, Mode: LEADER, active raft config: opid_index: -1 OBSOLETE_local: false peers { permanent_uuid: "9237a5cea492498d9f6dda6c697f64ce" member_type: VOTER last_known_addr { host: "127.10.200.65" port: 38057 } } peers { permanent_uuid: "450fbe29f40844b3a566fc25806adfcd" member_type: VOTER last_known_addr { host: "127.10.200.66" port: 33901 } } peers { permanent_uuid: "509f5b9003dd43c989f9829b45db9738" member_type: VOTER last_known_addr { host: "127.10.200.67" port: 34925 } }
I20260710 13:18:20.792459 11071 catalog_manager.cc:5697] T 6d10fbd3750c4f4bb1142d2533220eee P 9237a5cea492498d9f6dda6c697f64ce reported cstate change: term changed from 1 to 2, leader changed from 450fbe29f40844b3a566fc25806adfcd (127.10.200.66) to 9237a5cea492498d9f6dda6c697f64ce (127.10.200.65). New cstate: current_term: 2 leader_uuid: "9237a5cea492498d9f6dda6c697f64ce" committed_config { opid_index: -1 OBSOLETE_local: false peers { permanent_uuid: "9237a5cea492498d9f6dda6c697f64ce" member_type: VOTER last_known_addr { host: "127.10.200.65" port: 38057 } health_report { overall_health: HEALTHY } } peers { permanent_uuid: "450fbe29f40844b3a566fc25806adfcd" member_type: VOTER last_known_addr { host: "127.10.200.66" port: 33901 } health_report { overall_health: UNKNOWN } } peers { permanent_uuid: "509f5b9003dd43c989f9829b45db9738" member_type: VOTER last_known_addr { host: "127.10.200.67" port: 34925 } health_report { overall_health: UNKNOWN } } }
I20260710 13:18:20.840866 11176 raft_consensus.cc:1275] T e71387db1d914235b8a7251c2ec7c02b P 9237a5cea492498d9f6dda6c697f64ce [term 2 FOLLOWER]: Refusing update from remote peer 450fbe29f40844b3a566fc25806adfcd: Log matching property violated. Preceding OpId in replica: term: 1 index: 1. Preceding OpId from leader: term: 2 index: 2. (index mismatch)
I20260710 13:18:20.842001 11409 consensus_queue.cc:1048] T e71387db1d914235b8a7251c2ec7c02b P 450fbe29f40844b3a566fc25806adfcd [LEADER]: Connected to new peer: Peer: permanent_uuid: "9237a5cea492498d9f6dda6c697f64ce" member_type: VOTER last_known_addr { host: "127.10.200.65" port: 38057 }, Status: LMP_MISMATCH, Last received: 0.0, Next index: 2, Last known committed idx: 1, Time since last communication: 0.000s
I20260710 13:18:20.852972 11324 raft_consensus.cc:3060] T e71387db1d914235b8a7251c2ec7c02b P 509f5b9003dd43c989f9829b45db9738 [term 1 FOLLOWER]: Advancing to term 2
I20260710 13:18:20.861186 11324 raft_consensus.cc:1275] T e71387db1d914235b8a7251c2ec7c02b P 509f5b9003dd43c989f9829b45db9738 [term 2 FOLLOWER]: Refusing update from remote peer 450fbe29f40844b3a566fc25806adfcd: Log matching property violated. Preceding OpId in replica: term: 1 index: 1. Preceding OpId from leader: term: 2 index: 2. (index mismatch)
I20260710 13:18:20.862622 11409 consensus_queue.cc:1048] T e71387db1d914235b8a7251c2ec7c02b P 450fbe29f40844b3a566fc25806adfcd [LEADER]: Connected to new peer: Peer: permanent_uuid: "509f5b9003dd43c989f9829b45db9738" member_type: VOTER last_known_addr { host: "127.10.200.67" port: 34925 }, Status: LMP_MISMATCH, Last received: 0.0, Next index: 2, Last known committed idx: 1, Time since last communication: 0.000s
I20260710 13:18:20.979270 11176 raft_consensus.cc:1275] T 67d92001bb31460385c50d8ce07a6fbc P 9237a5cea492498d9f6dda6c697f64ce [term 2 FOLLOWER]: Refusing update from remote peer 450fbe29f40844b3a566fc25806adfcd: Log matching property violated. Preceding OpId in replica: term: 1 index: 1. Preceding OpId from leader: term: 2 index: 2. (index mismatch)
I20260710 13:18:20.980386 11409 consensus_queue.cc:1048] T 67d92001bb31460385c50d8ce07a6fbc P 450fbe29f40844b3a566fc25806adfcd [LEADER]: Connected to new peer: Peer: permanent_uuid: "9237a5cea492498d9f6dda6c697f64ce" member_type: VOTER last_known_addr { host: "127.10.200.65" port: 38057 }, Status: LMP_MISMATCH, Last received: 0.0, Next index: 2, Last known committed idx: 1, Time since last communication: 0.000s
I20260710 13:18:20.986632 11324 raft_consensus.cc:1275] T 67d92001bb31460385c50d8ce07a6fbc P 509f5b9003dd43c989f9829b45db9738 [term 2 FOLLOWER]: Refusing update from remote peer 450fbe29f40844b3a566fc25806adfcd: Log matching property violated. Preceding OpId in replica: term: 1 index: 1. Preceding OpId from leader: term: 2 index: 2. (index mismatch)
I20260710 13:18:20.987736 11409 consensus_queue.cc:1048] T 67d92001bb31460385c50d8ce07a6fbc P 450fbe29f40844b3a566fc25806adfcd [LEADER]: Connected to new peer: Peer: permanent_uuid: "509f5b9003dd43c989f9829b45db9738" member_type: VOTER last_known_addr { host: "127.10.200.67" port: 34925 }, Status: LMP_MISMATCH, Last received: 0.0, Next index: 2, Last known committed idx: 1, Time since last communication: 0.001s
I20260710 13:18:21.029675 11324 raft_consensus.cc:1275] T e49b7a6cca03436e8d71f07640abfb35 P 509f5b9003dd43c989f9829b45db9738 [term 2 FOLLOWER]: Refusing update from remote peer 450fbe29f40844b3a566fc25806adfcd: Log matching property violated. Preceding OpId in replica: term: 1 index: 1. Preceding OpId from leader: term: 2 index: 2. (index mismatch)
I20260710 13:18:21.030777 11409 consensus_queue.cc:1048] T e49b7a6cca03436e8d71f07640abfb35 P 450fbe29f40844b3a566fc25806adfcd [LEADER]: Connected to new peer: Peer: permanent_uuid: "509f5b9003dd43c989f9829b45db9738" member_type: VOTER last_known_addr { host: "127.10.200.67" port: 34925 }, Status: LMP_MISMATCH, Last received: 0.0, Next index: 2, Last known committed idx: 1, Time since last communication: 0.000s
I20260710 13:18:21.037369 11176 raft_consensus.cc:1275] T e49b7a6cca03436e8d71f07640abfb35 P 9237a5cea492498d9f6dda6c697f64ce [term 2 FOLLOWER]: Refusing update from remote peer 450fbe29f40844b3a566fc25806adfcd: Log matching property violated. Preceding OpId in replica: term: 1 index: 1. Preceding OpId from leader: term: 2 index: 2. (index mismatch)
I20260710 13:18:21.038846 11409 consensus_queue.cc:1048] T e49b7a6cca03436e8d71f07640abfb35 P 450fbe29f40844b3a566fc25806adfcd [LEADER]: Connected to new peer: Peer: permanent_uuid: "9237a5cea492498d9f6dda6c697f64ce" member_type: VOTER last_known_addr { host: "127.10.200.65" port: 38057 }, Status: LMP_MISMATCH, Last received: 0.0, Next index: 2, Last known committed idx: 1, Time since last communication: 0.000s
I20260710 13:18:21.274748 11251 raft_consensus.cc:1275] T 6d10fbd3750c4f4bb1142d2533220eee P 450fbe29f40844b3a566fc25806adfcd [term 2 FOLLOWER]: Refusing update from remote peer 9237a5cea492498d9f6dda6c697f64ce: Log matching property violated. Preceding OpId in replica: term: 1 index: 1. Preceding OpId from leader: term: 2 index: 2. (index mismatch)
I20260710 13:18:21.275954 11374 consensus_queue.cc:1048] T 6d10fbd3750c4f4bb1142d2533220eee P 9237a5cea492498d9f6dda6c697f64ce [LEADER]: Connected to new peer: Peer: permanent_uuid: "450fbe29f40844b3a566fc25806adfcd" member_type: VOTER last_known_addr { host: "127.10.200.66" port: 33901 }, Status: LMP_MISMATCH, Last received: 0.0, Next index: 2, Last known committed idx: 1, Time since last communication: 0.000s
I20260710 13:18:21.285362 11324 raft_consensus.cc:1275] T 6d10fbd3750c4f4bb1142d2533220eee P 509f5b9003dd43c989f9829b45db9738 [term 2 FOLLOWER]: Refusing update from remote peer 9237a5cea492498d9f6dda6c697f64ce: Log matching property violated. Preceding OpId in replica: term: 1 index: 1. Preceding OpId from leader: term: 2 index: 2. (index mismatch)
I20260710 13:18:21.286662 11451 consensus_queue.cc:1048] T 6d10fbd3750c4f4bb1142d2533220eee P 9237a5cea492498d9f6dda6c697f64ce [LEADER]: Connected to new peer: Peer: permanent_uuid: "509f5b9003dd43c989f9829b45db9738" member_type: VOTER last_known_addr { host: "127.10.200.67" port: 34925 }, Status: LMP_MISMATCH, Last received: 0.0, Next index: 2, Last known committed idx: 1, Time since last communication: 0.000s
I20260710 13:18:23.435879 11041 auto_leader_rebalancer-test.cc:316] The leader distribution is 
I20260710 13:18:23.436637 11041 auto_leader_rebalancer.cc:141] leader rebalance for table test-workload
I20260710 13:18:23.452140 11251 tablet_service.cc:2072] Received LeaderStepDown RPC: tablet_id: "8d678fe01029446eb5ac187aca22dafa"
dest_uuid: "450fbe29f40844b3a566fc25806adfcd"
mode: GRACEFUL
new_leader_uuid: "509f5b9003dd43c989f9829b45db9738"
 from {username='slave'} at 127.0.0.1:60668
I20260710 13:18:23.452574 11251 raft_consensus.cc:606] T 8d678fe01029446eb5ac187aca22dafa P 450fbe29f40844b3a566fc25806adfcd [term 1 LEADER]: Received request to transfer leadership to TS 509f5b9003dd43c989f9829b45db9738
I20260710 13:18:23.461647 11176 tablet_service.cc:2072] Received LeaderStepDown RPC: tablet_id: "a0f34269850f4cae9386279698e66953"
dest_uuid: "9237a5cea492498d9f6dda6c697f64ce"
mode: GRACEFUL
new_leader_uuid: "509f5b9003dd43c989f9829b45db9738"
 from {username='slave'} at 127.0.0.1:37240
I20260710 13:18:23.462073 11176 raft_consensus.cc:606] T a0f34269850f4cae9386279698e66953 P 9237a5cea492498d9f6dda6c697f64ce [term 1 LEADER]: Received request to transfer leadership to TS 509f5b9003dd43c989f9829b45db9738
I20260710 13:18:23.463039 11041 auto_leader_rebalancer.cc:479] table: test-workload, leader rebalance finish, leader transfer count: 2
I20260710 13:18:23.463526 11041 auto_leader_rebalancer.cc:554] All tables' leader rebalancing finished this round
I20260710 13:18:23.477515 11457 raft_consensus.cc:993] T a0f34269850f4cae9386279698e66953 P 9237a5cea492498d9f6dda6c697f64ce: : Instructing follower 509f5b9003dd43c989f9829b45db9738 to start an election
I20260710 13:18:23.477957 11453 raft_consensus.cc:1081] T a0f34269850f4cae9386279698e66953 P 9237a5cea492498d9f6dda6c697f64ce [term 1 LEADER]: Signalling peer 509f5b9003dd43c989f9829b45db9738 to start an election
I20260710 13:18:23.479164 11324 tablet_service.cc:2044] Received Run Leader Election RPC: tablet_id: "a0f34269850f4cae9386279698e66953"
dest_uuid: "509f5b9003dd43c989f9829b45db9738"
 from {username='slave'} at 127.0.0.1:38046
I20260710 13:18:23.479610 11324 raft_consensus.cc:493] T a0f34269850f4cae9386279698e66953 P 509f5b9003dd43c989f9829b45db9738 [term 1 FOLLOWER]: Starting forced leader election (received explicit request)
I20260710 13:18:23.479867 11324 raft_consensus.cc:3060] T a0f34269850f4cae9386279698e66953 P 509f5b9003dd43c989f9829b45db9738 [term 1 FOLLOWER]: Advancing to term 2
I20260710 13:18:23.483840 11324 raft_consensus.cc:515] T a0f34269850f4cae9386279698e66953 P 509f5b9003dd43c989f9829b45db9738 [term 2 FOLLOWER]: Starting forced leader election with config: opid_index: -1 OBSOLETE_local: false peers { permanent_uuid: "9237a5cea492498d9f6dda6c697f64ce" member_type: VOTER last_known_addr { host: "127.10.200.65" port: 38057 } } peers { permanent_uuid: "509f5b9003dd43c989f9829b45db9738" member_type: VOTER last_known_addr { host: "127.10.200.67" port: 34925 } } peers { permanent_uuid: "450fbe29f40844b3a566fc25806adfcd" member_type: VOTER last_known_addr { host: "127.10.200.66" port: 33901 } }
I20260710 13:18:23.485128 11324 leader_election.cc:290] T a0f34269850f4cae9386279698e66953 P 509f5b9003dd43c989f9829b45db9738 [CANDIDATE]: Term 2 election: Requested vote from peers 9237a5cea492498d9f6dda6c697f64ce (127.10.200.65:38057), 450fbe29f40844b3a566fc25806adfcd (127.10.200.66:33901)
I20260710 13:18:23.485917 11176 tablet_service.cc:1917] Received RequestConsensusVote() RPC: tablet_id: "a0f34269850f4cae9386279698e66953" candidate_uuid: "509f5b9003dd43c989f9829b45db9738" candidate_term: 2 candidate_status { last_received { term: 1 index: 1 } } ignore_live_leader: true dest_uuid: "9237a5cea492498d9f6dda6c697f64ce"
I20260710 13:18:23.486105 11251 tablet_service.cc:1917] Received RequestConsensusVote() RPC: tablet_id: "a0f34269850f4cae9386279698e66953" candidate_uuid: "509f5b9003dd43c989f9829b45db9738" candidate_term: 2 candidate_status { last_received { term: 1 index: 1 } } ignore_live_leader: true dest_uuid: "450fbe29f40844b3a566fc25806adfcd"
I20260710 13:18:23.486348 11176 raft_consensus.cc:3055] T a0f34269850f4cae9386279698e66953 P 9237a5cea492498d9f6dda6c697f64ce [term 1 LEADER]: Stepping down as leader of term 1
I20260710 13:18:23.486560 11251 raft_consensus.cc:3060] T a0f34269850f4cae9386279698e66953 P 450fbe29f40844b3a566fc25806adfcd [term 1 FOLLOWER]: Advancing to term 2
I20260710 13:18:23.486618 11176 raft_consensus.cc:740] T a0f34269850f4cae9386279698e66953 P 9237a5cea492498d9f6dda6c697f64ce [term 1 LEADER]: Becoming Follower/Learner. State: Replica: 9237a5cea492498d9f6dda6c697f64ce, State: Running, Role: LEADER
I20260710 13:18:23.487262 11176 consensus_queue.cc:260] T a0f34269850f4cae9386279698e66953 P 9237a5cea492498d9f6dda6c697f64ce [NON_LEADER]: Queue going to NON_LEADER mode. State: All replicated index: 0, Majority replicated index: 1, Committed index: 1, Last appended: 1.1, Last appended by leader: 1, Current term: 1, Majority size: -1, State: 0, Mode: NON_LEADER, active raft config: opid_index: -1 OBSOLETE_local: false peers { permanent_uuid: "9237a5cea492498d9f6dda6c697f64ce" member_type: VOTER last_known_addr { host: "127.10.200.65" port: 38057 } } peers { permanent_uuid: "509f5b9003dd43c989f9829b45db9738" member_type: VOTER last_known_addr { host: "127.10.200.67" port: 34925 } } peers { permanent_uuid: "450fbe29f40844b3a566fc25806adfcd" member_type: VOTER last_known_addr { host: "127.10.200.66" port: 33901 } }
I20260710 13:18:23.488111 11176 raft_consensus.cc:3060] T a0f34269850f4cae9386279698e66953 P 9237a5cea492498d9f6dda6c697f64ce [term 1 FOLLOWER]: Advancing to term 2
I20260710 13:18:23.490760 11251 raft_consensus.cc:2468] T a0f34269850f4cae9386279698e66953 P 450fbe29f40844b3a566fc25806adfcd [term 2 FOLLOWER]: Leader election vote request: Granting yes vote for candidate 509f5b9003dd43c989f9829b45db9738 in term 2.
I20260710 13:18:23.491693 11290 leader_election.cc:304] T a0f34269850f4cae9386279698e66953 P 509f5b9003dd43c989f9829b45db9738 [CANDIDATE]: Term 2 election: Election decided. Result: candidate won. Election summary: received 2 responses out of 3 voters: 2 yes votes; 0 no votes. yes voters: 450fbe29f40844b3a566fc25806adfcd, 509f5b9003dd43c989f9829b45db9738; no voters: 
I20260710 13:18:23.492414 11176 raft_consensus.cc:2468] T a0f34269850f4cae9386279698e66953 P 9237a5cea492498d9f6dda6c697f64ce [term 2 FOLLOWER]: Leader election vote request: Granting yes vote for candidate 509f5b9003dd43c989f9829b45db9738 in term 2.
I20260710 13:18:23.492419 11375 raft_consensus.cc:2804] T a0f34269850f4cae9386279698e66953 P 509f5b9003dd43c989f9829b45db9738 [term 2 FOLLOWER]: Leader election won for term 2
I20260710 13:18:23.493865 11375 raft_consensus.cc:697] T a0f34269850f4cae9386279698e66953 P 509f5b9003dd43c989f9829b45db9738 [term 2 LEADER]: Becoming Leader. State: Replica: 509f5b9003dd43c989f9829b45db9738, State: Running, Role: LEADER
I20260710 13:18:23.494534 11375 consensus_queue.cc:237] T a0f34269850f4cae9386279698e66953 P 509f5b9003dd43c989f9829b45db9738 [LEADER]: Queue going to LEADER mode. State: All replicated index: 0, Majority replicated index: 1, Committed index: 1, Last appended: 1.1, Last appended by leader: 1, Current term: 2, Majority size: 2, State: 0, Mode: LEADER, active raft config: opid_index: -1 OBSOLETE_local: false peers { permanent_uuid: "9237a5cea492498d9f6dda6c697f64ce" member_type: VOTER last_known_addr { host: "127.10.200.65" port: 38057 } } peers { permanent_uuid: "509f5b9003dd43c989f9829b45db9738" member_type: VOTER last_known_addr { host: "127.10.200.67" port: 34925 } } peers { permanent_uuid: "450fbe29f40844b3a566fc25806adfcd" member_type: VOTER last_known_addr { host: "127.10.200.66" port: 33901 } }
I20260710 13:18:23.500522 11071 catalog_manager.cc:5697] T a0f34269850f4cae9386279698e66953 P 509f5b9003dd43c989f9829b45db9738 reported cstate change: term changed from 1 to 2, leader changed from 9237a5cea492498d9f6dda6c697f64ce (127.10.200.65) to 509f5b9003dd43c989f9829b45db9738 (127.10.200.67). New cstate: current_term: 2 leader_uuid: "509f5b9003dd43c989f9829b45db9738" committed_config { opid_index: -1 OBSOLETE_local: false peers { permanent_uuid: "9237a5cea492498d9f6dda6c697f64ce" member_type: VOTER last_known_addr { host: "127.10.200.65" port: 38057 } health_report { overall_health: UNKNOWN } } peers { permanent_uuid: "509f5b9003dd43c989f9829b45db9738" member_type: VOTER last_known_addr { host: "127.10.200.67" port: 34925 } health_report { overall_health: HEALTHY } } peers { permanent_uuid: "450fbe29f40844b3a566fc25806adfcd" member_type: VOTER last_known_addr { host: "127.10.200.66" port: 33901 } health_report { overall_health: UNKNOWN } } }
I20260710 13:18:23.616631 11377 raft_consensus.cc:993] T 8d678fe01029446eb5ac187aca22dafa P 450fbe29f40844b3a566fc25806adfcd: : Instructing follower 509f5b9003dd43c989f9829b45db9738 to start an election
I20260710 13:18:23.617012 11464 raft_consensus.cc:1081] T 8d678fe01029446eb5ac187aca22dafa P 450fbe29f40844b3a566fc25806adfcd [term 1 LEADER]: Signalling peer 509f5b9003dd43c989f9829b45db9738 to start an election
I20260710 13:18:23.618321 11324 tablet_service.cc:2044] Received Run Leader Election RPC: tablet_id: "8d678fe01029446eb5ac187aca22dafa"
dest_uuid: "509f5b9003dd43c989f9829b45db9738"
 from {username='slave'} at 127.0.0.1:38038
I20260710 13:18:23.618716 11324 raft_consensus.cc:493] T 8d678fe01029446eb5ac187aca22dafa P 509f5b9003dd43c989f9829b45db9738 [term 1 FOLLOWER]: Starting forced leader election (received explicit request)
I20260710 13:18:23.618956 11324 raft_consensus.cc:3060] T 8d678fe01029446eb5ac187aca22dafa P 509f5b9003dd43c989f9829b45db9738 [term 1 FOLLOWER]: Advancing to term 2
I20260710 13:18:23.622641 11324 raft_consensus.cc:515] T 8d678fe01029446eb5ac187aca22dafa P 509f5b9003dd43c989f9829b45db9738 [term 2 FOLLOWER]: Starting forced leader election with config: opid_index: -1 OBSOLETE_local: false peers { permanent_uuid: "9237a5cea492498d9f6dda6c697f64ce" member_type: VOTER last_known_addr { host: "127.10.200.65" port: 38057 } } peers { permanent_uuid: "450fbe29f40844b3a566fc25806adfcd" member_type: VOTER last_known_addr { host: "127.10.200.66" port: 33901 } } peers { permanent_uuid: "509f5b9003dd43c989f9829b45db9738" member_type: VOTER last_known_addr { host: "127.10.200.67" port: 34925 } }
I20260710 13:18:23.623907 11324 leader_election.cc:290] T 8d678fe01029446eb5ac187aca22dafa P 509f5b9003dd43c989f9829b45db9738 [CANDIDATE]: Term 2 election: Requested vote from peers 9237a5cea492498d9f6dda6c697f64ce (127.10.200.65:38057), 450fbe29f40844b3a566fc25806adfcd (127.10.200.66:33901)
I20260710 13:18:23.624617 11176 tablet_service.cc:1917] Received RequestConsensusVote() RPC: tablet_id: "8d678fe01029446eb5ac187aca22dafa" candidate_uuid: "509f5b9003dd43c989f9829b45db9738" candidate_term: 2 candidate_status { last_received { term: 1 index: 1 } } ignore_live_leader: true dest_uuid: "9237a5cea492498d9f6dda6c697f64ce"
I20260710 13:18:23.624841 11251 tablet_service.cc:1917] Received RequestConsensusVote() RPC: tablet_id: "8d678fe01029446eb5ac187aca22dafa" candidate_uuid: "509f5b9003dd43c989f9829b45db9738" candidate_term: 2 candidate_status { last_received { term: 1 index: 1 } } ignore_live_leader: true dest_uuid: "450fbe29f40844b3a566fc25806adfcd"
I20260710 13:18:23.625080 11176 raft_consensus.cc:3060] T 8d678fe01029446eb5ac187aca22dafa P 9237a5cea492498d9f6dda6c697f64ce [term 1 FOLLOWER]: Advancing to term 2
I20260710 13:18:23.625299 11251 raft_consensus.cc:3055] T 8d678fe01029446eb5ac187aca22dafa P 450fbe29f40844b3a566fc25806adfcd [term 1 LEADER]: Stepping down as leader of term 1
I20260710 13:18:23.625552 11251 raft_consensus.cc:740] T 8d678fe01029446eb5ac187aca22dafa P 450fbe29f40844b3a566fc25806adfcd [term 1 LEADER]: Becoming Follower/Learner. State: Replica: 450fbe29f40844b3a566fc25806adfcd, State: Running, Role: LEADER
I20260710 13:18:23.626223 11251 consensus_queue.cc:260] T 8d678fe01029446eb5ac187aca22dafa P 450fbe29f40844b3a566fc25806adfcd [NON_LEADER]: Queue going to NON_LEADER mode. State: All replicated index: 0, Majority replicated index: 1, Committed index: 1, Last appended: 1.1, Last appended by leader: 1, Current term: 1, Majority size: -1, State: 0, Mode: NON_LEADER, active raft config: opid_index: -1 OBSOLETE_local: false peers { permanent_uuid: "9237a5cea492498d9f6dda6c697f64ce" member_type: VOTER last_known_addr { host: "127.10.200.65" port: 38057 } } peers { permanent_uuid: "450fbe29f40844b3a566fc25806adfcd" member_type: VOTER last_known_addr { host: "127.10.200.66" port: 33901 } } peers { permanent_uuid: "509f5b9003dd43c989f9829b45db9738" member_type: VOTER last_known_addr { host: "127.10.200.67" port: 34925 } }
I20260710 13:18:23.626951 11251 raft_consensus.cc:3060] T 8d678fe01029446eb5ac187aca22dafa P 450fbe29f40844b3a566fc25806adfcd [term 1 FOLLOWER]: Advancing to term 2
I20260710 13:18:23.628773 11176 raft_consensus.cc:2468] T 8d678fe01029446eb5ac187aca22dafa P 9237a5cea492498d9f6dda6c697f64ce [term 2 FOLLOWER]: Leader election vote request: Granting yes vote for candidate 509f5b9003dd43c989f9829b45db9738 in term 2.
I20260710 13:18:23.629503 11289 leader_election.cc:304] T 8d678fe01029446eb5ac187aca22dafa P 509f5b9003dd43c989f9829b45db9738 [CANDIDATE]: Term 2 election: Election decided. Result: candidate won. Election summary: received 2 responses out of 3 voters: 2 yes votes; 0 no votes. yes voters: 509f5b9003dd43c989f9829b45db9738, 9237a5cea492498d9f6dda6c697f64ce; no voters: 
I20260710 13:18:23.630061 11375 raft_consensus.cc:2804] T 8d678fe01029446eb5ac187aca22dafa P 509f5b9003dd43c989f9829b45db9738 [term 2 FOLLOWER]: Leader election won for term 2
I20260710 13:18:23.630422 11375 raft_consensus.cc:697] T 8d678fe01029446eb5ac187aca22dafa P 509f5b9003dd43c989f9829b45db9738 [term 2 LEADER]: Becoming Leader. State: Replica: 509f5b9003dd43c989f9829b45db9738, State: Running, Role: LEADER
I20260710 13:18:23.631058 11375 consensus_queue.cc:237] T 8d678fe01029446eb5ac187aca22dafa P 509f5b9003dd43c989f9829b45db9738 [LEADER]: Queue going to LEADER mode. State: All replicated index: 0, Majority replicated index: 1, Committed index: 1, Last appended: 1.1, Last appended by leader: 1, Current term: 2, Majority size: 2, State: 0, Mode: LEADER, active raft config: opid_index: -1 OBSOLETE_local: false peers { permanent_uuid: "9237a5cea492498d9f6dda6c697f64ce" member_type: VOTER last_known_addr { host: "127.10.200.65" port: 38057 } } peers { permanent_uuid: "450fbe29f40844b3a566fc25806adfcd" member_type: VOTER last_known_addr { host: "127.10.200.66" port: 33901 } } peers { permanent_uuid: "509f5b9003dd43c989f9829b45db9738" member_type: VOTER last_known_addr { host: "127.10.200.67" port: 34925 } }
I20260710 13:18:23.632050 11251 raft_consensus.cc:2468] T 8d678fe01029446eb5ac187aca22dafa P 450fbe29f40844b3a566fc25806adfcd [term 2 FOLLOWER]: Leader election vote request: Granting yes vote for candidate 509f5b9003dd43c989f9829b45db9738 in term 2.
I20260710 13:18:23.637351 11071 catalog_manager.cc:5697] T 8d678fe01029446eb5ac187aca22dafa P 509f5b9003dd43c989f9829b45db9738 reported cstate change: term changed from 1 to 2, leader changed from 450fbe29f40844b3a566fc25806adfcd (127.10.200.66) to 509f5b9003dd43c989f9829b45db9738 (127.10.200.67). New cstate: current_term: 2 leader_uuid: "509f5b9003dd43c989f9829b45db9738" committed_config { opid_index: -1 OBSOLETE_local: false peers { permanent_uuid: "9237a5cea492498d9f6dda6c697f64ce" member_type: VOTER last_known_addr { host: "127.10.200.65" port: 38057 } health_report { overall_health: UNKNOWN } } peers { permanent_uuid: "450fbe29f40844b3a566fc25806adfcd" member_type: VOTER last_known_addr { host: "127.10.200.66" port: 33901 } health_report { overall_health: UNKNOWN } } peers { permanent_uuid: "509f5b9003dd43c989f9829b45db9738" member_type: VOTER last_known_addr { host: "127.10.200.67" port: 34925 } health_report { overall_health: HEALTHY } } }
I20260710 13:18:23.891680 11251 raft_consensus.cc:1275] T a0f34269850f4cae9386279698e66953 P 450fbe29f40844b3a566fc25806adfcd [term 2 FOLLOWER]: Refusing update from remote peer 509f5b9003dd43c989f9829b45db9738: Log matching property violated. Preceding OpId in replica: term: 1 index: 1. Preceding OpId from leader: term: 2 index: 2. (index mismatch)
I20260710 13:18:23.892748 11375 consensus_queue.cc:1048] T a0f34269850f4cae9386279698e66953 P 509f5b9003dd43c989f9829b45db9738 [LEADER]: Connected to new peer: Peer: permanent_uuid: "450fbe29f40844b3a566fc25806adfcd" member_type: VOTER last_known_addr { host: "127.10.200.66" port: 33901 }, Status: LMP_MISMATCH, Last received: 0.0, Next index: 2, Last known committed idx: 1, Time since last communication: 0.000s
I20260710 13:18:23.902166 11176 raft_consensus.cc:1275] T a0f34269850f4cae9386279698e66953 P 9237a5cea492498d9f6dda6c697f64ce [term 2 FOLLOWER]: Refusing update from remote peer 509f5b9003dd43c989f9829b45db9738: Log matching property violated. Preceding OpId in replica: term: 1 index: 1. Preceding OpId from leader: term: 2 index: 2. (index mismatch)
I20260710 13:18:23.903757 11375 consensus_queue.cc:1048] T a0f34269850f4cae9386279698e66953 P 509f5b9003dd43c989f9829b45db9738 [LEADER]: Connected to new peer: Peer: permanent_uuid: "9237a5cea492498d9f6dda6c697f64ce" member_type: VOTER last_known_addr { host: "127.10.200.65" port: 38057 }, Status: LMP_MISMATCH, Last received: 0.0, Next index: 2, Last known committed idx: 1, Time since last communication: 0.001s
I20260710 13:18:24.031463 11251 raft_consensus.cc:1275] T 8d678fe01029446eb5ac187aca22dafa P 450fbe29f40844b3a566fc25806adfcd [term 2 FOLLOWER]: Refusing update from remote peer 509f5b9003dd43c989f9829b45db9738: Log matching property violated. Preceding OpId in replica: term: 1 index: 1. Preceding OpId from leader: term: 2 index: 2. (index mismatch)
I20260710 13:18:24.032482 11375 consensus_queue.cc:1048] T 8d678fe01029446eb5ac187aca22dafa P 509f5b9003dd43c989f9829b45db9738 [LEADER]: Connected to new peer: Peer: permanent_uuid: "450fbe29f40844b3a566fc25806adfcd" member_type: VOTER last_known_addr { host: "127.10.200.66" port: 33901 }, Status: LMP_MISMATCH, Last received: 0.0, Next index: 2, Last known committed idx: 1, Time since last communication: 0.000s
I20260710 13:18:24.040913 11176 raft_consensus.cc:1275] T 8d678fe01029446eb5ac187aca22dafa P 9237a5cea492498d9f6dda6c697f64ce [term 2 FOLLOWER]: Refusing update from remote peer 509f5b9003dd43c989f9829b45db9738: Log matching property violated. Preceding OpId in replica: term: 1 index: 1. Preceding OpId from leader: term: 2 index: 2. (index mismatch)
I20260710 13:18:24.042107 11375 consensus_queue.cc:1048] T 8d678fe01029446eb5ac187aca22dafa P 509f5b9003dd43c989f9829b45db9738 [LEADER]: Connected to new peer: Peer: permanent_uuid: "9237a5cea492498d9f6dda6c697f64ce" member_type: VOTER last_known_addr { host: "127.10.200.65" port: 38057 }, Status: LMP_MISMATCH, Last received: 0.0, Next index: 2, Last known committed idx: 1, Time since last communication: 0.000s
I20260710 13:18:24.464258 11041 auto_leader_rebalancer.cc:141] leader rebalance for table test-workload
I20260710 13:18:24.474527 11324 tablet_service.cc:2072] Received LeaderStepDown RPC: tablet_id: "a0f34269850f4cae9386279698e66953"
dest_uuid: "509f5b9003dd43c989f9829b45db9738"
mode: GRACEFUL
new_leader_uuid: "450fbe29f40844b3a566fc25806adfcd"
 from {username='slave'} at 127.0.0.1:38048
I20260710 13:18:24.474946 11324 raft_consensus.cc:606] T a0f34269850f4cae9386279698e66953 P 509f5b9003dd43c989f9829b45db9738 [term 2 LEADER]: Received request to transfer leadership to TS 450fbe29f40844b3a566fc25806adfcd
I20260710 13:18:24.478945 11176 tablet_service.cc:2072] Received LeaderStepDown RPC: tablet_id: "6d10fbd3750c4f4bb1142d2533220eee"
dest_uuid: "9237a5cea492498d9f6dda6c697f64ce"
mode: GRACEFUL
new_leader_uuid: "450fbe29f40844b3a566fc25806adfcd"
 from {username='slave'} at 127.0.0.1:56988
I20260710 13:18:24.479398 11176 raft_consensus.cc:606] T 6d10fbd3750c4f4bb1142d2533220eee P 9237a5cea492498d9f6dda6c697f64ce [term 2 LEADER]: Received request to transfer leadership to TS 450fbe29f40844b3a566fc25806adfcd
I20260710 13:18:24.483246 11176 tablet_service.cc:2072] Received LeaderStepDown RPC: tablet_id: "a712fa9d61ae43e6837aa9b1d8b06756"
dest_uuid: "9237a5cea492498d9f6dda6c697f64ce"
mode: GRACEFUL
new_leader_uuid: "450fbe29f40844b3a566fc25806adfcd"
 from {username='slave'} at 127.0.0.1:56988
I20260710 13:18:24.483652 11176 raft_consensus.cc:606] T a712fa9d61ae43e6837aa9b1d8b06756 P 9237a5cea492498d9f6dda6c697f64ce [term 1 LEADER]: Received request to transfer leadership to TS 450fbe29f40844b3a566fc25806adfcd
I20260710 13:18:24.487473 11176 tablet_service.cc:2072] Received LeaderStepDown RPC: tablet_id: "77ba1620098b45268b4a972b941c2bdb"
dest_uuid: "9237a5cea492498d9f6dda6c697f64ce"
mode: GRACEFUL
new_leader_uuid: "450fbe29f40844b3a566fc25806adfcd"
 from {username='slave'} at 127.0.0.1:56988
I20260710 13:18:24.487831 11176 raft_consensus.cc:606] T 77ba1620098b45268b4a972b941c2bdb P 9237a5cea492498d9f6dda6c697f64ce [term 1 LEADER]: Received request to transfer leadership to TS 450fbe29f40844b3a566fc25806adfcd
I20260710 13:18:24.495743 11324 tablet_service.cc:2072] Received LeaderStepDown RPC: tablet_id: "8d678fe01029446eb5ac187aca22dafa"
dest_uuid: "509f5b9003dd43c989f9829b45db9738"
mode: GRACEFUL
new_leader_uuid: "450fbe29f40844b3a566fc25806adfcd"
 from {username='slave'} at 127.0.0.1:38048
I20260710 13:18:24.496119 11324 raft_consensus.cc:606] T 8d678fe01029446eb5ac187aca22dafa P 509f5b9003dd43c989f9829b45db9738 [term 2 LEADER]: Received request to transfer leadership to TS 450fbe29f40844b3a566fc25806adfcd
I20260710 13:18:24.500445 11458 raft_consensus.cc:993] T 8d678fe01029446eb5ac187aca22dafa P 509f5b9003dd43c989f9829b45db9738: : Instructing follower 450fbe29f40844b3a566fc25806adfcd to start an election
I20260710 13:18:24.500788 11375 raft_consensus.cc:1081] T 8d678fe01029446eb5ac187aca22dafa P 509f5b9003dd43c989f9829b45db9738 [term 2 LEADER]: Signalling peer 450fbe29f40844b3a566fc25806adfcd to start an election
I20260710 13:18:24.502065 11251 tablet_service.cc:2044] Received Run Leader Election RPC: tablet_id: "8d678fe01029446eb5ac187aca22dafa"
dest_uuid: "450fbe29f40844b3a566fc25806adfcd"
 from {username='slave'} at 127.0.0.1:51722
I20260710 13:18:24.502491 11251 raft_consensus.cc:493] T 8d678fe01029446eb5ac187aca22dafa P 450fbe29f40844b3a566fc25806adfcd [term 2 FOLLOWER]: Starting forced leader election (received explicit request)
I20260710 13:18:24.502743 11251 raft_consensus.cc:3060] T 8d678fe01029446eb5ac187aca22dafa P 450fbe29f40844b3a566fc25806adfcd [term 2 FOLLOWER]: Advancing to term 3
I20260710 13:18:24.506381 11251 raft_consensus.cc:515] T 8d678fe01029446eb5ac187aca22dafa P 450fbe29f40844b3a566fc25806adfcd [term 3 FOLLOWER]: Starting forced leader election with config: opid_index: -1 OBSOLETE_local: false peers { permanent_uuid: "9237a5cea492498d9f6dda6c697f64ce" member_type: VOTER last_known_addr { host: "127.10.200.65" port: 38057 } } peers { permanent_uuid: "450fbe29f40844b3a566fc25806adfcd" member_type: VOTER last_known_addr { host: "127.10.200.66" port: 33901 } } peers { permanent_uuid: "509f5b9003dd43c989f9829b45db9738" member_type: VOTER last_known_addr { host: "127.10.200.67" port: 34925 } }
I20260710 13:18:24.507642 11251 leader_election.cc:290] T 8d678fe01029446eb5ac187aca22dafa P 450fbe29f40844b3a566fc25806adfcd [CANDIDATE]: Term 3 election: Requested vote from peers 9237a5cea492498d9f6dda6c697f64ce (127.10.200.65:38057), 509f5b9003dd43c989f9829b45db9738 (127.10.200.67:34925)
I20260710 13:18:24.508275 11176 tablet_service.cc:1917] Received RequestConsensusVote() RPC: tablet_id: "8d678fe01029446eb5ac187aca22dafa" candidate_uuid: "450fbe29f40844b3a566fc25806adfcd" candidate_term: 3 candidate_status { last_received { term: 2 index: 2 } } ignore_live_leader: true dest_uuid: "9237a5cea492498d9f6dda6c697f64ce"
I20260710 13:18:24.508561 11324 tablet_service.cc:1917] Received RequestConsensusVote() RPC: tablet_id: "8d678fe01029446eb5ac187aca22dafa" candidate_uuid: "450fbe29f40844b3a566fc25806adfcd" candidate_term: 3 candidate_status { last_received { term: 2 index: 2 } } ignore_live_leader: true dest_uuid: "509f5b9003dd43c989f9829b45db9738"
I20260710 13:18:24.508761 11176 raft_consensus.cc:3060] T 8d678fe01029446eb5ac187aca22dafa P 9237a5cea492498d9f6dda6c697f64ce [term 2 FOLLOWER]: Advancing to term 3
I20260710 13:18:24.509025 11324 raft_consensus.cc:3055] T 8d678fe01029446eb5ac187aca22dafa P 509f5b9003dd43c989f9829b45db9738 [term 2 LEADER]: Stepping down as leader of term 2
I20260710 13:18:24.509255 11324 raft_consensus.cc:740] T 8d678fe01029446eb5ac187aca22dafa P 509f5b9003dd43c989f9829b45db9738 [term 2 LEADER]: Becoming Follower/Learner. State: Replica: 509f5b9003dd43c989f9829b45db9738, State: Running, Role: LEADER
I20260710 13:18:24.509820 11324 consensus_queue.cc:260] T 8d678fe01029446eb5ac187aca22dafa P 509f5b9003dd43c989f9829b45db9738 [NON_LEADER]: Queue going to NON_LEADER mode. State: All replicated index: 0, Majority replicated index: 2, Committed index: 2, Last appended: 2.2, Last appended by leader: 2, Current term: 2, Majority size: -1, State: 0, Mode: NON_LEADER, active raft config: opid_index: -1 OBSOLETE_local: false peers { permanent_uuid: "9237a5cea492498d9f6dda6c697f64ce" member_type: VOTER last_known_addr { host: "127.10.200.65" port: 38057 } } peers { permanent_uuid: "450fbe29f40844b3a566fc25806adfcd" member_type: VOTER last_known_addr { host: "127.10.200.66" port: 33901 } } peers { permanent_uuid: "509f5b9003dd43c989f9829b45db9738" member_type: VOTER last_known_addr { host: "127.10.200.67" port: 34925 } }
I20260710 13:18:24.510572 11324 raft_consensus.cc:3060] T 8d678fe01029446eb5ac187aca22dafa P 509f5b9003dd43c989f9829b45db9738 [term 2 FOLLOWER]: Advancing to term 3
I20260710 13:18:24.512375 11176 raft_consensus.cc:2468] T 8d678fe01029446eb5ac187aca22dafa P 9237a5cea492498d9f6dda6c697f64ce [term 3 FOLLOWER]: Leader election vote request: Granting yes vote for candidate 450fbe29f40844b3a566fc25806adfcd in term 3.
I20260710 13:18:24.513186 11215 leader_election.cc:304] T 8d678fe01029446eb5ac187aca22dafa P 450fbe29f40844b3a566fc25806adfcd [CANDIDATE]: Term 3 election: Election decided. Result: candidate won. Election summary: received 2 responses out of 3 voters: 2 yes votes; 0 no votes. yes voters: 450fbe29f40844b3a566fc25806adfcd, 9237a5cea492498d9f6dda6c697f64ce; no voters: 
I20260710 13:18:24.513743 11464 raft_consensus.cc:2804] T 8d678fe01029446eb5ac187aca22dafa P 450fbe29f40844b3a566fc25806adfcd [term 3 FOLLOWER]: Leader election won for term 3
I20260710 13:18:24.514329 11324 raft_consensus.cc:2468] T 8d678fe01029446eb5ac187aca22dafa P 509f5b9003dd43c989f9829b45db9738 [term 3 FOLLOWER]: Leader election vote request: Granting yes vote for candidate 450fbe29f40844b3a566fc25806adfcd in term 3.
I20260710 13:18:24.514645 11464 raft_consensus.cc:697] T 8d678fe01029446eb5ac187aca22dafa P 450fbe29f40844b3a566fc25806adfcd [term 3 LEADER]: Becoming Leader. State: Replica: 450fbe29f40844b3a566fc25806adfcd, State: Running, Role: LEADER
I20260710 13:18:24.515506 11464 consensus_queue.cc:237] T 8d678fe01029446eb5ac187aca22dafa P 450fbe29f40844b3a566fc25806adfcd [LEADER]: Queue going to LEADER mode. State: All replicated index: 0, Majority replicated index: 2, Committed index: 2, Last appended: 2.2, Last appended by leader: 2, Current term: 3, Majority size: 2, State: 0, Mode: LEADER, active raft config: opid_index: -1 OBSOLETE_local: false peers { permanent_uuid: "9237a5cea492498d9f6dda6c697f64ce" member_type: VOTER last_known_addr { host: "127.10.200.65" port: 38057 } } peers { permanent_uuid: "450fbe29f40844b3a566fc25806adfcd" member_type: VOTER last_known_addr { host: "127.10.200.66" port: 33901 } } peers { permanent_uuid: "509f5b9003dd43c989f9829b45db9738" member_type: VOTER last_known_addr { host: "127.10.200.67" port: 34925 } }
I20260710 13:18:24.521217 11073 catalog_manager.cc:5697] T 8d678fe01029446eb5ac187aca22dafa P 450fbe29f40844b3a566fc25806adfcd reported cstate change: term changed from 2 to 3, leader changed from 509f5b9003dd43c989f9829b45db9738 (127.10.200.67) to 450fbe29f40844b3a566fc25806adfcd (127.10.200.66). New cstate: current_term: 3 leader_uuid: "450fbe29f40844b3a566fc25806adfcd" committed_config { opid_index: -1 OBSOLETE_local: false peers { permanent_uuid: "9237a5cea492498d9f6dda6c697f64ce" member_type: VOTER last_known_addr { host: "127.10.200.65" port: 38057 } health_report { overall_health: UNKNOWN } } peers { permanent_uuid: "450fbe29f40844b3a566fc25806adfcd" member_type: VOTER last_known_addr { host: "127.10.200.66" port: 33901 } health_report { overall_health: HEALTHY } } peers { permanent_uuid: "509f5b9003dd43c989f9829b45db9738" member_type: VOTER last_known_addr { host: "127.10.200.67" port: 34925 } health_report { overall_health: UNKNOWN } } }
I20260710 13:18:24.554093 11478 raft_consensus.cc:993] T a712fa9d61ae43e6837aa9b1d8b06756 P 9237a5cea492498d9f6dda6c697f64ce: : Instructing follower 450fbe29f40844b3a566fc25806adfcd to start an election
I20260710 13:18:24.554503 11453 raft_consensus.cc:1081] T a712fa9d61ae43e6837aa9b1d8b06756 P 9237a5cea492498d9f6dda6c697f64ce [term 1 LEADER]: Signalling peer 450fbe29f40844b3a566fc25806adfcd to start an election
I20260710 13:18:24.555778 11251 tablet_service.cc:2044] Received Run Leader Election RPC: tablet_id: "a712fa9d61ae43e6837aa9b1d8b06756"
dest_uuid: "450fbe29f40844b3a566fc25806adfcd"
 from {username='slave'} at 127.0.0.1:51716
I20260710 13:18:24.556142 11251 raft_consensus.cc:493] T a712fa9d61ae43e6837aa9b1d8b06756 P 450fbe29f40844b3a566fc25806adfcd [term 1 FOLLOWER]: Starting forced leader election (received explicit request)
I20260710 13:18:24.556384 11251 raft_consensus.cc:3060] T a712fa9d61ae43e6837aa9b1d8b06756 P 450fbe29f40844b3a566fc25806adfcd [term 1 FOLLOWER]: Advancing to term 2
I20260710 13:18:24.559939 11251 raft_consensus.cc:515] T a712fa9d61ae43e6837aa9b1d8b06756 P 450fbe29f40844b3a566fc25806adfcd [term 2 FOLLOWER]: Starting forced leader election with config: opid_index: -1 OBSOLETE_local: false peers { permanent_uuid: "9237a5cea492498d9f6dda6c697f64ce" member_type: VOTER last_known_addr { host: "127.10.200.65" port: 38057 } } peers { permanent_uuid: "450fbe29f40844b3a566fc25806adfcd" member_type: VOTER last_known_addr { host: "127.10.200.66" port: 33901 } } peers { permanent_uuid: "509f5b9003dd43c989f9829b45db9738" member_type: VOTER last_known_addr { host: "127.10.200.67" port: 34925 } }
I20260710 13:18:24.561167 11251 leader_election.cc:290] T a712fa9d61ae43e6837aa9b1d8b06756 P 450fbe29f40844b3a566fc25806adfcd [CANDIDATE]: Term 2 election: Requested vote from peers 9237a5cea492498d9f6dda6c697f64ce (127.10.200.65:38057), 509f5b9003dd43c989f9829b45db9738 (127.10.200.67:34925)
I20260710 13:18:24.561769 11176 tablet_service.cc:1917] Received RequestConsensusVote() RPC: tablet_id: "a712fa9d61ae43e6837aa9b1d8b06756" candidate_uuid: "450fbe29f40844b3a566fc25806adfcd" candidate_term: 2 candidate_status { last_received { term: 1 index: 1 } } ignore_live_leader: true dest_uuid: "9237a5cea492498d9f6dda6c697f64ce"
I20260710 13:18:24.562148 11324 tablet_service.cc:1917] Received RequestConsensusVote() RPC: tablet_id: "a712fa9d61ae43e6837aa9b1d8b06756" candidate_uuid: "450fbe29f40844b3a566fc25806adfcd" candidate_term: 2 candidate_status { last_received { term: 1 index: 1 } } ignore_live_leader: true dest_uuid: "509f5b9003dd43c989f9829b45db9738"
I20260710 13:18:24.562258 11176 raft_consensus.cc:3055] T a712fa9d61ae43e6837aa9b1d8b06756 P 9237a5cea492498d9f6dda6c697f64ce [term 1 LEADER]: Stepping down as leader of term 1
I20260710 13:18:24.562541 11176 raft_consensus.cc:740] T a712fa9d61ae43e6837aa9b1d8b06756 P 9237a5cea492498d9f6dda6c697f64ce [term 1 LEADER]: Becoming Follower/Learner. State: Replica: 9237a5cea492498d9f6dda6c697f64ce, State: Running, Role: LEADER
I20260710 13:18:24.562562 11324 raft_consensus.cc:3060] T a712fa9d61ae43e6837aa9b1d8b06756 P 509f5b9003dd43c989f9829b45db9738 [term 1 FOLLOWER]: Advancing to term 2
I20260710 13:18:24.563160 11176 consensus_queue.cc:260] T a712fa9d61ae43e6837aa9b1d8b06756 P 9237a5cea492498d9f6dda6c697f64ce [NON_LEADER]: Queue going to NON_LEADER mode. State: All replicated index: 0, Majority replicated index: 1, Committed index: 1, Last appended: 1.1, Last appended by leader: 1, Current term: 1, Majority size: -1, State: 0, Mode: NON_LEADER, active raft config: opid_index: -1 OBSOLETE_local: false peers { permanent_uuid: "9237a5cea492498d9f6dda6c697f64ce" member_type: VOTER last_known_addr { host: "127.10.200.65" port: 38057 } } peers { permanent_uuid: "450fbe29f40844b3a566fc25806adfcd" member_type: VOTER last_known_addr { host: "127.10.200.66" port: 33901 } } peers { permanent_uuid: "509f5b9003dd43c989f9829b45db9738" member_type: VOTER last_known_addr { host: "127.10.200.67" port: 34925 } }
I20260710 13:18:24.563912 11176 raft_consensus.cc:3060] T a712fa9d61ae43e6837aa9b1d8b06756 P 9237a5cea492498d9f6dda6c697f64ce [term 1 FOLLOWER]: Advancing to term 2
I20260710 13:18:24.566288 11324 raft_consensus.cc:2468] T a712fa9d61ae43e6837aa9b1d8b06756 P 509f5b9003dd43c989f9829b45db9738 [term 2 FOLLOWER]: Leader election vote request: Granting yes vote for candidate 450fbe29f40844b3a566fc25806adfcd in term 2.
I20260710 13:18:24.567045 11214 leader_election.cc:304] T a712fa9d61ae43e6837aa9b1d8b06756 P 450fbe29f40844b3a566fc25806adfcd [CANDIDATE]: Term 2 election: Election decided. Result: candidate won. Election summary: received 2 responses out of 3 voters: 2 yes votes; 0 no votes. yes voters: 450fbe29f40844b3a566fc25806adfcd, 509f5b9003dd43c989f9829b45db9738; no voters: 
I20260710 13:18:24.567564 11176 raft_consensus.cc:2468] T a712fa9d61ae43e6837aa9b1d8b06756 P 9237a5cea492498d9f6dda6c697f64ce [term 2 FOLLOWER]: Leader election vote request: Granting yes vote for candidate 450fbe29f40844b3a566fc25806adfcd in term 2.
I20260710 13:18:24.567700 11464 raft_consensus.cc:2804] T a712fa9d61ae43e6837aa9b1d8b06756 P 450fbe29f40844b3a566fc25806adfcd [term 2 FOLLOWER]: Leader election won for term 2
I20260710 13:18:24.568176 11464 raft_consensus.cc:697] T a712fa9d61ae43e6837aa9b1d8b06756 P 450fbe29f40844b3a566fc25806adfcd [term 2 LEADER]: Becoming Leader. State: Replica: 450fbe29f40844b3a566fc25806adfcd, State: Running, Role: LEADER
I20260710 13:18:24.568883 11464 consensus_queue.cc:237] T a712fa9d61ae43e6837aa9b1d8b06756 P 450fbe29f40844b3a566fc25806adfcd [LEADER]: Queue going to LEADER mode. State: All replicated index: 0, Majority replicated index: 1, Committed index: 1, Last appended: 1.1, Last appended by leader: 1, Current term: 2, Majority size: 2, State: 0, Mode: LEADER, active raft config: opid_index: -1 OBSOLETE_local: false peers { permanent_uuid: "9237a5cea492498d9f6dda6c697f64ce" member_type: VOTER last_known_addr { host: "127.10.200.65" port: 38057 } } peers { permanent_uuid: "450fbe29f40844b3a566fc25806adfcd" member_type: VOTER last_known_addr { host: "127.10.200.66" port: 33901 } } peers { permanent_uuid: "509f5b9003dd43c989f9829b45db9738" member_type: VOTER last_known_addr { host: "127.10.200.67" port: 34925 } }
I20260710 13:18:24.574751 11073 catalog_manager.cc:5697] T a712fa9d61ae43e6837aa9b1d8b06756 P 450fbe29f40844b3a566fc25806adfcd reported cstate change: term changed from 1 to 2, leader changed from 9237a5cea492498d9f6dda6c697f64ce (127.10.200.65) to 450fbe29f40844b3a566fc25806adfcd (127.10.200.66). New cstate: current_term: 2 leader_uuid: "450fbe29f40844b3a566fc25806adfcd" committed_config { opid_index: -1 OBSOLETE_local: false peers { permanent_uuid: "9237a5cea492498d9f6dda6c697f64ce" member_type: VOTER last_known_addr { host: "127.10.200.65" port: 38057 } health_report { overall_health: UNKNOWN } } peers { permanent_uuid: "450fbe29f40844b3a566fc25806adfcd" member_type: VOTER last_known_addr { host: "127.10.200.66" port: 33901 } health_report { overall_health: HEALTHY } } peers { permanent_uuid: "509f5b9003dd43c989f9829b45db9738" member_type: VOTER last_known_addr { host: "127.10.200.67" port: 34925 } health_report { overall_health: UNKNOWN } } }
I20260710 13:18:24.716171 11478 raft_consensus.cc:993] T 6d10fbd3750c4f4bb1142d2533220eee P 9237a5cea492498d9f6dda6c697f64ce: : Instructing follower 450fbe29f40844b3a566fc25806adfcd to start an election
I20260710 13:18:24.716557 11453 raft_consensus.cc:1081] T 6d10fbd3750c4f4bb1142d2533220eee P 9237a5cea492498d9f6dda6c697f64ce [term 2 LEADER]: Signalling peer 450fbe29f40844b3a566fc25806adfcd to start an election
I20260710 13:18:24.717887 11251 tablet_service.cc:2044] Received Run Leader Election RPC: tablet_id: "6d10fbd3750c4f4bb1142d2533220eee"
dest_uuid: "450fbe29f40844b3a566fc25806adfcd"
 from {username='slave'} at 127.0.0.1:51716
I20260710 13:18:24.718304 11251 raft_consensus.cc:493] T 6d10fbd3750c4f4bb1142d2533220eee P 450fbe29f40844b3a566fc25806adfcd [term 2 FOLLOWER]: Starting forced leader election (received explicit request)
I20260710 13:18:24.718556 11251 raft_consensus.cc:3060] T 6d10fbd3750c4f4bb1142d2533220eee P 450fbe29f40844b3a566fc25806adfcd [term 2 FOLLOWER]: Advancing to term 3
I20260710 13:18:24.722162 11251 raft_consensus.cc:515] T 6d10fbd3750c4f4bb1142d2533220eee P 450fbe29f40844b3a566fc25806adfcd [term 3 FOLLOWER]: Starting forced leader election with config: opid_index: -1 OBSOLETE_local: false peers { permanent_uuid: "9237a5cea492498d9f6dda6c697f64ce" member_type: VOTER last_known_addr { host: "127.10.200.65" port: 38057 } } peers { permanent_uuid: "450fbe29f40844b3a566fc25806adfcd" member_type: VOTER last_known_addr { host: "127.10.200.66" port: 33901 } } peers { permanent_uuid: "509f5b9003dd43c989f9829b45db9738" member_type: VOTER last_known_addr { host: "127.10.200.67" port: 34925 } }
I20260710 13:18:24.723517 11251 leader_election.cc:290] T 6d10fbd3750c4f4bb1142d2533220eee P 450fbe29f40844b3a566fc25806adfcd [CANDIDATE]: Term 3 election: Requested vote from peers 9237a5cea492498d9f6dda6c697f64ce (127.10.200.65:38057), 509f5b9003dd43c989f9829b45db9738 (127.10.200.67:34925)
