I20260710 13:18:52.018657  7021 raft_consensus.cc:2955] T 618f396920a94eadaf7c3bf9762ef270 P ce522a6b9865445daf4295f73c03c13a [term 1 FOLLOWER]: Committing config change with OpId 1.2: config changed from index -1 to 2, NON_VOTER 4b70bb7d2aae4841ae34b2952e91a444 (127.5.170.196) added. New config: { opid_index: 2 OBSOLETE_local: false peers { permanent_uuid: "e4ed0c1b7c7747b78f135a3bfba06941" member_type: VOTER last_known_addr { host: "127.5.170.193" port: 41969 } } peers { permanent_uuid: "ce522a6b9865445daf4295f73c03c13a" member_type: VOTER last_known_addr { host: "127.5.170.194" port: 39371 } } peers { permanent_uuid: "cfd5389c0dca4ebf9652f64b9645f23d" member_type: VOTER last_known_addr { host: "127.5.170.195" port: 41735 } attrs { replace: true } } peers { permanent_uuid: "4b70bb7d2aae4841ae34b2952e91a444" member_type: NON_VOTER last_known_addr { host: "127.5.170.196" port: 45437 } attrs { promote: true } } }
I20260710 13:18:52.018743  7522 raft_consensus.cc:2955] T 618f396920a94eadaf7c3bf9762ef270 P e4ed0c1b7c7747b78f135a3bfba06941 [term 1 LEADER]: Committing config change with OpId 1.2: config changed from index -1 to 2, NON_VOTER 4b70bb7d2aae4841ae34b2952e91a444 (127.5.170.196) added. New config: { opid_index: 2 OBSOLETE_local: false peers { permanent_uuid: "e4ed0c1b7c7747b78f135a3bfba06941" member_type: VOTER last_known_addr { host: "127.5.170.193" port: 41969 } } peers { permanent_uuid: "ce522a6b9865445daf4295f73c03c13a" member_type: VOTER last_known_addr { host: "127.5.170.194" port: 39371 } } peers { permanent_uuid: "cfd5389c0dca4ebf9652f64b9645f23d" member_type: VOTER last_known_addr { host: "127.5.170.195" port: 41735 } attrs { replace: true } } peers { permanent_uuid: "4b70bb7d2aae4841ae34b2952e91a444" member_type: NON_VOTER last_known_addr { host: "127.5.170.196" port: 45437 } attrs { promote: true } } }
I20260710 13:18:52.020453  7093 raft_consensus.cc:2955] T 618f396920a94eadaf7c3bf9762ef270 P cfd5389c0dca4ebf9652f64b9645f23d [term 1 FOLLOWER]: Committing config change with OpId 1.2: config changed from index -1 to 2, NON_VOTER 4b70bb7d2aae4841ae34b2952e91a444 (127.5.170.196) added. New config: { opid_index: 2 OBSOLETE_local: false peers { permanent_uuid: "e4ed0c1b7c7747b78f135a3bfba06941" member_type: VOTER last_known_addr { host: "127.5.170.193" port: 41969 } } peers { permanent_uuid: "ce522a6b9865445daf4295f73c03c13a" member_type: VOTER last_known_addr { host: "127.5.170.194" port: 39371 } } peers { permanent_uuid: "cfd5389c0dca4ebf9652f64b9645f23d" member_type: VOTER last_known_addr { host: "127.5.170.195" port: 41735 } attrs { replace: true } } peers { permanent_uuid: "4b70bb7d2aae4841ae34b2952e91a444" member_type: NON_VOTER last_known_addr { host: "127.5.170.196" port: 45437 } attrs { promote: true } } }
I20260710 13:18:52.035641  6842 catalog_manager.cc:5697] T 618f396920a94eadaf7c3bf9762ef270 P cfd5389c0dca4ebf9652f64b9645f23d reported cstate change: config changed from index -1 to 2, NON_VOTER 4b70bb7d2aae4841ae34b2952e91a444 (127.5.170.196) added. New cstate: current_term: 1 leader_uuid: "e4ed0c1b7c7747b78f135a3bfba06941" committed_config { opid_index: 2 OBSOLETE_local: false peers { permanent_uuid: "e4ed0c1b7c7747b78f135a3bfba06941" member_type: VOTER last_known_addr { host: "127.5.170.193" port: 41969 } } peers { permanent_uuid: "ce522a6b9865445daf4295f73c03c13a" member_type: VOTER last_known_addr { host: "127.5.170.194" port: 39371 } } peers { permanent_uuid: "cfd5389c0dca4ebf9652f64b9645f23d" member_type: VOTER last_known_addr { host: "127.5.170.195" port: 41735 } attrs { replace: true } } peers { permanent_uuid: "4b70bb7d2aae4841ae34b2952e91a444" member_type: NON_VOTER last_known_addr { host: "127.5.170.196" port: 45437 } attrs { promote: true } } }
I20260710 13:18:52.316463  7542 ts_tablet_manager.cc:933] T f00fa22d23064b22aacf366ecd9ae6d3 P 4b70bb7d2aae4841ae34b2952e91a444: Initiating tablet copy from peer ce522a6b9865445daf4295f73c03c13a (127.5.170.194:39371)
I20260710 13:18:52.318228  7542 tablet_copy_client.cc:323] T f00fa22d23064b22aacf366ecd9ae6d3 P 4b70bb7d2aae4841ae34b2952e91a444: tablet copy: Beginning tablet copy session from remote peer at address 127.5.170.194:39371
I20260710 13:18:52.319922  7031 tablet_copy_service.cc:140] P ce522a6b9865445daf4295f73c03c13a: Received BeginTabletCopySession request for tablet f00fa22d23064b22aacf366ecd9ae6d3 from peer 4b70bb7d2aae4841ae34b2952e91a444 ({username='slave'} at 127.0.0.1:42948)
I20260710 13:18:52.320429  7031 tablet_copy_service.cc:161] P ce522a6b9865445daf4295f73c03c13a: Beginning new tablet copy session on tablet f00fa22d23064b22aacf366ecd9ae6d3 from peer 4b70bb7d2aae4841ae34b2952e91a444 at {username='slave'} at 127.0.0.1:42948: session id = 4b70bb7d2aae4841ae34b2952e91a444-f00fa22d23064b22aacf366ecd9ae6d3
I20260710 13:18:52.325490  7031 tablet_copy_source_session.cc:215] T f00fa22d23064b22aacf366ecd9ae6d3 P ce522a6b9865445daf4295f73c03c13a: Tablet Copy: opened 0 blocks and 1 log segments
I20260710 13:18:52.328778  7542 data_dirs.cc:400] Could only allocate 1 dirs of requested 3 for tablet f00fa22d23064b22aacf366ecd9ae6d3. 1 dirs total, 0 dirs full, 0 dirs failed
I20260710 13:18:52.342099  7542 tablet_copy_client.cc:806] T f00fa22d23064b22aacf366ecd9ae6d3 P 4b70bb7d2aae4841ae34b2952e91a444: tablet copy: Starting download of 0 data blocks...
I20260710 13:18:52.343349  7542 tablet_copy_client.cc:670] T f00fa22d23064b22aacf366ecd9ae6d3 P 4b70bb7d2aae4841ae34b2952e91a444: tablet copy: Starting download of 1 WAL segments...
I20260710 13:18:52.347491  7542 tablet_copy_client.cc:538] T f00fa22d23064b22aacf366ecd9ae6d3 P 4b70bb7d2aae4841ae34b2952e91a444: tablet copy: Tablet Copy complete. Replacing tablet superblock.
I20260710 13:18:52.354377  7542 tablet_bootstrap.cc:492] T f00fa22d23064b22aacf366ecd9ae6d3 P 4b70bb7d2aae4841ae34b2952e91a444: Bootstrap starting.
I20260710 13:18:52.362720  7544 ts_tablet_manager.cc:933] T b100e81f6d7b4bdf8f8e83951164a6cd P 4b70bb7d2aae4841ae34b2952e91a444: Initiating tablet copy from peer ce522a6b9865445daf4295f73c03c13a (127.5.170.194:39371)
I20260710 13:18:52.364878  7544 tablet_copy_client.cc:323] T b100e81f6d7b4bdf8f8e83951164a6cd P 4b70bb7d2aae4841ae34b2952e91a444: tablet copy: Beginning tablet copy session from remote peer at address 127.5.170.194:39371
I20260710 13:18:52.366829  7031 tablet_copy_service.cc:140] P ce522a6b9865445daf4295f73c03c13a: Received BeginTabletCopySession request for tablet b100e81f6d7b4bdf8f8e83951164a6cd from peer 4b70bb7d2aae4841ae34b2952e91a444 ({username='slave'} at 127.0.0.1:42948)
I20260710 13:18:52.367362  7031 tablet_copy_service.cc:161] P ce522a6b9865445daf4295f73c03c13a: Beginning new tablet copy session on tablet b100e81f6d7b4bdf8f8e83951164a6cd from peer 4b70bb7d2aae4841ae34b2952e91a444 at {username='slave'} at 127.0.0.1:42948: session id = 4b70bb7d2aae4841ae34b2952e91a444-b100e81f6d7b4bdf8f8e83951164a6cd
I20260710 13:18:52.376660  7031 tablet_copy_source_session.cc:215] T b100e81f6d7b4bdf8f8e83951164a6cd P ce522a6b9865445daf4295f73c03c13a: Tablet Copy: opened 0 blocks and 1 log segments
I20260710 13:18:52.382157  7544 data_dirs.cc:400] Could only allocate 1 dirs of requested 3 for tablet b100e81f6d7b4bdf8f8e83951164a6cd. 1 dirs total, 0 dirs full, 0 dirs failed
I20260710 13:18:52.389304  7542 tablet_bootstrap.cc:492] T f00fa22d23064b22aacf366ecd9ae6d3 P 4b70bb7d2aae4841ae34b2952e91a444: Bootstrap replayed 1/1 log segments. Stats: ops{read=2 overwritten=0 applied=2 ignored=0} inserts{seen=0 ignored=0} mutations{seen=0 ignored=0} orphaned_commits=0. Pending: 0 replicates
I20260710 13:18:52.391026  7542 tablet_bootstrap.cc:492] T f00fa22d23064b22aacf366ecd9ae6d3 P 4b70bb7d2aae4841ae34b2952e91a444: Bootstrap complete.
I20260710 13:18:52.392091  7542 ts_tablet_manager.cc:1403] T f00fa22d23064b22aacf366ecd9ae6d3 P 4b70bb7d2aae4841ae34b2952e91a444: Time spent bootstrapping tablet: real 0.038s	user 0.019s	sys 0.015s
I20260710 13:18:52.395576  7542 raft_consensus.cc:359] T f00fa22d23064b22aacf366ecd9ae6d3 P 4b70bb7d2aae4841ae34b2952e91a444 [term 1 LEARNER]: Replica starting. Triggering 0 pending ops. Active config: opid_index: 2 OBSOLETE_local: false peers { permanent_uuid: "e4ed0c1b7c7747b78f135a3bfba06941" member_type: VOTER last_known_addr { host: "127.5.170.193" port: 41969 } attrs { replace: true } } peers { permanent_uuid: "ce522a6b9865445daf4295f73c03c13a" member_type: VOTER last_known_addr { host: "127.5.170.194" port: 39371 } } peers { permanent_uuid: "cfd5389c0dca4ebf9652f64b9645f23d" member_type: VOTER last_known_addr { host: "127.5.170.195" port: 41735 } } peers { permanent_uuid: "4b70bb7d2aae4841ae34b2952e91a444" member_type: NON_VOTER last_known_addr { host: "127.5.170.196" port: 45437 } attrs { promote: true } }
I20260710 13:18:52.396737  7542 raft_consensus.cc:740] T f00fa22d23064b22aacf366ecd9ae6d3 P 4b70bb7d2aae4841ae34b2952e91a444 [term 1 LEARNER]: Becoming Follower/Learner. State: Replica: 4b70bb7d2aae4841ae34b2952e91a444, State: Initialized, Role: LEARNER
I20260710 13:18:52.397467  7542 consensus_queue.cc:260] T f00fa22d23064b22aacf366ecd9ae6d3 P 4b70bb7d2aae4841ae34b2952e91a444 [NON_LEADER]: Queue going to NON_LEADER mode. State: All replicated index: 0, Majority replicated index: 0, Committed index: 2, Last appended: 1.2, Last appended by leader: 2, Current term: 0, Majority size: -1, State: 0, Mode: NON_LEADER, active raft config: opid_index: 2 OBSOLETE_local: false peers { permanent_uuid: "e4ed0c1b7c7747b78f135a3bfba06941" member_type: VOTER last_known_addr { host: "127.5.170.193" port: 41969 } attrs { replace: true } } peers { permanent_uuid: "ce522a6b9865445daf4295f73c03c13a" member_type: VOTER last_known_addr { host: "127.5.170.194" port: 39371 } } peers { permanent_uuid: "cfd5389c0dca4ebf9652f64b9645f23d" member_type: VOTER last_known_addr { host: "127.5.170.195" port: 41735 } } peers { permanent_uuid: "4b70bb7d2aae4841ae34b2952e91a444" member_type: NON_VOTER last_known_addr { host: "127.5.170.196" port: 45437 } attrs { promote: true } }
I20260710 13:18:52.403923  7548 ts_tablet_manager.cc:933] T fe1d821cbd934c0cb40ecbfd1a9aa1f9 P 4b70bb7d2aae4841ae34b2952e91a444: Initiating tablet copy from peer e4ed0c1b7c7747b78f135a3bfba06941 (127.5.170.193:41969)
I20260710 13:18:52.413149  7548 tablet_copy_client.cc:323] T fe1d821cbd934c0cb40ecbfd1a9aa1f9 P 4b70bb7d2aae4841ae34b2952e91a444: tablet copy: Beginning tablet copy session from remote peer at address 127.5.170.193:41969
I20260710 13:18:52.415288  6956 tablet_copy_service.cc:140] P e4ed0c1b7c7747b78f135a3bfba06941: Received BeginTabletCopySession request for tablet fe1d821cbd934c0cb40ecbfd1a9aa1f9 from peer 4b70bb7d2aae4841ae34b2952e91a444 ({username='slave'} at 127.0.0.1:56046)
I20260710 13:18:52.416100  6956 tablet_copy_service.cc:161] P e4ed0c1b7c7747b78f135a3bfba06941: Beginning new tablet copy session on tablet fe1d821cbd934c0cb40ecbfd1a9aa1f9 from peer 4b70bb7d2aae4841ae34b2952e91a444 at {username='slave'} at 127.0.0.1:56046: session id = 4b70bb7d2aae4841ae34b2952e91a444-fe1d821cbd934c0cb40ecbfd1a9aa1f9
I20260710 13:18:52.430011  7547 ts_tablet_manager.cc:933] T 618f396920a94eadaf7c3bf9762ef270 P 4b70bb7d2aae4841ae34b2952e91a444: Initiating tablet copy from peer e4ed0c1b7c7747b78f135a3bfba06941 (127.5.170.193:41969)
I20260710 13:18:52.436496  7542 ts_tablet_manager.cc:1434] T f00fa22d23064b22aacf366ecd9ae6d3 P 4b70bb7d2aae4841ae34b2952e91a444: Time spent starting tablet: real 0.044s	user 0.024s	sys 0.019s
I20260710 13:18:52.438465  7031 tablet_copy_service.cc:342] P ce522a6b9865445daf4295f73c03c13a: Request end of tablet copy session 4b70bb7d2aae4841ae34b2952e91a444-f00fa22d23064b22aacf366ecd9ae6d3 received from {username='slave'} at 127.0.0.1:42948
I20260710 13:18:52.438951  7031 tablet_copy_service.cc:434] P ce522a6b9865445daf4295f73c03c13a: ending tablet copy session 4b70bb7d2aae4841ae34b2952e91a444-f00fa22d23064b22aacf366ecd9ae6d3 on tablet f00fa22d23064b22aacf366ecd9ae6d3 with peer 4b70bb7d2aae4841ae34b2952e91a444
I20260710 13:18:52.446365  6956 tablet_copy_source_session.cc:215] T fe1d821cbd934c0cb40ecbfd1a9aa1f9 P e4ed0c1b7c7747b78f135a3bfba06941: Tablet Copy: opened 0 blocks and 1 log segments
I20260710 13:18:52.451823  7548 data_dirs.cc:400] Could only allocate 1 dirs of requested 3 for tablet fe1d821cbd934c0cb40ecbfd1a9aa1f9. 1 dirs total, 0 dirs full, 0 dirs failed
I20260710 13:18:52.449627  7547 tablet_copy_client.cc:323] T 618f396920a94eadaf7c3bf9762ef270 P 4b70bb7d2aae4841ae34b2952e91a444: tablet copy: Beginning tablet copy session from remote peer at address 127.5.170.193:41969
I20260710 13:18:52.457204  6956 tablet_copy_service.cc:140] P e4ed0c1b7c7747b78f135a3bfba06941: Received BeginTabletCopySession request for tablet 618f396920a94eadaf7c3bf9762ef270 from peer 4b70bb7d2aae4841ae34b2952e91a444 ({username='slave'} at 127.0.0.1:56046)
I20260710 13:18:52.458073  6956 tablet_copy_service.cc:161] P e4ed0c1b7c7747b78f135a3bfba06941: Beginning new tablet copy session on tablet 618f396920a94eadaf7c3bf9762ef270 from peer 4b70bb7d2aae4841ae34b2952e91a444 at {username='slave'} at 127.0.0.1:56046: session id = 4b70bb7d2aae4841ae34b2952e91a444-618f396920a94eadaf7c3bf9762ef270
I20260710 13:18:52.469074  6956 tablet_copy_source_session.cc:215] T 618f396920a94eadaf7c3bf9762ef270 P e4ed0c1b7c7747b78f135a3bfba06941: Tablet Copy: opened 0 blocks and 1 log segments
I20260710 13:18:52.472290  7544 tablet_copy_client.cc:806] T b100e81f6d7b4bdf8f8e83951164a6cd P 4b70bb7d2aae4841ae34b2952e91a444: tablet copy: Starting download of 0 data blocks...
I20260710 13:18:52.472581  7548 tablet_copy_client.cc:806] T fe1d821cbd934c0cb40ecbfd1a9aa1f9 P 4b70bb7d2aae4841ae34b2952e91a444: tablet copy: Starting download of 0 data blocks...
I20260710 13:18:52.472949  7544 tablet_copy_client.cc:670] T b100e81f6d7b4bdf8f8e83951164a6cd P 4b70bb7d2aae4841ae34b2952e91a444: tablet copy: Starting download of 1 WAL segments...
I20260710 13:18:52.473168  7548 tablet_copy_client.cc:670] T fe1d821cbd934c0cb40ecbfd1a9aa1f9 P 4b70bb7d2aae4841ae34b2952e91a444: tablet copy: Starting download of 1 WAL segments...
I20260710 13:18:52.473030  7547 data_dirs.cc:400] Could only allocate 1 dirs of requested 3 for tablet 618f396920a94eadaf7c3bf9762ef270. 1 dirs total, 0 dirs full, 0 dirs failed
I20260710 13:18:52.477962  7544 tablet_copy_client.cc:538] T b100e81f6d7b4bdf8f8e83951164a6cd P 4b70bb7d2aae4841ae34b2952e91a444: tablet copy: Tablet Copy complete. Replacing tablet superblock.
I20260710 13:18:52.480676  7548 tablet_copy_client.cc:538] T fe1d821cbd934c0cb40ecbfd1a9aa1f9 P 4b70bb7d2aae4841ae34b2952e91a444: tablet copy: Tablet Copy complete. Replacing tablet superblock.
I20260710 13:18:52.488952  7544 tablet_bootstrap.cc:492] T b100e81f6d7b4bdf8f8e83951164a6cd P 4b70bb7d2aae4841ae34b2952e91a444: Bootstrap starting.
I20260710 13:18:52.491236  7548 tablet_bootstrap.cc:492] T fe1d821cbd934c0cb40ecbfd1a9aa1f9 P 4b70bb7d2aae4841ae34b2952e91a444: Bootstrap starting.
I20260710 13:18:52.495298  7547 tablet_copy_client.cc:806] T 618f396920a94eadaf7c3bf9762ef270 P 4b70bb7d2aae4841ae34b2952e91a444: tablet copy: Starting download of 0 data blocks...
I20260710 13:18:52.496057  7547 tablet_copy_client.cc:670] T 618f396920a94eadaf7c3bf9762ef270 P 4b70bb7d2aae4841ae34b2952e91a444: tablet copy: Starting download of 1 WAL segments...
I20260710 13:18:52.502596  7547 tablet_copy_client.cc:538] T 618f396920a94eadaf7c3bf9762ef270 P 4b70bb7d2aae4841ae34b2952e91a444: tablet copy: Tablet Copy complete. Replacing tablet superblock.
I20260710 13:18:52.515735  7547 tablet_bootstrap.cc:492] T 618f396920a94eadaf7c3bf9762ef270 P 4b70bb7d2aae4841ae34b2952e91a444: Bootstrap starting.
I20260710 13:18:52.517876  7544 tablet_bootstrap.cc:492] T b100e81f6d7b4bdf8f8e83951164a6cd P 4b70bb7d2aae4841ae34b2952e91a444: Bootstrap replayed 1/1 log segments. Stats: ops{read=2 overwritten=0 applied=2 ignored=0} inserts{seen=0 ignored=0} mutations{seen=0 ignored=0} orphaned_commits=0. Pending: 0 replicates
I20260710 13:18:52.518869  7544 tablet_bootstrap.cc:492] T b100e81f6d7b4bdf8f8e83951164a6cd P 4b70bb7d2aae4841ae34b2952e91a444: Bootstrap complete.
I20260710 13:18:52.519594  7544 ts_tablet_manager.cc:1403] T b100e81f6d7b4bdf8f8e83951164a6cd P 4b70bb7d2aae4841ae34b2952e91a444: Time spent bootstrapping tablet: real 0.031s	user 0.018s	sys 0.009s
I20260710 13:18:52.522977  7544 raft_consensus.cc:359] T b100e81f6d7b4bdf8f8e83951164a6cd P 4b70bb7d2aae4841ae34b2952e91a444 [term 1 LEARNER]: Replica starting. Triggering 0 pending ops. Active config: opid_index: 2 OBSOLETE_local: false peers { permanent_uuid: "e4ed0c1b7c7747b78f135a3bfba06941" member_type: VOTER last_known_addr { host: "127.5.170.193" port: 41969 } } peers { permanent_uuid: "ce522a6b9865445daf4295f73c03c13a" member_type: VOTER last_known_addr { host: "127.5.170.194" port: 39371 } } peers { permanent_uuid: "cfd5389c0dca4ebf9652f64b9645f23d" member_type: VOTER last_known_addr { host: "127.5.170.195" port: 41735 } attrs { replace: true } } peers { permanent_uuid: "4b70bb7d2aae4841ae34b2952e91a444" member_type: NON_VOTER last_known_addr { host: "127.5.170.196" port: 45437 } attrs { promote: true } }
I20260710 13:18:52.523937  7544 raft_consensus.cc:740] T b100e81f6d7b4bdf8f8e83951164a6cd P 4b70bb7d2aae4841ae34b2952e91a444 [term 1 LEARNER]: Becoming Follower/Learner. State: Replica: 4b70bb7d2aae4841ae34b2952e91a444, State: Initialized, Role: LEARNER
I20260710 13:18:52.524646  7544 consensus_queue.cc:260] T b100e81f6d7b4bdf8f8e83951164a6cd P 4b70bb7d2aae4841ae34b2952e91a444 [NON_LEADER]: Queue going to NON_LEADER mode. State: All replicated index: 0, Majority replicated index: 0, Committed index: 2, Last appended: 1.2, Last appended by leader: 2, Current term: 0, Majority size: -1, State: 0, Mode: NON_LEADER, active raft config: opid_index: 2 OBSOLETE_local: false peers { permanent_uuid: "e4ed0c1b7c7747b78f135a3bfba06941" member_type: VOTER last_known_addr { host: "127.5.170.193" port: 41969 } } peers { permanent_uuid: "ce522a6b9865445daf4295f73c03c13a" member_type: VOTER last_known_addr { host: "127.5.170.194" port: 39371 } } peers { permanent_uuid: "cfd5389c0dca4ebf9652f64b9645f23d" member_type: VOTER last_known_addr { host: "127.5.170.195" port: 41735 } attrs { replace: true } } peers { permanent_uuid: "4b70bb7d2aae4841ae34b2952e91a444" member_type: NON_VOTER last_known_addr { host: "127.5.170.196" port: 45437 } attrs { promote: true } }
I20260710 13:18:52.531275  7544 ts_tablet_manager.cc:1434] T b100e81f6d7b4bdf8f8e83951164a6cd P 4b70bb7d2aae4841ae34b2952e91a444: Time spent starting tablet: real 0.011s	user 0.006s	sys 0.000s
I20260710 13:18:52.533094  7031 tablet_copy_service.cc:342] P ce522a6b9865445daf4295f73c03c13a: Request end of tablet copy session 4b70bb7d2aae4841ae34b2952e91a444-b100e81f6d7b4bdf8f8e83951164a6cd received from {username='slave'} at 127.0.0.1:42948
I20260710 13:18:52.533556  7031 tablet_copy_service.cc:434] P ce522a6b9865445daf4295f73c03c13a: ending tablet copy session 4b70bb7d2aae4841ae34b2952e91a444-b100e81f6d7b4bdf8f8e83951164a6cd on tablet b100e81f6d7b4bdf8f8e83951164a6cd with peer 4b70bb7d2aae4841ae34b2952e91a444
I20260710 13:18:52.534874  7548 tablet_bootstrap.cc:492] T fe1d821cbd934c0cb40ecbfd1a9aa1f9 P 4b70bb7d2aae4841ae34b2952e91a444: Bootstrap replayed 1/1 log segments. Stats: ops{read=2 overwritten=0 applied=2 ignored=0} inserts{seen=0 ignored=0} mutations{seen=0 ignored=0} orphaned_commits=0. Pending: 0 replicates
I20260710 13:18:52.537305  7548 tablet_bootstrap.cc:492] T fe1d821cbd934c0cb40ecbfd1a9aa1f9 P 4b70bb7d2aae4841ae34b2952e91a444: Bootstrap complete.
I20260710 13:18:52.540484  7548 ts_tablet_manager.cc:1403] T fe1d821cbd934c0cb40ecbfd1a9aa1f9 P 4b70bb7d2aae4841ae34b2952e91a444: Time spent bootstrapping tablet: real 0.049s	user 0.021s	sys 0.020s
I20260710 13:18:52.544440  7548 raft_consensus.cc:359] T fe1d821cbd934c0cb40ecbfd1a9aa1f9 P 4b70bb7d2aae4841ae34b2952e91a444 [term 1 LEARNER]: Replica starting. Triggering 0 pending ops. Active config: opid_index: 2 OBSOLETE_local: false peers { permanent_uuid: "e4ed0c1b7c7747b78f135a3bfba06941" member_type: VOTER last_known_addr { host: "127.5.170.193" port: 41969 } } peers { permanent_uuid: "ce522a6b9865445daf4295f73c03c13a" member_type: VOTER last_known_addr { host: "127.5.170.194" port: 39371 } attrs { replace: true } } peers { permanent_uuid: "cfd5389c0dca4ebf9652f64b9645f23d" member_type: VOTER last_known_addr { host: "127.5.170.195" port: 41735 } } peers { permanent_uuid: "4b70bb7d2aae4841ae34b2952e91a444" member_type: NON_VOTER last_known_addr { host: "127.5.170.196" port: 45437 } attrs { promote: true } }
I20260710 13:18:52.545346  7548 raft_consensus.cc:740] T fe1d821cbd934c0cb40ecbfd1a9aa1f9 P 4b70bb7d2aae4841ae34b2952e91a444 [term 1 LEARNER]: Becoming Follower/Learner. State: Replica: 4b70bb7d2aae4841ae34b2952e91a444, State: Initialized, Role: LEARNER
I20260710 13:18:52.546083  7548 consensus_queue.cc:260] T fe1d821cbd934c0cb40ecbfd1a9aa1f9 P 4b70bb7d2aae4841ae34b2952e91a444 [NON_LEADER]: Queue going to NON_LEADER mode. State: All replicated index: 0, Majority replicated index: 0, Committed index: 2, Last appended: 1.2, Last appended by leader: 2, Current term: 0, Majority size: -1, State: 0, Mode: NON_LEADER, active raft config: opid_index: 2 OBSOLETE_local: false peers { permanent_uuid: "e4ed0c1b7c7747b78f135a3bfba06941" member_type: VOTER last_known_addr { host: "127.5.170.193" port: 41969 } } peers { permanent_uuid: "ce522a6b9865445daf4295f73c03c13a" member_type: VOTER last_known_addr { host: "127.5.170.194" port: 39371 } attrs { replace: true } } peers { permanent_uuid: "cfd5389c0dca4ebf9652f64b9645f23d" member_type: VOTER last_known_addr { host: "127.5.170.195" port: 41735 } } peers { permanent_uuid: "4b70bb7d2aae4841ae34b2952e91a444" member_type: NON_VOTER last_known_addr { host: "127.5.170.196" port: 45437 } attrs { promote: true } }
I20260710 13:18:52.550769  7548 ts_tablet_manager.cc:1434] T fe1d821cbd934c0cb40ecbfd1a9aa1f9 P 4b70bb7d2aae4841ae34b2952e91a444: Time spent starting tablet: real 0.010s	user 0.007s	sys 0.000s
I20260710 13:18:52.552579  6956 tablet_copy_service.cc:342] P e4ed0c1b7c7747b78f135a3bfba06941: Request end of tablet copy session 4b70bb7d2aae4841ae34b2952e91a444-fe1d821cbd934c0cb40ecbfd1a9aa1f9 received from {username='slave'} at 127.0.0.1:56046
I20260710 13:18:52.553030  6956 tablet_copy_service.cc:434] P e4ed0c1b7c7747b78f135a3bfba06941: ending tablet copy session 4b70bb7d2aae4841ae34b2952e91a444-fe1d821cbd934c0cb40ecbfd1a9aa1f9 on tablet fe1d821cbd934c0cb40ecbfd1a9aa1f9 with peer 4b70bb7d2aae4841ae34b2952e91a444
I20260710 13:18:52.554587  7547 tablet_bootstrap.cc:492] T 618f396920a94eadaf7c3bf9762ef270 P 4b70bb7d2aae4841ae34b2952e91a444: Bootstrap replayed 1/1 log segments. Stats: ops{read=2 overwritten=0 applied=2 ignored=0} inserts{seen=0 ignored=0} mutations{seen=0 ignored=0} orphaned_commits=0. Pending: 0 replicates
I20260710 13:18:52.555567  7547 tablet_bootstrap.cc:492] T 618f396920a94eadaf7c3bf9762ef270 P 4b70bb7d2aae4841ae34b2952e91a444: Bootstrap complete.
I20260710 13:18:52.556288  7547 ts_tablet_manager.cc:1403] T 618f396920a94eadaf7c3bf9762ef270 P 4b70bb7d2aae4841ae34b2952e91a444: Time spent bootstrapping tablet: real 0.041s	user 0.014s	sys 0.016s
I20260710 13:18:52.559262  7547 raft_consensus.cc:359] T 618f396920a94eadaf7c3bf9762ef270 P 4b70bb7d2aae4841ae34b2952e91a444 [term 1 LEARNER]: Replica starting. Triggering 0 pending ops. Active config: opid_index: 2 OBSOLETE_local: false peers { permanent_uuid: "e4ed0c1b7c7747b78f135a3bfba06941" member_type: VOTER last_known_addr { host: "127.5.170.193" port: 41969 } } peers { permanent_uuid: "ce522a6b9865445daf4295f73c03c13a" member_type: VOTER last_known_addr { host: "127.5.170.194" port: 39371 } } peers { permanent_uuid: "cfd5389c0dca4ebf9652f64b9645f23d" member_type: VOTER last_known_addr { host: "127.5.170.195" port: 41735 } attrs { replace: true } } peers { permanent_uuid: "4b70bb7d2aae4841ae34b2952e91a444" member_type: NON_VOTER last_known_addr { host: "127.5.170.196" port: 45437 } attrs { promote: true } }
I20260710 13:18:52.560140  7547 raft_consensus.cc:740] T 618f396920a94eadaf7c3bf9762ef270 P 4b70bb7d2aae4841ae34b2952e91a444 [term 1 LEARNER]: Becoming Follower/Learner. State: Replica: 4b70bb7d2aae4841ae34b2952e91a444, State: Initialized, Role: LEARNER
I20260710 13:18:52.560771  7547 consensus_queue.cc:260] T 618f396920a94eadaf7c3bf9762ef270 P 4b70bb7d2aae4841ae34b2952e91a444 [NON_LEADER]: Queue going to NON_LEADER mode. State: All replicated index: 0, Majority replicated index: 0, Committed index: 2, Last appended: 1.2, Last appended by leader: 2, Current term: 0, Majority size: -1, State: 0, Mode: NON_LEADER, active raft config: opid_index: 2 OBSOLETE_local: false peers { permanent_uuid: "e4ed0c1b7c7747b78f135a3bfba06941" member_type: VOTER last_known_addr { host: "127.5.170.193" port: 41969 } } peers { permanent_uuid: "ce522a6b9865445daf4295f73c03c13a" member_type: VOTER last_known_addr { host: "127.5.170.194" port: 39371 } } peers { permanent_uuid: "cfd5389c0dca4ebf9652f64b9645f23d" member_type: VOTER last_known_addr { host: "127.5.170.195" port: 41735 } attrs { replace: true } } peers { permanent_uuid: "4b70bb7d2aae4841ae34b2952e91a444" member_type: NON_VOTER last_known_addr { host: "127.5.170.196" port: 45437 } attrs { promote: true } }
I20260710 13:18:52.563187  7547 ts_tablet_manager.cc:1434] T 618f396920a94eadaf7c3bf9762ef270 P 4b70bb7d2aae4841ae34b2952e91a444: Time spent starting tablet: real 0.007s	user 0.004s	sys 0.000s
I20260710 13:18:52.565269  6956 tablet_copy_service.cc:342] P e4ed0c1b7c7747b78f135a3bfba06941: Request end of tablet copy session 4b70bb7d2aae4841ae34b2952e91a444-618f396920a94eadaf7c3bf9762ef270 received from {username='slave'} at 127.0.0.1:56046
I20260710 13:18:52.565860  6956 tablet_copy_service.cc:434] P e4ed0c1b7c7747b78f135a3bfba06941: ending tablet copy session 4b70bb7d2aae4841ae34b2952e91a444-618f396920a94eadaf7c3bf9762ef270 on tablet 618f396920a94eadaf7c3bf9762ef270 with peer 4b70bb7d2aae4841ae34b2952e91a444
I20260710 13:18:52.791899  7365 raft_consensus.cc:1217] T fe1d821cbd934c0cb40ecbfd1a9aa1f9 P 4b70bb7d2aae4841ae34b2952e91a444 [term 1 LEARNER]: Deduplicated request from leader. Original: 1.1->[1.2-1.2]   Dedup: 1.2->[]
I20260710 13:18:52.814735  7365 raft_consensus.cc:1217] T f00fa22d23064b22aacf366ecd9ae6d3 P 4b70bb7d2aae4841ae34b2952e91a444 [term 1 LEARNER]: Deduplicated request from leader. Original: 1.1->[1.2-1.2]   Dedup: 1.2->[]
I20260710 13:18:52.880995  7365 raft_consensus.cc:1217] T b100e81f6d7b4bdf8f8e83951164a6cd P 4b70bb7d2aae4841ae34b2952e91a444 [term 1 LEARNER]: Deduplicated request from leader. Original: 1.1->[1.2-1.2]   Dedup: 1.2->[]
I20260710 13:18:52.927423  7365 raft_consensus.cc:1217] T 618f396920a94eadaf7c3bf9762ef270 P 4b70bb7d2aae4841ae34b2952e91a444 [term 1 LEARNER]: Deduplicated request from leader. Original: 1.1->[1.2-1.2]   Dedup: 1.2->[]
I20260710 13:18:53.174885  7536 raft_consensus.cc:1064] T fe1d821cbd934c0cb40ecbfd1a9aa1f9 P e4ed0c1b7c7747b78f135a3bfba06941: attempting to promote NON_VOTER 4b70bb7d2aae4841ae34b2952e91a444 to VOTER
I20260710 13:18:53.177484  7536 consensus_queue.cc:237] T fe1d821cbd934c0cb40ecbfd1a9aa1f9 P e4ed0c1b7c7747b78f135a3bfba06941 [LEADER]: Queue going to LEADER mode. State: All replicated index: 0, Majority replicated index: 2, Committed index: 2, Last appended: 1.2, Last appended by leader: 0, Current term: 1, Majority size: 3, State: 0, Mode: LEADER, active raft config: opid_index: 3 OBSOLETE_local: false peers { permanent_uuid: "e4ed0c1b7c7747b78f135a3bfba06941" member_type: VOTER last_known_addr { host: "127.5.170.193" port: 41969 } } peers { permanent_uuid: "ce522a6b9865445daf4295f73c03c13a" member_type: VOTER last_known_addr { host: "127.5.170.194" port: 39371 } attrs { replace: true } } peers { permanent_uuid: "cfd5389c0dca4ebf9652f64b9645f23d" member_type: VOTER last_known_addr { host: "127.5.170.195" port: 41735 } } peers { permanent_uuid: "4b70bb7d2aae4841ae34b2952e91a444" member_type: VOTER last_known_addr { host: "127.5.170.196" port: 45437 } attrs { promote: false } }
I20260710 13:18:53.184911  7365 raft_consensus.cc:1275] T fe1d821cbd934c0cb40ecbfd1a9aa1f9 P 4b70bb7d2aae4841ae34b2952e91a444 [term 1 LEARNER]: Refusing update from remote peer e4ed0c1b7c7747b78f135a3bfba06941: Log matching property violated. Preceding OpId in replica: term: 1 index: 2. Preceding OpId from leader: term: 1 index: 3. (index mismatch)
I20260710 13:18:53.185714  7095 raft_consensus.cc:1275] T fe1d821cbd934c0cb40ecbfd1a9aa1f9 P cfd5389c0dca4ebf9652f64b9645f23d [term 1 FOLLOWER]: Refusing update from remote peer e4ed0c1b7c7747b78f135a3bfba06941: Log matching property violated. Preceding OpId in replica: term: 1 index: 2. Preceding OpId from leader: term: 1 index: 3. (index mismatch)
I20260710 13:18:53.186436  7021 raft_consensus.cc:1275] T fe1d821cbd934c0cb40ecbfd1a9aa1f9 P ce522a6b9865445daf4295f73c03c13a [term 1 FOLLOWER]: Refusing update from remote peer e4ed0c1b7c7747b78f135a3bfba06941: Log matching property violated. Preceding OpId in replica: term: 1 index: 2. Preceding OpId from leader: term: 1 index: 3. (index mismatch)
I20260710 13:18:53.186301  7536 consensus_queue.cc:1048] T fe1d821cbd934c0cb40ecbfd1a9aa1f9 P e4ed0c1b7c7747b78f135a3bfba06941 [LEADER]: Connected to new peer: Peer: permanent_uuid: "4b70bb7d2aae4841ae34b2952e91a444" member_type: VOTER last_known_addr { host: "127.5.170.196" port: 45437 } attrs { promote: false }, Status: LMP_MISMATCH, Last received: 0.0, Next index: 3, Last known committed idx: 2, Time since last communication: 0.001s
I20260710 13:18:53.188062  7557 consensus_queue.cc:1048] T fe1d821cbd934c0cb40ecbfd1a9aa1f9 P e4ed0c1b7c7747b78f135a3bfba06941 [LEADER]: Connected to new peer: Peer: permanent_uuid: "cfd5389c0dca4ebf9652f64b9645f23d" member_type: VOTER last_known_addr { host: "127.5.170.195" port: 41735 }, Status: LMP_MISMATCH, Last received: 0.0, Next index: 3, Last known committed idx: 2, Time since last communication: 0.000s
I20260710 13:18:53.189002  7517 consensus_queue.cc:1048] T fe1d821cbd934c0cb40ecbfd1a9aa1f9 P e4ed0c1b7c7747b78f135a3bfba06941 [LEADER]: Connected to new peer: Peer: permanent_uuid: "ce522a6b9865445daf4295f73c03c13a" member_type: VOTER last_known_addr { host: "127.5.170.194" port: 39371 } attrs { replace: true }, Status: LMP_MISMATCH, Last received: 0.0, Next index: 3, Last known committed idx: 2, Time since last communication: 0.000s
I20260710 13:18:53.216328  7517 raft_consensus.cc:2955] T fe1d821cbd934c0cb40ecbfd1a9aa1f9 P e4ed0c1b7c7747b78f135a3bfba06941 [term 1 LEADER]: Committing config change with OpId 1.3: config changed from index 2 to 3, 4b70bb7d2aae4841ae34b2952e91a444 (127.5.170.196) changed from NON_VOTER to VOTER. New config: { opid_index: 3 OBSOLETE_local: false peers { permanent_uuid: "e4ed0c1b7c7747b78f135a3bfba06941" member_type: VOTER last_known_addr { host: "127.5.170.193" port: 41969 } } peers { permanent_uuid: "ce522a6b9865445daf4295f73c03c13a" member_type: VOTER last_known_addr { host: "127.5.170.194" port: 39371 } attrs { replace: true } } peers { permanent_uuid: "cfd5389c0dca4ebf9652f64b9645f23d" member_type: VOTER last_known_addr { host: "127.5.170.195" port: 41735 } } peers { permanent_uuid: "4b70bb7d2aae4841ae34b2952e91a444" member_type: VOTER last_known_addr { host: "127.5.170.196" port: 45437 } attrs { promote: false } } }
I20260710 13:18:53.218899  7021 raft_consensus.cc:2955] T fe1d821cbd934c0cb40ecbfd1a9aa1f9 P ce522a6b9865445daf4295f73c03c13a [term 1 FOLLOWER]: Committing config change with OpId 1.3: config changed from index 2 to 3, 4b70bb7d2aae4841ae34b2952e91a444 (127.5.170.196) changed from NON_VOTER to VOTER. New config: { opid_index: 3 OBSOLETE_local: false peers { permanent_uuid: "e4ed0c1b7c7747b78f135a3bfba06941" member_type: VOTER last_known_addr { host: "127.5.170.193" port: 41969 } } peers { permanent_uuid: "ce522a6b9865445daf4295f73c03c13a" member_type: VOTER last_known_addr { host: "127.5.170.194" port: 39371 } attrs { replace: true } } peers { permanent_uuid: "cfd5389c0dca4ebf9652f64b9645f23d" member_type: VOTER last_known_addr { host: "127.5.170.195" port: 41735 } } peers { permanent_uuid: "4b70bb7d2aae4841ae34b2952e91a444" member_type: VOTER last_known_addr { host: "127.5.170.196" port: 45437 } attrs { promote: false } } }
I20260710 13:18:53.229975  7365 raft_consensus.cc:2955] T fe1d821cbd934c0cb40ecbfd1a9aa1f9 P 4b70bb7d2aae4841ae34b2952e91a444 [term 1 FOLLOWER]: Committing config change with OpId 1.3: config changed from index 2 to 3, 4b70bb7d2aae4841ae34b2952e91a444 (127.5.170.196) changed from NON_VOTER to VOTER. New config: { opid_index: 3 OBSOLETE_local: false peers { permanent_uuid: "e4ed0c1b7c7747b78f135a3bfba06941" member_type: VOTER last_known_addr { host: "127.5.170.193" port: 41969 } } peers { permanent_uuid: "ce522a6b9865445daf4295f73c03c13a" member_type: VOTER last_known_addr { host: "127.5.170.194" port: 39371 } attrs { replace: true } } peers { permanent_uuid: "cfd5389c0dca4ebf9652f64b9645f23d" member_type: VOTER last_known_addr { host: "127.5.170.195" port: 41735 } } peers { permanent_uuid: "4b70bb7d2aae4841ae34b2952e91a444" member_type: VOTER last_known_addr { host: "127.5.170.196" port: 45437 } attrs { promote: false } } }
I20260710 13:18:53.231750  7095 raft_consensus.cc:2955] T fe1d821cbd934c0cb40ecbfd1a9aa1f9 P cfd5389c0dca4ebf9652f64b9645f23d [term 1 FOLLOWER]: Committing config change with OpId 1.3: config changed from index 2 to 3, 4b70bb7d2aae4841ae34b2952e91a444 (127.5.170.196) changed from NON_VOTER to VOTER. New config: { opid_index: 3 OBSOLETE_local: false peers { permanent_uuid: "e4ed0c1b7c7747b78f135a3bfba06941" member_type: VOTER last_known_addr { host: "127.5.170.193" port: 41969 } } peers { permanent_uuid: "ce522a6b9865445daf4295f73c03c13a" member_type: VOTER last_known_addr { host: "127.5.170.194" port: 39371 } attrs { replace: true } } peers { permanent_uuid: "cfd5389c0dca4ebf9652f64b9645f23d" member_type: VOTER last_known_addr { host: "127.5.170.195" port: 41735 } } peers { permanent_uuid: "4b70bb7d2aae4841ae34b2952e91a444" member_type: VOTER last_known_addr { host: "127.5.170.196" port: 45437 } attrs { promote: false } } }
I20260710 13:18:53.235234  6841 catalog_manager.cc:5697] T fe1d821cbd934c0cb40ecbfd1a9aa1f9 P ce522a6b9865445daf4295f73c03c13a reported cstate change: config changed from index 2 to 3, 4b70bb7d2aae4841ae34b2952e91a444 (127.5.170.196) changed from NON_VOTER to VOTER. New cstate: current_term: 1 leader_uuid: "e4ed0c1b7c7747b78f135a3bfba06941" committed_config { opid_index: 3 OBSOLETE_local: false peers { permanent_uuid: "e4ed0c1b7c7747b78f135a3bfba06941" member_type: VOTER last_known_addr { host: "127.5.170.193" port: 41969 } } peers { permanent_uuid: "ce522a6b9865445daf4295f73c03c13a" member_type: VOTER last_known_addr { host: "127.5.170.194" port: 39371 } attrs { replace: true } } peers { permanent_uuid: "cfd5389c0dca4ebf9652f64b9645f23d" member_type: VOTER last_known_addr { host: "127.5.170.195" port: 41735 } } peers { permanent_uuid: "4b70bb7d2aae4841ae34b2952e91a444" member_type: VOTER last_known_addr { host: "127.5.170.196" port: 45437 } attrs { promote: false } } }
I20260710 13:18:53.269766  6946 consensus_queue.cc:237] T fe1d821cbd934c0cb40ecbfd1a9aa1f9 P e4ed0c1b7c7747b78f135a3bfba06941 [LEADER]: Queue going to LEADER mode. State: All replicated index: 0, Majority replicated index: 3, Committed index: 3, Last appended: 1.3, Last appended by leader: 0, Current term: 1, Majority size: 2, State: 0, Mode: LEADER, active raft config: opid_index: 4 OBSOLETE_local: false peers { permanent_uuid: "e4ed0c1b7c7747b78f135a3bfba06941" member_type: VOTER last_known_addr { host: "127.5.170.193" port: 41969 } } peers { permanent_uuid: "cfd5389c0dca4ebf9652f64b9645f23d" member_type: VOTER last_known_addr { host: "127.5.170.195" port: 41735 } } peers { permanent_uuid: "4b70bb7d2aae4841ae34b2952e91a444" member_type: VOTER last_known_addr { host: "127.5.170.196" port: 45437 } attrs { promote: false } }
I20260710 13:18:53.275239  7365 raft_consensus.cc:1275] T fe1d821cbd934c0cb40ecbfd1a9aa1f9 P 4b70bb7d2aae4841ae34b2952e91a444 [term 1 FOLLOWER]: Refusing update from remote peer e4ed0c1b7c7747b78f135a3bfba06941: Log matching property violated. Preceding OpId in replica: term: 1 index: 3. Preceding OpId from leader: term: 1 index: 4. (index mismatch)
I20260710 13:18:53.276527  7095 raft_consensus.cc:1275] T fe1d821cbd934c0cb40ecbfd1a9aa1f9 P cfd5389c0dca4ebf9652f64b9645f23d [term 1 FOLLOWER]: Refusing update from remote peer e4ed0c1b7c7747b78f135a3bfba06941: Log matching property violated. Preceding OpId in replica: term: 1 index: 3. Preceding OpId from leader: term: 1 index: 4. (index mismatch)
I20260710 13:18:53.276808  7517 consensus_queue.cc:1048] T fe1d821cbd934c0cb40ecbfd1a9aa1f9 P e4ed0c1b7c7747b78f135a3bfba06941 [LEADER]: Connected to new peer: Peer: permanent_uuid: "4b70bb7d2aae4841ae34b2952e91a444" member_type: VOTER last_known_addr { host: "127.5.170.196" port: 45437 } attrs { promote: false }, Status: LMP_MISMATCH, Last received: 0.0, Next index: 4, Last known committed idx: 3, Time since last communication: 0.000s
I20260710 13:18:53.278040  7560 consensus_queue.cc:1048] T fe1d821cbd934c0cb40ecbfd1a9aa1f9 P e4ed0c1b7c7747b78f135a3bfba06941 [LEADER]: Connected to new peer: Peer: permanent_uuid: "cfd5389c0dca4ebf9652f64b9645f23d" member_type: VOTER last_known_addr { host: "127.5.170.195" port: 41735 }, Status: LMP_MISMATCH, Last received: 0.0, Next index: 4, Last known committed idx: 3, Time since last communication: 0.000s
I20260710 13:18:53.283432  7517 raft_consensus.cc:2955] T fe1d821cbd934c0cb40ecbfd1a9aa1f9 P e4ed0c1b7c7747b78f135a3bfba06941 [term 1 LEADER]: Committing config change with OpId 1.4: config changed from index 3 to 4, VOTER ce522a6b9865445daf4295f73c03c13a (127.5.170.194) evicted. New config: { opid_index: 4 OBSOLETE_local: false peers { permanent_uuid: "e4ed0c1b7c7747b78f135a3bfba06941" member_type: VOTER last_known_addr { host: "127.5.170.193" port: 41969 } } peers { permanent_uuid: "cfd5389c0dca4ebf9652f64b9645f23d" member_type: VOTER last_known_addr { host: "127.5.170.195" port: 41735 } } peers { permanent_uuid: "4b70bb7d2aae4841ae34b2952e91a444" member_type: VOTER last_known_addr { host: "127.5.170.196" port: 45437 } attrs { promote: false } } }
I20260710 13:18:53.285432  7365 raft_consensus.cc:2955] T fe1d821cbd934c0cb40ecbfd1a9aa1f9 P 4b70bb7d2aae4841ae34b2952e91a444 [term 1 FOLLOWER]: Committing config change with OpId 1.4: config changed from index 3 to 4, VOTER ce522a6b9865445daf4295f73c03c13a (127.5.170.194) evicted. New config: { opid_index: 4 OBSOLETE_local: false peers { permanent_uuid: "e4ed0c1b7c7747b78f135a3bfba06941" member_type: VOTER last_known_addr { host: "127.5.170.193" port: 41969 } } peers { permanent_uuid: "cfd5389c0dca4ebf9652f64b9645f23d" member_type: VOTER last_known_addr { host: "127.5.170.195" port: 41735 } } peers { permanent_uuid: "4b70bb7d2aae4841ae34b2952e91a444" member_type: VOTER last_known_addr { host: "127.5.170.196" port: 45437 } attrs { promote: false } } }
I20260710 13:18:53.287003  7095 raft_consensus.cc:2955] T fe1d821cbd934c0cb40ecbfd1a9aa1f9 P cfd5389c0dca4ebf9652f64b9645f23d [term 1 FOLLOWER]: Committing config change with OpId 1.4: config changed from index 3 to 4, VOTER ce522a6b9865445daf4295f73c03c13a (127.5.170.194) evicted. New config: { opid_index: 4 OBSOLETE_local: false peers { permanent_uuid: "e4ed0c1b7c7747b78f135a3bfba06941" member_type: VOTER last_known_addr { host: "127.5.170.193" port: 41969 } } peers { permanent_uuid: "cfd5389c0dca4ebf9652f64b9645f23d" member_type: VOTER last_known_addr { host: "127.5.170.195" port: 41735 } } peers { permanent_uuid: "4b70bb7d2aae4841ae34b2952e91a444" member_type: VOTER last_known_addr { host: "127.5.170.196" port: 45437 } attrs { promote: false } } }
I20260710 13:18:53.294248  6831 catalog_manager.cc:5210] ChangeConfig:REMOVE_PEER RPC for tablet fe1d821cbd934c0cb40ecbfd1a9aa1f9 with cas_config_opid_index 3: ChangeConfig:REMOVE_PEER succeeded (attempt 1)
I20260710 13:18:53.299798  6840 catalog_manager.cc:5697] T fe1d821cbd934c0cb40ecbfd1a9aa1f9 P 4b70bb7d2aae4841ae34b2952e91a444 reported cstate change: config changed from index 3 to 4, VOTER ce522a6b9865445daf4295f73c03c13a (127.5.170.194) evicted. New cstate: current_term: 1 leader_uuid: "e4ed0c1b7c7747b78f135a3bfba06941" committed_config { opid_index: 4 OBSOLETE_local: false peers { permanent_uuid: "e4ed0c1b7c7747b78f135a3bfba06941" member_type: VOTER last_known_addr { host: "127.5.170.193" port: 41969 } } peers { permanent_uuid: "cfd5389c0dca4ebf9652f64b9645f23d" member_type: VOTER last_known_addr { host: "127.5.170.195" port: 41735 } } peers { permanent_uuid: "4b70bb7d2aae4841ae34b2952e91a444" member_type: VOTER last_known_addr { host: "127.5.170.196" port: 45437 } attrs { promote: false } } }
I20260710 13:18:53.311383  7010 tablet_service.cc:1558] Processing DeleteTablet for tablet fe1d821cbd934c0cb40ecbfd1a9aa1f9 with delete_type TABLET_DATA_TOMBSTONED (TS ce522a6b9865445daf4295f73c03c13a not found in new config with opid_index 4) from {username='slave'} at 127.0.0.1:42912
I20260710 13:18:53.315979  7568 tablet_replica.cc:333] T fe1d821cbd934c0cb40ecbfd1a9aa1f9 P ce522a6b9865445daf4295f73c03c13a: stopping tablet replica
I20260710 13:18:53.316984  7568 raft_consensus.cc:2243] T fe1d821cbd934c0cb40ecbfd1a9aa1f9 P ce522a6b9865445daf4295f73c03c13a [term 1 FOLLOWER]: Raft consensus shutting down.
I20260710 13:18:53.318478  7568 raft_consensus.cc:2272] T fe1d821cbd934c0cb40ecbfd1a9aa1f9 P ce522a6b9865445daf4295f73c03c13a [term 1 FOLLOWER]: Raft consensus is shut down!
I20260710 13:18:53.322167  7568 ts_tablet_manager.cc:1916] T fe1d821cbd934c0cb40ecbfd1a9aa1f9 P ce522a6b9865445daf4295f73c03c13a: Deleting tablet data with delete state TABLET_DATA_TOMBSTONED
I20260710 13:18:53.338351  7568 ts_tablet_manager.cc:1929] T fe1d821cbd934c0cb40ecbfd1a9aa1f9 P ce522a6b9865445daf4295f73c03c13a: tablet deleted with delete type TABLET_DATA_TOMBSTONED: last-logged OpId 1.3
I20260710 13:18:53.338774  7568 log.cc:1199] T fe1d821cbd934c0cb40ecbfd1a9aa1f9 P ce522a6b9865445daf4295f73c03c13a: Deleting WAL directory at /tmp/dist-test-taskeMVWag/test-tmp/auto_leader_rebalancer-test.0.LeaderRebalancerTest.AddTserver.1783689496224877-5803-0/minicluster-data/ts-1-root/wals/fe1d821cbd934c0cb40ecbfd1a9aa1f9
I20260710 13:18:53.340490  6831 catalog_manager.cc:5028] TS ce522a6b9865445daf4295f73c03c13a (127.5.170.194:39371): tablet fe1d821cbd934c0cb40ecbfd1a9aa1f9 (table test-workload [id=662166153e4643b38a057460dba60ee8]) successfully deleted
I20260710 13:18:53.345100  7558 raft_consensus.cc:1064] T b100e81f6d7b4bdf8f8e83951164a6cd P ce522a6b9865445daf4295f73c03c13a: attempting to promote NON_VOTER 4b70bb7d2aae4841ae34b2952e91a444 to VOTER
I20260710 13:18:53.347988  7558 consensus_queue.cc:237] T b100e81f6d7b4bdf8f8e83951164a6cd P ce522a6b9865445daf4295f73c03c13a [LEADER]: Queue going to LEADER mode. State: All replicated index: 0, Majority replicated index: 2, Committed index: 2, Last appended: 1.2, Last appended by leader: 0, Current term: 1, Majority size: 3, State: 0, Mode: LEADER, active raft config: opid_index: 3 OBSOLETE_local: false peers { permanent_uuid: "e4ed0c1b7c7747b78f135a3bfba06941" member_type: VOTER last_known_addr { host: "127.5.170.193" port: 41969 } } peers { permanent_uuid: "ce522a6b9865445daf4295f73c03c13a" member_type: VOTER last_known_addr { host: "127.5.170.194" port: 39371 } } peers { permanent_uuid: "cfd5389c0dca4ebf9652f64b9645f23d" member_type: VOTER last_known_addr { host: "127.5.170.195" port: 41735 } attrs { replace: true } } peers { permanent_uuid: "4b70bb7d2aae4841ae34b2952e91a444" member_type: VOTER last_known_addr { host: "127.5.170.196" port: 45437 } attrs { promote: false } }
I20260710 13:18:53.355466  7365 raft_consensus.cc:1275] T b100e81f6d7b4bdf8f8e83951164a6cd P 4b70bb7d2aae4841ae34b2952e91a444 [term 1 LEARNER]: Refusing update from remote peer ce522a6b9865445daf4295f73c03c13a: Log matching property violated. Preceding OpId in replica: term: 1 index: 2. Preceding OpId from leader: term: 1 index: 3. (index mismatch)
I20260710 13:18:53.355466  7095 raft_consensus.cc:1275] T b100e81f6d7b4bdf8f8e83951164a6cd P cfd5389c0dca4ebf9652f64b9645f23d [term 1 FOLLOWER]: Refusing update from remote peer ce522a6b9865445daf4295f73c03c13a: Log matching property violated. Preceding OpId in replica: term: 1 index: 2. Preceding OpId from leader: term: 1 index: 3. (index mismatch)
I20260710 13:18:53.357183  6946 raft_consensus.cc:1275] T b100e81f6d7b4bdf8f8e83951164a6cd P e4ed0c1b7c7747b78f135a3bfba06941 [term 1 FOLLOWER]: Refusing update from remote peer ce522a6b9865445daf4295f73c03c13a: Log matching property violated. Preceding OpId in replica: term: 1 index: 2. Preceding OpId from leader: term: 1 index: 3. (index mismatch)
I20260710 13:18:53.357375  7525 consensus_queue.cc:1048] T b100e81f6d7b4bdf8f8e83951164a6cd P ce522a6b9865445daf4295f73c03c13a [LEADER]: Connected to new peer: Peer: permanent_uuid: "cfd5389c0dca4ebf9652f64b9645f23d" member_type: VOTER last_known_addr { host: "127.5.170.195" port: 41735 } attrs { replace: true }, Status: LMP_MISMATCH, Last received: 0.0, Next index: 3, Last known committed idx: 2, Time since last communication: 0.001s
I20260710 13:18:53.361138  7558 raft_consensus.cc:1064] T f00fa22d23064b22aacf366ecd9ae6d3 P ce522a6b9865445daf4295f73c03c13a: attempting to promote NON_VOTER 4b70bb7d2aae4841ae34b2952e91a444 to VOTER
I20260710 13:18:53.363646  7558 consensus_queue.cc:237] T f00fa22d23064b22aacf366ecd9ae6d3 P ce522a6b9865445daf4295f73c03c13a [LEADER]: Queue going to LEADER mode. State: All replicated index: 0, Majority replicated index: 2, Committed index: 2, Last appended: 1.2, Last appended by leader: 0, Current term: 1, Majority size: 3, State: 0, Mode: LEADER, active raft config: opid_index: 3 OBSOLETE_local: false peers { permanent_uuid: "e4ed0c1b7c7747b78f135a3bfba06941" member_type: VOTER last_known_addr { host: "127.5.170.193" port: 41969 } attrs { replace: true } } peers { permanent_uuid: "ce522a6b9865445daf4295f73c03c13a" member_type: VOTER last_known_addr { host: "127.5.170.194" port: 39371 } } peers { permanent_uuid: "cfd5389c0dca4ebf9652f64b9645f23d" member_type: VOTER last_known_addr { host: "127.5.170.195" port: 41735 } } peers { permanent_uuid: "4b70bb7d2aae4841ae34b2952e91a444" member_type: VOTER last_known_addr { host: "127.5.170.196" port: 45437 } attrs { promote: false } }
I20260710 13:18:53.366611  7525 consensus_queue.cc:1048] T b100e81f6d7b4bdf8f8e83951164a6cd P ce522a6b9865445daf4295f73c03c13a [LEADER]: Connected to new peer: Peer: permanent_uuid: "4b70bb7d2aae4841ae34b2952e91a444" member_type: VOTER last_known_addr { host: "127.5.170.196" port: 45437 } attrs { promote: false }, Status: LMP_MISMATCH, Last received: 0.0, Next index: 3, Last known committed idx: 2, Time since last communication: 0.001s
I20260710 13:18:53.371205  7525 consensus_queue.cc:1048] T b100e81f6d7b4bdf8f8e83951164a6cd P ce522a6b9865445daf4295f73c03c13a [LEADER]: Connected to new peer: Peer: permanent_uuid: "e4ed0c1b7c7747b78f135a3bfba06941" member_type: VOTER last_known_addr { host: "127.5.170.193" port: 41969 }, Status: LMP_MISMATCH, Last received: 0.0, Next index: 3, Last known committed idx: 2, Time since last communication: 0.001s
I20260710 13:18:53.385612  7364 raft_consensus.cc:1275] T f00fa22d23064b22aacf366ecd9ae6d3 P 4b70bb7d2aae4841ae34b2952e91a444 [term 1 LEARNER]: Refusing update from remote peer ce522a6b9865445daf4295f73c03c13a: Log matching property violated. Preceding OpId in replica: term: 1 index: 2. Preceding OpId from leader: term: 1 index: 3. (index mismatch)
I20260710 13:18:53.387470  7095 raft_consensus.cc:1275] T f00fa22d23064b22aacf366ecd9ae6d3 P cfd5389c0dca4ebf9652f64b9645f23d [term 1 FOLLOWER]: Refusing update from remote peer ce522a6b9865445daf4295f73c03c13a: Log matching property violated. Preceding OpId in replica: term: 1 index: 2. Preceding OpId from leader: term: 1 index: 3. (index mismatch)
I20260710 13:18:53.390076  6944 raft_consensus.cc:1275] T f00fa22d23064b22aacf366ecd9ae6d3 P e4ed0c1b7c7747b78f135a3bfba06941 [term 1 FOLLOWER]: Refusing update from remote peer ce522a6b9865445daf4295f73c03c13a: Log matching property violated. Preceding OpId in replica: term: 1 index: 2. Preceding OpId from leader: term: 1 index: 3. (index mismatch)
I20260710 13:18:53.394194  7572 consensus_queue.cc:1048] T f00fa22d23064b22aacf366ecd9ae6d3 P ce522a6b9865445daf4295f73c03c13a [LEADER]: Connected to new peer: Peer: permanent_uuid: "e4ed0c1b7c7747b78f135a3bfba06941" member_type: VOTER last_known_addr { host: "127.5.170.193" port: 41969 } attrs { replace: true }, Status: LMP_MISMATCH, Last received: 0.0, Next index: 3, Last known committed idx: 2, Time since last communication: 0.001s
I20260710 13:18:53.396517  7525 consensus_queue.cc:1048] T f00fa22d23064b22aacf366ecd9ae6d3 P ce522a6b9865445daf4295f73c03c13a [LEADER]: Connected to new peer: Peer: permanent_uuid: "cfd5389c0dca4ebf9652f64b9645f23d" member_type: VOTER last_known_addr { host: "127.5.170.195" port: 41735 }, Status: LMP_MISMATCH, Last received: 0.0, Next index: 3, Last known committed idx: 2, Time since last communication: 0.000s
I20260710 13:18:53.397987  7572 consensus_queue.cc:1048] T f00fa22d23064b22aacf366ecd9ae6d3 P ce522a6b9865445daf4295f73c03c13a [LEADER]: Connected to new peer: Peer: permanent_uuid: "4b70bb7d2aae4841ae34b2952e91a444" member_type: VOTER last_known_addr { host: "127.5.170.196" port: 45437 } attrs { promote: false }, Status: LMP_MISMATCH, Last received: 0.0, Next index: 3, Last known committed idx: 2, Time since last communication: 0.001s
I20260710 13:18:53.408341  7536 raft_consensus.cc:1064] T 618f396920a94eadaf7c3bf9762ef270 P e4ed0c1b7c7747b78f135a3bfba06941: attempting to promote NON_VOTER 4b70bb7d2aae4841ae34b2952e91a444 to VOTER
