I20260710 13:19:06.295790  7723 raft_consensus.cc:697] T c6d6364fac92467d937c52a16defae59 P 4b70bb7d2aae4841ae34b2952e91a444 [term 2 LEADER]: Becoming Leader. State: Replica: 4b70bb7d2aae4841ae34b2952e91a444, State: Running, Role: LEADER
I20260710 13:19:06.296602  7723 consensus_queue.cc:237] T c6d6364fac92467d937c52a16defae59 P 4b70bb7d2aae4841ae34b2952e91a444 [LEADER]: Queue going to LEADER mode. State: All replicated index: 0, Majority replicated index: 4, Committed index: 4, Last appended: 1.4, Last appended by leader: 4, Current term: 2, Majority size: 2, State: 0, Mode: LEADER, active raft config: opid_index: 4 OBSOLETE_local: false peers { permanent_uuid: "e4ed0c1b7c7747b78f135a3bfba06941" member_type: VOTER last_known_addr { host: "127.5.170.193" port: 41969 } } peers { permanent_uuid: "cfd5389c0dca4ebf9652f64b9645f23d" member_type: VOTER last_known_addr { host: "127.5.170.195" port: 41735 } } peers { permanent_uuid: "4b70bb7d2aae4841ae34b2952e91a444" member_type: VOTER last_known_addr { host: "127.5.170.196" port: 45437 } attrs { promote: false } }
I20260710 13:19:06.303118  6841 catalog_manager.cc:5697] T c6d6364fac92467d937c52a16defae59 P 4b70bb7d2aae4841ae34b2952e91a444 reported cstate change: term changed from 1 to 2, leader changed from cfd5389c0dca4ebf9652f64b9645f23d (127.5.170.195) to 4b70bb7d2aae4841ae34b2952e91a444 (127.5.170.196). New cstate: current_term: 2 leader_uuid: "4b70bb7d2aae4841ae34b2952e91a444" committed_config { opid_index: 4 OBSOLETE_local: false peers { permanent_uuid: "e4ed0c1b7c7747b78f135a3bfba06941" member_type: VOTER last_known_addr { host: "127.5.170.193" port: 41969 } health_report { overall_health: UNKNOWN } } peers { permanent_uuid: "cfd5389c0dca4ebf9652f64b9645f23d" member_type: VOTER last_known_addr { host: "127.5.170.195" port: 41735 } health_report { overall_health: UNKNOWN } } peers { permanent_uuid: "4b70bb7d2aae4841ae34b2952e91a444" member_type: VOTER last_known_addr { host: "127.5.170.196" port: 45437 } attrs { promote: false } health_report { overall_health: HEALTHY } } }
I20260710 13:19:06.339670  6943 raft_consensus.cc:1275] T 976097e5b20d495198942b433d108e27 P e4ed0c1b7c7747b78f135a3bfba06941 [term 2 FOLLOWER]: Refusing update from remote peer ce522a6b9865445daf4295f73c03c13a: Log matching property violated. Preceding OpId in replica: term: 1 index: 1. Preceding OpId from leader: term: 2 index: 2. (index mismatch)
I20260710 13:19:06.340945  7642 consensus_queue.cc:1048] T 976097e5b20d495198942b433d108e27 P ce522a6b9865445daf4295f73c03c13a [LEADER]: Connected to new peer: Peer: permanent_uuid: "e4ed0c1b7c7747b78f135a3bfba06941" member_type: VOTER last_known_addr { host: "127.5.170.193" port: 41969 }, Status: LMP_MISMATCH, Last received: 0.0, Next index: 2, Last known committed idx: 1, Time since last communication: 0.000s
I20260710 13:19:06.351307  7093 raft_consensus.cc:1275] T 976097e5b20d495198942b433d108e27 P cfd5389c0dca4ebf9652f64b9645f23d [term 2 FOLLOWER]: Refusing update from remote peer ce522a6b9865445daf4295f73c03c13a: Log matching property violated. Preceding OpId in replica: term: 1 index: 1. Preceding OpId from leader: term: 2 index: 2. (index mismatch)
I20260710 13:19:06.353291  7642 consensus_queue.cc:1048] T 976097e5b20d495198942b433d108e27 P ce522a6b9865445daf4295f73c03c13a [LEADER]: Connected to new peer: Peer: permanent_uuid: "cfd5389c0dca4ebf9652f64b9645f23d" member_type: VOTER last_known_addr { host: "127.5.170.195" port: 41735 }, Status: LMP_MISMATCH, Last received: 0.0, Next index: 2, Last known committed idx: 1, Time since last communication: 0.000s
I20260710 13:19:06.386595  6943 raft_consensus.cc:1275] T da3da014651a444e8e8a3385e731823a P e4ed0c1b7c7747b78f135a3bfba06941 [term 2 FOLLOWER]: Refusing update from remote peer ce522a6b9865445daf4295f73c03c13a: Log matching property violated. Preceding OpId in replica: term: 1 index: 1. Preceding OpId from leader: term: 2 index: 2. (index mismatch)
I20260710 13:19:06.387724  7642 consensus_queue.cc:1048] T da3da014651a444e8e8a3385e731823a P ce522a6b9865445daf4295f73c03c13a [LEADER]: Connected to new peer: Peer: permanent_uuid: "e4ed0c1b7c7747b78f135a3bfba06941" member_type: VOTER last_known_addr { host: "127.5.170.193" port: 41969 }, Status: LMP_MISMATCH, Last received: 0.0, Next index: 2, Last known committed idx: 1, Time since last communication: 0.000s
I20260710 13:19:06.395843  7093 raft_consensus.cc:1275] T da3da014651a444e8e8a3385e731823a P cfd5389c0dca4ebf9652f64b9645f23d [term 2 FOLLOWER]: Refusing update from remote peer ce522a6b9865445daf4295f73c03c13a: Log matching property violated. Preceding OpId in replica: term: 1 index: 1. Preceding OpId from leader: term: 2 index: 2. (index mismatch)
I20260710 13:19:06.398747  7730 consensus_queue.cc:1048] T da3da014651a444e8e8a3385e731823a P ce522a6b9865445daf4295f73c03c13a [LEADER]: Connected to new peer: Peer: permanent_uuid: "cfd5389c0dca4ebf9652f64b9645f23d" member_type: VOTER last_known_addr { host: "127.5.170.195" port: 41735 }, Status: LMP_MISMATCH, Last received: 0.0, Next index: 2, Last known committed idx: 1, Time since last communication: 0.001s
I20260710 13:19:06.467491  7093 raft_consensus.cc:1275] T f00fa22d23064b22aacf366ecd9ae6d3 P cfd5389c0dca4ebf9652f64b9645f23d [term 2 FOLLOWER]: Refusing update from remote peer 4b70bb7d2aae4841ae34b2952e91a444: Log matching property violated. Preceding OpId in replica: term: 1 index: 4. Preceding OpId from leader: term: 2 index: 5. (index mismatch)
I20260710 13:19:06.468737  7723 consensus_queue.cc:1048] T f00fa22d23064b22aacf366ecd9ae6d3 P 4b70bb7d2aae4841ae34b2952e91a444 [LEADER]: Connected to new peer: Peer: permanent_uuid: "cfd5389c0dca4ebf9652f64b9645f23d" member_type: VOTER last_known_addr { host: "127.5.170.195" port: 41735 }, Status: LMP_MISMATCH, Last received: 0.0, Next index: 5, Last known committed idx: 4, Time since last communication: 0.000s
I20260710 13:19:06.475561  7020 raft_consensus.cc:1275] T 4f79f558dfc6462eb605b51a132a036f P ce522a6b9865445daf4295f73c03c13a [term 2 FOLLOWER]: Refusing update from remote peer 4b70bb7d2aae4841ae34b2952e91a444: Log matching property violated. Preceding OpId in replica: term: 1 index: 4. Preceding OpId from leader: term: 2 index: 5. (index mismatch)
I20260710 13:19:06.476881  7723 consensus_queue.cc:1048] T 4f79f558dfc6462eb605b51a132a036f P 4b70bb7d2aae4841ae34b2952e91a444 [LEADER]: Connected to new peer: Peer: permanent_uuid: "ce522a6b9865445daf4295f73c03c13a" member_type: VOTER last_known_addr { host: "127.5.170.194" port: 39371 }, Status: LMP_MISMATCH, Last received: 0.0, Next index: 5, Last known committed idx: 4, Time since last communication: 0.000s
I20260710 13:19:06.485383  7021 raft_consensus.cc:1275] T f00fa22d23064b22aacf366ecd9ae6d3 P ce522a6b9865445daf4295f73c03c13a [term 2 FOLLOWER]: Refusing update from remote peer 4b70bb7d2aae4841ae34b2952e91a444: Log matching property violated. Preceding OpId in replica: term: 1 index: 4. Preceding OpId from leader: term: 2 index: 5. (index mismatch)
I20260710 13:19:06.488054  7724 consensus_queue.cc:1048] T f00fa22d23064b22aacf366ecd9ae6d3 P 4b70bb7d2aae4841ae34b2952e91a444 [LEADER]: Connected to new peer: Peer: permanent_uuid: "ce522a6b9865445daf4295f73c03c13a" member_type: VOTER last_known_addr { host: "127.5.170.194" port: 39371 }, Status: LMP_MISMATCH, Last received: 0.0, Next index: 5, Last known committed idx: 4, Time since last communication: 0.001s
I20260710 13:19:06.490672  6943 raft_consensus.cc:1275] T 4f79f558dfc6462eb605b51a132a036f P e4ed0c1b7c7747b78f135a3bfba06941 [term 2 FOLLOWER]: Refusing update from remote peer 4b70bb7d2aae4841ae34b2952e91a444: Log matching property violated. Preceding OpId in replica: term: 1 index: 4. Preceding OpId from leader: term: 2 index: 5. (index mismatch)
I20260710 13:19:06.492945  7724 consensus_queue.cc:1048] T 4f79f558dfc6462eb605b51a132a036f P 4b70bb7d2aae4841ae34b2952e91a444 [LEADER]: Connected to new peer: Peer: permanent_uuid: "e4ed0c1b7c7747b78f135a3bfba06941" member_type: VOTER last_known_addr { host: "127.5.170.193" port: 41969 }, Status: LMP_MISMATCH, Last received: 0.0, Next index: 5, Last known committed idx: 4, Time since last communication: 0.000s
I20260710 13:19:06.742264  5803 auto_leader_rebalancer.cc:141] leader rebalance for table test-workload
I20260710 13:19:06.777928  5803 auto_leader_rebalancer.cc:141] leader rebalance for table test-workload
I20260710 13:19:06.792471  6943 tablet_service.cc:2072] Received LeaderStepDown RPC: tablet_id: "2a7700977d4c479abe3922d454b46833"
dest_uuid: "e4ed0c1b7c7747b78f135a3bfba06941"
mode: GRACEFUL
new_leader_uuid: "4b70bb7d2aae4841ae34b2952e91a444"
 from {username='slave'} at 127.0.0.1:54624
I20260710 13:19:06.793272  6943 raft_consensus.cc:606] T 2a7700977d4c479abe3922d454b46833 P e4ed0c1b7c7747b78f135a3bfba06941 [term 1 LEADER]: Received request to transfer leadership to TS 4b70bb7d2aae4841ae34b2952e91a444
I20260710 13:19:06.796746  7020 tablet_service.cc:2072] Received LeaderStepDown RPC: tablet_id: "3040a616b3d042cebdcfa3ce9d08e961"
dest_uuid: "ce522a6b9865445daf4295f73c03c13a"
mode: GRACEFUL
new_leader_uuid: "4b70bb7d2aae4841ae34b2952e91a444"
 from {username='slave'} at 127.0.0.1:46360
I20260710 13:19:06.797324  7020 raft_consensus.cc:606] T 3040a616b3d042cebdcfa3ce9d08e961 P ce522a6b9865445daf4295f73c03c13a [term 1 LEADER]: Received request to transfer leadership to TS 4b70bb7d2aae4841ae34b2952e91a444
I20260710 13:19:06.800398  7020 tablet_service.cc:2072] Received LeaderStepDown RPC: tablet_id: "da3da014651a444e8e8a3385e731823a"
dest_uuid: "ce522a6b9865445daf4295f73c03c13a"
mode: GRACEFUL
new_leader_uuid: "cfd5389c0dca4ebf9652f64b9645f23d"
 from {username='slave'} at 127.0.0.1:46360
I20260710 13:19:06.800935  7020 raft_consensus.cc:606] T da3da014651a444e8e8a3385e731823a P ce522a6b9865445daf4295f73c03c13a [term 2 LEADER]: Received request to transfer leadership to TS cfd5389c0dca4ebf9652f64b9645f23d
I20260710 13:19:06.802052  5803 auto_leader_rebalancer.cc:479] table: test-workload, leader rebalance finish, leader transfer count: 3
I20260710 13:19:06.802963  5803 auto_leader_rebalancer.cc:554] All tables' leader rebalancing finished this round
I20260710 13:19:06.807932  6943 raft_consensus.cc:1275] T c6d6364fac92467d937c52a16defae59 P e4ed0c1b7c7747b78f135a3bfba06941 [term 2 FOLLOWER]: Refusing update from remote peer 4b70bb7d2aae4841ae34b2952e91a444: Log matching property violated. Preceding OpId in replica: term: 1 index: 4. Preceding OpId from leader: term: 2 index: 5. (index mismatch)
I20260710 13:19:06.809868  7741 consensus_queue.cc:1048] T c6d6364fac92467d937c52a16defae59 P 4b70bb7d2aae4841ae34b2952e91a444 [LEADER]: Connected to new peer: Peer: permanent_uuid: "e4ed0c1b7c7747b78f135a3bfba06941" member_type: VOTER last_known_addr { host: "127.5.170.193" port: 41969 }, Status: LMP_MISMATCH, Last received: 0.0, Next index: 5, Last known committed idx: 4, Time since last communication: 0.001s
I20260710 13:19:06.826479  7093 raft_consensus.cc:1275] T c6d6364fac92467d937c52a16defae59 P cfd5389c0dca4ebf9652f64b9645f23d [term 2 FOLLOWER]: Refusing update from remote peer 4b70bb7d2aae4841ae34b2952e91a444: Log matching property violated. Preceding OpId in replica: term: 1 index: 4. Preceding OpId from leader: term: 2 index: 5. (index mismatch)
I20260710 13:19:06.828908  7724 consensus_queue.cc:1048] T c6d6364fac92467d937c52a16defae59 P 4b70bb7d2aae4841ae34b2952e91a444 [LEADER]: Connected to new peer: Peer: permanent_uuid: "cfd5389c0dca4ebf9652f64b9645f23d" member_type: VOTER last_known_addr { host: "127.5.170.195" port: 41735 }, Status: LMP_MISMATCH, Last received: 0.0, Next index: 5, Last known committed idx: 4, Time since last communication: 0.001s
I20260710 13:19:06.847087  7735 raft_consensus.cc:993] T da3da014651a444e8e8a3385e731823a P ce522a6b9865445daf4295f73c03c13a: : Instructing follower cfd5389c0dca4ebf9652f64b9645f23d to start an election
I20260710 13:19:06.847785  7642 raft_consensus.cc:1081] T da3da014651a444e8e8a3385e731823a P ce522a6b9865445daf4295f73c03c13a [term 2 LEADER]: Signalling peer cfd5389c0dca4ebf9652f64b9645f23d to start an election
I20260710 13:19:06.849982  7093 tablet_service.cc:2044] Received Run Leader Election RPC: tablet_id: "da3da014651a444e8e8a3385e731823a"
dest_uuid: "cfd5389c0dca4ebf9652f64b9645f23d"
 from {username='slave'} at 127.0.0.1:46422
I20260710 13:19:06.850752  7093 raft_consensus.cc:493] T da3da014651a444e8e8a3385e731823a P cfd5389c0dca4ebf9652f64b9645f23d [term 2 FOLLOWER]: Starting forced leader election (received explicit request)
I20260710 13:19:06.851650  7093 raft_consensus.cc:3060] T da3da014651a444e8e8a3385e731823a P cfd5389c0dca4ebf9652f64b9645f23d [term 2 FOLLOWER]: Advancing to term 3
I20260710 13:19:06.861076  7093 raft_consensus.cc:515] T da3da014651a444e8e8a3385e731823a P cfd5389c0dca4ebf9652f64b9645f23d [term 3 FOLLOWER]: Starting forced leader election with config: opid_index: -1 OBSOLETE_local: false peers { permanent_uuid: "e4ed0c1b7c7747b78f135a3bfba06941" member_type: VOTER last_known_addr { host: "127.5.170.193" port: 41969 } } peers { permanent_uuid: "ce522a6b9865445daf4295f73c03c13a" member_type: VOTER last_known_addr { host: "127.5.170.194" port: 39371 } } peers { permanent_uuid: "cfd5389c0dca4ebf9652f64b9645f23d" member_type: VOTER last_known_addr { host: "127.5.170.195" port: 41735 } }
I20260710 13:19:06.862914  7093 leader_election.cc:290] T da3da014651a444e8e8a3385e731823a P cfd5389c0dca4ebf9652f64b9645f23d [CANDIDATE]: Term 3 election: Requested vote from peers e4ed0c1b7c7747b78f135a3bfba06941 (127.5.170.193:41969), ce522a6b9865445daf4295f73c03c13a (127.5.170.194:39371)
I20260710 13:19:06.863806  6943 tablet_service.cc:1917] Received RequestConsensusVote() RPC: tablet_id: "da3da014651a444e8e8a3385e731823a" candidate_uuid: "cfd5389c0dca4ebf9652f64b9645f23d" candidate_term: 3 candidate_status { last_received { term: 2 index: 2 } } ignore_live_leader: true dest_uuid: "e4ed0c1b7c7747b78f135a3bfba06941"
I20260710 13:19:06.864025  7020 tablet_service.cc:1917] Received RequestConsensusVote() RPC: tablet_id: "da3da014651a444e8e8a3385e731823a" candidate_uuid: "cfd5389c0dca4ebf9652f64b9645f23d" candidate_term: 3 candidate_status { last_received { term: 2 index: 2 } } ignore_live_leader: true dest_uuid: "ce522a6b9865445daf4295f73c03c13a"
I20260710 13:19:06.864715  6943 raft_consensus.cc:3060] T da3da014651a444e8e8a3385e731823a P e4ed0c1b7c7747b78f135a3bfba06941 [term 2 FOLLOWER]: Advancing to term 3
I20260710 13:19:06.864822  7020 raft_consensus.cc:3055] T da3da014651a444e8e8a3385e731823a P ce522a6b9865445daf4295f73c03c13a [term 2 LEADER]: Stepping down as leader of term 2
I20260710 13:19:06.865236  7020 raft_consensus.cc:740] T da3da014651a444e8e8a3385e731823a P ce522a6b9865445daf4295f73c03c13a [term 2 LEADER]: Becoming Follower/Learner. State: Replica: ce522a6b9865445daf4295f73c03c13a, State: Running, Role: LEADER
I20260710 13:19:06.866010  7020 consensus_queue.cc:260] T da3da014651a444e8e8a3385e731823a P ce522a6b9865445daf4295f73c03c13a [NON_LEADER]: Queue going to NON_LEADER mode. State: All replicated index: 0, Majority replicated index: 2, Committed index: 2, Last appended: 2.2, Last appended by leader: 2, Current term: 2, Majority size: -1, State: 0, Mode: NON_LEADER, active raft config: opid_index: -1 OBSOLETE_local: false peers { permanent_uuid: "e4ed0c1b7c7747b78f135a3bfba06941" member_type: VOTER last_known_addr { host: "127.5.170.193" port: 41969 } } peers { permanent_uuid: "ce522a6b9865445daf4295f73c03c13a" member_type: VOTER last_known_addr { host: "127.5.170.194" port: 39371 } } peers { permanent_uuid: "cfd5389c0dca4ebf9652f64b9645f23d" member_type: VOTER last_known_addr { host: "127.5.170.195" port: 41735 } }
I20260710 13:19:06.867189  7020 raft_consensus.cc:3060] T da3da014651a444e8e8a3385e731823a P ce522a6b9865445daf4295f73c03c13a [term 2 FOLLOWER]: Advancing to term 3
I20260710 13:19:06.871829  6943 raft_consensus.cc:2468] T da3da014651a444e8e8a3385e731823a P e4ed0c1b7c7747b78f135a3bfba06941 [term 3 FOLLOWER]: Leader election vote request: Granting yes vote for candidate cfd5389c0dca4ebf9652f64b9645f23d in term 3.
I20260710 13:19:06.873788  7061 leader_election.cc:304] T da3da014651a444e8e8a3385e731823a P cfd5389c0dca4ebf9652f64b9645f23d [CANDIDATE]: Term 3 election: Election decided. Result: candidate won. Election summary: received 2 responses out of 3 voters: 2 yes votes; 0 no votes. yes voters: cfd5389c0dca4ebf9652f64b9645f23d, e4ed0c1b7c7747b78f135a3bfba06941; no voters: 
I20260710 13:19:06.876441  7745 raft_consensus.cc:2804] T da3da014651a444e8e8a3385e731823a P cfd5389c0dca4ebf9652f64b9645f23d [term 3 FOLLOWER]: Leader election won for term 3
I20260710 13:19:06.877334  7745 raft_consensus.cc:697] T da3da014651a444e8e8a3385e731823a P cfd5389c0dca4ebf9652f64b9645f23d [term 3 LEADER]: Becoming Leader. State: Replica: cfd5389c0dca4ebf9652f64b9645f23d, State: Running, Role: LEADER
I20260710 13:19:06.878593  7745 consensus_queue.cc:237] T da3da014651a444e8e8a3385e731823a P cfd5389c0dca4ebf9652f64b9645f23d [LEADER]: Queue going to LEADER mode. State: All replicated index: 0, Majority replicated index: 2, Committed index: 2, Last appended: 2.2, Last appended by leader: 2, Current term: 3, Majority size: 2, State: 0, Mode: LEADER, active raft config: opid_index: -1 OBSOLETE_local: false peers { permanent_uuid: "e4ed0c1b7c7747b78f135a3bfba06941" member_type: VOTER last_known_addr { host: "127.5.170.193" port: 41969 } } peers { permanent_uuid: "ce522a6b9865445daf4295f73c03c13a" member_type: VOTER last_known_addr { host: "127.5.170.194" port: 39371 } } peers { permanent_uuid: "cfd5389c0dca4ebf9652f64b9645f23d" member_type: VOTER last_known_addr { host: "127.5.170.195" port: 41735 } }
I20260710 13:19:06.888083  7020 raft_consensus.cc:2468] T da3da014651a444e8e8a3385e731823a P ce522a6b9865445daf4295f73c03c13a [term 3 FOLLOWER]: Leader election vote request: Granting yes vote for candidate cfd5389c0dca4ebf9652f64b9645f23d in term 3.
I20260710 13:19:06.892510  6840 catalog_manager.cc:5697] T da3da014651a444e8e8a3385e731823a P cfd5389c0dca4ebf9652f64b9645f23d reported cstate change: term changed from 2 to 3, leader changed from ce522a6b9865445daf4295f73c03c13a (127.5.170.194) to cfd5389c0dca4ebf9652f64b9645f23d (127.5.170.195). New cstate: current_term: 3 leader_uuid: "cfd5389c0dca4ebf9652f64b9645f23d" committed_config { opid_index: -1 OBSOLETE_local: false peers { permanent_uuid: "e4ed0c1b7c7747b78f135a3bfba06941" member_type: VOTER last_known_addr { host: "127.5.170.193" port: 41969 } health_report { overall_health: UNKNOWN } } peers { permanent_uuid: "ce522a6b9865445daf4295f73c03c13a" member_type: VOTER last_known_addr { host: "127.5.170.194" port: 39371 } health_report { overall_health: UNKNOWN } } peers { permanent_uuid: "cfd5389c0dca4ebf9652f64b9645f23d" member_type: VOTER last_known_addr { host: "127.5.170.195" port: 41735 } health_report { overall_health: HEALTHY } } }
I20260710 13:19:07.765344  6946 raft_consensus.cc:1275] T da3da014651a444e8e8a3385e731823a P e4ed0c1b7c7747b78f135a3bfba06941 [term 3 FOLLOWER]: Refusing update from remote peer cfd5389c0dca4ebf9652f64b9645f23d: Log matching property violated. Preceding OpId in replica: term: 2 index: 2. Preceding OpId from leader: term: 3 index: 3. (index mismatch)
I20260710 13:19:07.767426  7020 raft_consensus.cc:1275] T da3da014651a444e8e8a3385e731823a P ce522a6b9865445daf4295f73c03c13a [term 3 FOLLOWER]: Refusing update from remote peer cfd5389c0dca4ebf9652f64b9645f23d: Log matching property violated. Preceding OpId in replica: term: 2 index: 2. Preceding OpId from leader: term: 3 index: 3. (index mismatch)
I20260710 13:19:07.773639  7759 consensus_queue.cc:1048] T da3da014651a444e8e8a3385e731823a P cfd5389c0dca4ebf9652f64b9645f23d [LEADER]: Connected to new peer: Peer: permanent_uuid: "e4ed0c1b7c7747b78f135a3bfba06941" member_type: VOTER last_known_addr { host: "127.5.170.193" port: 41969 }, Status: LMP_MISMATCH, Last received: 0.0, Next index: 3, Last known committed idx: 2, Time since last communication: 0.000s
I20260710 13:19:07.792500  7759 consensus_queue.cc:1048] T da3da014651a444e8e8a3385e731823a P cfd5389c0dca4ebf9652f64b9645f23d [LEADER]: Connected to new peer: Peer: permanent_uuid: "ce522a6b9865445daf4295f73c03c13a" member_type: VOTER last_known_addr { host: "127.5.170.194" port: 39371 }, Status: LMP_MISMATCH, Last received: 0.0, Next index: 3, Last known committed idx: 2, Time since last communication: 0.000s
I20260710 13:19:07.844429  7755 raft_consensus.cc:993] T 2a7700977d4c479abe3922d454b46833 P e4ed0c1b7c7747b78f135a3bfba06941: : Instructing follower 4b70bb7d2aae4841ae34b2952e91a444 to start an election
I20260710 13:19:07.844974  7755 raft_consensus.cc:1081] T 2a7700977d4c479abe3922d454b46833 P e4ed0c1b7c7747b78f135a3bfba06941 [term 1 LEADER]: Signalling peer 4b70bb7d2aae4841ae34b2952e91a444 to start an election
I20260710 13:19:07.846637  7366 tablet_service.cc:2044] Received Run Leader Election RPC: tablet_id: "2a7700977d4c479abe3922d454b46833"
dest_uuid: "4b70bb7d2aae4841ae34b2952e91a444"
 from {username='slave'} at 127.0.0.1:35670
I20260710 13:19:07.847208  7366 raft_consensus.cc:493] T 2a7700977d4c479abe3922d454b46833 P 4b70bb7d2aae4841ae34b2952e91a444 [term 1 FOLLOWER]: Starting forced leader election (received explicit request)
I20260710 13:19:07.847661  7366 raft_consensus.cc:3060] T 2a7700977d4c479abe3922d454b46833 P 4b70bb7d2aae4841ae34b2952e91a444 [term 1 FOLLOWER]: Advancing to term 2
I20260710 13:19:07.854671  7366 raft_consensus.cc:515] T 2a7700977d4c479abe3922d454b46833 P 4b70bb7d2aae4841ae34b2952e91a444 [term 2 FOLLOWER]: Starting forced leader election with config: opid_index: 4 OBSOLETE_local: false peers { permanent_uuid: "e4ed0c1b7c7747b78f135a3bfba06941" member_type: VOTER last_known_addr { host: "127.5.170.193" port: 41969 } } peers { permanent_uuid: "cfd5389c0dca4ebf9652f64b9645f23d" member_type: VOTER last_known_addr { host: "127.5.170.195" port: 41735 } } peers { permanent_uuid: "4b70bb7d2aae4841ae34b2952e91a444" member_type: VOTER last_known_addr { host: "127.5.170.196" port: 45437 } attrs { promote: false } }
I20260710 13:19:07.882222  6943 tablet_service.cc:1917] Received RequestConsensusVote() RPC: tablet_id: "2a7700977d4c479abe3922d454b46833" candidate_uuid: "4b70bb7d2aae4841ae34b2952e91a444" candidate_term: 2 candidate_status { last_received { term: 1 index: 4 } } ignore_live_leader: true dest_uuid: "e4ed0c1b7c7747b78f135a3bfba06941"
I20260710 13:19:07.882654  7366 leader_election.cc:290] T 2a7700977d4c479abe3922d454b46833 P 4b70bb7d2aae4841ae34b2952e91a444 [CANDIDATE]: Term 2 election: Requested vote from peers e4ed0c1b7c7747b78f135a3bfba06941 (127.5.170.193:41969), cfd5389c0dca4ebf9652f64b9645f23d (127.5.170.195:41735)
I20260710 13:19:07.882819  6943 raft_consensus.cc:3055] T 2a7700977d4c479abe3922d454b46833 P e4ed0c1b7c7747b78f135a3bfba06941 [term 1 LEADER]: Stepping down as leader of term 1
I20260710 13:19:07.883208  6943 raft_consensus.cc:740] T 2a7700977d4c479abe3922d454b46833 P e4ed0c1b7c7747b78f135a3bfba06941 [term 1 LEADER]: Becoming Follower/Learner. State: Replica: e4ed0c1b7c7747b78f135a3bfba06941, State: Running, Role: LEADER
I20260710 13:19:07.884514  7768 raft_consensus.cc:993] T 3040a616b3d042cebdcfa3ce9d08e961 P ce522a6b9865445daf4295f73c03c13a: : Instructing follower 4b70bb7d2aae4841ae34b2952e91a444 to start an election
I20260710 13:19:07.885171  7763 raft_consensus.cc:1081] T 3040a616b3d042cebdcfa3ce9d08e961 P ce522a6b9865445daf4295f73c03c13a [term 1 LEADER]: Signalling peer 4b70bb7d2aae4841ae34b2952e91a444 to start an election
I20260710 13:19:07.885344  7093 tablet_service.cc:1917] Received RequestConsensusVote() RPC: tablet_id: "2a7700977d4c479abe3922d454b46833" candidate_uuid: "4b70bb7d2aae4841ae34b2952e91a444" candidate_term: 2 candidate_status { last_received { term: 1 index: 4 } } ignore_live_leader: true dest_uuid: "cfd5389c0dca4ebf9652f64b9645f23d"
I20260710 13:19:07.886132  7093 raft_consensus.cc:3060] T 2a7700977d4c479abe3922d454b46833 P cfd5389c0dca4ebf9652f64b9645f23d [term 1 FOLLOWER]: Advancing to term 2
I20260710 13:19:07.884773  6943 consensus_queue.cc:260] T 2a7700977d4c479abe3922d454b46833 P e4ed0c1b7c7747b78f135a3bfba06941 [NON_LEADER]: Queue going to NON_LEADER mode. State: All replicated index: 0, Majority replicated index: 4, Committed index: 4, Last appended: 1.4, Last appended by leader: 4, Current term: 1, Majority size: -1, State: 0, Mode: NON_LEADER, active raft config: opid_index: 4 OBSOLETE_local: false peers { permanent_uuid: "e4ed0c1b7c7747b78f135a3bfba06941" member_type: VOTER last_known_addr { host: "127.5.170.193" port: 41969 } } peers { permanent_uuid: "cfd5389c0dca4ebf9652f64b9645f23d" member_type: VOTER last_known_addr { host: "127.5.170.195" port: 41735 } } peers { permanent_uuid: "4b70bb7d2aae4841ae34b2952e91a444" member_type: VOTER last_known_addr { host: "127.5.170.196" port: 45437 } attrs { promote: false } }
I20260710 13:19:07.886773  7366 tablet_service.cc:2044] Received Run Leader Election RPC: tablet_id: "3040a616b3d042cebdcfa3ce9d08e961"
dest_uuid: "4b70bb7d2aae4841ae34b2952e91a444"
 from {username='slave'} at 127.0.0.1:35668
I20260710 13:19:07.887156  6943 raft_consensus.cc:3060] T 2a7700977d4c479abe3922d454b46833 P e4ed0c1b7c7747b78f135a3bfba06941 [term 1 FOLLOWER]: Advancing to term 2
I20260710 13:19:07.887285  7366 raft_consensus.cc:493] T 3040a616b3d042cebdcfa3ce9d08e961 P 4b70bb7d2aae4841ae34b2952e91a444 [term 1 FOLLOWER]: Starting forced leader election (received explicit request)
I20260710 13:19:07.887683  7366 raft_consensus.cc:3060] T 3040a616b3d042cebdcfa3ce9d08e961 P 4b70bb7d2aae4841ae34b2952e91a444 [term 1 FOLLOWER]: Advancing to term 2
I20260710 13:19:07.894006  6943 raft_consensus.cc:2468] T 2a7700977d4c479abe3922d454b46833 P e4ed0c1b7c7747b78f135a3bfba06941 [term 2 FOLLOWER]: Leader election vote request: Granting yes vote for candidate 4b70bb7d2aae4841ae34b2952e91a444 in term 2.
I20260710 13:19:07.894029  7366 raft_consensus.cc:515] T 3040a616b3d042cebdcfa3ce9d08e961 P 4b70bb7d2aae4841ae34b2952e91a444 [term 2 FOLLOWER]: Starting forced leader election with config: opid_index: 4 OBSOLETE_local: false peers { permanent_uuid: "ce522a6b9865445daf4295f73c03c13a" member_type: VOTER last_known_addr { host: "127.5.170.194" port: 39371 } } peers { permanent_uuid: "cfd5389c0dca4ebf9652f64b9645f23d" member_type: VOTER last_known_addr { host: "127.5.170.195" port: 41735 } } peers { permanent_uuid: "4b70bb7d2aae4841ae34b2952e91a444" member_type: VOTER last_known_addr { host: "127.5.170.196" port: 45437 } attrs { promote: false } }
I20260710 13:19:07.895715  7330 leader_election.cc:304] T 2a7700977d4c479abe3922d454b46833 P 4b70bb7d2aae4841ae34b2952e91a444 [CANDIDATE]: Term 2 election: Election decided. Result: candidate won. Election summary: received 2 responses out of 3 voters: 2 yes votes; 0 no votes. yes voters: 4b70bb7d2aae4841ae34b2952e91a444, e4ed0c1b7c7747b78f135a3bfba06941; no voters: 
I20260710 13:19:07.896289  7366 leader_election.cc:290] T 3040a616b3d042cebdcfa3ce9d08e961 P 4b70bb7d2aae4841ae34b2952e91a444 [CANDIDATE]: Term 2 election: Requested vote from peers ce522a6b9865445daf4295f73c03c13a (127.5.170.194:39371), cfd5389c0dca4ebf9652f64b9645f23d (127.5.170.195:41735)
I20260710 13:19:07.897469  7723 raft_consensus.cc:2804] T 2a7700977d4c479abe3922d454b46833 P 4b70bb7d2aae4841ae34b2952e91a444 [term 2 FOLLOWER]: Leader election won for term 2
I20260710 13:19:07.897960  7723 raft_consensus.cc:697] T 2a7700977d4c479abe3922d454b46833 P 4b70bb7d2aae4841ae34b2952e91a444 [term 2 LEADER]: Becoming Leader. State: Replica: 4b70bb7d2aae4841ae34b2952e91a444, State: Running, Role: LEADER
I20260710 13:19:07.898782  7723 consensus_queue.cc:237] T 2a7700977d4c479abe3922d454b46833 P 4b70bb7d2aae4841ae34b2952e91a444 [LEADER]: Queue going to LEADER mode. State: All replicated index: 0, Majority replicated index: 4, Committed index: 4, Last appended: 1.4, Last appended by leader: 4, Current term: 2, Majority size: 2, State: 0, Mode: LEADER, active raft config: opid_index: 4 OBSOLETE_local: false peers { permanent_uuid: "e4ed0c1b7c7747b78f135a3bfba06941" member_type: VOTER last_known_addr { host: "127.5.170.193" port: 41969 } } peers { permanent_uuid: "cfd5389c0dca4ebf9652f64b9645f23d" member_type: VOTER last_known_addr { host: "127.5.170.195" port: 41735 } } peers { permanent_uuid: "4b70bb7d2aae4841ae34b2952e91a444" member_type: VOTER last_known_addr { host: "127.5.170.196" port: 45437 } attrs { promote: false } }
I20260710 13:19:07.899930  7093 raft_consensus.cc:2468] T 2a7700977d4c479abe3922d454b46833 P cfd5389c0dca4ebf9652f64b9645f23d [term 2 FOLLOWER]: Leader election vote request: Granting yes vote for candidate 4b70bb7d2aae4841ae34b2952e91a444 in term 2.
I20260710 13:19:07.900774  7021 tablet_service.cc:1917] Received RequestConsensusVote() RPC: tablet_id: "3040a616b3d042cebdcfa3ce9d08e961" candidate_uuid: "4b70bb7d2aae4841ae34b2952e91a444" candidate_term: 2 candidate_status { last_received { term: 1 index: 4 } } ignore_live_leader: true dest_uuid: "ce522a6b9865445daf4295f73c03c13a"
I20260710 13:19:07.904799  7021 raft_consensus.cc:3055] T 3040a616b3d042cebdcfa3ce9d08e961 P ce522a6b9865445daf4295f73c03c13a [term 1 LEADER]: Stepping down as leader of term 1
I20260710 13:19:07.905151  7021 raft_consensus.cc:740] T 3040a616b3d042cebdcfa3ce9d08e961 P ce522a6b9865445daf4295f73c03c13a [term 1 LEADER]: Becoming Follower/Learner. State: Replica: ce522a6b9865445daf4295f73c03c13a, State: Running, Role: LEADER
I20260710 13:19:07.905970  7021 consensus_queue.cc:260] T 3040a616b3d042cebdcfa3ce9d08e961 P ce522a6b9865445daf4295f73c03c13a [NON_LEADER]: Queue going to NON_LEADER mode. State: All replicated index: 0, Majority replicated index: 4, Committed index: 4, Last appended: 1.4, Last appended by leader: 4, Current term: 1, Majority size: -1, State: 0, Mode: NON_LEADER, active raft config: opid_index: 4 OBSOLETE_local: false peers { permanent_uuid: "ce522a6b9865445daf4295f73c03c13a" member_type: VOTER last_known_addr { host: "127.5.170.194" port: 39371 } } peers { permanent_uuid: "cfd5389c0dca4ebf9652f64b9645f23d" member_type: VOTER last_known_addr { host: "127.5.170.195" port: 41735 } } peers { permanent_uuid: "4b70bb7d2aae4841ae34b2952e91a444" member_type: VOTER last_known_addr { host: "127.5.170.196" port: 45437 } attrs { promote: false } }
I20260710 13:19:07.907140  7021 raft_consensus.cc:3060] T 3040a616b3d042cebdcfa3ce9d08e961 P ce522a6b9865445daf4295f73c03c13a [term 1 FOLLOWER]: Advancing to term 2
I20260710 13:19:07.900815  7095 tablet_service.cc:1917] Received RequestConsensusVote() RPC: tablet_id: "3040a616b3d042cebdcfa3ce9d08e961" candidate_uuid: "4b70bb7d2aae4841ae34b2952e91a444" candidate_term: 2 candidate_status { last_received { term: 1 index: 4 } } ignore_live_leader: true dest_uuid: "cfd5389c0dca4ebf9652f64b9645f23d"
I20260710 13:19:07.908367  7095 raft_consensus.cc:3060] T 3040a616b3d042cebdcfa3ce9d08e961 P cfd5389c0dca4ebf9652f64b9645f23d [term 1 FOLLOWER]: Advancing to term 2
I20260710 13:19:07.911185  6842 catalog_manager.cc:5697] T 2a7700977d4c479abe3922d454b46833 P 4b70bb7d2aae4841ae34b2952e91a444 reported cstate change: term changed from 1 to 2, leader changed from e4ed0c1b7c7747b78f135a3bfba06941 (127.5.170.193) to 4b70bb7d2aae4841ae34b2952e91a444 (127.5.170.196). New cstate: current_term: 2 leader_uuid: "4b70bb7d2aae4841ae34b2952e91a444" committed_config { opid_index: 4 OBSOLETE_local: false peers { permanent_uuid: "e4ed0c1b7c7747b78f135a3bfba06941" member_type: VOTER last_known_addr { host: "127.5.170.193" port: 41969 } health_report { overall_health: UNKNOWN } } peers { permanent_uuid: "cfd5389c0dca4ebf9652f64b9645f23d" member_type: VOTER last_known_addr { host: "127.5.170.195" port: 41735 } health_report { overall_health: UNKNOWN } } peers { permanent_uuid: "4b70bb7d2aae4841ae34b2952e91a444" member_type: VOTER last_known_addr { host: "127.5.170.196" port: 45437 } attrs { promote: false } health_report { overall_health: HEALTHY } } }
I20260710 13:19:07.918592  7021 raft_consensus.cc:2468] T 3040a616b3d042cebdcfa3ce9d08e961 P ce522a6b9865445daf4295f73c03c13a [term 2 FOLLOWER]: Leader election vote request: Granting yes vote for candidate 4b70bb7d2aae4841ae34b2952e91a444 in term 2.
I20260710 13:19:07.918982  7095 raft_consensus.cc:2468] T 3040a616b3d042cebdcfa3ce9d08e961 P cfd5389c0dca4ebf9652f64b9645f23d [term 2 FOLLOWER]: Leader election vote request: Granting yes vote for candidate 4b70bb7d2aae4841ae34b2952e91a444 in term 2.
I20260710 13:19:07.920233  7330 leader_election.cc:304] T 3040a616b3d042cebdcfa3ce9d08e961 P 4b70bb7d2aae4841ae34b2952e91a444 [CANDIDATE]: Term 2 election: Election decided. Result: candidate won. Election summary: received 2 responses out of 3 voters: 2 yes votes; 0 no votes. yes voters: 4b70bb7d2aae4841ae34b2952e91a444, cfd5389c0dca4ebf9652f64b9645f23d; no voters: 
I20260710 13:19:07.921097  7723 raft_consensus.cc:2804] T 3040a616b3d042cebdcfa3ce9d08e961 P 4b70bb7d2aae4841ae34b2952e91a444 [term 2 FOLLOWER]: Leader election won for term 2
I20260710 13:19:07.921737  7723 raft_consensus.cc:697] T 3040a616b3d042cebdcfa3ce9d08e961 P 4b70bb7d2aae4841ae34b2952e91a444 [term 2 LEADER]: Becoming Leader. State: Replica: 4b70bb7d2aae4841ae34b2952e91a444, State: Running, Role: LEADER
I20260710 13:19:07.922701  7723 consensus_queue.cc:237] T 3040a616b3d042cebdcfa3ce9d08e961 P 4b70bb7d2aae4841ae34b2952e91a444 [LEADER]: Queue going to LEADER mode. State: All replicated index: 0, Majority replicated index: 4, Committed index: 4, Last appended: 1.4, Last appended by leader: 4, Current term: 2, Majority size: 2, State: 0, Mode: LEADER, active raft config: opid_index: 4 OBSOLETE_local: false peers { permanent_uuid: "ce522a6b9865445daf4295f73c03c13a" member_type: VOTER last_known_addr { host: "127.5.170.194" port: 39371 } } peers { permanent_uuid: "cfd5389c0dca4ebf9652f64b9645f23d" member_type: VOTER last_known_addr { host: "127.5.170.195" port: 41735 } } peers { permanent_uuid: "4b70bb7d2aae4841ae34b2952e91a444" member_type: VOTER last_known_addr { host: "127.5.170.196" port: 45437 } attrs { promote: false } }
I20260710 13:19:07.934489  6842 catalog_manager.cc:5697] T 3040a616b3d042cebdcfa3ce9d08e961 P 4b70bb7d2aae4841ae34b2952e91a444 reported cstate change: term changed from 1 to 2, leader changed from ce522a6b9865445daf4295f73c03c13a (127.5.170.194) to 4b70bb7d2aae4841ae34b2952e91a444 (127.5.170.196). New cstate: current_term: 2 leader_uuid: "4b70bb7d2aae4841ae34b2952e91a444" committed_config { opid_index: 4 OBSOLETE_local: false peers { permanent_uuid: "ce522a6b9865445daf4295f73c03c13a" member_type: VOTER last_known_addr { host: "127.5.170.194" port: 39371 } health_report { overall_health: UNKNOWN } } peers { permanent_uuid: "cfd5389c0dca4ebf9652f64b9645f23d" member_type: VOTER last_known_addr { host: "127.5.170.195" port: 41735 } health_report { overall_health: UNKNOWN } } peers { permanent_uuid: "4b70bb7d2aae4841ae34b2952e91a444" member_type: VOTER last_known_addr { host: "127.5.170.196" port: 45437 } attrs { promote: false } health_report { overall_health: HEALTHY } } }
I20260710 13:19:08.317433  7021 raft_consensus.cc:1275] T 3040a616b3d042cebdcfa3ce9d08e961 P ce522a6b9865445daf4295f73c03c13a [term 2 FOLLOWER]: Refusing update from remote peer 4b70bb7d2aae4841ae34b2952e91a444: Log matching property violated. Preceding OpId in replica: term: 1 index: 4. Preceding OpId from leader: term: 2 index: 5. (index mismatch)
I20260710 13:19:08.318626  7724 consensus_queue.cc:1048] T 3040a616b3d042cebdcfa3ce9d08e961 P 4b70bb7d2aae4841ae34b2952e91a444 [LEADER]: Connected to new peer: Peer: permanent_uuid: "ce522a6b9865445daf4295f73c03c13a" member_type: VOTER last_known_addr { host: "127.5.170.194" port: 39371 }, Status: LMP_MISMATCH, Last received: 0.0, Next index: 5, Last known committed idx: 4, Time since last communication: 0.000s
I20260710 13:19:08.328511  7095 raft_consensus.cc:1275] T 3040a616b3d042cebdcfa3ce9d08e961 P cfd5389c0dca4ebf9652f64b9645f23d [term 2 FOLLOWER]: Refusing update from remote peer 4b70bb7d2aae4841ae34b2952e91a444: Log matching property violated. Preceding OpId in replica: term: 1 index: 4. Preceding OpId from leader: term: 2 index: 5. (index mismatch)
I20260710 13:19:08.331764  7724 consensus_queue.cc:1048] T 3040a616b3d042cebdcfa3ce9d08e961 P 4b70bb7d2aae4841ae34b2952e91a444 [LEADER]: Connected to new peer: Peer: permanent_uuid: "cfd5389c0dca4ebf9652f64b9645f23d" member_type: VOTER last_known_addr { host: "127.5.170.195" port: 41735 }, Status: LMP_MISMATCH, Last received: 0.0, Next index: 5, Last known committed idx: 4, Time since last communication: 0.000s
I20260710 13:19:08.378217  7095 raft_consensus.cc:1275] T 2a7700977d4c479abe3922d454b46833 P cfd5389c0dca4ebf9652f64b9645f23d [term 2 FOLLOWER]: Refusing update from remote peer 4b70bb7d2aae4841ae34b2952e91a444: Log matching property violated. Preceding OpId in replica: term: 1 index: 4. Preceding OpId from leader: term: 2 index: 5. (index mismatch)
I20260710 13:19:08.379226  7724 consensus_queue.cc:1048] T 2a7700977d4c479abe3922d454b46833 P 4b70bb7d2aae4841ae34b2952e91a444 [LEADER]: Connected to new peer: Peer: permanent_uuid: "cfd5389c0dca4ebf9652f64b9645f23d" member_type: VOTER last_known_addr { host: "127.5.170.195" port: 41735 }, Status: LMP_MISMATCH, Last received: 0.0, Next index: 5, Last known committed idx: 4, Time since last communication: 0.000s
I20260710 13:19:08.387849  6943 raft_consensus.cc:1275] T 2a7700977d4c479abe3922d454b46833 P e4ed0c1b7c7747b78f135a3bfba06941 [term 2 FOLLOWER]: Refusing update from remote peer 4b70bb7d2aae4841ae34b2952e91a444: Log matching property violated. Preceding OpId in replica: term: 1 index: 4. Preceding OpId from leader: term: 2 index: 5. (index mismatch)
I20260710 13:19:08.389791  7723 consensus_queue.cc:1048] T 2a7700977d4c479abe3922d454b46833 P 4b70bb7d2aae4841ae34b2952e91a444 [LEADER]: Connected to new peer: Peer: permanent_uuid: "e4ed0c1b7c7747b78f135a3bfba06941" member_type: VOTER last_known_addr { host: "127.5.170.193" port: 41969 }, Status: LMP_MISMATCH, Last received: 0.0, Next index: 5, Last known committed idx: 4, Time since last communication: 0.000s
I20260710 13:19:08.531075  5803 auto_leader_rebalancer.cc:141] leader rebalance for table test-workload
I20260710 13:19:08.546941  5803 auto_leader_rebalancer.cc:141] leader rebalance for table test-workload
I20260710 13:19:08.560858  7095 tablet_service.cc:2072] Received LeaderStepDown RPC: tablet_id: "986dc7e0d81b44458657cf987d3ec7ae"
dest_uuid: "cfd5389c0dca4ebf9652f64b9645f23d"
mode: GRACEFUL
new_leader_uuid: "ce522a6b9865445daf4295f73c03c13a"
 from {username='slave'} at 127.0.0.1:44302
I20260710 13:19:08.561414  7095 raft_consensus.cc:606] T 986dc7e0d81b44458657cf987d3ec7ae P cfd5389c0dca4ebf9652f64b9645f23d [term 1 LEADER]: Received request to transfer leadership to TS ce522a6b9865445daf4295f73c03c13a
I20260710 13:19:08.562552  5803 auto_leader_rebalancer.cc:479] table: test-workload, leader rebalance finish, leader transfer count: 1
I20260710 13:19:08.563200  5803 auto_leader_rebalancer.cc:554] All tables' leader rebalancing finished this round
I20260710 13:19:08.663578  7761 raft_consensus.cc:993] T 986dc7e0d81b44458657cf987d3ec7ae P cfd5389c0dca4ebf9652f64b9645f23d: : Instructing follower ce522a6b9865445daf4295f73c03c13a to start an election
I20260710 13:19:08.664125  7759 raft_consensus.cc:1081] T 986dc7e0d81b44458657cf987d3ec7ae P cfd5389c0dca4ebf9652f64b9645f23d [term 1 LEADER]: Signalling peer ce522a6b9865445daf4295f73c03c13a to start an election
I20260710 13:19:08.665755  7021 tablet_service.cc:2044] Received Run Leader Election RPC: tablet_id: "986dc7e0d81b44458657cf987d3ec7ae"
dest_uuid: "ce522a6b9865445daf4295f73c03c13a"
 from {username='slave'} at 127.0.0.1:42928
I20260710 13:19:08.666339  7021 raft_consensus.cc:493] T 986dc7e0d81b44458657cf987d3ec7ae P ce522a6b9865445daf4295f73c03c13a [term 1 FOLLOWER]: Starting forced leader election (received explicit request)
I20260710 13:19:08.666710  7021 raft_consensus.cc:3060] T 986dc7e0d81b44458657cf987d3ec7ae P ce522a6b9865445daf4295f73c03c13a [term 1 FOLLOWER]: Advancing to term 2
I20260710 13:19:08.671068  7021 raft_consensus.cc:515] T 986dc7e0d81b44458657cf987d3ec7ae P ce522a6b9865445daf4295f73c03c13a [term 2 FOLLOWER]: Starting forced leader election with config: opid_index: -1 OBSOLETE_local: false peers { permanent_uuid: "e4ed0c1b7c7747b78f135a3bfba06941" member_type: VOTER last_known_addr { host: "127.5.170.193" port: 41969 } } peers { permanent_uuid: "ce522a6b9865445daf4295f73c03c13a" member_type: VOTER last_known_addr { host: "127.5.170.194" port: 39371 } } peers { permanent_uuid: "cfd5389c0dca4ebf9652f64b9645f23d" member_type: VOTER last_known_addr { host: "127.5.170.195" port: 41735 } }
I20260710 13:19:08.672670  7021 leader_election.cc:290] T 986dc7e0d81b44458657cf987d3ec7ae P ce522a6b9865445daf4295f73c03c13a [CANDIDATE]: Term 2 election: Requested vote from peers e4ed0c1b7c7747b78f135a3bfba06941 (127.5.170.193:41969), cfd5389c0dca4ebf9652f64b9645f23d (127.5.170.195:41735)
I20260710 13:19:08.673440  6944 tablet_service.cc:1917] Received RequestConsensusVote() RPC: tablet_id: "986dc7e0d81b44458657cf987d3ec7ae" candidate_uuid: "ce522a6b9865445daf4295f73c03c13a" candidate_term: 2 candidate_status { last_received { term: 1 index: 1 } } ignore_live_leader: true dest_uuid: "e4ed0c1b7c7747b78f135a3bfba06941"
I20260710 13:19:08.674122  6944 raft_consensus.cc:3060] T 986dc7e0d81b44458657cf987d3ec7ae P e4ed0c1b7c7747b78f135a3bfba06941 [term 1 FOLLOWER]: Advancing to term 2
I20260710 13:19:08.674190  7095 tablet_service.cc:1917] Received RequestConsensusVote() RPC: tablet_id: "986dc7e0d81b44458657cf987d3ec7ae" candidate_uuid: "ce522a6b9865445daf4295f73c03c13a" candidate_term: 2 candidate_status { last_received { term: 1 index: 1 } } ignore_live_leader: true dest_uuid: "cfd5389c0dca4ebf9652f64b9645f23d"
I20260710 13:19:08.675138  7095 raft_consensus.cc:3055] T 986dc7e0d81b44458657cf987d3ec7ae P cfd5389c0dca4ebf9652f64b9645f23d [term 1 LEADER]: Stepping down as leader of term 1
I20260710 13:19:08.675395  7095 raft_consensus.cc:740] T 986dc7e0d81b44458657cf987d3ec7ae P cfd5389c0dca4ebf9652f64b9645f23d [term 1 LEADER]: Becoming Follower/Learner. State: Replica: cfd5389c0dca4ebf9652f64b9645f23d, State: Running, Role: LEADER
I20260710 13:19:08.676106  7095 consensus_queue.cc:260] T 986dc7e0d81b44458657cf987d3ec7ae P cfd5389c0dca4ebf9652f64b9645f23d [NON_LEADER]: Queue going to NON_LEADER mode. State: All replicated index: 0, Majority replicated index: 1, Committed index: 1, Last appended: 1.1, Last appended by leader: 1, Current term: 1, Majority size: -1, State: 0, Mode: NON_LEADER, active raft config: opid_index: -1 OBSOLETE_local: false peers { permanent_uuid: "e4ed0c1b7c7747b78f135a3bfba06941" member_type: VOTER last_known_addr { host: "127.5.170.193" port: 41969 } } peers { permanent_uuid: "ce522a6b9865445daf4295f73c03c13a" member_type: VOTER last_known_addr { host: "127.5.170.194" port: 39371 } } peers { permanent_uuid: "cfd5389c0dca4ebf9652f64b9645f23d" member_type: VOTER last_known_addr { host: "127.5.170.195" port: 41735 } }
I20260710 13:19:08.677093  7095 raft_consensus.cc:3060] T 986dc7e0d81b44458657cf987d3ec7ae P cfd5389c0dca4ebf9652f64b9645f23d [term 1 FOLLOWER]: Advancing to term 2
I20260710 13:19:08.679600  6944 raft_consensus.cc:2468] T 986dc7e0d81b44458657cf987d3ec7ae P e4ed0c1b7c7747b78f135a3bfba06941 [term 2 FOLLOWER]: Leader election vote request: Granting yes vote for candidate ce522a6b9865445daf4295f73c03c13a in term 2.
I20260710 13:19:08.680805  6987 leader_election.cc:304] T 986dc7e0d81b44458657cf987d3ec7ae P ce522a6b9865445daf4295f73c03c13a [CANDIDATE]: Term 2 election: Election decided. Result: candidate won. Election summary: received 2 responses out of 3 voters: 2 yes votes; 0 no votes. yes voters: ce522a6b9865445daf4295f73c03c13a, e4ed0c1b7c7747b78f135a3bfba06941; no voters: 
I20260710 13:19:08.681469  7763 raft_consensus.cc:2804] T 986dc7e0d81b44458657cf987d3ec7ae P ce522a6b9865445daf4295f73c03c13a [term 2 FOLLOWER]: Leader election won for term 2
I20260710 13:19:08.681892  7763 raft_consensus.cc:697] T 986dc7e0d81b44458657cf987d3ec7ae P ce522a6b9865445daf4295f73c03c13a [term 2 LEADER]: Becoming Leader. State: Replica: ce522a6b9865445daf4295f73c03c13a, State: Running, Role: LEADER
I20260710 13:19:08.682653  7095 raft_consensus.cc:2468] T 986dc7e0d81b44458657cf987d3ec7ae P cfd5389c0dca4ebf9652f64b9645f23d [term 2 FOLLOWER]: Leader election vote request: Granting yes vote for candidate ce522a6b9865445daf4295f73c03c13a in term 2.
I20260710 13:19:08.682773  7763 consensus_queue.cc:237] T 986dc7e0d81b44458657cf987d3ec7ae P ce522a6b9865445daf4295f73c03c13a [LEADER]: Queue going to LEADER mode. State: All replicated index: 0, Majority replicated index: 1, Committed index: 1, Last appended: 1.1, Last appended by leader: 1, Current term: 2, Majority size: 2, State: 0, Mode: LEADER, active raft config: opid_index: -1 OBSOLETE_local: false peers { permanent_uuid: "e4ed0c1b7c7747b78f135a3bfba06941" member_type: VOTER last_known_addr { host: "127.5.170.193" port: 41969 } } peers { permanent_uuid: "ce522a6b9865445daf4295f73c03c13a" member_type: VOTER last_known_addr { host: "127.5.170.194" port: 39371 } } peers { permanent_uuid: "cfd5389c0dca4ebf9652f64b9645f23d" member_type: VOTER last_known_addr { host: "127.5.170.195" port: 41735 } }
I20260710 13:19:08.692855  6842 catalog_manager.cc:5697] T 986dc7e0d81b44458657cf987d3ec7ae P ce522a6b9865445daf4295f73c03c13a reported cstate change: term changed from 1 to 2, leader changed from cfd5389c0dca4ebf9652f64b9645f23d (127.5.170.195) to ce522a6b9865445daf4295f73c03c13a (127.5.170.194). New cstate: current_term: 2 leader_uuid: "ce522a6b9865445daf4295f73c03c13a" committed_config { opid_index: -1 OBSOLETE_local: false peers { permanent_uuid: "e4ed0c1b7c7747b78f135a3bfba06941" member_type: VOTER last_known_addr { host: "127.5.170.193" port: 41969 } health_report { overall_health: UNKNOWN } } peers { permanent_uuid: "ce522a6b9865445daf4295f73c03c13a" member_type: VOTER last_known_addr { host: "127.5.170.194" port: 39371 } health_report { overall_health: HEALTHY } } peers { permanent_uuid: "cfd5389c0dca4ebf9652f64b9645f23d" member_type: VOTER last_known_addr { host: "127.5.170.195" port: 41735 } health_report { overall_health: UNKNOWN } } }
W20260710 13:19:08.737521  7116 debug-util.cc:398] Leaking SignalData structure 0x7b080017e640 after lost signal to thread 5806
W20260710 13:19:08.738392  7116 debug-util.cc:398] Leaking SignalData structure 0x7b08000b37e0 after lost signal to thread 6878
W20260710 13:19:08.739477  7116 debug-util.cc:398] Leaking SignalData structure 0x7b0800213be0 after lost signal to thread 6970
W20260710 13:19:08.740326  7116 debug-util.cc:398] Leaking SignalData structure 0x7b08001fdc40 after lost signal to thread 7045
W20260710 13:19:08.741137  7116 debug-util.cc:398] Leaking SignalData structure 0x7b0800295ce0 after lost signal to thread 7119
W20260710 13:19:08.741945  7116 debug-util.cc:398] Leaking SignalData structure 0x7b0800290220 after lost signal to thread 7390
I20260710 13:19:09.075980  6944 raft_consensus.cc:1275] T 986dc7e0d81b44458657cf987d3ec7ae P e4ed0c1b7c7747b78f135a3bfba06941 [term 2 FOLLOWER]: Refusing update from remote peer ce522a6b9865445daf4295f73c03c13a: Log matching property violated. Preceding OpId in replica: term: 1 index: 1. Preceding OpId from leader: term: 2 index: 2. (index mismatch)
I20260710 13:19:09.077278  7763 consensus_queue.cc:1048] T 986dc7e0d81b44458657cf987d3ec7ae P ce522a6b9865445daf4295f73c03c13a [LEADER]: Connected to new peer: Peer: permanent_uuid: "e4ed0c1b7c7747b78f135a3bfba06941" member_type: VOTER last_known_addr { host: "127.5.170.193" port: 41969 }, Status: LMP_MISMATCH, Last received: 0.0, Next index: 2, Last known committed idx: 1, Time since last communication: 0.000s
I20260710 13:19:09.092139  7095 raft_consensus.cc:1275] T 986dc7e0d81b44458657cf987d3ec7ae P cfd5389c0dca4ebf9652f64b9645f23d [term 2 FOLLOWER]: Refusing update from remote peer ce522a6b9865445daf4295f73c03c13a: Log matching property violated. Preceding OpId in replica: term: 1 index: 1. Preceding OpId from leader: term: 2 index: 2. (index mismatch)
I20260710 13:19:09.093920  7768 consensus_queue.cc:1048] T 986dc7e0d81b44458657cf987d3ec7ae P ce522a6b9865445daf4295f73c03c13a [LEADER]: Connected to new peer: Peer: permanent_uuid: "cfd5389c0dca4ebf9652f64b9645f23d" member_type: VOTER last_known_addr { host: "127.5.170.195" port: 41735 }, Status: LMP_MISMATCH, Last received: 0.0, Next index: 2, Last known committed idx: 1, Time since last communication: 0.001s
I20260710 13:19:09.564198  5803 auto_leader_rebalancer.cc:141] leader rebalance for table test-workload
I20260710 13:19:09.583174  5803 auto_leader_rebalancer.cc:141] leader rebalance for table test-workload
I20260710 13:19:09.598289  7021 tablet_service.cc:2072] Received LeaderStepDown RPC: tablet_id: "fe79540d6bb74aefbcad50809f5e4ec6"
dest_uuid: "ce522a6b9865445daf4295f73c03c13a"
mode: GRACEFUL
new_leader_uuid: "4b70bb7d2aae4841ae34b2952e91a444"
 from {username='slave'} at 127.0.0.1:46360
I20260710 13:19:09.598863  7021 raft_consensus.cc:606] T fe79540d6bb74aefbcad50809f5e4ec6 P ce522a6b9865445daf4295f73c03c13a [term 1 LEADER]: Received request to transfer leadership to TS 4b70bb7d2aae4841ae34b2952e91a444
I20260710 13:19:09.600273  5803 auto_leader_rebalancer.cc:479] table: test-workload, leader rebalance finish, leader transfer count: 1
I20260710 13:19:09.601222  5803 auto_leader_rebalancer.cc:554] All tables' leader rebalancing finished this round
I20260710 13:19:09.603454  7797 raft_consensus.cc:993] T fe79540d6bb74aefbcad50809f5e4ec6 P ce522a6b9865445daf4295f73c03c13a: : Instructing follower 4b70bb7d2aae4841ae34b2952e91a444 to start an election
