I20260710 13:18:30.767808  6379 tablet_bootstrap.cc:654] T 00000000000000000000000000000000 P 7a1620326ffc478195b1c4b7d2153b30: Neither blocks nor log segments found. Creating new log.
I20260710 13:18:30.772435  6379 tablet_bootstrap.cc:492] T 00000000000000000000000000000000 P 7a1620326ffc478195b1c4b7d2153b30: No bootstrap required, opened a new log
I20260710 13:18:30.774521  6379 raft_consensus.cc:359] T 00000000000000000000000000000000 P 7a1620326ffc478195b1c4b7d2153b30 [term 0 FOLLOWER]: Replica starting. Triggering 0 pending ops. Active config: opid_index: -1 OBSOLETE_local: true peers { permanent_uuid: "7a1620326ffc478195b1c4b7d2153b30" member_type: VOTER }
I20260710 13:18:30.774899  6379 raft_consensus.cc:385] T 00000000000000000000000000000000 P 7a1620326ffc478195b1c4b7d2153b30 [term 0 FOLLOWER]: Consensus starting up: Expiring failure detector timer to make a prompt election more likely
I20260710 13:18:30.775164  6379 raft_consensus.cc:740] T 00000000000000000000000000000000 P 7a1620326ffc478195b1c4b7d2153b30 [term 0 FOLLOWER]: Becoming Follower/Learner. State: Replica: 7a1620326ffc478195b1c4b7d2153b30, State: Initialized, Role: FOLLOWER
I20260710 13:18:30.775770  6379 consensus_queue.cc:260] T 00000000000000000000000000000000 P 7a1620326ffc478195b1c4b7d2153b30 [NON_LEADER]: Queue going to NON_LEADER mode. State: All replicated index: 0, Majority replicated index: 0, Committed index: 0, Last appended: 0.0, Last appended by leader: 0, Current term: 0, Majority size: -1, State: 0, Mode: NON_LEADER, active raft config: opid_index: -1 OBSOLETE_local: true peers { permanent_uuid: "7a1620326ffc478195b1c4b7d2153b30" member_type: VOTER }
I20260710 13:18:30.776320  6379 raft_consensus.cc:399] T 00000000000000000000000000000000 P 7a1620326ffc478195b1c4b7d2153b30 [term 0 FOLLOWER]: Only one voter in the Raft config. Triggering election immediately
I20260710 13:18:30.776564  6379 raft_consensus.cc:493] T 00000000000000000000000000000000 P 7a1620326ffc478195b1c4b7d2153b30 [term 0 FOLLOWER]: Starting leader election (initial election of a single-replica configuration)
I20260710 13:18:30.776837  6379 raft_consensus.cc:3060] T 00000000000000000000000000000000 P 7a1620326ffc478195b1c4b7d2153b30 [term 0 FOLLOWER]: Advancing to term 1
I20260710 13:18:30.780867  6379 raft_consensus.cc:515] T 00000000000000000000000000000000 P 7a1620326ffc478195b1c4b7d2153b30 [term 1 FOLLOWER]: Starting leader election with config: opid_index: -1 OBSOLETE_local: true peers { permanent_uuid: "7a1620326ffc478195b1c4b7d2153b30" member_type: VOTER }
I20260710 13:18:30.781433  6379 leader_election.cc:304] T 00000000000000000000000000000000 P 7a1620326ffc478195b1c4b7d2153b30 [CANDIDATE]: Term 1 election: Election decided. Result: candidate won. Election summary: received 1 responses out of 1 voters: 1 yes votes; 0 no votes. yes voters: 7a1620326ffc478195b1c4b7d2153b30; no voters: 
I20260710 13:18:30.782624  6379 leader_election.cc:290] T 00000000000000000000000000000000 P 7a1620326ffc478195b1c4b7d2153b30 [CANDIDATE]: Term 1 election: Requested vote from peers 
I20260710 13:18:30.782992  6382 raft_consensus.cc:2804] T 00000000000000000000000000000000 P 7a1620326ffc478195b1c4b7d2153b30 [term 1 FOLLOWER]: Leader election won for term 1
I20260710 13:18:30.784606  6382 raft_consensus.cc:697] T 00000000000000000000000000000000 P 7a1620326ffc478195b1c4b7d2153b30 [term 1 LEADER]: Becoming Leader. State: Replica: 7a1620326ffc478195b1c4b7d2153b30, State: Running, Role: LEADER
I20260710 13:18:30.785581  6379 sys_catalog.cc:565] T 00000000000000000000000000000000 P 7a1620326ffc478195b1c4b7d2153b30 [sys.catalog]: configured and running, proceeding with master startup.
I20260710 13:18:30.785403  6382 consensus_queue.cc:237] T 00000000000000000000000000000000 P 7a1620326ffc478195b1c4b7d2153b30 [LEADER]: Queue going to LEADER mode. State: All replicated index: 0, Majority replicated index: 0, Committed index: 0, Last appended: 0.0, Last appended by leader: 0, Current term: 1, Majority size: 1, State: 0, Mode: LEADER, active raft config: opid_index: -1 OBSOLETE_local: true peers { permanent_uuid: "7a1620326ffc478195b1c4b7d2153b30" member_type: VOTER }
I20260710 13:18:30.790277  6383 sys_catalog.cc:455] T 00000000000000000000000000000000 P 7a1620326ffc478195b1c4b7d2153b30 [sys.catalog]: SysCatalogTable state changed. Reason: RaftConsensus started. Latest consensus state: current_term: 1 leader_uuid: "7a1620326ffc478195b1c4b7d2153b30" committed_config { opid_index: -1 OBSOLETE_local: true peers { permanent_uuid: "7a1620326ffc478195b1c4b7d2153b30" member_type: VOTER } }
I20260710 13:18:30.790318  6384 sys_catalog.cc:455] T 00000000000000000000000000000000 P 7a1620326ffc478195b1c4b7d2153b30 [sys.catalog]: SysCatalogTable state changed. Reason: New leader 7a1620326ffc478195b1c4b7d2153b30. Latest consensus state: current_term: 1 leader_uuid: "7a1620326ffc478195b1c4b7d2153b30" committed_config { opid_index: -1 OBSOLETE_local: true peers { permanent_uuid: "7a1620326ffc478195b1c4b7d2153b30" member_type: VOTER } }
I20260710 13:18:30.791356  6384 sys_catalog.cc:458] T 00000000000000000000000000000000 P 7a1620326ffc478195b1c4b7d2153b30 [sys.catalog]: This master's current role is: LEADER
I20260710 13:18:30.791338  6383 sys_catalog.cc:458] T 00000000000000000000000000000000 P 7a1620326ffc478195b1c4b7d2153b30 [sys.catalog]: This master's current role is: LEADER
I20260710 13:18:30.795248  6390 catalog_manager.cc:1511] Loading table and tablet metadata into memory...
I20260710 13:18:30.805436  6390 catalog_manager.cc:1520] Initializing Kudu cluster ID...
I20260710 13:18:30.806648  5803 internal_mini_cluster.cc:184] Waiting to initialize catalog manager on master 0
I20260710 13:18:30.815567  6390 catalog_manager.cc:1383] Generated new cluster ID: e7f3ce2249bf44119f90eaee70e7b817
I20260710 13:18:30.815871  6390 catalog_manager.cc:1531] Initializing Kudu internal certificate authority...
I20260710 13:18:30.837117  6390 catalog_manager.cc:1406] Generated new certificate authority record
I20260710 13:18:30.838527  6390 catalog_manager.cc:1540] Loading token signing keys...
I20260710 13:18:30.855453  6390 catalog_manager.cc:6070] T 00000000000000000000000000000000 P 7a1620326ffc478195b1c4b7d2153b30: Generated new TSK 0
I20260710 13:18:30.856154  6390 catalog_manager.cc:1550] Initializing in-progress tserver states...
I20260710 13:18:30.873144  5803 file_cache.cc:504] Constructed file cache file cache with capacity 419430
W20260710 13:18:30.879992  6400 instance_detector.cc:116] could not retrieve AWS instance metadata: Network error: curl error: HTTP response code said error: The requested URL returned error: 404
W20260710 13:18:30.880373  6401 instance_detector.cc:116] could not retrieve Azure instance metadata: Network error: curl error: HTTP response code said error: The requested URL returned error: 404
W20260710 13:18:30.882371  6403 instance_detector.cc:116] could not retrieve OpenStack instance metadata: Network error: curl error: HTTP response code said error: The requested URL returned error: 404
I20260710 13:18:30.883190  5803 server_base.cc:1061] running on GCE node
I20260710 13:18:30.884218  5803 hybrid_clock.cc:584] initializing the hybrid clock with 'system_unsync' time source
W20260710 13:18:30.884465  5803 system_unsync_time.cc:38] NTP support is disabled. Clock error bounds will not be accurate. This configuration is not suitable for distributed clusters.
I20260710 13:18:30.884658  5803 hybrid_clock.cc:648] HybridClock initialized: now 1783689510884634 us; error 0 us; skew 500 ppm
I20260710 13:18:30.885221  5803 server_base.cc:861] Flag tcmalloc_max_total_thread_cache_bytes is not working since tcmalloc is not enabled.
I20260710 13:18:30.888114  5803 webserver.cc:533] Webserver started at http://127.5.170.193:41821/ using document root <none> and password file <none>
I20260710 13:18:30.888665  5803 fs_manager.cc:362] Metadata directory not provided
I20260710 13:18:30.888901  5803 fs_manager.cc:368] Using write-ahead log directory (fs_wal_dir) as metadata directory
I20260710 13:18:30.889200  5803 server_base.cc:909] This appears to be a new deployment of Kudu; creating new FS layout
I20260710 13:18:30.890348  5803 fs_manager.cc:1068] Generated new instance metadata in path /tmp/dist-test-taskeMVWag/test-tmp/auto_leader_rebalancer-test.0.LeaderRebalancerTest.FunctionalTestForNotDivided.1783689496224877-5803-0/minicluster-data/ts-0-root/instance:
uuid: "ab1a78215def4f80ace43eed653293d1"
format_stamp: "Formatted at 2026-07-10 13:18:30 on dist-test-slave-l4wm"
I20260710 13:18:30.895423  5803 fs_manager.cc:696] Time spent creating directory manager: real 0.004s	user 0.007s	sys 0.000s
I20260710 13:18:30.899021  6408 log_block_manager.cc:4127] Time spent loading block containers with low live blocks: real 0.000s	user 0.000s	sys 0.000s
I20260710 13:18:30.899837  5803 fs_manager.cc:730] Time spent opening block manager: real 0.002s	user 0.003s	sys 0.000s
I20260710 13:18:30.900206  5803 fs_manager.cc:647] Opened local filesystem: /tmp/dist-test-taskeMVWag/test-tmp/auto_leader_rebalancer-test.0.LeaderRebalancerTest.FunctionalTestForNotDivided.1783689496224877-5803-0/minicluster-data/ts-0-root
uuid: "ab1a78215def4f80ace43eed653293d1"
format_stamp: "Formatted at 2026-07-10 13:18:30 on dist-test-slave-l4wm"
I20260710 13:18:30.900465  5803 fs_report.cc:389] FS layout report
--------------------
wal directory: /tmp/dist-test-taskeMVWag/test-tmp/auto_leader_rebalancer-test.0.LeaderRebalancerTest.FunctionalTestForNotDivided.1783689496224877-5803-0/minicluster-data/ts-0-root
metadata directory: /tmp/dist-test-taskeMVWag/test-tmp/auto_leader_rebalancer-test.0.LeaderRebalancerTest.FunctionalTestForNotDivided.1783689496224877-5803-0/minicluster-data/ts-0-root
1 data directories: /tmp/dist-test-taskeMVWag/test-tmp/auto_leader_rebalancer-test.0.LeaderRebalancerTest.FunctionalTestForNotDivided.1783689496224877-5803-0/minicluster-data/ts-0-root/data
Total live blocks: 0
Total live bytes: 0
Total live bytes (after alignment): 0
Total number of LBM containers: 0 (0 full)
Did not check for missing blocks
Did not check for orphaned blocks
Total full LBM containers with extra space: 0 (0 repaired)
Total full LBM container extra space in bytes: 0 (0 repaired)
Total incomplete LBM containers: 0 (0 repaired)
Total LBM partial records: 0 (0 repaired)
Total corrupted LBM metadata records in RocksDB: 0 (0 repaired)
I20260710 13:18:30.921514  5803 rpc_server.cc:225] running with OpenSSL 1.1.1  11 Sep 2018
I20260710 13:18:30.922837  5803 kserver.cc:163] Server-wide thread pool size limit: 3276
I20260710 13:18:30.924461  5803 txn_system_client.cc:432] TxnSystemClient initialization is disabled...
I20260710 13:18:30.926985  5803 ts_tablet_manager.cc:585] Loaded tablet metadata (0 total tablets, 0 live tablets)
I20260710 13:18:30.927237  5803 ts_tablet_manager.cc:531] Time spent load tablet metadata: real 0.000s	user 0.000s	sys 0.000s
I20260710 13:18:30.927500  5803 ts_tablet_manager.cc:616] Registered 0 tablets
I20260710 13:18:30.927702  5803 ts_tablet_manager.cc:595] Time spent register tablets: real 0.000s	user 0.000s	sys 0.000s
I20260710 13:18:30.972999  5803 rpc_server.cc:307] RPC server started. Bound to: 127.5.170.193:35369
I20260710 13:18:30.973165  6470 acceptor_pool.cc:272] collecting diagnostics on the listening RPC socket 127.5.170.193:35369 every 8 connection(s)
I20260710 13:18:30.978560  5803 file_cache.cc:504] Constructed file cache file cache with capacity 419430
W20260710 13:18:30.986392  6475 instance_detector.cc:116] could not retrieve AWS instance metadata: Network error: curl error: HTTP response code said error: The requested URL returned error: 404
W20260710 13:18:30.988091  6476 instance_detector.cc:116] could not retrieve Azure instance metadata: Network error: curl error: HTTP response code said error: The requested URL returned error: 404
I20260710 13:18:30.990521  5803 server_base.cc:1061] running on GCE node
W20260710 13:18:30.990468  6478 instance_detector.cc:116] could not retrieve OpenStack instance metadata: Network error: curl error: HTTP response code said error: The requested URL returned error: 404
I20260710 13:18:30.992105  5803 hybrid_clock.cc:584] initializing the hybrid clock with 'system_unsync' time source
W20260710 13:18:30.992389  5803 system_unsync_time.cc:38] NTP support is disabled. Clock error bounds will not be accurate. This configuration is not suitable for distributed clusters.
I20260710 13:18:30.992602  5803 hybrid_clock.cc:648] HybridClock initialized: now 1783689510992582 us; error 0 us; skew 500 ppm
I20260710 13:18:30.993212  5803 server_base.cc:861] Flag tcmalloc_max_total_thread_cache_bytes is not working since tcmalloc is not enabled.
I20260710 13:18:30.995376  6471 heartbeater.cc:344] Connected to a master server at 127.5.170.254:41605
I20260710 13:18:30.995748  6471 heartbeater.cc:461] Registering TS with master...
I20260710 13:18:30.996445  5803 webserver.cc:533] Webserver started at http://127.5.170.194:41239/ using document root <none> and password file <none>
I20260710 13:18:30.996716  6471 heartbeater.cc:507] Master 127.5.170.254:41605 requested a full tablet report, sending...
I20260710 13:18:30.996937  5803 fs_manager.cc:362] Metadata directory not provided
I20260710 13:18:30.997215  5803 fs_manager.cc:368] Using write-ahead log directory (fs_wal_dir) as metadata directory
I20260710 13:18:30.997496  5803 server_base.cc:909] This appears to be a new deployment of Kudu; creating new FS layout
I20260710 13:18:30.998812  5803 fs_manager.cc:1068] Generated new instance metadata in path /tmp/dist-test-taskeMVWag/test-tmp/auto_leader_rebalancer-test.0.LeaderRebalancerTest.FunctionalTestForNotDivided.1783689496224877-5803-0/minicluster-data/ts-1-root/instance:
uuid: "9633744f4e8e43b5bc41df4966bbfbe1"
format_stamp: "Formatted at 2026-07-10 13:18:30 on dist-test-slave-l4wm"
I20260710 13:18:30.998991  6344 ts_manager.cc:194] Registered new tserver with Master: ab1a78215def4f80ace43eed653293d1 (127.5.170.193:35369)
I20260710 13:18:31.000895  6344 master_service.cc:502] Signed X509 certificate for tserver {username='slave'} at 127.0.0.1:37070
I20260710 13:18:31.003837  5803 fs_manager.cc:696] Time spent creating directory manager: real 0.004s	user 0.001s	sys 0.006s
I20260710 13:18:31.007463  6483 log_block_manager.cc:4127] Time spent loading block containers with low live blocks: real 0.000s	user 0.000s	sys 0.000s
I20260710 13:18:31.008471  5803 fs_manager.cc:730] Time spent opening block manager: real 0.003s	user 0.003s	sys 0.000s
I20260710 13:18:31.008782  5803 fs_manager.cc:647] Opened local filesystem: /tmp/dist-test-taskeMVWag/test-tmp/auto_leader_rebalancer-test.0.LeaderRebalancerTest.FunctionalTestForNotDivided.1783689496224877-5803-0/minicluster-data/ts-1-root
uuid: "9633744f4e8e43b5bc41df4966bbfbe1"
format_stamp: "Formatted at 2026-07-10 13:18:30 on dist-test-slave-l4wm"
I20260710 13:18:31.009028  5803 fs_report.cc:389] FS layout report
--------------------
wal directory: /tmp/dist-test-taskeMVWag/test-tmp/auto_leader_rebalancer-test.0.LeaderRebalancerTest.FunctionalTestForNotDivided.1783689496224877-5803-0/minicluster-data/ts-1-root
metadata directory: /tmp/dist-test-taskeMVWag/test-tmp/auto_leader_rebalancer-test.0.LeaderRebalancerTest.FunctionalTestForNotDivided.1783689496224877-5803-0/minicluster-data/ts-1-root
1 data directories: /tmp/dist-test-taskeMVWag/test-tmp/auto_leader_rebalancer-test.0.LeaderRebalancerTest.FunctionalTestForNotDivided.1783689496224877-5803-0/minicluster-data/ts-1-root/data
Total live blocks: 0
Total live bytes: 0
Total live bytes (after alignment): 0
Total number of LBM containers: 0 (0 full)
Did not check for missing blocks
Did not check for orphaned blocks
Total full LBM containers with extra space: 0 (0 repaired)
Total full LBM container extra space in bytes: 0 (0 repaired)
Total incomplete LBM containers: 0 (0 repaired)
Total LBM partial records: 0 (0 repaired)
Total corrupted LBM metadata records in RocksDB: 0 (0 repaired)
I20260710 13:18:31.027244  5803 rpc_server.cc:225] running with OpenSSL 1.1.1  11 Sep 2018
I20260710 13:18:31.028476  5803 kserver.cc:163] Server-wide thread pool size limit: 3276
I20260710 13:18:31.029886  5803 txn_system_client.cc:432] TxnSystemClient initialization is disabled...
I20260710 13:18:31.032266  5803 ts_tablet_manager.cc:585] Loaded tablet metadata (0 total tablets, 0 live tablets)
I20260710 13:18:31.032449  5803 ts_tablet_manager.cc:531] Time spent load tablet metadata: real 0.000s	user 0.000s	sys 0.000s
I20260710 13:18:31.032742  5803 ts_tablet_manager.cc:616] Registered 0 tablets
I20260710 13:18:31.032909  5803 ts_tablet_manager.cc:595] Time spent register tablets: real 0.000s	user 0.000s	sys 0.000s
I20260710 13:18:31.075019  5803 rpc_server.cc:307] RPC server started. Bound to: 127.5.170.194:38753
I20260710 13:18:31.075168  6545 acceptor_pool.cc:272] collecting diagnostics on the listening RPC socket 127.5.170.194:38753 every 8 connection(s)
I20260710 13:18:31.079780  5803 file_cache.cc:504] Constructed file cache file cache with capacity 419430
W20260710 13:18:31.086503  6549 instance_detector.cc:116] could not retrieve AWS instance metadata: Network error: curl error: HTTP response code said error: The requested URL returned error: 404
W20260710 13:18:31.088101  6550 instance_detector.cc:116] could not retrieve Azure instance metadata: Network error: curl error: HTTP response code said error: The requested URL returned error: 404
W20260710 13:18:31.090939  6552 instance_detector.cc:116] could not retrieve OpenStack instance metadata: Network error: curl error: HTTP response code said error: The requested URL returned error: 404
I20260710 13:18:31.091995  5803 server_base.cc:1061] running on GCE node
I20260710 13:18:31.092280  6546 heartbeater.cc:344] Connected to a master server at 127.5.170.254:41605
I20260710 13:18:31.092697  6546 heartbeater.cc:461] Registering TS with master...
I20260710 13:18:31.093078  5803 hybrid_clock.cc:584] initializing the hybrid clock with 'system_unsync' time source
W20260710 13:18:31.093343  5803 system_unsync_time.cc:38] NTP support is disabled. Clock error bounds will not be accurate. This configuration is not suitable for distributed clusters.
I20260710 13:18:31.093559  5803 hybrid_clock.cc:648] HybridClock initialized: now 1783689511093540 us; error 0 us; skew 500 ppm
I20260710 13:18:31.093609  6546 heartbeater.cc:507] Master 127.5.170.254:41605 requested a full tablet report, sending...
I20260710 13:18:31.094316  5803 server_base.cc:861] Flag tcmalloc_max_total_thread_cache_bytes is not working since tcmalloc is not enabled.
I20260710 13:18:31.095702  6344 ts_manager.cc:194] Registered new tserver with Master: 9633744f4e8e43b5bc41df4966bbfbe1 (127.5.170.194:38753)
I20260710 13:18:31.097213  6344 master_service.cc:502] Signed X509 certificate for tserver {username='slave'} at 127.0.0.1:37084
I20260710 13:18:31.097790  5803 webserver.cc:533] Webserver started at http://127.5.170.195:35715/ using document root <none> and password file <none>
I20260710 13:18:31.098332  5803 fs_manager.cc:362] Metadata directory not provided
I20260710 13:18:31.098577  5803 fs_manager.cc:368] Using write-ahead log directory (fs_wal_dir) as metadata directory
I20260710 13:18:31.098865  5803 server_base.cc:909] This appears to be a new deployment of Kudu; creating new FS layout
I20260710 13:18:31.100023  5803 fs_manager.cc:1068] Generated new instance metadata in path /tmp/dist-test-taskeMVWag/test-tmp/auto_leader_rebalancer-test.0.LeaderRebalancerTest.FunctionalTestForNotDivided.1783689496224877-5803-0/minicluster-data/ts-2-root/instance:
uuid: "b04cb09c4eb645ff8113b1bffdacdb3d"
format_stamp: "Formatted at 2026-07-10 13:18:31 on dist-test-slave-l4wm"
I20260710 13:18:31.104745  5803 fs_manager.cc:696] Time spent creating directory manager: real 0.004s	user 0.002s	sys 0.001s
I20260710 13:18:31.108497  6557 log_block_manager.cc:4127] Time spent loading block containers with low live blocks: real 0.000s	user 0.000s	sys 0.000s
I20260710 13:18:31.109524  5803 fs_manager.cc:730] Time spent opening block manager: real 0.003s	user 0.003s	sys 0.001s
I20260710 13:18:31.109860  5803 fs_manager.cc:647] Opened local filesystem: /tmp/dist-test-taskeMVWag/test-tmp/auto_leader_rebalancer-test.0.LeaderRebalancerTest.FunctionalTestForNotDivided.1783689496224877-5803-0/minicluster-data/ts-2-root
uuid: "b04cb09c4eb645ff8113b1bffdacdb3d"
format_stamp: "Formatted at 2026-07-10 13:18:31 on dist-test-slave-l4wm"
I20260710 13:18:31.110131  5803 fs_report.cc:389] FS layout report
--------------------
wal directory: /tmp/dist-test-taskeMVWag/test-tmp/auto_leader_rebalancer-test.0.LeaderRebalancerTest.FunctionalTestForNotDivided.1783689496224877-5803-0/minicluster-data/ts-2-root
metadata directory: /tmp/dist-test-taskeMVWag/test-tmp/auto_leader_rebalancer-test.0.LeaderRebalancerTest.FunctionalTestForNotDivided.1783689496224877-5803-0/minicluster-data/ts-2-root
1 data directories: /tmp/dist-test-taskeMVWag/test-tmp/auto_leader_rebalancer-test.0.LeaderRebalancerTest.FunctionalTestForNotDivided.1783689496224877-5803-0/minicluster-data/ts-2-root/data
Total live blocks: 0
Total live bytes: 0
Total live bytes (after alignment): 0
Total number of LBM containers: 0 (0 full)
Did not check for missing blocks
Did not check for orphaned blocks
Total full LBM containers with extra space: 0 (0 repaired)
Total full LBM container extra space in bytes: 0 (0 repaired)
Total incomplete LBM containers: 0 (0 repaired)
Total LBM partial records: 0 (0 repaired)
Total corrupted LBM metadata records in RocksDB: 0 (0 repaired)
I20260710 13:18:31.120733  5803 rpc_server.cc:225] running with OpenSSL 1.1.1  11 Sep 2018
I20260710 13:18:31.122066  5803 kserver.cc:163] Server-wide thread pool size limit: 3276
I20260710 13:18:31.123732  5803 txn_system_client.cc:432] TxnSystemClient initialization is disabled...
I20260710 13:18:31.126201  5803 ts_tablet_manager.cc:585] Loaded tablet metadata (0 total tablets, 0 live tablets)
I20260710 13:18:31.126579  5803 ts_tablet_manager.cc:531] Time spent load tablet metadata: real 0.000s	user 0.000s	sys 0.000s
I20260710 13:18:31.126865  5803 ts_tablet_manager.cc:616] Registered 0 tablets
I20260710 13:18:31.127054  5803 ts_tablet_manager.cc:595] Time spent register tablets: real 0.000s	user 0.000s	sys 0.000s
I20260710 13:18:31.169034  5803 rpc_server.cc:307] RPC server started. Bound to: 127.5.170.195:37769
I20260710 13:18:31.169130  6619 acceptor_pool.cc:272] collecting diagnostics on the listening RPC socket 127.5.170.195:37769 every 8 connection(s)
I20260710 13:18:31.184113  6620 heartbeater.cc:344] Connected to a master server at 127.5.170.254:41605
I20260710 13:18:31.184504  6620 heartbeater.cc:461] Registering TS with master...
I20260710 13:18:31.185267  6620 heartbeater.cc:507] Master 127.5.170.254:41605 requested a full tablet report, sending...
I20260710 13:18:31.188089  6344 ts_manager.cc:194] Registered new tserver with Master: b04cb09c4eb645ff8113b1bffdacdb3d (127.5.170.195:37769)
I20260710 13:18:31.188830  5803 internal_mini_cluster.cc:371] 3 TS(s) registered with all masters after 0.016365364s
I20260710 13:18:31.190029  6344 master_service.cc:502] Signed X509 certificate for tserver {username='slave'} at 127.0.0.1:37096
I20260710 13:18:31.216478  6344 catalog_manager.cc:2283] Servicing CreateTable request from {username='slave'} at 127.0.0.1:37100:
name: "test-workload"
schema {
  columns {
    name: "key"
    type: INT32
    is_key: true
    is_nullable: false
    encoding: AUTO_ENCODING
    compression: DEFAULT_COMPRESSION
    cfile_block_size: 0
    immutable: false
  }
  columns {
    name: "int_val"
    type: INT32
    is_key: false
    is_nullable: false
    encoding: AUTO_ENCODING
    compression: DEFAULT_COMPRESSION
    cfile_block_size: 0
    immutable: false
  }
  columns {
    name: "string_val"
    type: STRING
    is_key: false
    is_nullable: true
    encoding: AUTO_ENCODING
    compression: DEFAULT_COMPRESSION
    cfile_block_size: 0
    immutable: false
  }
}
num_replicas: 3
split_rows_range_bounds {
  rows: "\004\001\000\314\314\314\014\004\001\000\230\231\231\031\004\001\000dff&\004\001\0000333\004\001\000\374\377\377?\004\001\000\310\314\314L\004\001\000\224\231\231Y\004\001\000`fff\004\001\000,33s""\004\001\000\314\314\314\014\004\001\000\230\231\231\031\004\001\000dff&\004\001\0000333\004\001\000\374\377\377?\004\001\000\310\314\314L\004\001\000\224\231\231Y\004\001\000`fff\004\001\000,33s"
  indirect_data: """"
}
partition_schema {
  range_schema {
    columns {
      name: "key"
    }
  }
}
W20260710 13:18:31.219470  6344 catalog_manager.cc:7077] The number of live tablet servers is not enough to re-replicate a tablet replica of the newly created table test-workload in case of a server failure: 4 tablet servers would be needed, 3 are available. Consider bringing up more tablet servers.
I20260710 13:18:31.291950  6436 tablet_service.cc:1511] Processing CreateTablet for tablet 1d494b05355348e4a329ae25031b6f86 (DEFAULT_TABLE table=test-workload [id=57a0434bd8904d9eadfc595bb9b0e47d]), partition=RANGE (key) PARTITION VALUES < 214748364
I20260710 13:18:31.301133  6436 data_dirs.cc:400] Could only allocate 1 dirs of requested 3 for tablet 1d494b05355348e4a329ae25031b6f86. 1 dirs total, 0 dirs full, 0 dirs failed
I20260710 13:18:31.301215  6435 tablet_service.cc:1511] Processing CreateTablet for tablet 068fa758bbea41f590028546dcad1fa1 (DEFAULT_TABLE table=test-workload [id=57a0434bd8904d9eadfc595bb9b0e47d]), partition=RANGE (key) PARTITION 214748364 <= VALUES < 429496728
I20260710 13:18:31.303321  6433 tablet_service.cc:1511] Processing CreateTablet for tablet 264d41ee2a524ff6a7bdc2151ed5ced8 (DEFAULT_TABLE table=test-workload [id=57a0434bd8904d9eadfc595bb9b0e47d]), partition=RANGE (key) PARTITION 644245092 <= VALUES < 858993456
I20260710 13:18:31.303354  6434 tablet_service.cc:1511] Processing CreateTablet for tablet 27084cfe01544b2094d50917601f5c24 (DEFAULT_TABLE table=test-workload [id=57a0434bd8904d9eadfc595bb9b0e47d]), partition=RANGE (key) PARTITION 429496728 <= VALUES < 644245092
I20260710 13:18:31.304994  6433 data_dirs.cc:400] Could only allocate 1 dirs of requested 3 for tablet 264d41ee2a524ff6a7bdc2151ed5ced8. 1 dirs total, 0 dirs full, 0 dirs failed
I20260710 13:18:31.305406  6511 tablet_service.cc:1511] Processing CreateTablet for tablet 1d494b05355348e4a329ae25031b6f86 (DEFAULT_TABLE table=test-workload [id=57a0434bd8904d9eadfc595bb9b0e47d]), partition=RANGE (key) PARTITION VALUES < 214748364
I20260710 13:18:31.306443  6511 data_dirs.cc:400] Could only allocate 1 dirs of requested 3 for tablet 1d494b05355348e4a329ae25031b6f86. 1 dirs total, 0 dirs full, 0 dirs failed
I20260710 13:18:31.309957  6510 tablet_service.cc:1511] Processing CreateTablet for tablet 068fa758bbea41f590028546dcad1fa1 (DEFAULT_TABLE table=test-workload [id=57a0434bd8904d9eadfc595bb9b0e47d]), partition=RANGE (key) PARTITION 214748364 <= VALUES < 429496728
I20260710 13:18:31.310747  6509 tablet_service.cc:1511] Processing CreateTablet for tablet 27084cfe01544b2094d50917601f5c24 (DEFAULT_TABLE table=test-workload [id=57a0434bd8904d9eadfc595bb9b0e47d]), partition=RANGE (key) PARTITION 429496728 <= VALUES < 644245092
I20260710 13:18:31.314004  6508 tablet_service.cc:1511] Processing CreateTablet for tablet 264d41ee2a524ff6a7bdc2151ed5ced8 (DEFAULT_TABLE table=test-workload [id=57a0434bd8904d9eadfc595bb9b0e47d]), partition=RANGE (key) PARTITION 644245092 <= VALUES < 858993456
I20260710 13:18:31.316735  6432 tablet_service.cc:1511] Processing CreateTablet for tablet 52fec8e9b36349ec8f2c726e1e925384 (DEFAULT_TABLE table=test-workload [id=57a0434bd8904d9eadfc595bb9b0e47d]), partition=RANGE (key) PARTITION 858993456 <= VALUES < 1073741820
I20260710 13:18:31.319962  6507 tablet_service.cc:1511] Processing CreateTablet for tablet 52fec8e9b36349ec8f2c726e1e925384 (DEFAULT_TABLE table=test-workload [id=57a0434bd8904d9eadfc595bb9b0e47d]), partition=RANGE (key) PARTITION 858993456 <= VALUES < 1073741820
I20260710 13:18:31.320019  6431 tablet_service.cc:1511] Processing CreateTablet for tablet ffb653a4e6944797b71f4cc106c7ddaf (DEFAULT_TABLE table=test-workload [id=57a0434bd8904d9eadfc595bb9b0e47d]), partition=RANGE (key) PARTITION 1073741820 <= VALUES < 1288490184
I20260710 13:18:31.311288  6510 data_dirs.cc:400] Could only allocate 1 dirs of requested 3 for tablet 068fa758bbea41f590028546dcad1fa1. 1 dirs total, 0 dirs full, 0 dirs failed
I20260710 13:18:31.322165  6507 data_dirs.cc:400] Could only allocate 1 dirs of requested 3 for tablet 52fec8e9b36349ec8f2c726e1e925384. 1 dirs total, 0 dirs full, 0 dirs failed
I20260710 13:18:31.328348  6509 data_dirs.cc:400] Could only allocate 1 dirs of requested 3 for tablet 27084cfe01544b2094d50917601f5c24. 1 dirs total, 0 dirs full, 0 dirs failed
I20260710 13:18:31.332369  6508 data_dirs.cc:400] Could only allocate 1 dirs of requested 3 for tablet 264d41ee2a524ff6a7bdc2151ed5ced8. 1 dirs total, 0 dirs full, 0 dirs failed
I20260710 13:18:31.308266  6435 data_dirs.cc:400] Could only allocate 1 dirs of requested 3 for tablet 068fa758bbea41f590028546dcad1fa1. 1 dirs total, 0 dirs full, 0 dirs failed
I20260710 13:18:31.335731  6585 tablet_service.cc:1511] Processing CreateTablet for tablet 1d494b05355348e4a329ae25031b6f86 (DEFAULT_TABLE table=test-workload [id=57a0434bd8904d9eadfc595bb9b0e47d]), partition=RANGE (key) PARTITION VALUES < 214748364
I20260710 13:18:31.337708  6585 data_dirs.cc:400] Could only allocate 1 dirs of requested 3 for tablet 1d494b05355348e4a329ae25031b6f86. 1 dirs total, 0 dirs full, 0 dirs failed
I20260710 13:18:31.341686  6584 tablet_service.cc:1511] Processing CreateTablet for tablet 068fa758bbea41f590028546dcad1fa1 (DEFAULT_TABLE table=test-workload [id=57a0434bd8904d9eadfc595bb9b0e47d]), partition=RANGE (key) PARTITION 214748364 <= VALUES < 429496728
I20260710 13:18:31.343253  6432 data_dirs.cc:400] Could only allocate 1 dirs of requested 3 for tablet 52fec8e9b36349ec8f2c726e1e925384. 1 dirs total, 0 dirs full, 0 dirs failed
I20260710 13:18:31.345348  6583 tablet_service.cc:1511] Processing CreateTablet for tablet 27084cfe01544b2094d50917601f5c24 (DEFAULT_TABLE table=test-workload [id=57a0434bd8904d9eadfc595bb9b0e47d]), partition=RANGE (key) PARTITION 429496728 <= VALUES < 644245092
I20260710 13:18:31.347710  6582 tablet_service.cc:1511] Processing CreateTablet for tablet 264d41ee2a524ff6a7bdc2151ed5ced8 (DEFAULT_TABLE table=test-workload [id=57a0434bd8904d9eadfc595bb9b0e47d]), partition=RANGE (key) PARTITION 644245092 <= VALUES < 858993456
I20260710 13:18:31.348492  6431 data_dirs.cc:400] Could only allocate 1 dirs of requested 3 for tablet ffb653a4e6944797b71f4cc106c7ddaf. 1 dirs total, 0 dirs full, 0 dirs failed
I20260710 13:18:31.350989  6581 tablet_service.cc:1511] Processing CreateTablet for tablet 52fec8e9b36349ec8f2c726e1e925384 (DEFAULT_TABLE table=test-workload [id=57a0434bd8904d9eadfc595bb9b0e47d]), partition=RANGE (key) PARTITION 858993456 <= VALUES < 1073741820
I20260710 13:18:31.352451  6434 data_dirs.cc:400] Could only allocate 1 dirs of requested 3 for tablet 27084cfe01544b2094d50917601f5c24. 1 dirs total, 0 dirs full, 0 dirs failed
I20260710 13:18:31.343665  6584 data_dirs.cc:400] Could only allocate 1 dirs of requested 3 for tablet 068fa758bbea41f590028546dcad1fa1. 1 dirs total, 0 dirs full, 0 dirs failed
I20260710 13:18:31.356338  6583 data_dirs.cc:400] Could only allocate 1 dirs of requested 3 for tablet 27084cfe01544b2094d50917601f5c24. 1 dirs total, 0 dirs full, 0 dirs failed
I20260710 13:18:31.357919  6582 data_dirs.cc:400] Could only allocate 1 dirs of requested 3 for tablet 264d41ee2a524ff6a7bdc2151ed5ced8. 1 dirs total, 0 dirs full, 0 dirs failed
I20260710 13:18:31.360507  6581 data_dirs.cc:400] Could only allocate 1 dirs of requested 3 for tablet 52fec8e9b36349ec8f2c726e1e925384. 1 dirs total, 0 dirs full, 0 dirs failed
I20260710 13:18:31.364182  6506 tablet_service.cc:1511] Processing CreateTablet for tablet ffb653a4e6944797b71f4cc106c7ddaf (DEFAULT_TABLE table=test-workload [id=57a0434bd8904d9eadfc595bb9b0e47d]), partition=RANGE (key) PARTITION 1073741820 <= VALUES < 1288490184
I20260710 13:18:31.366142  6506 data_dirs.cc:400] Could only allocate 1 dirs of requested 3 for tablet ffb653a4e6944797b71f4cc106c7ddaf. 1 dirs total, 0 dirs full, 0 dirs failed
I20260710 13:18:31.389531  6580 tablet_service.cc:1511] Processing CreateTablet for tablet ffb653a4e6944797b71f4cc106c7ddaf (DEFAULT_TABLE table=test-workload [id=57a0434bd8904d9eadfc595bb9b0e47d]), partition=RANGE (key) PARTITION 1073741820 <= VALUES < 1288490184
I20260710 13:18:31.392068  6580 data_dirs.cc:400] Could only allocate 1 dirs of requested 3 for tablet ffb653a4e6944797b71f4cc106c7ddaf. 1 dirs total, 0 dirs full, 0 dirs failed
I20260710 13:18:31.412757  6430 tablet_service.cc:1511] Processing CreateTablet for tablet dd5ef564d4dd492d99d1d379deecafff (DEFAULT_TABLE table=test-workload [id=57a0434bd8904d9eadfc595bb9b0e47d]), partition=RANGE (key) PARTITION 1288490184 <= VALUES < 1503238548
I20260710 13:18:31.414390  6430 data_dirs.cc:400] Could only allocate 1 dirs of requested 3 for tablet dd5ef564d4dd492d99d1d379deecafff. 1 dirs total, 0 dirs full, 0 dirs failed
I20260710 13:18:31.420925  6505 tablet_service.cc:1511] Processing CreateTablet for tablet dd5ef564d4dd492d99d1d379deecafff (DEFAULT_TABLE table=test-workload [id=57a0434bd8904d9eadfc595bb9b0e47d]), partition=RANGE (key) PARTITION 1288490184 <= VALUES < 1503238548
I20260710 13:18:31.436895  6579 tablet_service.cc:1511] Processing CreateTablet for tablet dd5ef564d4dd492d99d1d379deecafff (DEFAULT_TABLE table=test-workload [id=57a0434bd8904d9eadfc595bb9b0e47d]), partition=RANGE (key) PARTITION 1288490184 <= VALUES < 1503238548
I20260710 13:18:31.438337  6579 data_dirs.cc:400] Could only allocate 1 dirs of requested 3 for tablet dd5ef564d4dd492d99d1d379deecafff. 1 dirs total, 0 dirs full, 0 dirs failed
I20260710 13:18:31.446866  6636 tablet_bootstrap.cc:492] T 1d494b05355348e4a329ae25031b6f86 P ab1a78215def4f80ace43eed653293d1: Bootstrap starting.
I20260710 13:18:31.447695  6505 data_dirs.cc:400] Could only allocate 1 dirs of requested 3 for tablet dd5ef564d4dd492d99d1d379deecafff. 1 dirs total, 0 dirs full, 0 dirs failed
I20260710 13:18:31.447960  6429 tablet_service.cc:1511] Processing CreateTablet for tablet c30bbb7c49724dc18b223636cb9f563d (DEFAULT_TABLE table=test-workload [id=57a0434bd8904d9eadfc595bb9b0e47d]), partition=RANGE (key) PARTITION 1503238548 <= VALUES < 1717986912
I20260710 13:18:31.449415  6429 data_dirs.cc:400] Could only allocate 1 dirs of requested 3 for tablet c30bbb7c49724dc18b223636cb9f563d. 1 dirs total, 0 dirs full, 0 dirs failed
I20260710 13:18:31.474217  6436 tablet_service.cc:1511] Processing CreateTablet for tablet 60f88bcd5c3e4314831b73106eef5475 (DEFAULT_TABLE table=test-workload [id=57a0434bd8904d9eadfc595bb9b0e47d]), partition=RANGE (key) PARTITION 1717986912 <= VALUES < 1932735276
I20260710 13:18:31.471179  6578 tablet_service.cc:1511] Processing CreateTablet for tablet c30bbb7c49724dc18b223636cb9f563d (DEFAULT_TABLE table=test-workload [id=57a0434bd8904d9eadfc595bb9b0e47d]), partition=RANGE (key) PARTITION 1503238548 <= VALUES < 1717986912
I20260710 13:18:31.477880  6578 data_dirs.cc:400] Could only allocate 1 dirs of requested 3 for tablet c30bbb7c49724dc18b223636cb9f563d. 1 dirs total, 0 dirs full, 0 dirs failed
I20260710 13:18:31.480127  6436 data_dirs.cc:400] Could only allocate 1 dirs of requested 3 for tablet 60f88bcd5c3e4314831b73106eef5475. 1 dirs total, 0 dirs full, 0 dirs failed
I20260710 13:18:31.481722  6507 tablet_service.cc:1511] Processing CreateTablet for tablet c30bbb7c49724dc18b223636cb9f563d (DEFAULT_TABLE table=test-workload [id=57a0434bd8904d9eadfc595bb9b0e47d]), partition=RANGE (key) PARTITION 1503238548 <= VALUES < 1717986912
I20260710 13:18:31.490137  6635 tablet_bootstrap.cc:492] T 1d494b05355348e4a329ae25031b6f86 P 9633744f4e8e43b5bc41df4966bbfbe1: Bootstrap starting.
I20260710 13:18:31.503000  6636 tablet_bootstrap.cc:654] T 1d494b05355348e4a329ae25031b6f86 P ab1a78215def4f80ace43eed653293d1: Neither blocks nor log segments found. Creating new log.
I20260710 13:18:31.507294  6507 data_dirs.cc:400] Could only allocate 1 dirs of requested 3 for tablet c30bbb7c49724dc18b223636cb9f563d. 1 dirs total, 0 dirs full, 0 dirs failed
I20260710 13:18:31.510151  6508 tablet_service.cc:1511] Processing CreateTablet for tablet 60f88bcd5c3e4314831b73106eef5475 (DEFAULT_TABLE table=test-workload [id=57a0434bd8904d9eadfc595bb9b0e47d]), partition=RANGE (key) PARTITION 1717986912 <= VALUES < 1932735276
I20260710 13:18:31.511636  6508 data_dirs.cc:400] Could only allocate 1 dirs of requested 3 for tablet 60f88bcd5c3e4314831b73106eef5475. 1 dirs total, 0 dirs full, 0 dirs failed
I20260710 13:18:31.514482  6637 tablet_bootstrap.cc:492] T dd5ef564d4dd492d99d1d379deecafff P b04cb09c4eb645ff8113b1bffdacdb3d: Bootstrap starting.
I20260710 13:18:31.523655  6511 tablet_service.cc:1511] Processing CreateTablet for tablet 48fe6e14250c4d608c27b7fce1527ada (DEFAULT_TABLE table=test-workload [id=57a0434bd8904d9eadfc595bb9b0e47d]), partition=RANGE (key) PARTITION 1932735276 <= VALUES
I20260710 13:18:31.520177  6583 tablet_service.cc:1511] Processing CreateTablet for tablet 60f88bcd5c3e4314831b73106eef5475 (DEFAULT_TABLE table=test-workload [id=57a0434bd8904d9eadfc595bb9b0e47d]), partition=RANGE (key) PARTITION 1717986912 <= VALUES < 1932735276
I20260710 13:18:31.524991  6511 data_dirs.cc:400] Could only allocate 1 dirs of requested 3 for tablet 48fe6e14250c4d608c27b7fce1527ada. 1 dirs total, 0 dirs full, 0 dirs failed
I20260710 13:18:31.525579  6583 data_dirs.cc:400] Could only allocate 1 dirs of requested 3 for tablet 60f88bcd5c3e4314831b73106eef5475. 1 dirs total, 0 dirs full, 0 dirs failed
I20260710 13:18:31.523036  6429 tablet_service.cc:1511] Processing CreateTablet for tablet 48fe6e14250c4d608c27b7fce1527ada (DEFAULT_TABLE table=test-workload [id=57a0434bd8904d9eadfc595bb9b0e47d]), partition=RANGE (key) PARTITION 1932735276 <= VALUES
I20260710 13:18:31.533237  6429 data_dirs.cc:400] Could only allocate 1 dirs of requested 3 for tablet 48fe6e14250c4d608c27b7fce1527ada. 1 dirs total, 0 dirs full, 0 dirs failed
I20260710 13:18:31.540150  6585 tablet_service.cc:1511] Processing CreateTablet for tablet 48fe6e14250c4d608c27b7fce1527ada (DEFAULT_TABLE table=test-workload [id=57a0434bd8904d9eadfc595bb9b0e47d]), partition=RANGE (key) PARTITION 1932735276 <= VALUES
I20260710 13:18:31.541260  6635 tablet_bootstrap.cc:654] T 1d494b05355348e4a329ae25031b6f86 P 9633744f4e8e43b5bc41df4966bbfbe1: Neither blocks nor log segments found. Creating new log.
I20260710 13:18:31.541589  6585 data_dirs.cc:400] Could only allocate 1 dirs of requested 3 for tablet 48fe6e14250c4d608c27b7fce1527ada. 1 dirs total, 0 dirs full, 0 dirs failed
I20260710 13:18:31.542173  6636 tablet_bootstrap.cc:492] T 1d494b05355348e4a329ae25031b6f86 P ab1a78215def4f80ace43eed653293d1: No bootstrap required, opened a new log
I20260710 13:18:31.542670  6636 ts_tablet_manager.cc:1403] T 1d494b05355348e4a329ae25031b6f86 P ab1a78215def4f80ace43eed653293d1: Time spent bootstrapping tablet: real 0.096s	user 0.005s	sys 0.006s
I20260710 13:18:31.545881  6636 raft_consensus.cc:359] T 1d494b05355348e4a329ae25031b6f86 P ab1a78215def4f80ace43eed653293d1 [term 0 FOLLOWER]: Replica starting. Triggering 0 pending ops. Active config: opid_index: -1 OBSOLETE_local: false peers { permanent_uuid: "ab1a78215def4f80ace43eed653293d1" member_type: VOTER last_known_addr { host: "127.5.170.193" port: 35369 } } peers { permanent_uuid: "9633744f4e8e43b5bc41df4966bbfbe1" member_type: VOTER last_known_addr { host: "127.5.170.194" port: 38753 } } peers { permanent_uuid: "b04cb09c4eb645ff8113b1bffdacdb3d" member_type: VOTER last_known_addr { host: "127.5.170.195" port: 37769 } }
I20260710 13:18:31.547201  6636 raft_consensus.cc:385] T 1d494b05355348e4a329ae25031b6f86 P ab1a78215def4f80ace43eed653293d1 [term 0 FOLLOWER]: Consensus starting up: Expiring failure detector timer to make a prompt election more likely
I20260710 13:18:31.547583  6636 raft_consensus.cc:740] T 1d494b05355348e4a329ae25031b6f86 P ab1a78215def4f80ace43eed653293d1 [term 0 FOLLOWER]: Becoming Follower/Learner. State: Replica: ab1a78215def4f80ace43eed653293d1, State: Initialized, Role: FOLLOWER
I20260710 13:18:31.548636  6636 consensus_queue.cc:260] T 1d494b05355348e4a329ae25031b6f86 P ab1a78215def4f80ace43eed653293d1 [NON_LEADER]: Queue going to NON_LEADER mode. State: All replicated index: 0, Majority replicated index: 0, Committed index: 0, Last appended: 0.0, Last appended by leader: 0, Current term: 0, Majority size: -1, State: 0, Mode: NON_LEADER, active raft config: opid_index: -1 OBSOLETE_local: false peers { permanent_uuid: "ab1a78215def4f80ace43eed653293d1" member_type: VOTER last_known_addr { host: "127.5.170.193" port: 35369 } } peers { permanent_uuid: "9633744f4e8e43b5bc41df4966bbfbe1" member_type: VOTER last_known_addr { host: "127.5.170.194" port: 38753 } } peers { permanent_uuid: "b04cb09c4eb645ff8113b1bffdacdb3d" member_type: VOTER last_known_addr { host: "127.5.170.195" port: 37769 } }
I20260710 13:18:31.557227  6471 heartbeater.cc:499] Master 127.5.170.254:41605 was elected leader, sending a full tablet report...
I20260710 13:18:31.558427  6636 ts_tablet_manager.cc:1434] T 1d494b05355348e4a329ae25031b6f86 P ab1a78215def4f80ace43eed653293d1: Time spent starting tablet: real 0.015s	user 0.011s	sys 0.004s
I20260710 13:18:31.559474  6636 tablet_bootstrap.cc:492] T 068fa758bbea41f590028546dcad1fa1 P ab1a78215def4f80ace43eed653293d1: Bootstrap starting.
I20260710 13:18:31.566592  6636 tablet_bootstrap.cc:654] T 068fa758bbea41f590028546dcad1fa1 P ab1a78215def4f80ace43eed653293d1: Neither blocks nor log segments found. Creating new log.
I20260710 13:18:31.550973  6637 tablet_bootstrap.cc:654] T dd5ef564d4dd492d99d1d379deecafff P b04cb09c4eb645ff8113b1bffdacdb3d: Neither blocks nor log segments found. Creating new log.
I20260710 13:18:31.570185  6635 tablet_bootstrap.cc:492] T 1d494b05355348e4a329ae25031b6f86 P 9633744f4e8e43b5bc41df4966bbfbe1: No bootstrap required, opened a new log
I20260710 13:18:31.570667  6635 ts_tablet_manager.cc:1403] T 1d494b05355348e4a329ae25031b6f86 P 9633744f4e8e43b5bc41df4966bbfbe1: Time spent bootstrapping tablet: real 0.081s	user 0.007s	sys 0.024s
I20260710 13:18:31.573572  6635 raft_consensus.cc:359] T 1d494b05355348e4a329ae25031b6f86 P 9633744f4e8e43b5bc41df4966bbfbe1 [term 0 FOLLOWER]: Replica starting. Triggering 0 pending ops. Active config: opid_index: -1 OBSOLETE_local: false peers { permanent_uuid: "ab1a78215def4f80ace43eed653293d1" member_type: VOTER last_known_addr { host: "127.5.170.193" port: 35369 } } peers { permanent_uuid: "9633744f4e8e43b5bc41df4966bbfbe1" member_type: VOTER last_known_addr { host: "127.5.170.194" port: 38753 } } peers { permanent_uuid: "b04cb09c4eb645ff8113b1bffdacdb3d" member_type: VOTER last_known_addr { host: "127.5.170.195" port: 37769 } }
I20260710 13:18:31.574285  6635 raft_consensus.cc:385] T 1d494b05355348e4a329ae25031b6f86 P 9633744f4e8e43b5bc41df4966bbfbe1 [term 0 FOLLOWER]: Consensus starting up: Expiring failure detector timer to make a prompt election more likely
I20260710 13:18:31.574584  6635 raft_consensus.cc:740] T 1d494b05355348e4a329ae25031b6f86 P 9633744f4e8e43b5bc41df4966bbfbe1 [term 0 FOLLOWER]: Becoming Follower/Learner. State: Replica: 9633744f4e8e43b5bc41df4966bbfbe1, State: Initialized, Role: FOLLOWER
I20260710 13:18:31.575381  6635 consensus_queue.cc:260] T 1d494b05355348e4a329ae25031b6f86 P 9633744f4e8e43b5bc41df4966bbfbe1 [NON_LEADER]: Queue going to NON_LEADER mode. State: All replicated index: 0, Majority replicated index: 0, Committed index: 0, Last appended: 0.0, Last appended by leader: 0, Current term: 0, Majority size: -1, State: 0, Mode: NON_LEADER, active raft config: opid_index: -1 OBSOLETE_local: false peers { permanent_uuid: "ab1a78215def4f80ace43eed653293d1" member_type: VOTER last_known_addr { host: "127.5.170.193" port: 35369 } } peers { permanent_uuid: "9633744f4e8e43b5bc41df4966bbfbe1" member_type: VOTER last_known_addr { host: "127.5.170.194" port: 38753 } } peers { permanent_uuid: "b04cb09c4eb645ff8113b1bffdacdb3d" member_type: VOTER last_known_addr { host: "127.5.170.195" port: 37769 } }
I20260710 13:18:31.602180  6546 heartbeater.cc:499] Master 127.5.170.254:41605 was elected leader, sending a full tablet report...
I20260710 13:18:31.603938  6635 ts_tablet_manager.cc:1434] T 1d494b05355348e4a329ae25031b6f86 P 9633744f4e8e43b5bc41df4966bbfbe1: Time spent starting tablet: real 0.033s	user 0.012s	sys 0.021s
I20260710 13:18:31.604112  6636 tablet_bootstrap.cc:492] T 068fa758bbea41f590028546dcad1fa1 P ab1a78215def4f80ace43eed653293d1: No bootstrap required, opened a new log
I20260710 13:18:31.604539  6637 tablet_bootstrap.cc:492] T dd5ef564d4dd492d99d1d379deecafff P b04cb09c4eb645ff8113b1bffdacdb3d: No bootstrap required, opened a new log
I20260710 13:18:31.604641  6636 ts_tablet_manager.cc:1403] T 068fa758bbea41f590028546dcad1fa1 P ab1a78215def4f80ace43eed653293d1: Time spent bootstrapping tablet: real 0.045s	user 0.020s	sys 0.013s
I20260710 13:18:31.607143  6637 ts_tablet_manager.cc:1403] T dd5ef564d4dd492d99d1d379deecafff P b04cb09c4eb645ff8113b1bffdacdb3d: Time spent bootstrapping tablet: real 0.096s	user 0.018s	sys 0.007s
I20260710 13:18:31.605082  6635 tablet_bootstrap.cc:492] T 52fec8e9b36349ec8f2c726e1e925384 P 9633744f4e8e43b5bc41df4966bbfbe1: Bootstrap starting.
I20260710 13:18:31.610047  6636 raft_consensus.cc:359] T 068fa758bbea41f590028546dcad1fa1 P ab1a78215def4f80ace43eed653293d1 [term 0 FOLLOWER]: Replica starting. Triggering 0 pending ops. Active config: opid_index: -1 OBSOLETE_local: false peers { permanent_uuid: "ab1a78215def4f80ace43eed653293d1" member_type: VOTER last_known_addr { host: "127.5.170.193" port: 35369 } } peers { permanent_uuid: "9633744f4e8e43b5bc41df4966bbfbe1" member_type: VOTER last_known_addr { host: "127.5.170.194" port: 38753 } } peers { permanent_uuid: "b04cb09c4eb645ff8113b1bffdacdb3d" member_type: VOTER last_known_addr { host: "127.5.170.195" port: 37769 } }
I20260710 13:18:31.610349  6637 raft_consensus.cc:359] T dd5ef564d4dd492d99d1d379deecafff P b04cb09c4eb645ff8113b1bffdacdb3d [term 0 FOLLOWER]: Replica starting. Triggering 0 pending ops. Active config: opid_index: -1 OBSOLETE_local: false peers { permanent_uuid: "ab1a78215def4f80ace43eed653293d1" member_type: VOTER last_known_addr { host: "127.5.170.193" port: 35369 } } peers { permanent_uuid: "9633744f4e8e43b5bc41df4966bbfbe1" member_type: VOTER last_known_addr { host: "127.5.170.194" port: 38753 } } peers { permanent_uuid: "b04cb09c4eb645ff8113b1bffdacdb3d" member_type: VOTER last_known_addr { host: "127.5.170.195" port: 37769 } }
I20260710 13:18:31.611138  6636 raft_consensus.cc:385] T 068fa758bbea41f590028546dcad1fa1 P ab1a78215def4f80ace43eed653293d1 [term 0 FOLLOWER]: Consensus starting up: Expiring failure detector timer to make a prompt election more likely
I20260710 13:18:31.611297  6637 raft_consensus.cc:385] T dd5ef564d4dd492d99d1d379deecafff P b04cb09c4eb645ff8113b1bffdacdb3d [term 0 FOLLOWER]: Consensus starting up: Expiring failure detector timer to make a prompt election more likely
I20260710 13:18:31.611573  6636 raft_consensus.cc:740] T 068fa758bbea41f590028546dcad1fa1 P ab1a78215def4f80ace43eed653293d1 [term 0 FOLLOWER]: Becoming Follower/Learner. State: Replica: ab1a78215def4f80ace43eed653293d1, State: Initialized, Role: FOLLOWER
I20260710 13:18:31.611732  6637 raft_consensus.cc:740] T dd5ef564d4dd492d99d1d379deecafff P b04cb09c4eb645ff8113b1bffdacdb3d [term 0 FOLLOWER]: Becoming Follower/Learner. State: Replica: b04cb09c4eb645ff8113b1bffdacdb3d, State: Initialized, Role: FOLLOWER
I20260710 13:18:31.612628  6636 consensus_queue.cc:260] T 068fa758bbea41f590028546dcad1fa1 P ab1a78215def4f80ace43eed653293d1 [NON_LEADER]: Queue going to NON_LEADER mode. State: All replicated index: 0, Majority replicated index: 0, Committed index: 0, Last appended: 0.0, Last appended by leader: 0, Current term: 0, Majority size: -1, State: 0, Mode: NON_LEADER, active raft config: opid_index: -1 OBSOLETE_local: false peers { permanent_uuid: "ab1a78215def4f80ace43eed653293d1" member_type: VOTER last_known_addr { host: "127.5.170.193" port: 35369 } } peers { permanent_uuid: "9633744f4e8e43b5bc41df4966bbfbe1" member_type: VOTER last_known_addr { host: "127.5.170.194" port: 38753 } } peers { permanent_uuid: "b04cb09c4eb645ff8113b1bffdacdb3d" member_type: VOTER last_known_addr { host: "127.5.170.195" port: 37769 } }
I20260710 13:18:31.612838  6637 consensus_queue.cc:260] T dd5ef564d4dd492d99d1d379deecafff P b04cb09c4eb645ff8113b1bffdacdb3d [NON_LEADER]: Queue going to NON_LEADER mode. State: All replicated index: 0, Majority replicated index: 0, Committed index: 0, Last appended: 0.0, Last appended by leader: 0, Current term: 0, Majority size: -1, State: 0, Mode: NON_LEADER, active raft config: opid_index: -1 OBSOLETE_local: false peers { permanent_uuid: "ab1a78215def4f80ace43eed653293d1" member_type: VOTER last_known_addr { host: "127.5.170.193" port: 35369 } } peers { permanent_uuid: "9633744f4e8e43b5bc41df4966bbfbe1" member_type: VOTER last_known_addr { host: "127.5.170.194" port: 38753 } } peers { permanent_uuid: "b04cb09c4eb645ff8113b1bffdacdb3d" member_type: VOTER last_known_addr { host: "127.5.170.195" port: 37769 } }
I20260710 13:18:31.619163  6636 ts_tablet_manager.cc:1434] T 068fa758bbea41f590028546dcad1fa1 P ab1a78215def4f80ace43eed653293d1: Time spent starting tablet: real 0.012s	user 0.006s	sys 0.000s
I20260710 13:18:31.620711  6636 tablet_bootstrap.cc:492] T c30bbb7c49724dc18b223636cb9f563d P ab1a78215def4f80ace43eed653293d1: Bootstrap starting.
