I20260710 13:18:37.095832  6446 raft_consensus.cc:515] T ffb653a4e6944797b71f4cc106c7ddaf P ab1a78215def4f80ace43eed653293d1 [term 3 FOLLOWER]: Starting forced leader election with config: opid_index: -1 OBSOLETE_local: false peers { permanent_uuid: "ab1a78215def4f80ace43eed653293d1" member_type: VOTER last_known_addr { host: "127.5.170.193" port: 35369 } } peers { permanent_uuid: "9633744f4e8e43b5bc41df4966bbfbe1" member_type: VOTER last_known_addr { host: "127.5.170.194" port: 38753 } } peers { permanent_uuid: "b04cb09c4eb645ff8113b1bffdacdb3d" member_type: VOTER last_known_addr { host: "127.5.170.195" port: 37769 } }
I20260710 13:18:37.097499  6446 leader_election.cc:290] T ffb653a4e6944797b71f4cc106c7ddaf P ab1a78215def4f80ace43eed653293d1 [CANDIDATE]: Term 3 election: Requested vote from peers 9633744f4e8e43b5bc41df4966bbfbe1 (127.5.170.194:38753), b04cb09c4eb645ff8113b1bffdacdb3d (127.5.170.195:37769)
I20260710 13:18:37.098565  6517 tablet_service.cc:1917] Received RequestConsensusVote() RPC: tablet_id: "ffb653a4e6944797b71f4cc106c7ddaf" candidate_uuid: "ab1a78215def4f80ace43eed653293d1" candidate_term: 3 candidate_status { last_received { term: 2 index: 1 } } ignore_live_leader: true dest_uuid: "9633744f4e8e43b5bc41df4966bbfbe1"
I20260710 13:18:37.098918  6595 tablet_service.cc:1917] Received RequestConsensusVote() RPC: tablet_id: "ffb653a4e6944797b71f4cc106c7ddaf" candidate_uuid: "ab1a78215def4f80ace43eed653293d1" candidate_term: 3 candidate_status { last_received { term: 2 index: 1 } } ignore_live_leader: true dest_uuid: "b04cb09c4eb645ff8113b1bffdacdb3d"
I20260710 13:18:37.099238  6517 raft_consensus.cc:3055] T ffb653a4e6944797b71f4cc106c7ddaf P 9633744f4e8e43b5bc41df4966bbfbe1 [term 2 LEADER]: Stepping down as leader of term 2
I20260710 13:18:37.099457  6595 raft_consensus.cc:3060] T ffb653a4e6944797b71f4cc106c7ddaf P b04cb09c4eb645ff8113b1bffdacdb3d [term 2 FOLLOWER]: Advancing to term 3
I20260710 13:18:37.099597  6517 raft_consensus.cc:740] T ffb653a4e6944797b71f4cc106c7ddaf P 9633744f4e8e43b5bc41df4966bbfbe1 [term 2 LEADER]: Becoming Follower/Learner. State: Replica: 9633744f4e8e43b5bc41df4966bbfbe1, State: Running, Role: LEADER
I20260710 13:18:37.100530  6517 consensus_queue.cc:260] T ffb653a4e6944797b71f4cc106c7ddaf P 9633744f4e8e43b5bc41df4966bbfbe1 [NON_LEADER]: Queue going to NON_LEADER mode. State: All replicated index: 0, Majority replicated index: 1, Committed index: 1, Last appended: 2.1, Last appended by leader: 1, Current term: 2, Majority size: -1, State: 0, Mode: NON_LEADER, active raft config: opid_index: -1 OBSOLETE_local: false peers { permanent_uuid: "ab1a78215def4f80ace43eed653293d1" member_type: VOTER last_known_addr { host: "127.5.170.193" port: 35369 } } peers { permanent_uuid: "9633744f4e8e43b5bc41df4966bbfbe1" member_type: VOTER last_known_addr { host: "127.5.170.194" port: 38753 } } peers { permanent_uuid: "b04cb09c4eb645ff8113b1bffdacdb3d" member_type: VOTER last_known_addr { host: "127.5.170.195" port: 37769 } }
I20260710 13:18:37.101956  6517 raft_consensus.cc:3060] T ffb653a4e6944797b71f4cc106c7ddaf P 9633744f4e8e43b5bc41df4966bbfbe1 [term 2 FOLLOWER]: Advancing to term 3
I20260710 13:18:37.107066  6595 raft_consensus.cc:2468] T ffb653a4e6944797b71f4cc106c7ddaf P b04cb09c4eb645ff8113b1bffdacdb3d [term 3 FOLLOWER]: Leader election vote request: Granting yes vote for candidate ab1a78215def4f80ace43eed653293d1 in term 3.
I20260710 13:18:37.108664  6412 leader_election.cc:304] T ffb653a4e6944797b71f4cc106c7ddaf P ab1a78215def4f80ace43eed653293d1 [CANDIDATE]: Term 3 election: Election decided. Result: candidate won. Election summary: received 2 responses out of 3 voters: 2 yes votes; 0 no votes. yes voters: ab1a78215def4f80ace43eed653293d1, b04cb09c4eb645ff8113b1bffdacdb3d; no voters: 
I20260710 13:18:37.108934  6517 raft_consensus.cc:2468] T ffb653a4e6944797b71f4cc106c7ddaf P 9633744f4e8e43b5bc41df4966bbfbe1 [term 3 FOLLOWER]: Leader election vote request: Granting yes vote for candidate ab1a78215def4f80ace43eed653293d1 in term 3.
I20260710 13:18:37.109686  6734 raft_consensus.cc:2804] T ffb653a4e6944797b71f4cc106c7ddaf P ab1a78215def4f80ace43eed653293d1 [term 3 FOLLOWER]: Leader election won for term 3
I20260710 13:18:37.110219  6734 raft_consensus.cc:697] T ffb653a4e6944797b71f4cc106c7ddaf P ab1a78215def4f80ace43eed653293d1 [term 3 LEADER]: Becoming Leader. State: Replica: ab1a78215def4f80ace43eed653293d1, State: Running, Role: LEADER
I20260710 13:18:37.111038  6734 consensus_queue.cc:237] T ffb653a4e6944797b71f4cc106c7ddaf P ab1a78215def4f80ace43eed653293d1 [LEADER]: Queue going to LEADER mode. State: All replicated index: 0, Majority replicated index: 1, Committed index: 1, Last appended: 2.1, Last appended by leader: 1, Current term: 3, Majority size: 2, State: 0, Mode: LEADER, active raft config: opid_index: -1 OBSOLETE_local: false peers { permanent_uuid: "ab1a78215def4f80ace43eed653293d1" member_type: VOTER last_known_addr { host: "127.5.170.193" port: 35369 } } peers { permanent_uuid: "9633744f4e8e43b5bc41df4966bbfbe1" member_type: VOTER last_known_addr { host: "127.5.170.194" port: 38753 } } peers { permanent_uuid: "b04cb09c4eb645ff8113b1bffdacdb3d" member_type: VOTER last_known_addr { host: "127.5.170.195" port: 37769 } }
I20260710 13:18:37.118780  6339 catalog_manager.cc:5697] T ffb653a4e6944797b71f4cc106c7ddaf P ab1a78215def4f80ace43eed653293d1 reported cstate change: term changed from 2 to 3, leader changed from 9633744f4e8e43b5bc41df4966bbfbe1 (127.5.170.194) to ab1a78215def4f80ace43eed653293d1 (127.5.170.193). New cstate: current_term: 3 leader_uuid: "ab1a78215def4f80ace43eed653293d1" committed_config { opid_index: -1 OBSOLETE_local: false peers { permanent_uuid: "ab1a78215def4f80ace43eed653293d1" member_type: VOTER last_known_addr { host: "127.5.170.193" port: 35369 } health_report { overall_health: HEALTHY } } peers { permanent_uuid: "9633744f4e8e43b5bc41df4966bbfbe1" member_type: VOTER last_known_addr { host: "127.5.170.194" port: 38753 } health_report { overall_health: UNKNOWN } } peers { permanent_uuid: "b04cb09c4eb645ff8113b1bffdacdb3d" member_type: VOTER last_known_addr { host: "127.5.170.195" port: 37769 } health_report { overall_health: UNKNOWN } } }
I20260710 13:18:37.350878  6729 raft_consensus.cc:993] T dd5ef564d4dd492d99d1d379deecafff P 9633744f4e8e43b5bc41df4966bbfbe1: : Instructing follower ab1a78215def4f80ace43eed653293d1 to start an election
I20260710 13:18:37.351372  6771 raft_consensus.cc:1081] T dd5ef564d4dd492d99d1d379deecafff P 9633744f4e8e43b5bc41df4966bbfbe1 [term 2 LEADER]: Signalling peer ab1a78215def4f80ace43eed653293d1 to start an election
I20260710 13:18:37.353042  6446 tablet_service.cc:2044] Received Run Leader Election RPC: tablet_id: "dd5ef564d4dd492d99d1d379deecafff"
dest_uuid: "ab1a78215def4f80ace43eed653293d1"
 from {username='slave'} at 127.0.0.1:40002
I20260710 13:18:37.353569  6446 raft_consensus.cc:493] T dd5ef564d4dd492d99d1d379deecafff P ab1a78215def4f80ace43eed653293d1 [term 2 FOLLOWER]: Starting forced leader election (received explicit request)
I20260710 13:18:37.353834  6446 raft_consensus.cc:3060] T dd5ef564d4dd492d99d1d379deecafff P ab1a78215def4f80ace43eed653293d1 [term 2 FOLLOWER]: Advancing to term 3
I20260710 13:18:37.358222  6446 raft_consensus.cc:515] T dd5ef564d4dd492d99d1d379deecafff P ab1a78215def4f80ace43eed653293d1 [term 3 FOLLOWER]: Starting forced leader election with config: opid_index: -1 OBSOLETE_local: false peers { permanent_uuid: "ab1a78215def4f80ace43eed653293d1" member_type: VOTER last_known_addr { host: "127.5.170.193" port: 35369 } } peers { permanent_uuid: "9633744f4e8e43b5bc41df4966bbfbe1" member_type: VOTER last_known_addr { host: "127.5.170.194" port: 38753 } } peers { permanent_uuid: "b04cb09c4eb645ff8113b1bffdacdb3d" member_type: VOTER last_known_addr { host: "127.5.170.195" port: 37769 } }
I20260710 13:18:37.359689  6446 leader_election.cc:290] T dd5ef564d4dd492d99d1d379deecafff P ab1a78215def4f80ace43eed653293d1 [CANDIDATE]: Term 3 election: Requested vote from peers 9633744f4e8e43b5bc41df4966bbfbe1 (127.5.170.194:38753), b04cb09c4eb645ff8113b1bffdacdb3d (127.5.170.195:37769)
I20260710 13:18:37.360766  6517 tablet_service.cc:1917] Received RequestConsensusVote() RPC: tablet_id: "dd5ef564d4dd492d99d1d379deecafff" candidate_uuid: "ab1a78215def4f80ace43eed653293d1" candidate_term: 3 candidate_status { last_received { term: 2 index: 2 } } ignore_live_leader: true dest_uuid: "9633744f4e8e43b5bc41df4966bbfbe1"
I20260710 13:18:37.361126  6595 tablet_service.cc:1917] Received RequestConsensusVote() RPC: tablet_id: "dd5ef564d4dd492d99d1d379deecafff" candidate_uuid: "ab1a78215def4f80ace43eed653293d1" candidate_term: 3 candidate_status { last_received { term: 2 index: 2 } } ignore_live_leader: true dest_uuid: "b04cb09c4eb645ff8113b1bffdacdb3d"
I20260710 13:18:37.361423  6517 raft_consensus.cc:3055] T dd5ef564d4dd492d99d1d379deecafff P 9633744f4e8e43b5bc41df4966bbfbe1 [term 2 LEADER]: Stepping down as leader of term 2
I20260710 13:18:37.361719  6595 raft_consensus.cc:3060] T dd5ef564d4dd492d99d1d379deecafff P b04cb09c4eb645ff8113b1bffdacdb3d [term 2 FOLLOWER]: Advancing to term 3
I20260710 13:18:37.361826  6517 raft_consensus.cc:740] T dd5ef564d4dd492d99d1d379deecafff P 9633744f4e8e43b5bc41df4966bbfbe1 [term 2 LEADER]: Becoming Follower/Learner. State: Replica: 9633744f4e8e43b5bc41df4966bbfbe1, State: Running, Role: LEADER
I20260710 13:18:37.362665  6517 consensus_queue.cc:260] T dd5ef564d4dd492d99d1d379deecafff P 9633744f4e8e43b5bc41df4966bbfbe1 [NON_LEADER]: Queue going to NON_LEADER mode. State: All replicated index: 0, Majority replicated index: 2, Committed index: 2, Last appended: 2.2, Last appended by leader: 2, Current term: 2, Majority size: -1, State: 0, Mode: NON_LEADER, active raft config: opid_index: -1 OBSOLETE_local: false peers { permanent_uuid: "ab1a78215def4f80ace43eed653293d1" member_type: VOTER last_known_addr { host: "127.5.170.193" port: 35369 } } peers { permanent_uuid: "9633744f4e8e43b5bc41df4966bbfbe1" member_type: VOTER last_known_addr { host: "127.5.170.194" port: 38753 } } peers { permanent_uuid: "b04cb09c4eb645ff8113b1bffdacdb3d" member_type: VOTER last_known_addr { host: "127.5.170.195" port: 37769 } }
I20260710 13:18:37.364156  6517 raft_consensus.cc:3060] T dd5ef564d4dd492d99d1d379deecafff P 9633744f4e8e43b5bc41df4966bbfbe1 [term 2 FOLLOWER]: Advancing to term 3
I20260710 13:18:37.369086  6595 raft_consensus.cc:2468] T dd5ef564d4dd492d99d1d379deecafff P b04cb09c4eb645ff8113b1bffdacdb3d [term 3 FOLLOWER]: Leader election vote request: Granting yes vote for candidate ab1a78215def4f80ace43eed653293d1 in term 3.
I20260710 13:18:37.370464  6412 leader_election.cc:304] T dd5ef564d4dd492d99d1d379deecafff P ab1a78215def4f80ace43eed653293d1 [CANDIDATE]: Term 3 election: Election decided. Result: candidate won. Election summary: received 2 responses out of 3 voters: 2 yes votes; 0 no votes. yes voters: ab1a78215def4f80ace43eed653293d1, b04cb09c4eb645ff8113b1bffdacdb3d; no voters: 
I20260710 13:18:37.370795  6517 raft_consensus.cc:2468] T dd5ef564d4dd492d99d1d379deecafff P 9633744f4e8e43b5bc41df4966bbfbe1 [term 3 FOLLOWER]: Leader election vote request: Granting yes vote for candidate ab1a78215def4f80ace43eed653293d1 in term 3.
I20260710 13:18:37.371423  6734 raft_consensus.cc:2804] T dd5ef564d4dd492d99d1d379deecafff P ab1a78215def4f80ace43eed653293d1 [term 3 FOLLOWER]: Leader election won for term 3
I20260710 13:18:37.371977  6734 raft_consensus.cc:697] T dd5ef564d4dd492d99d1d379deecafff P ab1a78215def4f80ace43eed653293d1 [term 3 LEADER]: Becoming Leader. State: Replica: ab1a78215def4f80ace43eed653293d1, State: Running, Role: LEADER
I20260710 13:18:37.372854  6734 consensus_queue.cc:237] T dd5ef564d4dd492d99d1d379deecafff P ab1a78215def4f80ace43eed653293d1 [LEADER]: Queue going to LEADER mode. State: All replicated index: 0, Majority replicated index: 2, Committed index: 2, Last appended: 2.2, Last appended by leader: 2, Current term: 3, Majority size: 2, State: 0, Mode: LEADER, active raft config: opid_index: -1 OBSOLETE_local: false peers { permanent_uuid: "ab1a78215def4f80ace43eed653293d1" member_type: VOTER last_known_addr { host: "127.5.170.193" port: 35369 } } peers { permanent_uuid: "9633744f4e8e43b5bc41df4966bbfbe1" member_type: VOTER last_known_addr { host: "127.5.170.194" port: 38753 } } peers { permanent_uuid: "b04cb09c4eb645ff8113b1bffdacdb3d" member_type: VOTER last_known_addr { host: "127.5.170.195" port: 37769 } }
I20260710 13:18:37.379777  6339 catalog_manager.cc:5697] T dd5ef564d4dd492d99d1d379deecafff P ab1a78215def4f80ace43eed653293d1 reported cstate change: term changed from 2 to 3, leader changed from 9633744f4e8e43b5bc41df4966bbfbe1 (127.5.170.194) to ab1a78215def4f80ace43eed653293d1 (127.5.170.193). New cstate: current_term: 3 leader_uuid: "ab1a78215def4f80ace43eed653293d1" committed_config { opid_index: -1 OBSOLETE_local: false peers { permanent_uuid: "ab1a78215def4f80ace43eed653293d1" member_type: VOTER last_known_addr { host: "127.5.170.193" port: 35369 } health_report { overall_health: HEALTHY } } peers { permanent_uuid: "9633744f4e8e43b5bc41df4966bbfbe1" member_type: VOTER last_known_addr { host: "127.5.170.194" port: 38753 } health_report { overall_health: UNKNOWN } } peers { permanent_uuid: "b04cb09c4eb645ff8113b1bffdacdb3d" member_type: VOTER last_known_addr { host: "127.5.170.195" port: 37769 } health_report { overall_health: UNKNOWN } } }
I20260710 13:18:37.392266  6774 raft_consensus.cc:993] T 068fa758bbea41f590028546dcad1fa1 P b04cb09c4eb645ff8113b1bffdacdb3d: : Instructing follower ab1a78215def4f80ace43eed653293d1 to start an election
I20260710 13:18:37.392822  6749 raft_consensus.cc:1081] T 068fa758bbea41f590028546dcad1fa1 P b04cb09c4eb645ff8113b1bffdacdb3d [term 3 LEADER]: Signalling peer ab1a78215def4f80ace43eed653293d1 to start an election
I20260710 13:18:37.394477  6446 tablet_service.cc:2044] Received Run Leader Election RPC: tablet_id: "068fa758bbea41f590028546dcad1fa1"
dest_uuid: "ab1a78215def4f80ace43eed653293d1"
 from {username='slave'} at 127.0.0.1:40014
I20260710 13:18:37.395005  6446 raft_consensus.cc:493] T 068fa758bbea41f590028546dcad1fa1 P ab1a78215def4f80ace43eed653293d1 [term 3 FOLLOWER]: Starting forced leader election (received explicit request)
I20260710 13:18:37.395336  6446 raft_consensus.cc:3060] T 068fa758bbea41f590028546dcad1fa1 P ab1a78215def4f80ace43eed653293d1 [term 3 FOLLOWER]: Advancing to term 4
I20260710 13:18:37.399964  6446 raft_consensus.cc:515] T 068fa758bbea41f590028546dcad1fa1 P ab1a78215def4f80ace43eed653293d1 [term 4 FOLLOWER]: Starting forced leader election with config: opid_index: -1 OBSOLETE_local: false peers { permanent_uuid: "ab1a78215def4f80ace43eed653293d1" member_type: VOTER last_known_addr { host: "127.5.170.193" port: 35369 } } peers { permanent_uuid: "9633744f4e8e43b5bc41df4966bbfbe1" member_type: VOTER last_known_addr { host: "127.5.170.194" port: 38753 } } peers { permanent_uuid: "b04cb09c4eb645ff8113b1bffdacdb3d" member_type: VOTER last_known_addr { host: "127.5.170.195" port: 37769 } }
I20260710 13:18:37.401522  6446 leader_election.cc:290] T 068fa758bbea41f590028546dcad1fa1 P ab1a78215def4f80ace43eed653293d1 [CANDIDATE]: Term 4 election: Requested vote from peers 9633744f4e8e43b5bc41df4966bbfbe1 (127.5.170.194:38753), b04cb09c4eb645ff8113b1bffdacdb3d (127.5.170.195:37769)
I20260710 13:18:37.402792  6595 tablet_service.cc:1917] Received RequestConsensusVote() RPC: tablet_id: "068fa758bbea41f590028546dcad1fa1" candidate_uuid: "ab1a78215def4f80ace43eed653293d1" candidate_term: 4 candidate_status { last_received { term: 3 index: 3 } } ignore_live_leader: true dest_uuid: "b04cb09c4eb645ff8113b1bffdacdb3d"
I20260710 13:18:37.402793  6518 tablet_service.cc:1917] Received RequestConsensusVote() RPC: tablet_id: "068fa758bbea41f590028546dcad1fa1" candidate_uuid: "ab1a78215def4f80ace43eed653293d1" candidate_term: 4 candidate_status { last_received { term: 3 index: 3 } } ignore_live_leader: true dest_uuid: "9633744f4e8e43b5bc41df4966bbfbe1"
I20260710 13:18:37.403496  6595 raft_consensus.cc:3055] T 068fa758bbea41f590028546dcad1fa1 P b04cb09c4eb645ff8113b1bffdacdb3d [term 3 LEADER]: Stepping down as leader of term 3
I20260710 13:18:37.403648  6518 raft_consensus.cc:3060] T 068fa758bbea41f590028546dcad1fa1 P 9633744f4e8e43b5bc41df4966bbfbe1 [term 3 FOLLOWER]: Advancing to term 4
I20260710 13:18:37.403911  6595 raft_consensus.cc:740] T 068fa758bbea41f590028546dcad1fa1 P b04cb09c4eb645ff8113b1bffdacdb3d [term 3 LEADER]: Becoming Follower/Learner. State: Replica: b04cb09c4eb645ff8113b1bffdacdb3d, State: Running, Role: LEADER
I20260710 13:18:37.404835  6595 consensus_queue.cc:260] T 068fa758bbea41f590028546dcad1fa1 P b04cb09c4eb645ff8113b1bffdacdb3d [NON_LEADER]: Queue going to NON_LEADER mode. State: All replicated index: 0, Majority replicated index: 3, Committed index: 3, Last appended: 3.3, Last appended by leader: 3, Current term: 3, Majority size: -1, State: 0, Mode: NON_LEADER, active raft config: opid_index: -1 OBSOLETE_local: false peers { permanent_uuid: "ab1a78215def4f80ace43eed653293d1" member_type: VOTER last_known_addr { host: "127.5.170.193" port: 35369 } } peers { permanent_uuid: "9633744f4e8e43b5bc41df4966bbfbe1" member_type: VOTER last_known_addr { host: "127.5.170.194" port: 38753 } } peers { permanent_uuid: "b04cb09c4eb645ff8113b1bffdacdb3d" member_type: VOTER last_known_addr { host: "127.5.170.195" port: 37769 } }
I20260710 13:18:37.406021  6595 raft_consensus.cc:3060] T 068fa758bbea41f590028546dcad1fa1 P b04cb09c4eb645ff8113b1bffdacdb3d [term 3 FOLLOWER]: Advancing to term 4
I20260710 13:18:37.409154  6518 raft_consensus.cc:2468] T 068fa758bbea41f590028546dcad1fa1 P 9633744f4e8e43b5bc41df4966bbfbe1 [term 4 FOLLOWER]: Leader election vote request: Granting yes vote for candidate ab1a78215def4f80ace43eed653293d1 in term 4.
I20260710 13:18:37.410369  6412 leader_election.cc:304] T 068fa758bbea41f590028546dcad1fa1 P ab1a78215def4f80ace43eed653293d1 [CANDIDATE]: Term 4 election: Election decided. Result: candidate won. Election summary: received 2 responses out of 3 voters: 2 yes votes; 0 no votes. yes voters: 9633744f4e8e43b5bc41df4966bbfbe1, ab1a78215def4f80ace43eed653293d1; no voters: 
I20260710 13:18:37.410990  6595 raft_consensus.cc:2468] T 068fa758bbea41f590028546dcad1fa1 P b04cb09c4eb645ff8113b1bffdacdb3d [term 4 FOLLOWER]: Leader election vote request: Granting yes vote for candidate ab1a78215def4f80ace43eed653293d1 in term 4.
I20260710 13:18:37.411257  6734 raft_consensus.cc:2804] T 068fa758bbea41f590028546dcad1fa1 P ab1a78215def4f80ace43eed653293d1 [term 4 FOLLOWER]: Leader election won for term 4
I20260710 13:18:37.411767  6734 raft_consensus.cc:697] T 068fa758bbea41f590028546dcad1fa1 P ab1a78215def4f80ace43eed653293d1 [term 4 LEADER]: Becoming Leader. State: Replica: ab1a78215def4f80ace43eed653293d1, State: Running, Role: LEADER
I20260710 13:18:37.412813  6734 consensus_queue.cc:237] T 068fa758bbea41f590028546dcad1fa1 P ab1a78215def4f80ace43eed653293d1 [LEADER]: Queue going to LEADER mode. State: All replicated index: 0, Majority replicated index: 3, Committed index: 3, Last appended: 3.3, Last appended by leader: 3, Current term: 4, Majority size: 2, State: 0, Mode: LEADER, active raft config: opid_index: -1 OBSOLETE_local: false peers { permanent_uuid: "ab1a78215def4f80ace43eed653293d1" member_type: VOTER last_known_addr { host: "127.5.170.193" port: 35369 } } peers { permanent_uuid: "9633744f4e8e43b5bc41df4966bbfbe1" member_type: VOTER last_known_addr { host: "127.5.170.194" port: 38753 } } peers { permanent_uuid: "b04cb09c4eb645ff8113b1bffdacdb3d" member_type: VOTER last_known_addr { host: "127.5.170.195" port: 37769 } }
I20260710 13:18:37.419195  6339 catalog_manager.cc:5697] T 068fa758bbea41f590028546dcad1fa1 P ab1a78215def4f80ace43eed653293d1 reported cstate change: term changed from 3 to 4, leader changed from b04cb09c4eb645ff8113b1bffdacdb3d (127.5.170.195) to ab1a78215def4f80ace43eed653293d1 (127.5.170.193). New cstate: current_term: 4 leader_uuid: "ab1a78215def4f80ace43eed653293d1" committed_config { opid_index: -1 OBSOLETE_local: false peers { permanent_uuid: "ab1a78215def4f80ace43eed653293d1" member_type: VOTER last_known_addr { host: "127.5.170.193" port: 35369 } health_report { overall_health: HEALTHY } } peers { permanent_uuid: "9633744f4e8e43b5bc41df4966bbfbe1" member_type: VOTER last_known_addr { host: "127.5.170.194" port: 38753 } health_report { overall_health: UNKNOWN } } peers { permanent_uuid: "b04cb09c4eb645ff8113b1bffdacdb3d" member_type: VOTER last_known_addr { host: "127.5.170.195" port: 37769 } health_report { overall_health: UNKNOWN } } }
I20260710 13:18:37.473875  6518 raft_consensus.cc:1275] T 52fec8e9b36349ec8f2c726e1e925384 P 9633744f4e8e43b5bc41df4966bbfbe1 [term 4 FOLLOWER]: Refusing update from remote peer ab1a78215def4f80ace43eed653293d1: Log matching property violated. Preceding OpId in replica: term: 3 index: 3. Preceding OpId from leader: term: 4 index: 4. (index mismatch)
I20260710 13:18:37.475242  6734 consensus_queue.cc:1048] T 52fec8e9b36349ec8f2c726e1e925384 P ab1a78215def4f80ace43eed653293d1 [LEADER]: Connected to new peer: Peer: permanent_uuid: "9633744f4e8e43b5bc41df4966bbfbe1" member_type: VOTER last_known_addr { host: "127.5.170.194" port: 38753 }, Status: LMP_MISMATCH, Last received: 0.0, Next index: 4, Last known committed idx: 3, Time since last communication: 0.000s
I20260710 13:18:37.484727  6595 raft_consensus.cc:1275] T 52fec8e9b36349ec8f2c726e1e925384 P b04cb09c4eb645ff8113b1bffdacdb3d [term 4 FOLLOWER]: Refusing update from remote peer ab1a78215def4f80ace43eed653293d1: Log matching property violated. Preceding OpId in replica: term: 3 index: 3. Preceding OpId from leader: term: 4 index: 4. (index mismatch)
I20260710 13:18:37.486027  6734 consensus_queue.cc:1048] T 52fec8e9b36349ec8f2c726e1e925384 P ab1a78215def4f80ace43eed653293d1 [LEADER]: Connected to new peer: Peer: permanent_uuid: "b04cb09c4eb645ff8113b1bffdacdb3d" member_type: VOTER last_known_addr { host: "127.5.170.195" port: 37769 }, Status: LMP_MISMATCH, Last received: 0.0, Next index: 4, Last known committed idx: 3, Time since last communication: 0.000s
I20260710 13:18:37.490526  6771 raft_consensus.cc:993] T c30bbb7c49724dc18b223636cb9f563d P 9633744f4e8e43b5bc41df4966bbfbe1: : Instructing follower ab1a78215def4f80ace43eed653293d1 to start an election
I20260710 13:18:37.491084  6771 raft_consensus.cc:1081] T c30bbb7c49724dc18b223636cb9f563d P 9633744f4e8e43b5bc41df4966bbfbe1 [term 2 LEADER]: Signalling peer ab1a78215def4f80ace43eed653293d1 to start an election
I20260710 13:18:37.493050  6446 tablet_service.cc:2044] Received Run Leader Election RPC: tablet_id: "c30bbb7c49724dc18b223636cb9f563d"
dest_uuid: "ab1a78215def4f80ace43eed653293d1"
 from {username='slave'} at 127.0.0.1:40002
I20260710 13:18:37.493594  6446 raft_consensus.cc:493] T c30bbb7c49724dc18b223636cb9f563d P ab1a78215def4f80ace43eed653293d1 [term 2 FOLLOWER]: Starting forced leader election (received explicit request)
I20260710 13:18:37.493920  6446 raft_consensus.cc:3060] T c30bbb7c49724dc18b223636cb9f563d P ab1a78215def4f80ace43eed653293d1 [term 2 FOLLOWER]: Advancing to term 3
I20260710 13:18:37.498950  6446 raft_consensus.cc:515] T c30bbb7c49724dc18b223636cb9f563d P ab1a78215def4f80ace43eed653293d1 [term 3 FOLLOWER]: Starting forced leader election with config: opid_index: -1 OBSOLETE_local: false peers { permanent_uuid: "ab1a78215def4f80ace43eed653293d1" member_type: VOTER last_known_addr { host: "127.5.170.193" port: 35369 } } peers { permanent_uuid: "9633744f4e8e43b5bc41df4966bbfbe1" member_type: VOTER last_known_addr { host: "127.5.170.194" port: 38753 } } peers { permanent_uuid: "b04cb09c4eb645ff8113b1bffdacdb3d" member_type: VOTER last_known_addr { host: "127.5.170.195" port: 37769 } }
I20260710 13:18:37.500622  6446 leader_election.cc:290] T c30bbb7c49724dc18b223636cb9f563d P ab1a78215def4f80ace43eed653293d1 [CANDIDATE]: Term 3 election: Requested vote from peers 9633744f4e8e43b5bc41df4966bbfbe1 (127.5.170.194:38753), b04cb09c4eb645ff8113b1bffdacdb3d (127.5.170.195:37769)
I20260710 13:18:37.502163  6518 tablet_service.cc:1917] Received RequestConsensusVote() RPC: tablet_id: "c30bbb7c49724dc18b223636cb9f563d" candidate_uuid: "ab1a78215def4f80ace43eed653293d1" candidate_term: 3 candidate_status { last_received { term: 2 index: 2 } } ignore_live_leader: true dest_uuid: "9633744f4e8e43b5bc41df4966bbfbe1"
I20260710 13:18:37.502748  6518 raft_consensus.cc:3055] T c30bbb7c49724dc18b223636cb9f563d P 9633744f4e8e43b5bc41df4966bbfbe1 [term 2 LEADER]: Stepping down as leader of term 2
I20260710 13:18:37.503070  6518 raft_consensus.cc:740] T c30bbb7c49724dc18b223636cb9f563d P 9633744f4e8e43b5bc41df4966bbfbe1 [term 2 LEADER]: Becoming Follower/Learner. State: Replica: 9633744f4e8e43b5bc41df4966bbfbe1, State: Running, Role: LEADER
I20260710 13:18:37.503433  6595 tablet_service.cc:1917] Received RequestConsensusVote() RPC: tablet_id: "c30bbb7c49724dc18b223636cb9f563d" candidate_uuid: "ab1a78215def4f80ace43eed653293d1" candidate_term: 3 candidate_status { last_received { term: 2 index: 2 } } ignore_live_leader: true dest_uuid: "b04cb09c4eb645ff8113b1bffdacdb3d"
I20260710 13:18:37.503959  6595 raft_consensus.cc:3060] T c30bbb7c49724dc18b223636cb9f563d P b04cb09c4eb645ff8113b1bffdacdb3d [term 2 FOLLOWER]: Advancing to term 3
I20260710 13:18:37.503927  6518 consensus_queue.cc:260] T c30bbb7c49724dc18b223636cb9f563d P 9633744f4e8e43b5bc41df4966bbfbe1 [NON_LEADER]: Queue going to NON_LEADER mode. State: All replicated index: 0, Majority replicated index: 2, Committed index: 2, Last appended: 2.2, Last appended by leader: 2, Current term: 2, Majority size: -1, State: 0, Mode: NON_LEADER, active raft config: opid_index: -1 OBSOLETE_local: false peers { permanent_uuid: "ab1a78215def4f80ace43eed653293d1" member_type: VOTER last_known_addr { host: "127.5.170.193" port: 35369 } } peers { permanent_uuid: "9633744f4e8e43b5bc41df4966bbfbe1" member_type: VOTER last_known_addr { host: "127.5.170.194" port: 38753 } } peers { permanent_uuid: "b04cb09c4eb645ff8113b1bffdacdb3d" member_type: VOTER last_known_addr { host: "127.5.170.195" port: 37769 } }
I20260710 13:18:37.505056  6518 raft_consensus.cc:3060] T c30bbb7c49724dc18b223636cb9f563d P 9633744f4e8e43b5bc41df4966bbfbe1 [term 2 FOLLOWER]: Advancing to term 3
I20260710 13:18:37.509552  6518 raft_consensus.cc:2468] T c30bbb7c49724dc18b223636cb9f563d P 9633744f4e8e43b5bc41df4966bbfbe1 [term 3 FOLLOWER]: Leader election vote request: Granting yes vote for candidate ab1a78215def4f80ace43eed653293d1 in term 3.
I20260710 13:18:37.509572  6595 raft_consensus.cc:2468] T c30bbb7c49724dc18b223636cb9f563d P b04cb09c4eb645ff8113b1bffdacdb3d [term 3 FOLLOWER]: Leader election vote request: Granting yes vote for candidate ab1a78215def4f80ace43eed653293d1 in term 3.
I20260710 13:18:37.510800  6412 leader_election.cc:304] T c30bbb7c49724dc18b223636cb9f563d P ab1a78215def4f80ace43eed653293d1 [CANDIDATE]: Term 3 election: Election decided. Result: candidate won. Election summary: received 2 responses out of 3 voters: 2 yes votes; 0 no votes. yes voters: 9633744f4e8e43b5bc41df4966bbfbe1, ab1a78215def4f80ace43eed653293d1; no voters: 
I20260710 13:18:37.511456  6734 raft_consensus.cc:2804] T c30bbb7c49724dc18b223636cb9f563d P ab1a78215def4f80ace43eed653293d1 [term 3 FOLLOWER]: Leader election won for term 3
I20260710 13:18:37.512811  6734 raft_consensus.cc:697] T c30bbb7c49724dc18b223636cb9f563d P ab1a78215def4f80ace43eed653293d1 [term 3 LEADER]: Becoming Leader. State: Replica: ab1a78215def4f80ace43eed653293d1, State: Running, Role: LEADER
I20260710 13:18:37.513698  6734 consensus_queue.cc:237] T c30bbb7c49724dc18b223636cb9f563d P ab1a78215def4f80ace43eed653293d1 [LEADER]: Queue going to LEADER mode. State: All replicated index: 0, Majority replicated index: 2, Committed index: 2, Last appended: 2.2, Last appended by leader: 2, Current term: 3, Majority size: 2, State: 0, Mode: LEADER, active raft config: opid_index: -1 OBSOLETE_local: false peers { permanent_uuid: "ab1a78215def4f80ace43eed653293d1" member_type: VOTER last_known_addr { host: "127.5.170.193" port: 35369 } } peers { permanent_uuid: "9633744f4e8e43b5bc41df4966bbfbe1" member_type: VOTER last_known_addr { host: "127.5.170.194" port: 38753 } } peers { permanent_uuid: "b04cb09c4eb645ff8113b1bffdacdb3d" member_type: VOTER last_known_addr { host: "127.5.170.195" port: 37769 } }
I20260710 13:18:37.520854  6342 catalog_manager.cc:5697] T c30bbb7c49724dc18b223636cb9f563d P ab1a78215def4f80ace43eed653293d1 reported cstate change: term changed from 2 to 3, leader changed from 9633744f4e8e43b5bc41df4966bbfbe1 (127.5.170.194) to ab1a78215def4f80ace43eed653293d1 (127.5.170.193). New cstate: current_term: 3 leader_uuid: "ab1a78215def4f80ace43eed653293d1" committed_config { opid_index: -1 OBSOLETE_local: false peers { permanent_uuid: "ab1a78215def4f80ace43eed653293d1" member_type: VOTER last_known_addr { host: "127.5.170.193" port: 35369 } health_report { overall_health: HEALTHY } } peers { permanent_uuid: "9633744f4e8e43b5bc41df4966bbfbe1" member_type: VOTER last_known_addr { host: "127.5.170.194" port: 38753 } health_report { overall_health: UNKNOWN } } peers { permanent_uuid: "b04cb09c4eb645ff8113b1bffdacdb3d" member_type: VOTER last_known_addr { host: "127.5.170.195" port: 37769 } health_report { overall_health: UNKNOWN } } }
I20260710 13:18:37.582049  6595 raft_consensus.cc:1275] T ffb653a4e6944797b71f4cc106c7ddaf P b04cb09c4eb645ff8113b1bffdacdb3d [term 3 FOLLOWER]: Refusing update from remote peer ab1a78215def4f80ace43eed653293d1: Log matching property violated. Preceding OpId in replica: term: 2 index: 1. Preceding OpId from leader: term: 3 index: 2. (index mismatch)
I20260710 13:18:37.583341  6734 consensus_queue.cc:1048] T ffb653a4e6944797b71f4cc106c7ddaf P ab1a78215def4f80ace43eed653293d1 [LEADER]: Connected to new peer: Peer: permanent_uuid: "b04cb09c4eb645ff8113b1bffdacdb3d" member_type: VOTER last_known_addr { host: "127.5.170.195" port: 37769 }, Status: LMP_MISMATCH, Last received: 0.0, Next index: 2, Last known committed idx: 1, Time since last communication: 0.000s
I20260710 13:18:37.593106  6518 raft_consensus.cc:1275] T ffb653a4e6944797b71f4cc106c7ddaf P 9633744f4e8e43b5bc41df4966bbfbe1 [term 3 FOLLOWER]: Refusing update from remote peer ab1a78215def4f80ace43eed653293d1: Log matching property violated. Preceding OpId in replica: term: 2 index: 1. Preceding OpId from leader: term: 3 index: 2. (index mismatch)
I20260710 13:18:37.594934  6734 consensus_queue.cc:1048] T ffb653a4e6944797b71f4cc106c7ddaf P ab1a78215def4f80ace43eed653293d1 [LEADER]: Connected to new peer: Peer: permanent_uuid: "9633744f4e8e43b5bc41df4966bbfbe1" member_type: VOTER last_known_addr { host: "127.5.170.194" port: 38753 }, Status: LMP_MISMATCH, Last received: 0.0, Next index: 2, Last known committed idx: 1, Time since last communication: 0.000s
I20260710 13:18:37.827133  6595 raft_consensus.cc:1275] T dd5ef564d4dd492d99d1d379deecafff P b04cb09c4eb645ff8113b1bffdacdb3d [term 3 FOLLOWER]: Refusing update from remote peer ab1a78215def4f80ace43eed653293d1: Log matching property violated. Preceding OpId in replica: term: 2 index: 2. Preceding OpId from leader: term: 3 index: 3. (index mismatch)
I20260710 13:18:37.828423  6734 consensus_queue.cc:1048] T dd5ef564d4dd492d99d1d379deecafff P ab1a78215def4f80ace43eed653293d1 [LEADER]: Connected to new peer: Peer: permanent_uuid: "b04cb09c4eb645ff8113b1bffdacdb3d" member_type: VOTER last_known_addr { host: "127.5.170.195" port: 37769 }, Status: LMP_MISMATCH, Last received: 0.0, Next index: 3, Last known committed idx: 2, Time since last communication: 0.000s
I20260710 13:18:37.837453  6518 raft_consensus.cc:1275] T dd5ef564d4dd492d99d1d379deecafff P 9633744f4e8e43b5bc41df4966bbfbe1 [term 3 FOLLOWER]: Refusing update from remote peer ab1a78215def4f80ace43eed653293d1: Log matching property violated. Preceding OpId in replica: term: 2 index: 2. Preceding OpId from leader: term: 3 index: 3. (index mismatch)
I20260710 13:18:37.839015  6767 consensus_queue.cc:1048] T dd5ef564d4dd492d99d1d379deecafff P ab1a78215def4f80ace43eed653293d1 [LEADER]: Connected to new peer: Peer: permanent_uuid: "9633744f4e8e43b5bc41df4966bbfbe1" member_type: VOTER last_known_addr { host: "127.5.170.194" port: 38753 }, Status: LMP_MISMATCH, Last received: 0.0, Next index: 3, Last known committed idx: 2, Time since last communication: 0.001s
I20260710 13:18:37.926986  6518 raft_consensus.cc:1275] T 068fa758bbea41f590028546dcad1fa1 P 9633744f4e8e43b5bc41df4966bbfbe1 [term 4 FOLLOWER]: Refusing update from remote peer ab1a78215def4f80ace43eed653293d1: Log matching property violated. Preceding OpId in replica: term: 3 index: 3. Preceding OpId from leader: term: 4 index: 4. (index mismatch)
I20260710 13:18:37.928385  6767 consensus_queue.cc:1048] T 068fa758bbea41f590028546dcad1fa1 P ab1a78215def4f80ace43eed653293d1 [LEADER]: Connected to new peer: Peer: permanent_uuid: "9633744f4e8e43b5bc41df4966bbfbe1" member_type: VOTER last_known_addr { host: "127.5.170.194" port: 38753 }, Status: LMP_MISMATCH, Last received: 0.0, Next index: 4, Last known committed idx: 3, Time since last communication: 0.000s
I20260710 13:18:37.937288  6595 raft_consensus.cc:1275] T 068fa758bbea41f590028546dcad1fa1 P b04cb09c4eb645ff8113b1bffdacdb3d [term 4 FOLLOWER]: Refusing update from remote peer ab1a78215def4f80ace43eed653293d1: Log matching property violated. Preceding OpId in replica: term: 3 index: 3. Preceding OpId from leader: term: 4 index: 4. (index mismatch)
I20260710 13:18:37.938743  6767 consensus_queue.cc:1048] T 068fa758bbea41f590028546dcad1fa1 P ab1a78215def4f80ace43eed653293d1 [LEADER]: Connected to new peer: Peer: permanent_uuid: "b04cb09c4eb645ff8113b1bffdacdb3d" member_type: VOTER last_known_addr { host: "127.5.170.195" port: 37769 }, Status: LMP_MISMATCH, Last received: 0.0, Next index: 4, Last known committed idx: 3, Time since last communication: 0.000s
I20260710 13:18:37.949807  6518 raft_consensus.cc:1275] T c30bbb7c49724dc18b223636cb9f563d P 9633744f4e8e43b5bc41df4966bbfbe1 [term 3 FOLLOWER]: Refusing update from remote peer ab1a78215def4f80ace43eed653293d1: Log matching property violated. Preceding OpId in replica: term: 2 index: 2. Preceding OpId from leader: term: 3 index: 3. (index mismatch)
I20260710 13:18:37.951035  6781 consensus_queue.cc:1048] T c30bbb7c49724dc18b223636cb9f563d P ab1a78215def4f80ace43eed653293d1 [LEADER]: Connected to new peer: Peer: permanent_uuid: "9633744f4e8e43b5bc41df4966bbfbe1" member_type: VOTER last_known_addr { host: "127.5.170.194" port: 38753 }, Status: LMP_MISMATCH, Last received: 0.0, Next index: 3, Last known committed idx: 2, Time since last communication: 0.000s
I20260710 13:18:37.960548  6595 raft_consensus.cc:1275] T c30bbb7c49724dc18b223636cb9f563d P b04cb09c4eb645ff8113b1bffdacdb3d [term 3 FOLLOWER]: Refusing update from remote peer ab1a78215def4f80ace43eed653293d1: Log matching property violated. Preceding OpId in replica: term: 2 index: 2. Preceding OpId from leader: term: 3 index: 3. (index mismatch)
I20260710 13:18:37.962379  6767 consensus_queue.cc:1048] T c30bbb7c49724dc18b223636cb9f563d P ab1a78215def4f80ace43eed653293d1 [LEADER]: Connected to new peer: Peer: permanent_uuid: "b04cb09c4eb645ff8113b1bffdacdb3d" member_type: VOTER last_known_addr { host: "127.5.170.195" port: 37769 }, Status: LMP_MISMATCH, Last received: 0.0, Next index: 3, Last known committed idx: 2, Time since last communication: 0.000s
I20260710 13:18:39.997073  5803 auto_leader_rebalancer.cc:141] leader rebalance for table test-workload
I20260710 13:18:40.006785  6446 tablet_service.cc:2072] Received LeaderStepDown RPC: tablet_id: "068fa758bbea41f590028546dcad1fa1"
dest_uuid: "ab1a78215def4f80ace43eed653293d1"
mode: GRACEFUL
new_leader_uuid: "b04cb09c4eb645ff8113b1bffdacdb3d"
 from {username='slave'} at 127.0.0.1:40026
I20260710 13:18:40.007405  6446 raft_consensus.cc:606] T 068fa758bbea41f590028546dcad1fa1 P ab1a78215def4f80ace43eed653293d1 [term 4 LEADER]: Received request to transfer leadership to TS b04cb09c4eb645ff8113b1bffdacdb3d
I20260710 13:18:40.010061  6446 tablet_service.cc:2072] Received LeaderStepDown RPC: tablet_id: "1d494b05355348e4a329ae25031b6f86"
dest_uuid: "ab1a78215def4f80ace43eed653293d1"
mode: GRACEFUL
new_leader_uuid: "9633744f4e8e43b5bc41df4966bbfbe1"
 from {username='slave'} at 127.0.0.1:40026
I20260710 13:18:40.010648  6446 raft_consensus.cc:606] T 1d494b05355348e4a329ae25031b6f86 P ab1a78215def4f80ace43eed653293d1 [term 2 LEADER]: Received request to transfer leadership to TS 9633744f4e8e43b5bc41df4966bbfbe1
I20260710 13:18:40.013581  6446 tablet_service.cc:2072] Received LeaderStepDown RPC: tablet_id: "dd5ef564d4dd492d99d1d379deecafff"
dest_uuid: "ab1a78215def4f80ace43eed653293d1"
mode: GRACEFUL
new_leader_uuid: "9633744f4e8e43b5bc41df4966bbfbe1"
 from {username='slave'} at 127.0.0.1:40026
I20260710 13:18:40.014178  6446 raft_consensus.cc:606] T dd5ef564d4dd492d99d1d379deecafff P ab1a78215def4f80ace43eed653293d1 [term 3 LEADER]: Received request to transfer leadership to TS 9633744f4e8e43b5bc41df4966bbfbe1
I20260710 13:18:40.016639  6446 tablet_service.cc:2072] Received LeaderStepDown RPC: tablet_id: "ffb653a4e6944797b71f4cc106c7ddaf"
dest_uuid: "ab1a78215def4f80ace43eed653293d1"
mode: GRACEFUL
new_leader_uuid: "b04cb09c4eb645ff8113b1bffdacdb3d"
 from {username='slave'} at 127.0.0.1:40026
I20260710 13:18:40.017041  6446 raft_consensus.cc:606] T ffb653a4e6944797b71f4cc106c7ddaf P ab1a78215def4f80ace43eed653293d1 [term 3 LEADER]: Received request to transfer leadership to TS b04cb09c4eb645ff8113b1bffdacdb3d
I20260710 13:18:40.018123  5803 auto_leader_rebalancer.cc:479] table: test-workload, leader rebalance finish, leader transfer count: 4
I20260710 13:18:40.018613  5803 auto_leader_rebalancer.cc:554] All tables' leader rebalancing finished this round
I20260710 13:18:40.071422  6778 raft_consensus.cc:993] T 1d494b05355348e4a329ae25031b6f86 P ab1a78215def4f80ace43eed653293d1: : Instructing follower 9633744f4e8e43b5bc41df4966bbfbe1 to start an election
I20260710 13:18:40.072381  6781 raft_consensus.cc:1081] T 1d494b05355348e4a329ae25031b6f86 P ab1a78215def4f80ace43eed653293d1 [term 2 LEADER]: Signalling peer 9633744f4e8e43b5bc41df4966bbfbe1 to start an election
I20260710 13:18:40.074169  6517 tablet_service.cc:2044] Received Run Leader Election RPC: tablet_id: "1d494b05355348e4a329ae25031b6f86"
dest_uuid: "9633744f4e8e43b5bc41df4966bbfbe1"
 from {username='slave'} at 127.0.0.1:54042
I20260710 13:18:40.074692  6517 raft_consensus.cc:493] T 1d494b05355348e4a329ae25031b6f86 P 9633744f4e8e43b5bc41df4966bbfbe1 [term 2 FOLLOWER]: Starting forced leader election (received explicit request)
I20260710 13:18:40.074985  6517 raft_consensus.cc:3060] T 1d494b05355348e4a329ae25031b6f86 P 9633744f4e8e43b5bc41df4966bbfbe1 [term 2 FOLLOWER]: Advancing to term 3
I20260710 13:18:40.079514  6517 raft_consensus.cc:515] T 1d494b05355348e4a329ae25031b6f86 P 9633744f4e8e43b5bc41df4966bbfbe1 [term 3 FOLLOWER]: Starting forced leader election with config: opid_index: -1 OBSOLETE_local: false peers { permanent_uuid: "ab1a78215def4f80ace43eed653293d1" member_type: VOTER last_known_addr { host: "127.5.170.193" port: 35369 } } peers { permanent_uuid: "9633744f4e8e43b5bc41df4966bbfbe1" member_type: VOTER last_known_addr { host: "127.5.170.194" port: 38753 } } peers { permanent_uuid: "b04cb09c4eb645ff8113b1bffdacdb3d" member_type: VOTER last_known_addr { host: "127.5.170.195" port: 37769 } }
I20260710 13:18:40.081367  6517 leader_election.cc:290] T 1d494b05355348e4a329ae25031b6f86 P 9633744f4e8e43b5bc41df4966bbfbe1 [CANDIDATE]: Term 3 election: Requested vote from peers ab1a78215def4f80ace43eed653293d1 (127.5.170.193:35369), b04cb09c4eb645ff8113b1bffdacdb3d (127.5.170.195:37769)
I20260710 13:18:40.082267  6446 tablet_service.cc:1917] Received RequestConsensusVote() RPC: tablet_id: "1d494b05355348e4a329ae25031b6f86" candidate_uuid: "9633744f4e8e43b5bc41df4966bbfbe1" candidate_term: 3 candidate_status { last_received { term: 2 index: 2 } } ignore_live_leader: true dest_uuid: "ab1a78215def4f80ace43eed653293d1"
I20260710 13:18:40.082491  6595 tablet_service.cc:1917] Received RequestConsensusVote() RPC: tablet_id: "1d494b05355348e4a329ae25031b6f86" candidate_uuid: "9633744f4e8e43b5bc41df4966bbfbe1" candidate_term: 3 candidate_status { last_received { term: 2 index: 2 } } ignore_live_leader: true dest_uuid: "b04cb09c4eb645ff8113b1bffdacdb3d"
I20260710 13:18:40.082880  6446 raft_consensus.cc:3055] T 1d494b05355348e4a329ae25031b6f86 P ab1a78215def4f80ace43eed653293d1 [term 2 LEADER]: Stepping down as leader of term 2
I20260710 13:18:40.082948  6595 raft_consensus.cc:3060] T 1d494b05355348e4a329ae25031b6f86 P b04cb09c4eb645ff8113b1bffdacdb3d [term 2 FOLLOWER]: Advancing to term 3
I20260710 13:18:40.083352  6446 raft_consensus.cc:740] T 1d494b05355348e4a329ae25031b6f86 P ab1a78215def4f80ace43eed653293d1 [term 2 LEADER]: Becoming Follower/Learner. State: Replica: ab1a78215def4f80ace43eed653293d1, State: Running, Role: LEADER
I20260710 13:18:40.084134  6446 consensus_queue.cc:260] T 1d494b05355348e4a329ae25031b6f86 P ab1a78215def4f80ace43eed653293d1 [NON_LEADER]: Queue going to NON_LEADER mode. State: All replicated index: 0, Majority replicated index: 2, Committed index: 2, Last appended: 2.2, Last appended by leader: 2, Current term: 2, Majority size: -1, State: 0, Mode: NON_LEADER, active raft config: opid_index: -1 OBSOLETE_local: false peers { permanent_uuid: "ab1a78215def4f80ace43eed653293d1" member_type: VOTER last_known_addr { host: "127.5.170.193" port: 35369 } } peers { permanent_uuid: "9633744f4e8e43b5bc41df4966bbfbe1" member_type: VOTER last_known_addr { host: "127.5.170.194" port: 38753 } } peers { permanent_uuid: "b04cb09c4eb645ff8113b1bffdacdb3d" member_type: VOTER last_known_addr { host: "127.5.170.195" port: 37769 } }
I20260710 13:18:40.085336  6446 raft_consensus.cc:3060] T 1d494b05355348e4a329ae25031b6f86 P ab1a78215def4f80ace43eed653293d1 [term 2 FOLLOWER]: Advancing to term 3
I20260710 13:18:40.089427  6595 raft_consensus.cc:2468] T 1d494b05355348e4a329ae25031b6f86 P b04cb09c4eb645ff8113b1bffdacdb3d [term 3 FOLLOWER]: Leader election vote request: Granting yes vote for candidate 9633744f4e8e43b5bc41df4966bbfbe1 in term 3.
I20260710 13:18:40.090830  6487 leader_election.cc:304] T 1d494b05355348e4a329ae25031b6f86 P 9633744f4e8e43b5bc41df4966bbfbe1 [CANDIDATE]: Term 3 election: Election decided. Result: candidate won. Election summary: received 2 responses out of 3 voters: 2 yes votes; 0 no votes. yes voters: 9633744f4e8e43b5bc41df4966bbfbe1, b04cb09c4eb645ff8113b1bffdacdb3d; no voters: 
I20260710 13:18:40.091663  6790 raft_consensus.cc:2804] T 1d494b05355348e4a329ae25031b6f86 P 9633744f4e8e43b5bc41df4966bbfbe1 [term 3 FOLLOWER]: Leader election won for term 3
I20260710 13:18:40.091709  6446 raft_consensus.cc:2468] T 1d494b05355348e4a329ae25031b6f86 P ab1a78215def4f80ace43eed653293d1 [term 3 FOLLOWER]: Leader election vote request: Granting yes vote for candidate 9633744f4e8e43b5bc41df4966bbfbe1 in term 3.
I20260710 13:18:40.092985  6790 raft_consensus.cc:697] T 1d494b05355348e4a329ae25031b6f86 P 9633744f4e8e43b5bc41df4966bbfbe1 [term 3 LEADER]: Becoming Leader. State: Replica: 9633744f4e8e43b5bc41df4966bbfbe1, State: Running, Role: LEADER
I20260710 13:18:40.093866  6790 consensus_queue.cc:237] T 1d494b05355348e4a329ae25031b6f86 P 9633744f4e8e43b5bc41df4966bbfbe1 [LEADER]: Queue going to LEADER mode. State: All replicated index: 0, Majority replicated index: 2, Committed index: 2, Last appended: 2.2, Last appended by leader: 2, Current term: 3, Majority size: 2, State: 0, Mode: LEADER, active raft config: opid_index: -1 OBSOLETE_local: false peers { permanent_uuid: "ab1a78215def4f80ace43eed653293d1" member_type: VOTER last_known_addr { host: "127.5.170.193" port: 35369 } } peers { permanent_uuid: "9633744f4e8e43b5bc41df4966bbfbe1" member_type: VOTER last_known_addr { host: "127.5.170.194" port: 38753 } } peers { permanent_uuid: "b04cb09c4eb645ff8113b1bffdacdb3d" member_type: VOTER last_known_addr { host: "127.5.170.195" port: 37769 } }
I20260710 13:18:40.101064  6339 catalog_manager.cc:5697] T 1d494b05355348e4a329ae25031b6f86 P 9633744f4e8e43b5bc41df4966bbfbe1 reported cstate change: term changed from 2 to 3, leader changed from ab1a78215def4f80ace43eed653293d1 (127.5.170.193) to 9633744f4e8e43b5bc41df4966bbfbe1 (127.5.170.194). New cstate: current_term: 3 leader_uuid: "9633744f4e8e43b5bc41df4966bbfbe1" committed_config { opid_index: -1 OBSOLETE_local: false peers { permanent_uuid: "ab1a78215def4f80ace43eed653293d1" member_type: VOTER last_known_addr { host: "127.5.170.193" port: 35369 } health_report { overall_health: UNKNOWN } } peers { permanent_uuid: "9633744f4e8e43b5bc41df4966bbfbe1" member_type: VOTER last_known_addr { host: "127.5.170.194" port: 38753 } health_report { overall_health: HEALTHY } } peers { permanent_uuid: "b04cb09c4eb645ff8113b1bffdacdb3d" member_type: VOTER last_known_addr { host: "127.5.170.195" port: 37769 } health_report { overall_health: UNKNOWN } } }
I20260710 13:18:40.168916  6778 raft_consensus.cc:993] T ffb653a4e6944797b71f4cc106c7ddaf P ab1a78215def4f80ace43eed653293d1: : Instructing follower b04cb09c4eb645ff8113b1bffdacdb3d to start an election
I20260710 13:18:40.169407  6778 raft_consensus.cc:1081] T ffb653a4e6944797b71f4cc106c7ddaf P ab1a78215def4f80ace43eed653293d1 [term 3 LEADER]: Signalling peer b04cb09c4eb645ff8113b1bffdacdb3d to start an election
I20260710 13:18:40.170912  6595 tablet_service.cc:2044] Received Run Leader Election RPC: tablet_id: "ffb653a4e6944797b71f4cc106c7ddaf"
dest_uuid: "b04cb09c4eb645ff8113b1bffdacdb3d"
 from {username='slave'} at 127.0.0.1:48878
I20260710 13:18:40.171445  6595 raft_consensus.cc:493] T ffb653a4e6944797b71f4cc106c7ddaf P b04cb09c4eb645ff8113b1bffdacdb3d [term 3 FOLLOWER]: Starting forced leader election (received explicit request)
I20260710 13:18:40.171731  6595 raft_consensus.cc:3060] T ffb653a4e6944797b71f4cc106c7ddaf P b04cb09c4eb645ff8113b1bffdacdb3d [term 3 FOLLOWER]: Advancing to term 4
I20260710 13:18:40.175796  6595 raft_consensus.cc:515] T ffb653a4e6944797b71f4cc106c7ddaf P b04cb09c4eb645ff8113b1bffdacdb3d [term 4 FOLLOWER]: Starting forced leader election with config: opid_index: -1 OBSOLETE_local: false peers { permanent_uuid: "ab1a78215def4f80ace43eed653293d1" member_type: VOTER last_known_addr { host: "127.5.170.193" port: 35369 } } peers { permanent_uuid: "9633744f4e8e43b5bc41df4966bbfbe1" member_type: VOTER last_known_addr { host: "127.5.170.194" port: 38753 } } peers { permanent_uuid: "b04cb09c4eb645ff8113b1bffdacdb3d" member_type: VOTER last_known_addr { host: "127.5.170.195" port: 37769 } }
I20260710 13:18:40.177644  6595 leader_election.cc:290] T ffb653a4e6944797b71f4cc106c7ddaf P b04cb09c4eb645ff8113b1bffdacdb3d [CANDIDATE]: Term 4 election: Requested vote from peers ab1a78215def4f80ace43eed653293d1 (127.5.170.193:35369), 9633744f4e8e43b5bc41df4966bbfbe1 (127.5.170.194:38753)
I20260710 13:18:40.178344  6446 tablet_service.cc:1917] Received RequestConsensusVote() RPC: tablet_id: "ffb653a4e6944797b71f4cc106c7ddaf" candidate_uuid: "b04cb09c4eb645ff8113b1bffdacdb3d" candidate_term: 4 candidate_status { last_received { term: 3 index: 2 } } ignore_live_leader: true dest_uuid: "ab1a78215def4f80ace43eed653293d1"
I20260710 13:18:40.178769  6517 tablet_service.cc:1917] Received RequestConsensusVote() RPC: tablet_id: "ffb653a4e6944797b71f4cc106c7ddaf" candidate_uuid: "b04cb09c4eb645ff8113b1bffdacdb3d" candidate_term: 4 candidate_status { last_received { term: 3 index: 2 } } ignore_live_leader: true dest_uuid: "9633744f4e8e43b5bc41df4966bbfbe1"
I20260710 13:18:40.178894  6446 raft_consensus.cc:3055] T ffb653a4e6944797b71f4cc106c7ddaf P ab1a78215def4f80ace43eed653293d1 [term 3 LEADER]: Stepping down as leader of term 3
I20260710 13:18:40.179318  6446 raft_consensus.cc:740] T ffb653a4e6944797b71f4cc106c7ddaf P ab1a78215def4f80ace43eed653293d1 [term 3 LEADER]: Becoming Follower/Learner. State: Replica: ab1a78215def4f80ace43eed653293d1, State: Running, Role: LEADER
I20260710 13:18:40.179328  6517 raft_consensus.cc:3060] T ffb653a4e6944797b71f4cc106c7ddaf P 9633744f4e8e43b5bc41df4966bbfbe1 [term 3 FOLLOWER]: Advancing to term 4
I20260710 13:18:40.180029  6446 consensus_queue.cc:260] T ffb653a4e6944797b71f4cc106c7ddaf P ab1a78215def4f80ace43eed653293d1 [NON_LEADER]: Queue going to NON_LEADER mode. State: All replicated index: 0, Majority replicated index: 2, Committed index: 2, Last appended: 3.2, Last appended by leader: 2, Current term: 3, Majority size: -1, State: 0, Mode: NON_LEADER, active raft config: opid_index: -1 OBSOLETE_local: false peers { permanent_uuid: "ab1a78215def4f80ace43eed653293d1" member_type: VOTER last_known_addr { host: "127.5.170.193" port: 35369 } } peers { permanent_uuid: "9633744f4e8e43b5bc41df4966bbfbe1" member_type: VOTER last_known_addr { host: "127.5.170.194" port: 38753 } } peers { permanent_uuid: "b04cb09c4eb645ff8113b1bffdacdb3d" member_type: VOTER last_known_addr { host: "127.5.170.195" port: 37769 } }
I20260710 13:18:40.180887  6446 raft_consensus.cc:3060] T ffb653a4e6944797b71f4cc106c7ddaf P ab1a78215def4f80ace43eed653293d1 [term 3 FOLLOWER]: Advancing to term 4
I20260710 13:18:40.183830  6517 raft_consensus.cc:2468] T ffb653a4e6944797b71f4cc106c7ddaf P 9633744f4e8e43b5bc41df4966bbfbe1 [term 4 FOLLOWER]: Leader election vote request: Granting yes vote for candidate b04cb09c4eb645ff8113b1bffdacdb3d in term 4.
I20260710 13:18:40.185000  6446 raft_consensus.cc:2468] T ffb653a4e6944797b71f4cc106c7ddaf P ab1a78215def4f80ace43eed653293d1 [term 4 FOLLOWER]: Leader election vote request: Granting yes vote for candidate b04cb09c4eb645ff8113b1bffdacdb3d in term 4.
