I20260710 13:18:52.284686  7579 ts_tablet_manager.cc:933] T 612541fd3f7449e3b521050b22ee60ff P d75eee3bd917487a92a86bd5a37f64fe: Initiating tablet copy from peer 63bde8b40fd44b6192a634d5080c3cc7 (127.5.175.194:42649)
I20260710 13:18:52.288913  7580 ts_tablet_manager.cc:933] T 1e7292340e3f470d88e786d94e27e691 P d75eee3bd917487a92a86bd5a37f64fe: Initiating tablet copy from peer 63bde8b40fd44b6192a634d5080c3cc7 (127.5.175.194:42649)
I20260710 13:18:52.297814  7581 ts_tablet_manager.cc:933] T 8b899ab000944ae5bd3edb91ce053c6b P d75eee3bd917487a92a86bd5a37f64fe: Initiating tablet copy from peer 4a48b7931cc94e81b195e2ecc794d8ae (127.5.175.193:44261)
I20260710 13:18:52.302930  7577 tablet_copy_client.cc:806] T c459f11cd35e4f9ea83b2ad23d404af8 P d75eee3bd917487a92a86bd5a37f64fe: tablet copy: Starting download of 0 data blocks...
I20260710 13:18:52.303169  7579 tablet_copy_client.cc:323] T 612541fd3f7449e3b521050b22ee60ff P d75eee3bd917487a92a86bd5a37f64fe: tablet copy: Beginning tablet copy session from remote peer at address 127.5.175.194:42649
I20260710 13:18:52.303867  7577 tablet_copy_client.cc:670] T c459f11cd35e4f9ea83b2ad23d404af8 P d75eee3bd917487a92a86bd5a37f64fe: tablet copy: Starting download of 1 WAL segments...
I20260710 13:18:52.305418  7058 tablet_copy_service.cc:140] P 63bde8b40fd44b6192a634d5080c3cc7: Received BeginTabletCopySession request for tablet 612541fd3f7449e3b521050b22ee60ff from peer d75eee3bd917487a92a86bd5a37f64fe ({username='slave'} at 127.0.0.1:55494)
I20260710 13:18:52.306077  7058 tablet_copy_service.cc:161] P 63bde8b40fd44b6192a634d5080c3cc7: Beginning new tablet copy session on tablet 612541fd3f7449e3b521050b22ee60ff from peer d75eee3bd917487a92a86bd5a37f64fe at {username='slave'} at 127.0.0.1:55494: session id = d75eee3bd917487a92a86bd5a37f64fe-612541fd3f7449e3b521050b22ee60ff
I20260710 13:18:52.310803  7577 tablet_copy_client.cc:538] T c459f11cd35e4f9ea83b2ad23d404af8 P d75eee3bd917487a92a86bd5a37f64fe: tablet copy: Tablet Copy complete. Replacing tablet superblock.
I20260710 13:18:52.312098  7581 tablet_copy_client.cc:323] T 8b899ab000944ae5bd3edb91ce053c6b P d75eee3bd917487a92a86bd5a37f64fe: tablet copy: Beginning tablet copy session from remote peer at address 127.5.175.193:44261
I20260710 13:18:52.316171  7058 tablet_copy_source_session.cc:215] T 612541fd3f7449e3b521050b22ee60ff P 63bde8b40fd44b6192a634d5080c3cc7: Tablet Copy: opened 0 blocks and 1 log segments
I20260710 13:18:52.317283  7580 tablet_copy_client.cc:323] T 1e7292340e3f470d88e786d94e27e691 P d75eee3bd917487a92a86bd5a37f64fe: tablet copy: Beginning tablet copy session from remote peer at address 127.5.175.194:42649
I20260710 13:18:52.321691  7057 tablet_copy_service.cc:140] P 63bde8b40fd44b6192a634d5080c3cc7: Received BeginTabletCopySession request for tablet 1e7292340e3f470d88e786d94e27e691 from peer d75eee3bd917487a92a86bd5a37f64fe ({username='slave'} at 127.0.0.1:55494)
I20260710 13:18:52.322363  7057 tablet_copy_service.cc:161] P 63bde8b40fd44b6192a634d5080c3cc7: Beginning new tablet copy session on tablet 1e7292340e3f470d88e786d94e27e691 from peer d75eee3bd917487a92a86bd5a37f64fe at {username='slave'} at 127.0.0.1:55494: session id = d75eee3bd917487a92a86bd5a37f64fe-1e7292340e3f470d88e786d94e27e691
I20260710 13:18:52.342087  7579 data_dirs.cc:400] Could only allocate 1 dirs of requested 3 for tablet 612541fd3f7449e3b521050b22ee60ff. 1 dirs total, 0 dirs full, 0 dirs failed
I20260710 13:18:52.347312  7577 tablet_bootstrap.cc:492] T c459f11cd35e4f9ea83b2ad23d404af8 P d75eee3bd917487a92a86bd5a37f64fe: Bootstrap starting.
I20260710 13:18:52.356101  7057 tablet_copy_source_session.cc:215] T 1e7292340e3f470d88e786d94e27e691 P 63bde8b40fd44b6192a634d5080c3cc7: Tablet Copy: opened 0 blocks and 1 log segments
I20260710 13:18:52.362244  7580 data_dirs.cc:400] Could only allocate 1 dirs of requested 3 for tablet 1e7292340e3f470d88e786d94e27e691. 1 dirs total, 0 dirs full, 0 dirs failed
I20260710 13:18:52.388797  6983 tablet_copy_service.cc:140] P 4a48b7931cc94e81b195e2ecc794d8ae: Received BeginTabletCopySession request for tablet 8b899ab000944ae5bd3edb91ce053c6b from peer d75eee3bd917487a92a86bd5a37f64fe ({username='slave'} at 127.0.0.1:57710)
I20260710 13:18:52.389640  6983 tablet_copy_service.cc:161] P 4a48b7931cc94e81b195e2ecc794d8ae: Beginning new tablet copy session on tablet 8b899ab000944ae5bd3edb91ce053c6b from peer d75eee3bd917487a92a86bd5a37f64fe at {username='slave'} at 127.0.0.1:57710: session id = d75eee3bd917487a92a86bd5a37f64fe-8b899ab000944ae5bd3edb91ce053c6b
I20260710 13:18:52.399394  7579 tablet_copy_client.cc:806] T 612541fd3f7449e3b521050b22ee60ff P d75eee3bd917487a92a86bd5a37f64fe: tablet copy: Starting download of 0 data blocks...
I20260710 13:18:52.400569  7579 tablet_copy_client.cc:670] T 612541fd3f7449e3b521050b22ee60ff P d75eee3bd917487a92a86bd5a37f64fe: tablet copy: Starting download of 1 WAL segments...
I20260710 13:18:52.399756  6983 tablet_copy_source_session.cc:215] T 8b899ab000944ae5bd3edb91ce053c6b P 4a48b7931cc94e81b195e2ecc794d8ae: Tablet Copy: opened 0 blocks and 1 log segments
I20260710 13:18:52.401636  7580 tablet_copy_client.cc:806] T 1e7292340e3f470d88e786d94e27e691 P d75eee3bd917487a92a86bd5a37f64fe: tablet copy: Starting download of 0 data blocks...
I20260710 13:18:52.404000  7580 tablet_copy_client.cc:670] T 1e7292340e3f470d88e786d94e27e691 P d75eee3bd917487a92a86bd5a37f64fe: tablet copy: Starting download of 1 WAL segments...
I20260710 13:18:52.412746  7581 data_dirs.cc:400] Could only allocate 1 dirs of requested 3 for tablet 8b899ab000944ae5bd3edb91ce053c6b. 1 dirs total, 0 dirs full, 0 dirs failed
I20260710 13:18:52.413748  7579 tablet_copy_client.cc:538] T 612541fd3f7449e3b521050b22ee60ff P d75eee3bd917487a92a86bd5a37f64fe: tablet copy: Tablet Copy complete. Replacing tablet superblock.
I20260710 13:18:52.414207  7580 tablet_copy_client.cc:538] T 1e7292340e3f470d88e786d94e27e691 P d75eee3bd917487a92a86bd5a37f64fe: tablet copy: Tablet Copy complete. Replacing tablet superblock.
I20260710 13:18:52.428154  7577 tablet_bootstrap.cc:492] T c459f11cd35e4f9ea83b2ad23d404af8 P d75eee3bd917487a92a86bd5a37f64fe: Bootstrap replayed 1/1 log segments. Stats: ops{read=2 overwritten=0 applied=2 ignored=0} inserts{seen=0 ignored=0} mutations{seen=0 ignored=0} orphaned_commits=0. Pending: 0 replicates
I20260710 13:18:52.429477  7577 tablet_bootstrap.cc:492] T c459f11cd35e4f9ea83b2ad23d404af8 P d75eee3bd917487a92a86bd5a37f64fe: Bootstrap complete.
I20260710 13:18:52.430323  7577 ts_tablet_manager.cc:1403] T c459f11cd35e4f9ea83b2ad23d404af8 P d75eee3bd917487a92a86bd5a37f64fe: Time spent bootstrapping tablet: real 0.083s	user 0.028s	sys 0.003s
I20260710 13:18:52.433511  7580 tablet_bootstrap.cc:492] T 1e7292340e3f470d88e786d94e27e691 P d75eee3bd917487a92a86bd5a37f64fe: Bootstrap starting.
I20260710 13:18:52.434643  7577 raft_consensus.cc:359] T c459f11cd35e4f9ea83b2ad23d404af8 P d75eee3bd917487a92a86bd5a37f64fe [term 1 LEARNER]: Replica starting. Triggering 0 pending ops. Active config: opid_index: 2 OBSOLETE_local: false peers { permanent_uuid: "4a48b7931cc94e81b195e2ecc794d8ae" member_type: VOTER last_known_addr { host: "127.5.175.193" port: 44261 } } peers { permanent_uuid: "63bde8b40fd44b6192a634d5080c3cc7" member_type: VOTER last_known_addr { host: "127.5.175.194" port: 42649 } attrs { replace: true } } peers { permanent_uuid: "62053429b6f04ad2bf211d7d3488c7c3" member_type: VOTER last_known_addr { host: "127.5.175.195" port: 40841 } } peers { permanent_uuid: "d75eee3bd917487a92a86bd5a37f64fe" member_type: NON_VOTER last_known_addr { host: "127.5.175.196" port: 43817 } attrs { promote: true } }
I20260710 13:18:52.435997  7577 raft_consensus.cc:740] T c459f11cd35e4f9ea83b2ad23d404af8 P d75eee3bd917487a92a86bd5a37f64fe [term 1 LEARNER]: Becoming Follower/Learner. State: Replica: d75eee3bd917487a92a86bd5a37f64fe, State: Initialized, Role: LEARNER
I20260710 13:18:52.436847  7577 consensus_queue.cc:260] T c459f11cd35e4f9ea83b2ad23d404af8 P d75eee3bd917487a92a86bd5a37f64fe [NON_LEADER]: Queue going to NON_LEADER mode. State: All replicated index: 0, Majority replicated index: 0, Committed index: 2, Last appended: 1.2, Last appended by leader: 2, Current term: 0, Majority size: -1, State: 0, Mode: NON_LEADER, active raft config: opid_index: 2 OBSOLETE_local: false peers { permanent_uuid: "4a48b7931cc94e81b195e2ecc794d8ae" member_type: VOTER last_known_addr { host: "127.5.175.193" port: 44261 } } peers { permanent_uuid: "63bde8b40fd44b6192a634d5080c3cc7" member_type: VOTER last_known_addr { host: "127.5.175.194" port: 42649 } attrs { replace: true } } peers { permanent_uuid: "62053429b6f04ad2bf211d7d3488c7c3" member_type: VOTER last_known_addr { host: "127.5.175.195" port: 40841 } } peers { permanent_uuid: "d75eee3bd917487a92a86bd5a37f64fe" member_type: NON_VOTER last_known_addr { host: "127.5.175.196" port: 43817 } attrs { promote: true } }
I20260710 13:18:52.437585  7579 tablet_bootstrap.cc:492] T 612541fd3f7449e3b521050b22ee60ff P d75eee3bd917487a92a86bd5a37f64fe: Bootstrap starting.
I20260710 13:18:52.440825  7581 tablet_copy_client.cc:806] T 8b899ab000944ae5bd3edb91ce053c6b P d75eee3bd917487a92a86bd5a37f64fe: tablet copy: Starting download of 0 data blocks...
I20260710 13:18:52.441579  7581 tablet_copy_client.cc:670] T 8b899ab000944ae5bd3edb91ce053c6b P d75eee3bd917487a92a86bd5a37f64fe: tablet copy: Starting download of 1 WAL segments...
I20260710 13:18:52.447801  7581 tablet_copy_client.cc:538] T 8b899ab000944ae5bd3edb91ce053c6b P d75eee3bd917487a92a86bd5a37f64fe: tablet copy: Tablet Copy complete. Replacing tablet superblock.
I20260710 13:18:52.453814  7577 ts_tablet_manager.cc:1434] T c459f11cd35e4f9ea83b2ad23d404af8 P d75eee3bd917487a92a86bd5a37f64fe: Time spent starting tablet: real 0.023s	user 0.005s	sys 0.007s
I20260710 13:18:52.462520  7132 tablet_copy_service.cc:342] P 62053429b6f04ad2bf211d7d3488c7c3: Request end of tablet copy session d75eee3bd917487a92a86bd5a37f64fe-c459f11cd35e4f9ea83b2ad23d404af8 received from {username='slave'} at 127.0.0.1:45172
I20260710 13:18:52.463192  7132 tablet_copy_service.cc:434] P 62053429b6f04ad2bf211d7d3488c7c3: ending tablet copy session d75eee3bd917487a92a86bd5a37f64fe-c459f11cd35e4f9ea83b2ad23d404af8 on tablet c459f11cd35e4f9ea83b2ad23d404af8 with peer d75eee3bd917487a92a86bd5a37f64fe
I20260710 13:18:52.490926  7579 tablet_bootstrap.cc:492] T 612541fd3f7449e3b521050b22ee60ff P d75eee3bd917487a92a86bd5a37f64fe: Bootstrap replayed 1/1 log segments. Stats: ops{read=2 overwritten=0 applied=2 ignored=0} inserts{seen=0 ignored=0} mutations{seen=0 ignored=0} orphaned_commits=0. Pending: 0 replicates
I20260710 13:18:52.492138  7579 tablet_bootstrap.cc:492] T 612541fd3f7449e3b521050b22ee60ff P d75eee3bd917487a92a86bd5a37f64fe: Bootstrap complete.
I20260710 13:18:52.492950  7579 ts_tablet_manager.cc:1403] T 612541fd3f7449e3b521050b22ee60ff P d75eee3bd917487a92a86bd5a37f64fe: Time spent bootstrapping tablet: real 0.056s	user 0.038s	sys 0.007s
I20260710 13:18:52.508407  7579 raft_consensus.cc:359] T 612541fd3f7449e3b521050b22ee60ff P d75eee3bd917487a92a86bd5a37f64fe [term 1 LEARNER]: Replica starting. Triggering 0 pending ops. Active config: opid_index: 2 OBSOLETE_local: false peers { permanent_uuid: "4a48b7931cc94e81b195e2ecc794d8ae" member_type: VOTER last_known_addr { host: "127.5.175.193" port: 44261 } attrs { replace: true } } peers { permanent_uuid: "63bde8b40fd44b6192a634d5080c3cc7" member_type: VOTER last_known_addr { host: "127.5.175.194" port: 42649 } } peers { permanent_uuid: "62053429b6f04ad2bf211d7d3488c7c3" member_type: VOTER last_known_addr { host: "127.5.175.195" port: 40841 } } peers { permanent_uuid: "d75eee3bd917487a92a86bd5a37f64fe" member_type: NON_VOTER last_known_addr { host: "127.5.175.196" port: 43817 } attrs { promote: true } }
I20260710 13:18:52.509435  7579 raft_consensus.cc:740] T 612541fd3f7449e3b521050b22ee60ff P d75eee3bd917487a92a86bd5a37f64fe [term 1 LEARNER]: Becoming Follower/Learner. State: Replica: d75eee3bd917487a92a86bd5a37f64fe, State: Initialized, Role: LEARNER
I20260710 13:18:52.510142  7579 consensus_queue.cc:260] T 612541fd3f7449e3b521050b22ee60ff P d75eee3bd917487a92a86bd5a37f64fe [NON_LEADER]: Queue going to NON_LEADER mode. State: All replicated index: 0, Majority replicated index: 0, Committed index: 2, Last appended: 1.2, Last appended by leader: 2, Current term: 0, Majority size: -1, State: 0, Mode: NON_LEADER, active raft config: opid_index: 2 OBSOLETE_local: false peers { permanent_uuid: "4a48b7931cc94e81b195e2ecc794d8ae" member_type: VOTER last_known_addr { host: "127.5.175.193" port: 44261 } attrs { replace: true } } peers { permanent_uuid: "63bde8b40fd44b6192a634d5080c3cc7" member_type: VOTER last_known_addr { host: "127.5.175.194" port: 42649 } } peers { permanent_uuid: "62053429b6f04ad2bf211d7d3488c7c3" member_type: VOTER last_known_addr { host: "127.5.175.195" port: 40841 } } peers { permanent_uuid: "d75eee3bd917487a92a86bd5a37f64fe" member_type: NON_VOTER last_known_addr { host: "127.5.175.196" port: 43817 } attrs { promote: true } }
I20260710 13:18:52.512539  7581 tablet_bootstrap.cc:492] T 8b899ab000944ae5bd3edb91ce053c6b P d75eee3bd917487a92a86bd5a37f64fe: Bootstrap starting.
I20260710 13:18:52.516474  7579 ts_tablet_manager.cc:1434] T 612541fd3f7449e3b521050b22ee60ff P d75eee3bd917487a92a86bd5a37f64fe: Time spent starting tablet: real 0.023s	user 0.009s	sys 0.000s
I20260710 13:18:52.523981  7058 tablet_copy_service.cc:342] P 63bde8b40fd44b6192a634d5080c3cc7: Request end of tablet copy session d75eee3bd917487a92a86bd5a37f64fe-612541fd3f7449e3b521050b22ee60ff received from {username='slave'} at 127.0.0.1:55494
I20260710 13:18:52.524612  7058 tablet_copy_service.cc:434] P 63bde8b40fd44b6192a634d5080c3cc7: ending tablet copy session d75eee3bd917487a92a86bd5a37f64fe-612541fd3f7449e3b521050b22ee60ff on tablet 612541fd3f7449e3b521050b22ee60ff with peer d75eee3bd917487a92a86bd5a37f64fe
I20260710 13:18:52.537154  7580 tablet_bootstrap.cc:492] T 1e7292340e3f470d88e786d94e27e691 P d75eee3bd917487a92a86bd5a37f64fe: Bootstrap replayed 1/1 log segments. Stats: ops{read=2 overwritten=0 applied=2 ignored=0} inserts{seen=0 ignored=0} mutations{seen=0 ignored=0} orphaned_commits=0. Pending: 0 replicates
I20260710 13:18:52.538324  7580 tablet_bootstrap.cc:492] T 1e7292340e3f470d88e786d94e27e691 P d75eee3bd917487a92a86bd5a37f64fe: Bootstrap complete.
I20260710 13:18:52.540005  7580 ts_tablet_manager.cc:1403] T 1e7292340e3f470d88e786d94e27e691 P d75eee3bd917487a92a86bd5a37f64fe: Time spent bootstrapping tablet: real 0.107s	user 0.050s	sys 0.028s
I20260710 13:18:52.543434  7580 raft_consensus.cc:359] T 1e7292340e3f470d88e786d94e27e691 P d75eee3bd917487a92a86bd5a37f64fe [term 1 LEARNER]: Replica starting. Triggering 0 pending ops. Active config: opid_index: 2 OBSOLETE_local: false peers { permanent_uuid: "4a48b7931cc94e81b195e2ecc794d8ae" member_type: VOTER last_known_addr { host: "127.5.175.193" port: 44261 } } peers { permanent_uuid: "63bde8b40fd44b6192a634d5080c3cc7" member_type: VOTER last_known_addr { host: "127.5.175.194" port: 42649 } } peers { permanent_uuid: "62053429b6f04ad2bf211d7d3488c7c3" member_type: VOTER last_known_addr { host: "127.5.175.195" port: 40841 } attrs { replace: true } } peers { permanent_uuid: "d75eee3bd917487a92a86bd5a37f64fe" member_type: NON_VOTER last_known_addr { host: "127.5.175.196" port: 43817 } attrs { promote: true } }
I20260710 13:18:52.544350  7580 raft_consensus.cc:740] T 1e7292340e3f470d88e786d94e27e691 P d75eee3bd917487a92a86bd5a37f64fe [term 1 LEARNER]: Becoming Follower/Learner. State: Replica: d75eee3bd917487a92a86bd5a37f64fe, State: Initialized, Role: LEARNER
I20260710 13:18:52.545046  7580 consensus_queue.cc:260] T 1e7292340e3f470d88e786d94e27e691 P d75eee3bd917487a92a86bd5a37f64fe [NON_LEADER]: Queue going to NON_LEADER mode. State: All replicated index: 0, Majority replicated index: 0, Committed index: 2, Last appended: 1.2, Last appended by leader: 2, Current term: 0, Majority size: -1, State: 0, Mode: NON_LEADER, active raft config: opid_index: 2 OBSOLETE_local: false peers { permanent_uuid: "4a48b7931cc94e81b195e2ecc794d8ae" member_type: VOTER last_known_addr { host: "127.5.175.193" port: 44261 } } peers { permanent_uuid: "63bde8b40fd44b6192a634d5080c3cc7" member_type: VOTER last_known_addr { host: "127.5.175.194" port: 42649 } } peers { permanent_uuid: "62053429b6f04ad2bf211d7d3488c7c3" member_type: VOTER last_known_addr { host: "127.5.175.195" port: 40841 } attrs { replace: true } } peers { permanent_uuid: "d75eee3bd917487a92a86bd5a37f64fe" member_type: NON_VOTER last_known_addr { host: "127.5.175.196" port: 43817 } attrs { promote: true } }
I20260710 13:18:52.547955  7580 ts_tablet_manager.cc:1434] T 1e7292340e3f470d88e786d94e27e691 P d75eee3bd917487a92a86bd5a37f64fe: Time spent starting tablet: real 0.008s	user 0.003s	sys 0.004s
I20260710 13:18:52.550020  7058 tablet_copy_service.cc:342] P 63bde8b40fd44b6192a634d5080c3cc7: Request end of tablet copy session d75eee3bd917487a92a86bd5a37f64fe-1e7292340e3f470d88e786d94e27e691 received from {username='slave'} at 127.0.0.1:55494
I20260710 13:18:52.550570  7058 tablet_copy_service.cc:434] P 63bde8b40fd44b6192a634d5080c3cc7: ending tablet copy session d75eee3bd917487a92a86bd5a37f64fe-1e7292340e3f470d88e786d94e27e691 on tablet 1e7292340e3f470d88e786d94e27e691 with peer d75eee3bd917487a92a86bd5a37f64fe
I20260710 13:18:52.561581  7581 tablet_bootstrap.cc:492] T 8b899ab000944ae5bd3edb91ce053c6b P d75eee3bd917487a92a86bd5a37f64fe: Bootstrap replayed 1/1 log segments. Stats: ops{read=2 overwritten=0 applied=2 ignored=0} inserts{seen=0 ignored=0} mutations{seen=0 ignored=0} orphaned_commits=0. Pending: 0 replicates
I20260710 13:18:52.562707  7581 tablet_bootstrap.cc:492] T 8b899ab000944ae5bd3edb91ce053c6b P d75eee3bd917487a92a86bd5a37f64fe: Bootstrap complete.
I20260710 13:18:52.563570  7581 ts_tablet_manager.cc:1403] T 8b899ab000944ae5bd3edb91ce053c6b P d75eee3bd917487a92a86bd5a37f64fe: Time spent bootstrapping tablet: real 0.051s	user 0.026s	sys 0.001s
I20260710 13:18:52.566826  7581 raft_consensus.cc:359] T 8b899ab000944ae5bd3edb91ce053c6b P d75eee3bd917487a92a86bd5a37f64fe [term 1 LEARNER]: Replica starting. Triggering 0 pending ops. Active config: opid_index: 2 OBSOLETE_local: false peers { permanent_uuid: "4a48b7931cc94e81b195e2ecc794d8ae" member_type: VOTER last_known_addr { host: "127.5.175.193" port: 44261 } } peers { permanent_uuid: "63bde8b40fd44b6192a634d5080c3cc7" member_type: VOTER last_known_addr { host: "127.5.175.194" port: 42649 } attrs { replace: true } } peers { permanent_uuid: "62053429b6f04ad2bf211d7d3488c7c3" member_type: VOTER last_known_addr { host: "127.5.175.195" port: 40841 } } peers { permanent_uuid: "d75eee3bd917487a92a86bd5a37f64fe" member_type: NON_VOTER last_known_addr { host: "127.5.175.196" port: 43817 } attrs { promote: true } }
I20260710 13:18:52.567780  7581 raft_consensus.cc:740] T 8b899ab000944ae5bd3edb91ce053c6b P d75eee3bd917487a92a86bd5a37f64fe [term 1 LEARNER]: Becoming Follower/Learner. State: Replica: d75eee3bd917487a92a86bd5a37f64fe, State: Initialized, Role: LEARNER
I20260710 13:18:52.568413  7581 consensus_queue.cc:260] T 8b899ab000944ae5bd3edb91ce053c6b P d75eee3bd917487a92a86bd5a37f64fe [NON_LEADER]: Queue going to NON_LEADER mode. State: All replicated index: 0, Majority replicated index: 0, Committed index: 2, Last appended: 1.2, Last appended by leader: 2, Current term: 0, Majority size: -1, State: 0, Mode: NON_LEADER, active raft config: opid_index: 2 OBSOLETE_local: false peers { permanent_uuid: "4a48b7931cc94e81b195e2ecc794d8ae" member_type: VOTER last_known_addr { host: "127.5.175.193" port: 44261 } } peers { permanent_uuid: "63bde8b40fd44b6192a634d5080c3cc7" member_type: VOTER last_known_addr { host: "127.5.175.194" port: 42649 } attrs { replace: true } } peers { permanent_uuid: "62053429b6f04ad2bf211d7d3488c7c3" member_type: VOTER last_known_addr { host: "127.5.175.195" port: 40841 } } peers { permanent_uuid: "d75eee3bd917487a92a86bd5a37f64fe" member_type: NON_VOTER last_known_addr { host: "127.5.175.196" port: 43817 } attrs { promote: true } }
I20260710 13:18:52.570933  7581 ts_tablet_manager.cc:1434] T 8b899ab000944ae5bd3edb91ce053c6b P d75eee3bd917487a92a86bd5a37f64fe: Time spent starting tablet: real 0.007s	user 0.004s	sys 0.000s
I20260710 13:18:52.573021  6983 tablet_copy_service.cc:342] P 4a48b7931cc94e81b195e2ecc794d8ae: Request end of tablet copy session d75eee3bd917487a92a86bd5a37f64fe-8b899ab000944ae5bd3edb91ce053c6b received from {username='slave'} at 127.0.0.1:57710
I20260710 13:18:52.573539  6983 tablet_copy_service.cc:434] P 4a48b7931cc94e81b195e2ecc794d8ae: ending tablet copy session d75eee3bd917487a92a86bd5a37f64fe-8b899ab000944ae5bd3edb91ce053c6b on tablet 8b899ab000944ae5bd3edb91ce053c6b with peer d75eee3bd917487a92a86bd5a37f64fe
I20260710 13:18:52.675419  7397 raft_consensus.cc:1217] T c459f11cd35e4f9ea83b2ad23d404af8 P d75eee3bd917487a92a86bd5a37f64fe [term 1 LEARNER]: Deduplicated request from leader. Original: 1.1->[1.2-1.2]   Dedup: 1.2->[]
I20260710 13:18:52.699165  7397 raft_consensus.cc:1217] T 8b899ab000944ae5bd3edb91ce053c6b P d75eee3bd917487a92a86bd5a37f64fe [term 1 LEARNER]: Deduplicated request from leader. Original: 1.1->[1.2-1.2]   Dedup: 1.2->[]
I20260710 13:18:52.711894  7397 raft_consensus.cc:1217] T 612541fd3f7449e3b521050b22ee60ff P d75eee3bd917487a92a86bd5a37f64fe [term 1 LEARNER]: Deduplicated request from leader. Original: 1.1->[1.2-1.2]   Dedup: 1.2->[]
I20260710 13:18:52.827577  7397 raft_consensus.cc:1217] T 1e7292340e3f470d88e786d94e27e691 P d75eee3bd917487a92a86bd5a37f64fe [term 1 LEARNER]: Deduplicated request from leader. Original: 1.1->[1.2-1.2]   Dedup: 1.2->[]
I20260710 13:18:53.067121  7572 raft_consensus.cc:1064] T c459f11cd35e4f9ea83b2ad23d404af8 P 62053429b6f04ad2bf211d7d3488c7c3: attempting to promote NON_VOTER d75eee3bd917487a92a86bd5a37f64fe to VOTER
I20260710 13:18:53.069705  7572 consensus_queue.cc:237] T c459f11cd35e4f9ea83b2ad23d404af8 P 62053429b6f04ad2bf211d7d3488c7c3 [LEADER]: Queue going to LEADER mode. State: All replicated index: 0, Majority replicated index: 2, Committed index: 2, Last appended: 1.2, Last appended by leader: 0, Current term: 1, Majority size: 3, State: 0, Mode: LEADER, active raft config: opid_index: 3 OBSOLETE_local: false peers { permanent_uuid: "4a48b7931cc94e81b195e2ecc794d8ae" member_type: VOTER last_known_addr { host: "127.5.175.193" port: 44261 } } peers { permanent_uuid: "63bde8b40fd44b6192a634d5080c3cc7" member_type: VOTER last_known_addr { host: "127.5.175.194" port: 42649 } attrs { replace: true } } peers { permanent_uuid: "62053429b6f04ad2bf211d7d3488c7c3" member_type: VOTER last_known_addr { host: "127.5.175.195" port: 40841 } } peers { permanent_uuid: "d75eee3bd917487a92a86bd5a37f64fe" member_type: VOTER last_known_addr { host: "127.5.175.196" port: 43817 } attrs { promote: false } }
I20260710 13:18:53.076756  7397 raft_consensus.cc:1275] T c459f11cd35e4f9ea83b2ad23d404af8 P d75eee3bd917487a92a86bd5a37f64fe [term 1 LEARNER]: Refusing update from remote peer 62053429b6f04ad2bf211d7d3488c7c3: Log matching property violated. Preceding OpId in replica: term: 1 index: 2. Preceding OpId from leader: term: 1 index: 3. (index mismatch)
I20260710 13:18:53.077169  7048 raft_consensus.cc:1275] T c459f11cd35e4f9ea83b2ad23d404af8 P 63bde8b40fd44b6192a634d5080c3cc7 [term 1 FOLLOWER]: Refusing update from remote peer 62053429b6f04ad2bf211d7d3488c7c3: Log matching property violated. Preceding OpId in replica: term: 1 index: 2. Preceding OpId from leader: term: 1 index: 3. (index mismatch)
I20260710 13:18:53.078796  6971 raft_consensus.cc:1275] T c459f11cd35e4f9ea83b2ad23d404af8 P 4a48b7931cc94e81b195e2ecc794d8ae [term 1 FOLLOWER]: Refusing update from remote peer 62053429b6f04ad2bf211d7d3488c7c3: Log matching property violated. Preceding OpId in replica: term: 1 index: 2. Preceding OpId from leader: term: 1 index: 3. (index mismatch)
I20260710 13:18:53.079104  7593 consensus_queue.cc:1048] T c459f11cd35e4f9ea83b2ad23d404af8 P 62053429b6f04ad2bf211d7d3488c7c3 [LEADER]: Connected to new peer: Peer: permanent_uuid: "63bde8b40fd44b6192a634d5080c3cc7" member_type: VOTER last_known_addr { host: "127.5.175.194" port: 42649 } attrs { replace: true }, Status: LMP_MISMATCH, Last received: 0.0, Next index: 3, Last known committed idx: 2, Time since last communication: 0.001s
I20260710 13:18:53.081514  7598 consensus_queue.cc:1048] T c459f11cd35e4f9ea83b2ad23d404af8 P 62053429b6f04ad2bf211d7d3488c7c3 [LEADER]: Connected to new peer: Peer: permanent_uuid: "4a48b7931cc94e81b195e2ecc794d8ae" member_type: VOTER last_known_addr { host: "127.5.175.193" port: 44261 }, Status: LMP_MISMATCH, Last received: 0.0, Next index: 3, Last known committed idx: 2, Time since last communication: 0.000s
I20260710 13:18:53.086342  7593 consensus_queue.cc:1048] T c459f11cd35e4f9ea83b2ad23d404af8 P 62053429b6f04ad2bf211d7d3488c7c3 [LEADER]: Connected to new peer: Peer: permanent_uuid: "d75eee3bd917487a92a86bd5a37f64fe" member_type: VOTER last_known_addr { host: "127.5.175.196" port: 43817 } attrs { promote: false }, Status: LMP_MISMATCH, Last received: 0.0, Next index: 3, Last known committed idx: 2, Time since last communication: 0.000s
I20260710 13:18:53.106459  6972 raft_consensus.cc:2955] T c459f11cd35e4f9ea83b2ad23d404af8 P 4a48b7931cc94e81b195e2ecc794d8ae [term 1 FOLLOWER]: Committing config change with OpId 1.3: config changed from index 2 to 3, d75eee3bd917487a92a86bd5a37f64fe (127.5.175.196) changed from NON_VOTER to VOTER. New config: { opid_index: 3 OBSOLETE_local: false peers { permanent_uuid: "4a48b7931cc94e81b195e2ecc794d8ae" member_type: VOTER last_known_addr { host: "127.5.175.193" port: 44261 } } peers { permanent_uuid: "63bde8b40fd44b6192a634d5080c3cc7" member_type: VOTER last_known_addr { host: "127.5.175.194" port: 42649 } attrs { replace: true } } peers { permanent_uuid: "62053429b6f04ad2bf211d7d3488c7c3" member_type: VOTER last_known_addr { host: "127.5.175.195" port: 40841 } } peers { permanent_uuid: "d75eee3bd917487a92a86bd5a37f64fe" member_type: VOTER last_known_addr { host: "127.5.175.196" port: 43817 } attrs { promote: false } } }
I20260710 13:18:53.104950  7572 raft_consensus.cc:2955] T c459f11cd35e4f9ea83b2ad23d404af8 P 62053429b6f04ad2bf211d7d3488c7c3 [term 1 LEADER]: Committing config change with OpId 1.3: config changed from index 2 to 3, d75eee3bd917487a92a86bd5a37f64fe (127.5.175.196) changed from NON_VOTER to VOTER. New config: { opid_index: 3 OBSOLETE_local: false peers { permanent_uuid: "4a48b7931cc94e81b195e2ecc794d8ae" member_type: VOTER last_known_addr { host: "127.5.175.193" port: 44261 } } peers { permanent_uuid: "63bde8b40fd44b6192a634d5080c3cc7" member_type: VOTER last_known_addr { host: "127.5.175.194" port: 42649 } attrs { replace: true } } peers { permanent_uuid: "62053429b6f04ad2bf211d7d3488c7c3" member_type: VOTER last_known_addr { host: "127.5.175.195" port: 40841 } } peers { permanent_uuid: "d75eee3bd917487a92a86bd5a37f64fe" member_type: VOTER last_known_addr { host: "127.5.175.196" port: 43817 } attrs { promote: false } } }
I20260710 13:18:53.129053  7535 raft_consensus.cc:1064] T 612541fd3f7449e3b521050b22ee60ff P 63bde8b40fd44b6192a634d5080c3cc7: attempting to promote NON_VOTER d75eee3bd917487a92a86bd5a37f64fe to VOTER
I20260710 13:18:53.132021  7535 consensus_queue.cc:237] T 612541fd3f7449e3b521050b22ee60ff P 63bde8b40fd44b6192a634d5080c3cc7 [LEADER]: Queue going to LEADER mode. State: All replicated index: 0, Majority replicated index: 2, Committed index: 2, Last appended: 1.2, Last appended by leader: 0, Current term: 1, Majority size: 3, State: 0, Mode: LEADER, active raft config: opid_index: 3 OBSOLETE_local: false peers { permanent_uuid: "4a48b7931cc94e81b195e2ecc794d8ae" member_type: VOTER last_known_addr { host: "127.5.175.193" port: 44261 } attrs { replace: true } } peers { permanent_uuid: "63bde8b40fd44b6192a634d5080c3cc7" member_type: VOTER last_known_addr { host: "127.5.175.194" port: 42649 } } peers { permanent_uuid: "62053429b6f04ad2bf211d7d3488c7c3" member_type: VOTER last_known_addr { host: "127.5.175.195" port: 40841 } } peers { permanent_uuid: "d75eee3bd917487a92a86bd5a37f64fe" member_type: VOTER last_known_addr { host: "127.5.175.196" port: 43817 } attrs { promote: false } }
I20260710 13:18:53.134773  6871 catalog_manager.cc:5697] T c459f11cd35e4f9ea83b2ad23d404af8 P 4a48b7931cc94e81b195e2ecc794d8ae reported cstate change: config changed from index 2 to 3, d75eee3bd917487a92a86bd5a37f64fe (127.5.175.196) changed from NON_VOTER to VOTER. New cstate: current_term: 1 leader_uuid: "62053429b6f04ad2bf211d7d3488c7c3" committed_config { opid_index: 3 OBSOLETE_local: false peers { permanent_uuid: "4a48b7931cc94e81b195e2ecc794d8ae" member_type: VOTER last_known_addr { host: "127.5.175.193" port: 44261 } } peers { permanent_uuid: "63bde8b40fd44b6192a634d5080c3cc7" member_type: VOTER last_known_addr { host: "127.5.175.194" port: 42649 } attrs { replace: true } } peers { permanent_uuid: "62053429b6f04ad2bf211d7d3488c7c3" member_type: VOTER last_known_addr { host: "127.5.175.195" port: 40841 } } peers { permanent_uuid: "d75eee3bd917487a92a86bd5a37f64fe" member_type: VOTER last_known_addr { host: "127.5.175.196" port: 43817 } attrs { promote: false } } }
I20260710 13:18:53.142849  7397 raft_consensus.cc:1275] T 612541fd3f7449e3b521050b22ee60ff P d75eee3bd917487a92a86bd5a37f64fe [term 1 LEARNER]: Refusing update from remote peer 63bde8b40fd44b6192a634d5080c3cc7: Log matching property violated. Preceding OpId in replica: term: 1 index: 2. Preceding OpId from leader: term: 1 index: 3. (index mismatch)
I20260710 13:18:53.149240  6972 raft_consensus.cc:1275] T 612541fd3f7449e3b521050b22ee60ff P 4a48b7931cc94e81b195e2ecc794d8ae [term 1 FOLLOWER]: Refusing update from remote peer 63bde8b40fd44b6192a634d5080c3cc7: Log matching property violated. Preceding OpId in replica: term: 1 index: 2. Preceding OpId from leader: term: 1 index: 3. (index mismatch)
I20260710 13:18:53.146744  7395 raft_consensus.cc:2955] T c459f11cd35e4f9ea83b2ad23d404af8 P d75eee3bd917487a92a86bd5a37f64fe [term 1 FOLLOWER]: Committing config change with OpId 1.3: config changed from index 2 to 3, d75eee3bd917487a92a86bd5a37f64fe (127.5.175.196) changed from NON_VOTER to VOTER. New config: { opid_index: 3 OBSOLETE_local: false peers { permanent_uuid: "4a48b7931cc94e81b195e2ecc794d8ae" member_type: VOTER last_known_addr { host: "127.5.175.193" port: 44261 } } peers { permanent_uuid: "63bde8b40fd44b6192a634d5080c3cc7" member_type: VOTER last_known_addr { host: "127.5.175.194" port: 42649 } attrs { replace: true } } peers { permanent_uuid: "62053429b6f04ad2bf211d7d3488c7c3" member_type: VOTER last_known_addr { host: "127.5.175.195" port: 40841 } } peers { permanent_uuid: "d75eee3bd917487a92a86bd5a37f64fe" member_type: VOTER last_known_addr { host: "127.5.175.196" port: 43817 } attrs { promote: false } } }
I20260710 13:18:53.149003  7121 raft_consensus.cc:1275] T 612541fd3f7449e3b521050b22ee60ff P 62053429b6f04ad2bf211d7d3488c7c3 [term 1 FOLLOWER]: Refusing update from remote peer 63bde8b40fd44b6192a634d5080c3cc7: Log matching property violated. Preceding OpId in replica: term: 1 index: 2. Preceding OpId from leader: term: 1 index: 3. (index mismatch)
I20260710 13:18:53.152284  7565 consensus_queue.cc:1048] T 612541fd3f7449e3b521050b22ee60ff P 63bde8b40fd44b6192a634d5080c3cc7 [LEADER]: Connected to new peer: Peer: permanent_uuid: "d75eee3bd917487a92a86bd5a37f64fe" member_type: VOTER last_known_addr { host: "127.5.175.196" port: 43817 } attrs { promote: false }, Status: LMP_MISMATCH, Last received: 0.0, Next index: 3, Last known committed idx: 2, Time since last communication: 0.001s
I20260710 13:18:53.152752  7048 raft_consensus.cc:2955] T c459f11cd35e4f9ea83b2ad23d404af8 P 63bde8b40fd44b6192a634d5080c3cc7 [term 1 FOLLOWER]: Committing config change with OpId 1.3: config changed from index 2 to 3, d75eee3bd917487a92a86bd5a37f64fe (127.5.175.196) changed from NON_VOTER to VOTER. New config: { opid_index: 3 OBSOLETE_local: false peers { permanent_uuid: "4a48b7931cc94e81b195e2ecc794d8ae" member_type: VOTER last_known_addr { host: "127.5.175.193" port: 44261 } } peers { permanent_uuid: "63bde8b40fd44b6192a634d5080c3cc7" member_type: VOTER last_known_addr { host: "127.5.175.194" port: 42649 } attrs { replace: true } } peers { permanent_uuid: "62053429b6f04ad2bf211d7d3488c7c3" member_type: VOTER last_known_addr { host: "127.5.175.195" port: 40841 } } peers { permanent_uuid: "d75eee3bd917487a92a86bd5a37f64fe" member_type: VOTER last_known_addr { host: "127.5.175.196" port: 43817 } attrs { promote: false } } }
I20260710 13:18:53.154886  7565 consensus_queue.cc:1048] T 612541fd3f7449e3b521050b22ee60ff P 63bde8b40fd44b6192a634d5080c3cc7 [LEADER]: Connected to new peer: Peer: permanent_uuid: "4a48b7931cc94e81b195e2ecc794d8ae" member_type: VOTER last_known_addr { host: "127.5.175.193" port: 44261 } attrs { replace: true }, Status: LMP_MISMATCH, Last received: 0.0, Next index: 3, Last known committed idx: 2, Time since last communication: 0.000s
I20260710 13:18:53.158799  7551 consensus_queue.cc:1048] T 612541fd3f7449e3b521050b22ee60ff P 63bde8b40fd44b6192a634d5080c3cc7 [LEADER]: Connected to new peer: Peer: permanent_uuid: "62053429b6f04ad2bf211d7d3488c7c3" member_type: VOTER last_known_addr { host: "127.5.175.195" port: 40841 }, Status: LMP_MISMATCH, Last received: 0.0, Next index: 3, Last known committed idx: 2, Time since last communication: 0.001s
I20260710 13:18:53.188040  7535 raft_consensus.cc:2955] T 612541fd3f7449e3b521050b22ee60ff P 63bde8b40fd44b6192a634d5080c3cc7 [term 1 LEADER]: Committing config change with OpId 1.3: config changed from index 2 to 3, d75eee3bd917487a92a86bd5a37f64fe (127.5.175.196) changed from NON_VOTER to VOTER. New config: { opid_index: 3 OBSOLETE_local: false peers { permanent_uuid: "4a48b7931cc94e81b195e2ecc794d8ae" member_type: VOTER last_known_addr { host: "127.5.175.193" port: 44261 } attrs { replace: true } } peers { permanent_uuid: "63bde8b40fd44b6192a634d5080c3cc7" member_type: VOTER last_known_addr { host: "127.5.175.194" port: 42649 } } peers { permanent_uuid: "62053429b6f04ad2bf211d7d3488c7c3" member_type: VOTER last_known_addr { host: "127.5.175.195" port: 40841 } } peers { permanent_uuid: "d75eee3bd917487a92a86bd5a37f64fe" member_type: VOTER last_known_addr { host: "127.5.175.196" port: 43817 } attrs { promote: false } } }
I20260710 13:18:53.192188  7121 raft_consensus.cc:2955] T 612541fd3f7449e3b521050b22ee60ff P 62053429b6f04ad2bf211d7d3488c7c3 [term 1 FOLLOWER]: Committing config change with OpId 1.3: config changed from index 2 to 3, d75eee3bd917487a92a86bd5a37f64fe (127.5.175.196) changed from NON_VOTER to VOTER. New config: { opid_index: 3 OBSOLETE_local: false peers { permanent_uuid: "4a48b7931cc94e81b195e2ecc794d8ae" member_type: VOTER last_known_addr { host: "127.5.175.193" port: 44261 } attrs { replace: true } } peers { permanent_uuid: "63bde8b40fd44b6192a634d5080c3cc7" member_type: VOTER last_known_addr { host: "127.5.175.194" port: 42649 } } peers { permanent_uuid: "62053429b6f04ad2bf211d7d3488c7c3" member_type: VOTER last_known_addr { host: "127.5.175.195" port: 40841 } } peers { permanent_uuid: "d75eee3bd917487a92a86bd5a37f64fe" member_type: VOTER last_known_addr { host: "127.5.175.196" port: 43817 } attrs { promote: false } } }
I20260710 13:18:53.200276  7397 raft_consensus.cc:2955] T 612541fd3f7449e3b521050b22ee60ff P d75eee3bd917487a92a86bd5a37f64fe [term 1 FOLLOWER]: Committing config change with OpId 1.3: config changed from index 2 to 3, d75eee3bd917487a92a86bd5a37f64fe (127.5.175.196) changed from NON_VOTER to VOTER. New config: { opid_index: 3 OBSOLETE_local: false peers { permanent_uuid: "4a48b7931cc94e81b195e2ecc794d8ae" member_type: VOTER last_known_addr { host: "127.5.175.193" port: 44261 } attrs { replace: true } } peers { permanent_uuid: "63bde8b40fd44b6192a634d5080c3cc7" member_type: VOTER last_known_addr { host: "127.5.175.194" port: 42649 } } peers { permanent_uuid: "62053429b6f04ad2bf211d7d3488c7c3" member_type: VOTER last_known_addr { host: "127.5.175.195" port: 40841 } } peers { permanent_uuid: "d75eee3bd917487a92a86bd5a37f64fe" member_type: VOTER last_known_addr { host: "127.5.175.196" port: 43817 } attrs { promote: false } } }
I20260710 13:18:53.202795  6971 raft_consensus.cc:2955] T 612541fd3f7449e3b521050b22ee60ff P 4a48b7931cc94e81b195e2ecc794d8ae [term 1 FOLLOWER]: Committing config change with OpId 1.3: config changed from index 2 to 3, d75eee3bd917487a92a86bd5a37f64fe (127.5.175.196) changed from NON_VOTER to VOTER. New config: { opid_index: 3 OBSOLETE_local: false peers { permanent_uuid: "4a48b7931cc94e81b195e2ecc794d8ae" member_type: VOTER last_known_addr { host: "127.5.175.193" port: 44261 } attrs { replace: true } } peers { permanent_uuid: "63bde8b40fd44b6192a634d5080c3cc7" member_type: VOTER last_known_addr { host: "127.5.175.194" port: 42649 } } peers { permanent_uuid: "62053429b6f04ad2bf211d7d3488c7c3" member_type: VOTER last_known_addr { host: "127.5.175.195" port: 40841 } } peers { permanent_uuid: "d75eee3bd917487a92a86bd5a37f64fe" member_type: VOTER last_known_addr { host: "127.5.175.196" port: 43817 } attrs { promote: false } } }
I20260710 13:18:53.232079  6866 catalog_manager.cc:5697] T 612541fd3f7449e3b521050b22ee60ff P d75eee3bd917487a92a86bd5a37f64fe reported cstate change: config changed from index 2 to 3, d75eee3bd917487a92a86bd5a37f64fe (127.5.175.196) changed from NON_VOTER to VOTER. New cstate: current_term: 1 leader_uuid: "63bde8b40fd44b6192a634d5080c3cc7" committed_config { opid_index: 3 OBSOLETE_local: false peers { permanent_uuid: "4a48b7931cc94e81b195e2ecc794d8ae" member_type: VOTER last_known_addr { host: "127.5.175.193" port: 44261 } attrs { replace: true } } peers { permanent_uuid: "63bde8b40fd44b6192a634d5080c3cc7" member_type: VOTER last_known_addr { host: "127.5.175.194" port: 42649 } } peers { permanent_uuid: "62053429b6f04ad2bf211d7d3488c7c3" member_type: VOTER last_known_addr { host: "127.5.175.195" port: 40841 } } peers { permanent_uuid: "d75eee3bd917487a92a86bd5a37f64fe" member_type: VOTER last_known_addr { host: "127.5.175.196" port: 43817 } attrs { promote: false } } }
I20260710 13:18:53.234150  7121 consensus_queue.cc:237] T c459f11cd35e4f9ea83b2ad23d404af8 P 62053429b6f04ad2bf211d7d3488c7c3 [LEADER]: Queue going to LEADER mode. State: All replicated index: 0, Majority replicated index: 3, Committed index: 3, Last appended: 1.3, Last appended by leader: 0, Current term: 1, Majority size: 2, State: 0, Mode: LEADER, active raft config: opid_index: 4 OBSOLETE_local: false peers { permanent_uuid: "4a48b7931cc94e81b195e2ecc794d8ae" member_type: VOTER last_known_addr { host: "127.5.175.193" port: 44261 } } peers { permanent_uuid: "62053429b6f04ad2bf211d7d3488c7c3" member_type: VOTER last_known_addr { host: "127.5.175.195" port: 40841 } } peers { permanent_uuid: "d75eee3bd917487a92a86bd5a37f64fe" member_type: VOTER last_known_addr { host: "127.5.175.196" port: 43817 } attrs { promote: false } }
I20260710 13:18:53.241343  6971 raft_consensus.cc:1275] T c459f11cd35e4f9ea83b2ad23d404af8 P 4a48b7931cc94e81b195e2ecc794d8ae [term 1 FOLLOWER]: Refusing update from remote peer 62053429b6f04ad2bf211d7d3488c7c3: Log matching property violated. Preceding OpId in replica: term: 1 index: 3. Preceding OpId from leader: term: 1 index: 4. (index mismatch)
I20260710 13:18:53.243335  7593 consensus_queue.cc:1048] T c459f11cd35e4f9ea83b2ad23d404af8 P 62053429b6f04ad2bf211d7d3488c7c3 [LEADER]: Connected to new peer: Peer: permanent_uuid: "4a48b7931cc94e81b195e2ecc794d8ae" member_type: VOTER last_known_addr { host: "127.5.175.193" port: 44261 }, Status: LMP_MISMATCH, Last received: 0.0, Next index: 4, Last known committed idx: 3, Time since last communication: 0.000s
I20260710 13:18:53.244506  7397 raft_consensus.cc:1275] T c459f11cd35e4f9ea83b2ad23d404af8 P d75eee3bd917487a92a86bd5a37f64fe [term 1 FOLLOWER]: Refusing update from remote peer 62053429b6f04ad2bf211d7d3488c7c3: Log matching property violated. Preceding OpId in replica: term: 1 index: 3. Preceding OpId from leader: term: 1 index: 4. (index mismatch)
I20260710 13:18:53.249668  7593 consensus_queue.cc:1048] T c459f11cd35e4f9ea83b2ad23d404af8 P 62053429b6f04ad2bf211d7d3488c7c3 [LEADER]: Connected to new peer: Peer: permanent_uuid: "d75eee3bd917487a92a86bd5a37f64fe" member_type: VOTER last_known_addr { host: "127.5.175.196" port: 43817 } attrs { promote: false }, Status: LMP_MISMATCH, Last received: 0.0, Next index: 4, Last known committed idx: 3, Time since last communication: 0.001s
I20260710 13:18:53.252774  7572 raft_consensus.cc:2955] T c459f11cd35e4f9ea83b2ad23d404af8 P 62053429b6f04ad2bf211d7d3488c7c3 [term 1 LEADER]: Committing config change with OpId 1.4: config changed from index 3 to 4, VOTER 63bde8b40fd44b6192a634d5080c3cc7 (127.5.175.194) evicted. New config: { opid_index: 4 OBSOLETE_local: false peers { permanent_uuid: "4a48b7931cc94e81b195e2ecc794d8ae" member_type: VOTER last_known_addr { host: "127.5.175.193" port: 44261 } } peers { permanent_uuid: "62053429b6f04ad2bf211d7d3488c7c3" member_type: VOTER last_known_addr { host: "127.5.175.195" port: 40841 } } peers { permanent_uuid: "d75eee3bd917487a92a86bd5a37f64fe" member_type: VOTER last_known_addr { host: "127.5.175.196" port: 43817 } attrs { promote: false } } }
I20260710 13:18:53.254258  6971 raft_consensus.cc:2955] T c459f11cd35e4f9ea83b2ad23d404af8 P 4a48b7931cc94e81b195e2ecc794d8ae [term 1 FOLLOWER]: Committing config change with OpId 1.4: config changed from index 3 to 4, VOTER 63bde8b40fd44b6192a634d5080c3cc7 (127.5.175.194) evicted. New config: { opid_index: 4 OBSOLETE_local: false peers { permanent_uuid: "4a48b7931cc94e81b195e2ecc794d8ae" member_type: VOTER last_known_addr { host: "127.5.175.193" port: 44261 } } peers { permanent_uuid: "62053429b6f04ad2bf211d7d3488c7c3" member_type: VOTER last_known_addr { host: "127.5.175.195" port: 40841 } } peers { permanent_uuid: "d75eee3bd917487a92a86bd5a37f64fe" member_type: VOTER last_known_addr { host: "127.5.175.196" port: 43817 } attrs { promote: false } } }
I20260710 13:18:53.260269  7048 consensus_queue.cc:237] T 612541fd3f7449e3b521050b22ee60ff P 63bde8b40fd44b6192a634d5080c3cc7 [LEADER]: Queue going to LEADER mode. State: All replicated index: 0, Majority replicated index: 3, Committed index: 3, Last appended: 1.3, Last appended by leader: 0, Current term: 1, Majority size: 2, State: 0, Mode: LEADER, active raft config: opid_index: 4 OBSOLETE_local: false peers { permanent_uuid: "63bde8b40fd44b6192a634d5080c3cc7" member_type: VOTER last_known_addr { host: "127.5.175.194" port: 42649 } } peers { permanent_uuid: "62053429b6f04ad2bf211d7d3488c7c3" member_type: VOTER last_known_addr { host: "127.5.175.195" port: 40841 } } peers { permanent_uuid: "d75eee3bd917487a92a86bd5a37f64fe" member_type: VOTER last_known_addr { host: "127.5.175.196" port: 43817 } attrs { promote: false } }
I20260710 13:18:53.263020  7397 raft_consensus.cc:2955] T c459f11cd35e4f9ea83b2ad23d404af8 P d75eee3bd917487a92a86bd5a37f64fe [term 1 FOLLOWER]: Committing config change with OpId 1.4: config changed from index 3 to 4, VOTER 63bde8b40fd44b6192a634d5080c3cc7 (127.5.175.194) evicted. New config: { opid_index: 4 OBSOLETE_local: false peers { permanent_uuid: "4a48b7931cc94e81b195e2ecc794d8ae" member_type: VOTER last_known_addr { host: "127.5.175.193" port: 44261 } } peers { permanent_uuid: "62053429b6f04ad2bf211d7d3488c7c3" member_type: VOTER last_known_addr { host: "127.5.175.195" port: 40841 } } peers { permanent_uuid: "d75eee3bd917487a92a86bd5a37f64fe" member_type: VOTER last_known_addr { host: "127.5.175.196" port: 43817 } attrs { promote: false } } }
I20260710 13:18:53.275843  7396 raft_consensus.cc:1275] T 612541fd3f7449e3b521050b22ee60ff P d75eee3bd917487a92a86bd5a37f64fe [term 1 FOLLOWER]: Refusing update from remote peer 63bde8b40fd44b6192a634d5080c3cc7: Log matching property violated. Preceding OpId in replica: term: 1 index: 3. Preceding OpId from leader: term: 1 index: 4. (index mismatch)
I20260710 13:18:53.277640  7535 consensus_queue.cc:1048] T 612541fd3f7449e3b521050b22ee60ff P 63bde8b40fd44b6192a634d5080c3cc7 [LEADER]: Connected to new peer: Peer: permanent_uuid: "d75eee3bd917487a92a86bd5a37f64fe" member_type: VOTER last_known_addr { host: "127.5.175.196" port: 43817 } attrs { promote: false }, Status: LMP_MISMATCH, Last received: 0.0, Next index: 4, Last known committed idx: 3, Time since last communication: 0.000s
I20260710 13:18:53.279045  7121 raft_consensus.cc:1275] T 612541fd3f7449e3b521050b22ee60ff P 62053429b6f04ad2bf211d7d3488c7c3 [term 1 FOLLOWER]: Refusing update from remote peer 63bde8b40fd44b6192a634d5080c3cc7: Log matching property violated. Preceding OpId in replica: term: 1 index: 3. Preceding OpId from leader: term: 1 index: 4. (index mismatch)
I20260710 13:18:53.281049  6858 catalog_manager.cc:5210] ChangeConfig:REMOVE_PEER RPC for tablet c459f11cd35e4f9ea83b2ad23d404af8 with cas_config_opid_index 3: ChangeConfig:REMOVE_PEER succeeded (attempt 1)
I20260710 13:18:53.282891  7535 consensus_queue.cc:1048] T 612541fd3f7449e3b521050b22ee60ff P 63bde8b40fd44b6192a634d5080c3cc7 [LEADER]: Connected to new peer: Peer: permanent_uuid: "62053429b6f04ad2bf211d7d3488c7c3" member_type: VOTER last_known_addr { host: "127.5.175.195" port: 40841 }, Status: LMP_MISMATCH, Last received: 0.0, Next index: 4, Last known committed idx: 3, Time since last communication: 0.000s
I20260710 13:18:53.286448  7551 raft_consensus.cc:2955] T 612541fd3f7449e3b521050b22ee60ff P 63bde8b40fd44b6192a634d5080c3cc7 [term 1 LEADER]: Committing config change with OpId 1.4: config changed from index 3 to 4, VOTER 4a48b7931cc94e81b195e2ecc794d8ae (127.5.175.193) evicted. New config: { opid_index: 4 OBSOLETE_local: false peers { permanent_uuid: "63bde8b40fd44b6192a634d5080c3cc7" member_type: VOTER last_known_addr { host: "127.5.175.194" port: 42649 } } peers { permanent_uuid: "62053429b6f04ad2bf211d7d3488c7c3" member_type: VOTER last_known_addr { host: "127.5.175.195" port: 40841 } } peers { permanent_uuid: "d75eee3bd917487a92a86bd5a37f64fe" member_type: VOTER last_known_addr { host: "127.5.175.196" port: 43817 } attrs { promote: false } } }
I20260710 13:18:53.287551  6866 catalog_manager.cc:5697] T c459f11cd35e4f9ea83b2ad23d404af8 P 4a48b7931cc94e81b195e2ecc794d8ae reported cstate change: config changed from index 3 to 4, VOTER 63bde8b40fd44b6192a634d5080c3cc7 (127.5.175.194) evicted. New cstate: current_term: 1 leader_uuid: "62053429b6f04ad2bf211d7d3488c7c3" committed_config { opid_index: 4 OBSOLETE_local: false peers { permanent_uuid: "4a48b7931cc94e81b195e2ecc794d8ae" member_type: VOTER last_known_addr { host: "127.5.175.193" port: 44261 } } peers { permanent_uuid: "62053429b6f04ad2bf211d7d3488c7c3" member_type: VOTER last_known_addr { host: "127.5.175.195" port: 40841 } } peers { permanent_uuid: "d75eee3bd917487a92a86bd5a37f64fe" member_type: VOTER last_known_addr { host: "127.5.175.196" port: 43817 } attrs { promote: false } } }
I20260710 13:18:53.296990  7396 raft_consensus.cc:2955] T 612541fd3f7449e3b521050b22ee60ff P d75eee3bd917487a92a86bd5a37f64fe [term 1 FOLLOWER]: Committing config change with OpId 1.4: config changed from index 3 to 4, VOTER 4a48b7931cc94e81b195e2ecc794d8ae (127.5.175.193) evicted. New config: { opid_index: 4 OBSOLETE_local: false peers { permanent_uuid: "63bde8b40fd44b6192a634d5080c3cc7" member_type: VOTER last_known_addr { host: "127.5.175.194" port: 42649 } } peers { permanent_uuid: "62053429b6f04ad2bf211d7d3488c7c3" member_type: VOTER last_known_addr { host: "127.5.175.195" port: 40841 } } peers { permanent_uuid: "d75eee3bd917487a92a86bd5a37f64fe" member_type: VOTER last_known_addr { host: "127.5.175.196" port: 43817 } attrs { promote: false } } }
I20260710 13:18:53.301260  6855 catalog_manager.cc:5210] ChangeConfig:REMOVE_PEER RPC for tablet 612541fd3f7449e3b521050b22ee60ff with cas_config_opid_index 3: ChangeConfig:REMOVE_PEER succeeded (attempt 1)
I20260710 13:18:53.308513  7037 tablet_service.cc:1558] Processing DeleteTablet for tablet c459f11cd35e4f9ea83b2ad23d404af8 with delete_type TABLET_DATA_TOMBSTONED (TS 63bde8b40fd44b6192a634d5080c3cc7 not found in new config with opid_index 4) from {username='slave'} at 127.0.0.1:55466
I20260710 13:18:53.310751  7610 tablet_replica.cc:333] T c459f11cd35e4f9ea83b2ad23d404af8 P 63bde8b40fd44b6192a634d5080c3cc7: stopping tablet replica
I20260710 13:18:53.312101  7591 raft_consensus.cc:1064] T 8b899ab000944ae5bd3edb91ce053c6b P 4a48b7931cc94e81b195e2ecc794d8ae: attempting to promote NON_VOTER d75eee3bd917487a92a86bd5a37f64fe to VOTER
I20260710 13:18:53.312430  7610 raft_consensus.cc:2243] T c459f11cd35e4f9ea83b2ad23d404af8 P 63bde8b40fd44b6192a634d5080c3cc7 [term 1 FOLLOWER]: Raft consensus shutting down.
I20260710 13:18:53.313503  7610 raft_consensus.cc:2272] T c459f11cd35e4f9ea83b2ad23d404af8 P 63bde8b40fd44b6192a634d5080c3cc7 [term 1 FOLLOWER]: Raft consensus is shut down!
I20260710 13:18:53.317906  7610 ts_tablet_manager.cc:1916] T c459f11cd35e4f9ea83b2ad23d404af8 P 63bde8b40fd44b6192a634d5080c3cc7: Deleting tablet data with delete state TABLET_DATA_TOMBSTONED
