I20260710 13:18:41.410755  7072 raft_consensus.cc:740] T 4991ab08961749dc9d8fe912d107fead P c72361fc3b18480488a09496a188f82f [term 0 FOLLOWER]: Becoming Follower/Learner. State: Replica: c72361fc3b18480488a09496a188f82f, State: Initialized, Role: FOLLOWER
I20260710 13:18:41.411576  7072 consensus_queue.cc:260] T 4991ab08961749dc9d8fe912d107fead P c72361fc3b18480488a09496a188f82f [NON_LEADER]: Queue going to NON_LEADER mode. State: All replicated index: 0, Majority replicated index: 0, Committed index: 0, Last appended: 0.0, Last appended by leader: 0, Current term: 0, Majority size: -1, State: 0, Mode: NON_LEADER, active raft config: opid_index: -1 OBSOLETE_local: false peers { permanent_uuid: "9a2133fcd1cc41829ad449929065b4f1" member_type: VOTER last_known_addr { host: "127.5.160.129" port: 36569 } } peers { permanent_uuid: "c72361fc3b18480488a09496a188f82f" member_type: VOTER last_known_addr { host: "127.5.160.130" port: 44541 } } peers { permanent_uuid: "89ac179fa5a14fdabefa226ce732c438" member_type: VOTER last_known_addr { host: "127.5.160.131" port: 46229 } }
I20260710 13:18:41.416254  7071 tablet_bootstrap.cc:492] T 4d75695983ef4d4fa401c7eb92e8b2cc P 9a2133fcd1cc41829ad449929065b4f1: No bootstrap required, opened a new log
I20260710 13:18:41.416689  7071 ts_tablet_manager.cc:1403] T 4d75695983ef4d4fa401c7eb92e8b2cc P 9a2133fcd1cc41829ad449929065b4f1: Time spent bootstrapping tablet: real 0.059s	user 0.011s	sys 0.010s
I20260710 13:18:41.416996  7072 ts_tablet_manager.cc:1434] T 4991ab08961749dc9d8fe912d107fead P c72361fc3b18480488a09496a188f82f: Time spent starting tablet: real 0.010s	user 0.006s	sys 0.001s
I20260710 13:18:41.417922  7072 tablet_bootstrap.cc:492] T 0f7bc3f4e6564012b658ad20f8daa1d6 P c72361fc3b18480488a09496a188f82f: Bootstrap starting.
I20260710 13:18:41.422014  7070 tablet_bootstrap.cc:492] T a61c6f4dda4b4b24a8c3cb51fcc5258a P 89ac179fa5a14fdabefa226ce732c438: No bootstrap required, opened a new log
I20260710 13:18:41.422451  7070 ts_tablet_manager.cc:1403] T a61c6f4dda4b4b24a8c3cb51fcc5258a P 89ac179fa5a14fdabefa226ce732c438: Time spent bootstrapping tablet: real 0.055s	user 0.008s	sys 0.014s
I20260710 13:18:41.423693  7072 tablet_bootstrap.cc:654] T 0f7bc3f4e6564012b658ad20f8daa1d6 P c72361fc3b18480488a09496a188f82f: Neither blocks nor log segments found. Creating new log.
I20260710 13:18:41.424942  7070 raft_consensus.cc:359] T a61c6f4dda4b4b24a8c3cb51fcc5258a P 89ac179fa5a14fdabefa226ce732c438 [term 0 FOLLOWER]: Replica starting. Triggering 0 pending ops. Active config: opid_index: -1 OBSOLETE_local: false peers { permanent_uuid: "9a2133fcd1cc41829ad449929065b4f1" member_type: VOTER last_known_addr { host: "127.5.160.129" port: 36569 } } peers { permanent_uuid: "c72361fc3b18480488a09496a188f82f" member_type: VOTER last_known_addr { host: "127.5.160.130" port: 44541 } } peers { permanent_uuid: "89ac179fa5a14fdabefa226ce732c438" member_type: VOTER last_known_addr { host: "127.5.160.131" port: 46229 } }
I20260710 13:18:41.425591  7070 raft_consensus.cc:385] T a61c6f4dda4b4b24a8c3cb51fcc5258a P 89ac179fa5a14fdabefa226ce732c438 [term 0 FOLLOWER]: Consensus starting up: Expiring failure detector timer to make a prompt election more likely
I20260710 13:18:41.425895  7070 raft_consensus.cc:740] T a61c6f4dda4b4b24a8c3cb51fcc5258a P 89ac179fa5a14fdabefa226ce732c438 [term 0 FOLLOWER]: Becoming Follower/Learner. State: Replica: 89ac179fa5a14fdabefa226ce732c438, State: Initialized, Role: FOLLOWER
I20260710 13:18:41.425704  7071 raft_consensus.cc:359] T 4d75695983ef4d4fa401c7eb92e8b2cc P 9a2133fcd1cc41829ad449929065b4f1 [term 0 FOLLOWER]: Replica starting. Triggering 0 pending ops. Active config: opid_index: -1 OBSOLETE_local: false peers { permanent_uuid: "9a2133fcd1cc41829ad449929065b4f1" member_type: VOTER last_known_addr { host: "127.5.160.129" port: 36569 } } peers { permanent_uuid: "c72361fc3b18480488a09496a188f82f" member_type: VOTER last_known_addr { host: "127.5.160.130" port: 44541 } } peers { permanent_uuid: "89ac179fa5a14fdabefa226ce732c438" member_type: VOTER last_known_addr { host: "127.5.160.131" port: 46229 } }
I20260710 13:18:41.426651  7071 raft_consensus.cc:385] T 4d75695983ef4d4fa401c7eb92e8b2cc P 9a2133fcd1cc41829ad449929065b4f1 [term 0 FOLLOWER]: Consensus starting up: Expiring failure detector timer to make a prompt election more likely
I20260710 13:18:41.426595  7070 consensus_queue.cc:260] T a61c6f4dda4b4b24a8c3cb51fcc5258a P 89ac179fa5a14fdabefa226ce732c438 [NON_LEADER]: Queue going to NON_LEADER mode. State: All replicated index: 0, Majority replicated index: 0, Committed index: 0, Last appended: 0.0, Last appended by leader: 0, Current term: 0, Majority size: -1, State: 0, Mode: NON_LEADER, active raft config: opid_index: -1 OBSOLETE_local: false peers { permanent_uuid: "9a2133fcd1cc41829ad449929065b4f1" member_type: VOTER last_known_addr { host: "127.5.160.129" port: 36569 } } peers { permanent_uuid: "c72361fc3b18480488a09496a188f82f" member_type: VOTER last_known_addr { host: "127.5.160.130" port: 44541 } } peers { permanent_uuid: "89ac179fa5a14fdabefa226ce732c438" member_type: VOTER last_known_addr { host: "127.5.160.131" port: 46229 } }
I20260710 13:18:41.427102  7071 raft_consensus.cc:740] T 4d75695983ef4d4fa401c7eb92e8b2cc P 9a2133fcd1cc41829ad449929065b4f1 [term 0 FOLLOWER]: Becoming Follower/Learner. State: Replica: 9a2133fcd1cc41829ad449929065b4f1, State: Initialized, Role: FOLLOWER
I20260710 13:18:41.428912  7070 ts_tablet_manager.cc:1434] T a61c6f4dda4b4b24a8c3cb51fcc5258a P 89ac179fa5a14fdabefa226ce732c438: Time spent starting tablet: real 0.006s	user 0.006s	sys 0.000s
I20260710 13:18:41.431562  7070 tablet_bootstrap.cc:492] T 210686f2bfa64fefbfc65349aa282ded P 89ac179fa5a14fdabefa226ce732c438: Bootstrap starting.
I20260710 13:18:41.434933  7128 raft_consensus.cc:493] T 325ab725ffe947a2949c9c2729f878d4 P 9a2133fcd1cc41829ad449929065b4f1 [term 0 FOLLOWER]: Starting pre-election (no leader contacted us within the election timeout)
I20260710 13:18:41.435511  7128 raft_consensus.cc:515] T 325ab725ffe947a2949c9c2729f878d4 P 9a2133fcd1cc41829ad449929065b4f1 [term 0 FOLLOWER]: Starting pre-election with config: opid_index: -1 OBSOLETE_local: false peers { permanent_uuid: "9a2133fcd1cc41829ad449929065b4f1" member_type: VOTER last_known_addr { host: "127.5.160.129" port: 36569 } } peers { permanent_uuid: "c72361fc3b18480488a09496a188f82f" member_type: VOTER last_known_addr { host: "127.5.160.130" port: 44541 } } peers { permanent_uuid: "89ac179fa5a14fdabefa226ce732c438" member_type: VOTER last_known_addr { host: "127.5.160.131" port: 46229 } }
I20260710 13:18:41.437892  7078 raft_consensus.cc:493] T 0f7bc3f4e6564012b658ad20f8daa1d6 P 89ac179fa5a14fdabefa226ce732c438 [term 0 FOLLOWER]: Starting pre-election (no leader contacted us within the election timeout)
I20260710 13:18:41.438328  7078 raft_consensus.cc:515] T 0f7bc3f4e6564012b658ad20f8daa1d6 P 89ac179fa5a14fdabefa226ce732c438 [term 0 FOLLOWER]: Starting pre-election with config: opid_index: -1 OBSOLETE_local: false peers { permanent_uuid: "9a2133fcd1cc41829ad449929065b4f1" member_type: VOTER last_known_addr { host: "127.5.160.129" port: 36569 } } peers { permanent_uuid: "c72361fc3b18480488a09496a188f82f" member_type: VOTER last_known_addr { host: "127.5.160.130" port: 44541 } } peers { permanent_uuid: "89ac179fa5a14fdabefa226ce732c438" member_type: VOTER last_known_addr { host: "127.5.160.131" port: 46229 } }
I20260710 13:18:41.440191  7078 leader_election.cc:290] T 0f7bc3f4e6564012b658ad20f8daa1d6 P 89ac179fa5a14fdabefa226ce732c438 [CANDIDATE]: Term 1 pre-election: Requested pre-vote from peers 9a2133fcd1cc41829ad449929065b4f1 (127.5.160.129:36569), c72361fc3b18480488a09496a188f82f (127.5.160.130:44541)
I20260710 13:18:41.440466  7029 tablet_service.cc:1917] Received RequestConsensusVote() RPC: tablet_id: "325ab725ffe947a2949c9c2729f878d4" candidate_uuid: "9a2133fcd1cc41829ad449929065b4f1" candidate_term: 1 candidate_status { last_received { term: 0 index: 0 } } ignore_live_leader: false dest_uuid: "89ac179fa5a14fdabefa226ce732c438" is_pre_election: true
I20260710 13:18:41.441425  7029 raft_consensus.cc:2393] T 325ab725ffe947a2949c9c2729f878d4 P 89ac179fa5a14fdabefa226ce732c438 [term 1 FOLLOWER]: Leader pre-election vote request: Denying vote to candidate 9a2133fcd1cc41829ad449929065b4f1 in current term 1: Already voted for candidate c72361fc3b18480488a09496a188f82f in this term.
I20260710 13:18:41.442514  6881 tablet_service.cc:1917] Received RequestConsensusVote() RPC: tablet_id: "0f7bc3f4e6564012b658ad20f8daa1d6" candidate_uuid: "89ac179fa5a14fdabefa226ce732c438" candidate_term: 1 candidate_status { last_received { term: 0 index: 0 } } ignore_live_leader: false dest_uuid: "9a2133fcd1cc41829ad449929065b4f1" is_pre_election: true
I20260710 13:18:41.443240  7128 leader_election.cc:290] T 325ab725ffe947a2949c9c2729f878d4 P 9a2133fcd1cc41829ad449929065b4f1 [CANDIDATE]: Term 1 pre-election: Requested pre-vote from peers c72361fc3b18480488a09496a188f82f (127.5.160.130:44541), 89ac179fa5a14fdabefa226ce732c438 (127.5.160.131:46229)
I20260710 13:18:41.430418  7071 consensus_queue.cc:260] T 4d75695983ef4d4fa401c7eb92e8b2cc P 9a2133fcd1cc41829ad449929065b4f1 [NON_LEADER]: Queue going to NON_LEADER mode. State: All replicated index: 0, Majority replicated index: 0, Committed index: 0, Last appended: 0.0, Last appended by leader: 0, Current term: 0, Majority size: -1, State: 0, Mode: NON_LEADER, active raft config: opid_index: -1 OBSOLETE_local: false peers { permanent_uuid: "9a2133fcd1cc41829ad449929065b4f1" member_type: VOTER last_known_addr { host: "127.5.160.129" port: 36569 } } peers { permanent_uuid: "c72361fc3b18480488a09496a188f82f" member_type: VOTER last_known_addr { host: "127.5.160.130" port: 44541 } } peers { permanent_uuid: "89ac179fa5a14fdabefa226ce732c438" member_type: VOTER last_known_addr { host: "127.5.160.131" port: 46229 } }
I20260710 13:18:41.444880  6954 tablet_service.cc:1917] Received RequestConsensusVote() RPC: tablet_id: "0f7bc3f4e6564012b658ad20f8daa1d6" candidate_uuid: "89ac179fa5a14fdabefa226ce732c438" candidate_term: 1 candidate_status { last_received { term: 0 index: 0 } } ignore_live_leader: false dest_uuid: "c72361fc3b18480488a09496a188f82f" is_pre_election: true
I20260710 13:18:41.445597  7071 ts_tablet_manager.cc:1434] T 4d75695983ef4d4fa401c7eb92e8b2cc P 9a2133fcd1cc41829ad449929065b4f1: Time spent starting tablet: real 0.029s	user 0.007s	sys 0.000s
I20260710 13:18:41.443853  6955 tablet_service.cc:1917] Received RequestConsensusVote() RPC: tablet_id: "325ab725ffe947a2949c9c2729f878d4" candidate_uuid: "9a2133fcd1cc41829ad449929065b4f1" candidate_term: 1 candidate_status { last_received { term: 0 index: 0 } } ignore_live_leader: false dest_uuid: "c72361fc3b18480488a09496a188f82f" is_pre_election: true
W20260710 13:18:41.446058  6994 leader_election.cc:343] T 0f7bc3f4e6564012b658ad20f8daa1d6 P 89ac179fa5a14fdabefa226ce732c438 [CANDIDATE]: Term 1 pre-election: Tablet error from VoteRequest() call to peer 9a2133fcd1cc41829ad449929065b4f1 (127.5.160.129:36569): Illegal state: must be running to vote when last-logged opid is not known
W20260710 13:18:41.446767  6994 leader_election.cc:343] T 0f7bc3f4e6564012b658ad20f8daa1d6 P 89ac179fa5a14fdabefa226ce732c438 [CANDIDATE]: Term 1 pre-election: Tablet error from VoteRequest() call to peer c72361fc3b18480488a09496a188f82f (127.5.160.130:44541): Illegal state: must be running to vote when last-logged opid is not known
I20260710 13:18:41.447170  6994 leader_election.cc:304] T 0f7bc3f4e6564012b658ad20f8daa1d6 P 89ac179fa5a14fdabefa226ce732c438 [CANDIDATE]: Term 1 pre-election: Election decided. Result: candidate lost. Election summary: received 3 responses out of 3 voters: 1 yes votes; 2 no votes. yes voters: 89ac179fa5a14fdabefa226ce732c438; no voters: 9a2133fcd1cc41829ad449929065b4f1, c72361fc3b18480488a09496a188f82f
I20260710 13:18:41.447909  7071 tablet_bootstrap.cc:492] T 0f7bc3f4e6564012b658ad20f8daa1d6 P 9a2133fcd1cc41829ad449929065b4f1: Bootstrap starting.
I20260710 13:18:41.447183  6845 leader_election.cc:304] T 325ab725ffe947a2949c9c2729f878d4 P 9a2133fcd1cc41829ad449929065b4f1 [CANDIDATE]: Term 1 pre-election: Election decided. Result: candidate lost. Election summary: received 3 responses out of 3 voters: 1 yes votes; 2 no votes. yes voters: 9a2133fcd1cc41829ad449929065b4f1; no voters: 89ac179fa5a14fdabefa226ce732c438, c72361fc3b18480488a09496a188f82f
I20260710 13:18:41.452325  7070 tablet_bootstrap.cc:654] T 210686f2bfa64fefbfc65349aa282ded P 89ac179fa5a14fdabefa226ce732c438: Neither blocks nor log segments found. Creating new log.
I20260710 13:18:41.452534  7118 raft_consensus.cc:493] T 210686f2bfa64fefbfc65349aa282ded P c72361fc3b18480488a09496a188f82f [term 0 FOLLOWER]: Starting pre-election (no leader contacted us within the election timeout)
I20260710 13:18:41.453049  7118 raft_consensus.cc:515] T 210686f2bfa64fefbfc65349aa282ded P c72361fc3b18480488a09496a188f82f [term 0 FOLLOWER]: Starting pre-election with config: opid_index: -1 OBSOLETE_local: false peers { permanent_uuid: "9a2133fcd1cc41829ad449929065b4f1" member_type: VOTER last_known_addr { host: "127.5.160.129" port: 36569 } } peers { permanent_uuid: "c72361fc3b18480488a09496a188f82f" member_type: VOTER last_known_addr { host: "127.5.160.130" port: 44541 } } peers { permanent_uuid: "89ac179fa5a14fdabefa226ce732c438" member_type: VOTER last_known_addr { host: "127.5.160.131" port: 46229 } }
I20260710 13:18:41.454488  7071 tablet_bootstrap.cc:654] T 0f7bc3f4e6564012b658ad20f8daa1d6 P 9a2133fcd1cc41829ad449929065b4f1: Neither blocks nor log segments found. Creating new log.
I20260710 13:18:41.455153  7118 leader_election.cc:290] T 210686f2bfa64fefbfc65349aa282ded P c72361fc3b18480488a09496a188f82f [CANDIDATE]: Term 1 pre-election: Requested pre-vote from peers 9a2133fcd1cc41829ad449929065b4f1 (127.5.160.129:36569), 89ac179fa5a14fdabefa226ce732c438 (127.5.160.131:46229)
I20260710 13:18:41.456182  7029 tablet_service.cc:1917] Received RequestConsensusVote() RPC: tablet_id: "210686f2bfa64fefbfc65349aa282ded" candidate_uuid: "c72361fc3b18480488a09496a188f82f" candidate_term: 1 candidate_status { last_received { term: 0 index: 0 } } ignore_live_leader: false dest_uuid: "89ac179fa5a14fdabefa226ce732c438" is_pre_election: true
I20260710 13:18:41.456801  6881 tablet_service.cc:1917] Received RequestConsensusVote() RPC: tablet_id: "210686f2bfa64fefbfc65349aa282ded" candidate_uuid: "c72361fc3b18480488a09496a188f82f" candidate_term: 1 candidate_status { last_received { term: 0 index: 0 } } ignore_live_leader: false dest_uuid: "9a2133fcd1cc41829ad449929065b4f1" is_pre_election: true
W20260710 13:18:41.457754  6919 leader_election.cc:343] T 210686f2bfa64fefbfc65349aa282ded P c72361fc3b18480488a09496a188f82f [CANDIDATE]: Term 1 pre-election: Tablet error from VoteRequest() call to peer 89ac179fa5a14fdabefa226ce732c438 (127.5.160.131:46229): Illegal state: must be running to vote when last-logged opid is not known
W20260710 13:18:41.458520  6920 leader_election.cc:343] T 210686f2bfa64fefbfc65349aa282ded P c72361fc3b18480488a09496a188f82f [CANDIDATE]: Term 1 pre-election: Tablet error from VoteRequest() call to peer 9a2133fcd1cc41829ad449929065b4f1 (127.5.160.129:36569): Illegal state: must be running to vote when last-logged opid is not known
I20260710 13:18:41.459086  6920 leader_election.cc:304] T 210686f2bfa64fefbfc65349aa282ded P c72361fc3b18480488a09496a188f82f [CANDIDATE]: Term 1 pre-election: Election decided. Result: candidate lost. Election summary: received 3 responses out of 3 voters: 1 yes votes; 2 no votes. yes voters: c72361fc3b18480488a09496a188f82f; no voters: 89ac179fa5a14fdabefa226ce732c438, 9a2133fcd1cc41829ad449929065b4f1
I20260710 13:18:41.460242  7072 tablet_bootstrap.cc:492] T 0f7bc3f4e6564012b658ad20f8daa1d6 P c72361fc3b18480488a09496a188f82f: No bootstrap required, opened a new log
I20260710 13:18:41.460479  7118 raft_consensus.cc:2749] T 210686f2bfa64fefbfc65349aa282ded P c72361fc3b18480488a09496a188f82f [term 0 FOLLOWER]: Leader pre-election lost for term 1. Reason: could not achieve majority
I20260710 13:18:41.460785  7072 ts_tablet_manager.cc:1403] T 0f7bc3f4e6564012b658ad20f8daa1d6 P c72361fc3b18480488a09496a188f82f: Time spent bootstrapping tablet: real 0.043s	user 0.018s	sys 0.012s
I20260710 13:18:41.461503  7128 raft_consensus.cc:3060] T 325ab725ffe947a2949c9c2729f878d4 P 9a2133fcd1cc41829ad449929065b4f1 [term 0 FOLLOWER]: Advancing to term 1
I20260710 13:18:41.461712  7098 raft_consensus.cc:2749] T 0f7bc3f4e6564012b658ad20f8daa1d6 P 89ac179fa5a14fdabefa226ce732c438 [term 0 FOLLOWER]: Leader pre-election lost for term 1. Reason: could not achieve majority
I20260710 13:18:41.465727  7072 raft_consensus.cc:359] T 0f7bc3f4e6564012b658ad20f8daa1d6 P c72361fc3b18480488a09496a188f82f [term 0 FOLLOWER]: Replica starting. Triggering 0 pending ops. Active config: opid_index: -1 OBSOLETE_local: false peers { permanent_uuid: "9a2133fcd1cc41829ad449929065b4f1" member_type: VOTER last_known_addr { host: "127.5.160.129" port: 36569 } } peers { permanent_uuid: "c72361fc3b18480488a09496a188f82f" member_type: VOTER last_known_addr { host: "127.5.160.130" port: 44541 } } peers { permanent_uuid: "89ac179fa5a14fdabefa226ce732c438" member_type: VOTER last_known_addr { host: "127.5.160.131" port: 46229 } }
I20260710 13:18:41.466645  7072 raft_consensus.cc:385] T 0f7bc3f4e6564012b658ad20f8daa1d6 P c72361fc3b18480488a09496a188f82f [term 0 FOLLOWER]: Consensus starting up: Expiring failure detector timer to make a prompt election more likely
I20260710 13:18:41.467106  7071 tablet_bootstrap.cc:492] T 0f7bc3f4e6564012b658ad20f8daa1d6 P 9a2133fcd1cc41829ad449929065b4f1: No bootstrap required, opened a new log
I20260710 13:18:41.466992  7072 raft_consensus.cc:740] T 0f7bc3f4e6564012b658ad20f8daa1d6 P c72361fc3b18480488a09496a188f82f [term 0 FOLLOWER]: Becoming Follower/Learner. State: Replica: c72361fc3b18480488a09496a188f82f, State: Initialized, Role: FOLLOWER
I20260710 13:18:41.467981  7072 consensus_queue.cc:260] T 0f7bc3f4e6564012b658ad20f8daa1d6 P c72361fc3b18480488a09496a188f82f [NON_LEADER]: Queue going to NON_LEADER mode. State: All replicated index: 0, Majority replicated index: 0, Committed index: 0, Last appended: 0.0, Last appended by leader: 0, Current term: 0, Majority size: -1, State: 0, Mode: NON_LEADER, active raft config: opid_index: -1 OBSOLETE_local: false peers { permanent_uuid: "9a2133fcd1cc41829ad449929065b4f1" member_type: VOTER last_known_addr { host: "127.5.160.129" port: 36569 } } peers { permanent_uuid: "c72361fc3b18480488a09496a188f82f" member_type: VOTER last_known_addr { host: "127.5.160.130" port: 44541 } } peers { permanent_uuid: "89ac179fa5a14fdabefa226ce732c438" member_type: VOTER last_known_addr { host: "127.5.160.131" port: 46229 } }
I20260710 13:18:41.471062  7072 ts_tablet_manager.cc:1434] T 0f7bc3f4e6564012b658ad20f8daa1d6 P c72361fc3b18480488a09496a188f82f: Time spent starting tablet: real 0.009s	user 0.006s	sys 0.001s
W20260710 13:18:41.474498  6827 auto_rebalancer.cc:288] Could not retrieve cluster info: Service unavailable: Tablet not running
I20260710 13:18:41.467551  7071 ts_tablet_manager.cc:1403] T 0f7bc3f4e6564012b658ad20f8daa1d6 P 9a2133fcd1cc41829ad449929065b4f1: Time spent bootstrapping tablet: real 0.020s	user 0.009s	sys 0.007s
I20260710 13:18:41.478799  7071 raft_consensus.cc:359] T 0f7bc3f4e6564012b658ad20f8daa1d6 P 9a2133fcd1cc41829ad449929065b4f1 [term 0 FOLLOWER]: Replica starting. Triggering 0 pending ops. Active config: opid_index: -1 OBSOLETE_local: false peers { permanent_uuid: "9a2133fcd1cc41829ad449929065b4f1" member_type: VOTER last_known_addr { host: "127.5.160.129" port: 36569 } } peers { permanent_uuid: "c72361fc3b18480488a09496a188f82f" member_type: VOTER last_known_addr { host: "127.5.160.130" port: 44541 } } peers { permanent_uuid: "89ac179fa5a14fdabefa226ce732c438" member_type: VOTER last_known_addr { host: "127.5.160.131" port: 46229 } }
I20260710 13:18:41.479640  7071 raft_consensus.cc:385] T 0f7bc3f4e6564012b658ad20f8daa1d6 P 9a2133fcd1cc41829ad449929065b4f1 [term 0 FOLLOWER]: Consensus starting up: Expiring failure detector timer to make a prompt election more likely
I20260710 13:18:41.479969  7071 raft_consensus.cc:740] T 0f7bc3f4e6564012b658ad20f8daa1d6 P 9a2133fcd1cc41829ad449929065b4f1 [term 0 FOLLOWER]: Becoming Follower/Learner. State: Replica: 9a2133fcd1cc41829ad449929065b4f1, State: Initialized, Role: FOLLOWER
I20260710 13:18:41.481345  7071 consensus_queue.cc:260] T 0f7bc3f4e6564012b658ad20f8daa1d6 P 9a2133fcd1cc41829ad449929065b4f1 [NON_LEADER]: Queue going to NON_LEADER mode. State: All replicated index: 0, Majority replicated index: 0, Committed index: 0, Last appended: 0.0, Last appended by leader: 0, Current term: 0, Majority size: -1, State: 0, Mode: NON_LEADER, active raft config: opid_index: -1 OBSOLETE_local: false peers { permanent_uuid: "9a2133fcd1cc41829ad449929065b4f1" member_type: VOTER last_known_addr { host: "127.5.160.129" port: 36569 } } peers { permanent_uuid: "c72361fc3b18480488a09496a188f82f" member_type: VOTER last_known_addr { host: "127.5.160.130" port: 44541 } } peers { permanent_uuid: "89ac179fa5a14fdabefa226ce732c438" member_type: VOTER last_known_addr { host: "127.5.160.131" port: 46229 } }
I20260710 13:18:41.483424  7128 raft_consensus.cc:2749] T 325ab725ffe947a2949c9c2729f878d4 P 9a2133fcd1cc41829ad449929065b4f1 [term 1 FOLLOWER]: Leader pre-election lost for term 1. Reason: could not achieve majority
I20260710 13:18:41.483893  7071 ts_tablet_manager.cc:1434] T 0f7bc3f4e6564012b658ad20f8daa1d6 P 9a2133fcd1cc41829ad449929065b4f1: Time spent starting tablet: real 0.008s	user 0.006s	sys 0.000s
I20260710 13:18:41.484913  7071 tablet_bootstrap.cc:492] T 4991ab08961749dc9d8fe912d107fead P 9a2133fcd1cc41829ad449929065b4f1: Bootstrap starting.
I20260710 13:18:41.486383  7070 tablet_bootstrap.cc:492] T 210686f2bfa64fefbfc65349aa282ded P 89ac179fa5a14fdabefa226ce732c438: No bootstrap required, opened a new log
I20260710 13:18:41.486788  7070 ts_tablet_manager.cc:1403] T 210686f2bfa64fefbfc65349aa282ded P 89ac179fa5a14fdabefa226ce732c438: Time spent bootstrapping tablet: real 0.055s	user 0.018s	sys 0.021s
I20260710 13:18:41.489295  7070 raft_consensus.cc:359] T 210686f2bfa64fefbfc65349aa282ded P 89ac179fa5a14fdabefa226ce732c438 [term 0 FOLLOWER]: Replica starting. Triggering 0 pending ops. Active config: opid_index: -1 OBSOLETE_local: false peers { permanent_uuid: "9a2133fcd1cc41829ad449929065b4f1" member_type: VOTER last_known_addr { host: "127.5.160.129" port: 36569 } } peers { permanent_uuid: "c72361fc3b18480488a09496a188f82f" member_type: VOTER last_known_addr { host: "127.5.160.130" port: 44541 } } peers { permanent_uuid: "89ac179fa5a14fdabefa226ce732c438" member_type: VOTER last_known_addr { host: "127.5.160.131" port: 46229 } }
I20260710 13:18:41.489894  7070 raft_consensus.cc:385] T 210686f2bfa64fefbfc65349aa282ded P 89ac179fa5a14fdabefa226ce732c438 [term 0 FOLLOWER]: Consensus starting up: Expiring failure detector timer to make a prompt election more likely
I20260710 13:18:41.490177  7070 raft_consensus.cc:740] T 210686f2bfa64fefbfc65349aa282ded P 89ac179fa5a14fdabefa226ce732c438 [term 0 FOLLOWER]: Becoming Follower/Learner. State: Replica: 89ac179fa5a14fdabefa226ce732c438, State: Initialized, Role: FOLLOWER
I20260710 13:18:41.490253  7071 tablet_bootstrap.cc:654] T 4991ab08961749dc9d8fe912d107fead P 9a2133fcd1cc41829ad449929065b4f1: Neither blocks nor log segments found. Creating new log.
I20260710 13:18:41.490813  7070 consensus_queue.cc:260] T 210686f2bfa64fefbfc65349aa282ded P 89ac179fa5a14fdabefa226ce732c438 [NON_LEADER]: Queue going to NON_LEADER mode. State: All replicated index: 0, Majority replicated index: 0, Committed index: 0, Last appended: 0.0, Last appended by leader: 0, Current term: 0, Majority size: -1, State: 0, Mode: NON_LEADER, active raft config: opid_index: -1 OBSOLETE_local: false peers { permanent_uuid: "9a2133fcd1cc41829ad449929065b4f1" member_type: VOTER last_known_addr { host: "127.5.160.129" port: 36569 } } peers { permanent_uuid: "c72361fc3b18480488a09496a188f82f" member_type: VOTER last_known_addr { host: "127.5.160.130" port: 44541 } } peers { permanent_uuid: "89ac179fa5a14fdabefa226ce732c438" member_type: VOTER last_known_addr { host: "127.5.160.131" port: 46229 } }
I20260710 13:18:41.492753  7070 ts_tablet_manager.cc:1434] T 210686f2bfa64fefbfc65349aa282ded P 89ac179fa5a14fdabefa226ce732c438: Time spent starting tablet: real 0.006s	user 0.004s	sys 0.000s
I20260710 13:18:41.496534  7071 tablet_bootstrap.cc:492] T 4991ab08961749dc9d8fe912d107fead P 9a2133fcd1cc41829ad449929065b4f1: No bootstrap required, opened a new log
I20260710 13:18:41.496963  7071 ts_tablet_manager.cc:1403] T 4991ab08961749dc9d8fe912d107fead P 9a2133fcd1cc41829ad449929065b4f1: Time spent bootstrapping tablet: real 0.012s	user 0.009s	sys 0.000s
I20260710 13:18:41.499106  7071 raft_consensus.cc:359] T 4991ab08961749dc9d8fe912d107fead P 9a2133fcd1cc41829ad449929065b4f1 [term 0 FOLLOWER]: Replica starting. Triggering 0 pending ops. Active config: opid_index: -1 OBSOLETE_local: false peers { permanent_uuid: "9a2133fcd1cc41829ad449929065b4f1" member_type: VOTER last_known_addr { host: "127.5.160.129" port: 36569 } } peers { permanent_uuid: "c72361fc3b18480488a09496a188f82f" member_type: VOTER last_known_addr { host: "127.5.160.130" port: 44541 } } peers { permanent_uuid: "89ac179fa5a14fdabefa226ce732c438" member_type: VOTER last_known_addr { host: "127.5.160.131" port: 46229 } }
I20260710 13:18:41.499565  7071 raft_consensus.cc:385] T 4991ab08961749dc9d8fe912d107fead P 9a2133fcd1cc41829ad449929065b4f1 [term 0 FOLLOWER]: Consensus starting up: Expiring failure detector timer to make a prompt election more likely
I20260710 13:18:41.499773  7071 raft_consensus.cc:740] T 4991ab08961749dc9d8fe912d107fead P 9a2133fcd1cc41829ad449929065b4f1 [term 0 FOLLOWER]: Becoming Follower/Learner. State: Replica: 9a2133fcd1cc41829ad449929065b4f1, State: Initialized, Role: FOLLOWER
I20260710 13:18:41.500336  7071 consensus_queue.cc:260] T 4991ab08961749dc9d8fe912d107fead P 9a2133fcd1cc41829ad449929065b4f1 [NON_LEADER]: Queue going to NON_LEADER mode. State: All replicated index: 0, Majority replicated index: 0, Committed index: 0, Last appended: 0.0, Last appended by leader: 0, Current term: 0, Majority size: -1, State: 0, Mode: NON_LEADER, active raft config: opid_index: -1 OBSOLETE_local: false peers { permanent_uuid: "9a2133fcd1cc41829ad449929065b4f1" member_type: VOTER last_known_addr { host: "127.5.160.129" port: 36569 } } peers { permanent_uuid: "c72361fc3b18480488a09496a188f82f" member_type: VOTER last_known_addr { host: "127.5.160.130" port: 44541 } } peers { permanent_uuid: "89ac179fa5a14fdabefa226ce732c438" member_type: VOTER last_known_addr { host: "127.5.160.131" port: 46229 } }
I20260710 13:18:41.501606  7071 ts_tablet_manager.cc:1434] T 4991ab08961749dc9d8fe912d107fead P 9a2133fcd1cc41829ad449929065b4f1: Time spent starting tablet: real 0.004s	user 0.001s	sys 0.000s
I20260710 13:18:41.502444  7071 tablet_bootstrap.cc:492] T 7e39e224c0bf4c32bdd69755c91dc3e0 P 9a2133fcd1cc41829ad449929065b4f1: Bootstrap starting.
I20260710 13:18:41.507493  7071 tablet_bootstrap.cc:654] T 7e39e224c0bf4c32bdd69755c91dc3e0 P 9a2133fcd1cc41829ad449929065b4f1: Neither blocks nor log segments found. Creating new log.
I20260710 13:18:41.511617  7071 tablet_bootstrap.cc:492] T 7e39e224c0bf4c32bdd69755c91dc3e0 P 9a2133fcd1cc41829ad449929065b4f1: No bootstrap required, opened a new log
I20260710 13:18:41.512108  7071 ts_tablet_manager.cc:1403] T 7e39e224c0bf4c32bdd69755c91dc3e0 P 9a2133fcd1cc41829ad449929065b4f1: Time spent bootstrapping tablet: real 0.010s	user 0.002s	sys 0.006s
I20260710 13:18:41.513938  7071 raft_consensus.cc:359] T 7e39e224c0bf4c32bdd69755c91dc3e0 P 9a2133fcd1cc41829ad449929065b4f1 [term 0 FOLLOWER]: Replica starting. Triggering 0 pending ops. Active config: opid_index: -1 OBSOLETE_local: false peers { permanent_uuid: "9a2133fcd1cc41829ad449929065b4f1" member_type: VOTER last_known_addr { host: "127.5.160.129" port: 36569 } } peers { permanent_uuid: "c72361fc3b18480488a09496a188f82f" member_type: VOTER last_known_addr { host: "127.5.160.130" port: 44541 } } peers { permanent_uuid: "89ac179fa5a14fdabefa226ce732c438" member_type: VOTER last_known_addr { host: "127.5.160.131" port: 46229 } }
I20260710 13:18:41.514370  7071 raft_consensus.cc:385] T 7e39e224c0bf4c32bdd69755c91dc3e0 P 9a2133fcd1cc41829ad449929065b4f1 [term 0 FOLLOWER]: Consensus starting up: Expiring failure detector timer to make a prompt election more likely
I20260710 13:18:41.514544  7071 raft_consensus.cc:740] T 7e39e224c0bf4c32bdd69755c91dc3e0 P 9a2133fcd1cc41829ad449929065b4f1 [term 0 FOLLOWER]: Becoming Follower/Learner. State: Replica: 9a2133fcd1cc41829ad449929065b4f1, State: Initialized, Role: FOLLOWER
I20260710 13:18:41.514969  7071 consensus_queue.cc:260] T 7e39e224c0bf4c32bdd69755c91dc3e0 P 9a2133fcd1cc41829ad449929065b4f1 [NON_LEADER]: Queue going to NON_LEADER mode. State: All replicated index: 0, Majority replicated index: 0, Committed index: 0, Last appended: 0.0, Last appended by leader: 0, Current term: 0, Majority size: -1, State: 0, Mode: NON_LEADER, active raft config: opid_index: -1 OBSOLETE_local: false peers { permanent_uuid: "9a2133fcd1cc41829ad449929065b4f1" member_type: VOTER last_known_addr { host: "127.5.160.129" port: 36569 } } peers { permanent_uuid: "c72361fc3b18480488a09496a188f82f" member_type: VOTER last_known_addr { host: "127.5.160.130" port: 44541 } } peers { permanent_uuid: "89ac179fa5a14fdabefa226ce732c438" member_type: VOTER last_known_addr { host: "127.5.160.131" port: 46229 } }
I20260710 13:18:41.517063  7071 ts_tablet_manager.cc:1434] T 7e39e224c0bf4c32bdd69755c91dc3e0 P 9a2133fcd1cc41829ad449929065b4f1: Time spent starting tablet: real 0.005s	user 0.003s	sys 0.000s
I20260710 13:18:41.517926  7071 tablet_bootstrap.cc:492] T 210686f2bfa64fefbfc65349aa282ded P 9a2133fcd1cc41829ad449929065b4f1: Bootstrap starting.
I20260710 13:18:41.523000  7071 tablet_bootstrap.cc:654] T 210686f2bfa64fefbfc65349aa282ded P 9a2133fcd1cc41829ad449929065b4f1: Neither blocks nor log segments found. Creating new log.
I20260710 13:18:41.523581  7128 raft_consensus.cc:493] T c787b7991a2a46bfb3844522d2ba0b8c P 9a2133fcd1cc41829ad449929065b4f1 [term 0 FOLLOWER]: Starting pre-election (no leader contacted us within the election timeout)
I20260710 13:18:41.524030  7128 raft_consensus.cc:515] T c787b7991a2a46bfb3844522d2ba0b8c P 9a2133fcd1cc41829ad449929065b4f1 [term 0 FOLLOWER]: Starting pre-election with config: opid_index: -1 OBSOLETE_local: false peers { permanent_uuid: "9a2133fcd1cc41829ad449929065b4f1" member_type: VOTER last_known_addr { host: "127.5.160.129" port: 36569 } } peers { permanent_uuid: "c72361fc3b18480488a09496a188f82f" member_type: VOTER last_known_addr { host: "127.5.160.130" port: 44541 } } peers { permanent_uuid: "89ac179fa5a14fdabefa226ce732c438" member_type: VOTER last_known_addr { host: "127.5.160.131" port: 46229 } }
I20260710 13:18:41.525547  7118 raft_consensus.cc:493] T c787b7991a2a46bfb3844522d2ba0b8c P c72361fc3b18480488a09496a188f82f [term 0 FOLLOWER]: Starting pre-election (no leader contacted us within the election timeout)
I20260710 13:18:41.526055  7128 leader_election.cc:290] T c787b7991a2a46bfb3844522d2ba0b8c P 9a2133fcd1cc41829ad449929065b4f1 [CANDIDATE]: Term 1 pre-election: Requested pre-vote from peers c72361fc3b18480488a09496a188f82f (127.5.160.130:44541), 89ac179fa5a14fdabefa226ce732c438 (127.5.160.131:46229)
I20260710 13:18:41.527995  7029 tablet_service.cc:1917] Received RequestConsensusVote() RPC: tablet_id: "c787b7991a2a46bfb3844522d2ba0b8c" candidate_uuid: "9a2133fcd1cc41829ad449929065b4f1" candidate_term: 1 candidate_status { last_received { term: 0 index: 0 } } ignore_live_leader: false dest_uuid: "89ac179fa5a14fdabefa226ce732c438" is_pre_election: true
I20260710 13:18:41.528604  7029 raft_consensus.cc:2468] T c787b7991a2a46bfb3844522d2ba0b8c P 89ac179fa5a14fdabefa226ce732c438 [term 0 FOLLOWER]: Leader pre-election vote request: Granting yes vote for candidate 9a2133fcd1cc41829ad449929065b4f1 in term 0.
I20260710 13:18:41.529666  6844 leader_election.cc:304] T c787b7991a2a46bfb3844522d2ba0b8c P 9a2133fcd1cc41829ad449929065b4f1 [CANDIDATE]: Term 1 pre-election: Election decided. Result: candidate won. Election summary: received 2 responses out of 3 voters: 2 yes votes; 0 no votes. yes voters: 89ac179fa5a14fdabefa226ce732c438, 9a2133fcd1cc41829ad449929065b4f1; no voters: 
I20260710 13:18:41.526069  7118 raft_consensus.cc:515] T c787b7991a2a46bfb3844522d2ba0b8c P c72361fc3b18480488a09496a188f82f [term 0 FOLLOWER]: Starting pre-election with config: opid_index: -1 OBSOLETE_local: false peers { permanent_uuid: "9a2133fcd1cc41829ad449929065b4f1" member_type: VOTER last_known_addr { host: "127.5.160.129" port: 36569 } } peers { permanent_uuid: "c72361fc3b18480488a09496a188f82f" member_type: VOTER last_known_addr { host: "127.5.160.130" port: 44541 } } peers { permanent_uuid: "89ac179fa5a14fdabefa226ce732c438" member_type: VOTER last_known_addr { host: "127.5.160.131" port: 46229 } }
I20260710 13:18:41.530479  7128 raft_consensus.cc:2804] T c787b7991a2a46bfb3844522d2ba0b8c P 9a2133fcd1cc41829ad449929065b4f1 [term 0 FOLLOWER]: Leader pre-election won for term 1
I20260710 13:18:41.530920  7128 raft_consensus.cc:493] T c787b7991a2a46bfb3844522d2ba0b8c P 9a2133fcd1cc41829ad449929065b4f1 [term 0 FOLLOWER]: Starting leader election (no leader contacted us within the election timeout)
I20260710 13:18:41.531270  7128 raft_consensus.cc:3060] T c787b7991a2a46bfb3844522d2ba0b8c P 9a2133fcd1cc41829ad449929065b4f1 [term 0 FOLLOWER]: Advancing to term 1
I20260710 13:18:41.532292  7118 leader_election.cc:290] T c787b7991a2a46bfb3844522d2ba0b8c P c72361fc3b18480488a09496a188f82f [CANDIDATE]: Term 1 pre-election: Requested pre-vote from peers 9a2133fcd1cc41829ad449929065b4f1 (127.5.160.129:36569), 89ac179fa5a14fdabefa226ce732c438 (127.5.160.131:46229)
I20260710 13:18:41.532373  6955 tablet_service.cc:1917] Received RequestConsensusVote() RPC: tablet_id: "c787b7991a2a46bfb3844522d2ba0b8c" candidate_uuid: "9a2133fcd1cc41829ad449929065b4f1" candidate_term: 1 candidate_status { last_received { term: 0 index: 0 } } ignore_live_leader: false dest_uuid: "c72361fc3b18480488a09496a188f82f" is_pre_election: true
I20260710 13:18:41.533212  6955 raft_consensus.cc:2468] T c787b7991a2a46bfb3844522d2ba0b8c P c72361fc3b18480488a09496a188f82f [term 0 FOLLOWER]: Leader pre-election vote request: Granting yes vote for candidate 9a2133fcd1cc41829ad449929065b4f1 in term 0.
I20260710 13:18:41.534281  7078 raft_consensus.cc:493] T 4d75695983ef4d4fa401c7eb92e8b2cc P 89ac179fa5a14fdabefa226ce732c438 [term 0 FOLLOWER]: Starting pre-election (no leader contacted us within the election timeout)
I20260710 13:18:41.534706  7078 raft_consensus.cc:515] T 4d75695983ef4d4fa401c7eb92e8b2cc P 89ac179fa5a14fdabefa226ce732c438 [term 0 FOLLOWER]: Starting pre-election with config: opid_index: -1 OBSOLETE_local: false peers { permanent_uuid: "9a2133fcd1cc41829ad449929065b4f1" member_type: VOTER last_known_addr { host: "127.5.160.129" port: 36569 } } peers { permanent_uuid: "c72361fc3b18480488a09496a188f82f" member_type: VOTER last_known_addr { host: "127.5.160.130" port: 44541 } } peers { permanent_uuid: "89ac179fa5a14fdabefa226ce732c438" member_type: VOTER last_known_addr { host: "127.5.160.131" port: 46229 } }
I20260710 13:18:41.535281  7029 tablet_service.cc:1917] Received RequestConsensusVote() RPC: tablet_id: "c787b7991a2a46bfb3844522d2ba0b8c" candidate_uuid: "c72361fc3b18480488a09496a188f82f" candidate_term: 1 candidate_status { last_received { term: 0 index: 0 } } ignore_live_leader: false dest_uuid: "89ac179fa5a14fdabefa226ce732c438" is_pre_election: true
I20260710 13:18:41.535826  7029 raft_consensus.cc:2468] T c787b7991a2a46bfb3844522d2ba0b8c P 89ac179fa5a14fdabefa226ce732c438 [term 0 FOLLOWER]: Leader pre-election vote request: Granting yes vote for candidate c72361fc3b18480488a09496a188f82f in term 0.
I20260710 13:18:41.536574  7078 leader_election.cc:290] T 4d75695983ef4d4fa401c7eb92e8b2cc P 89ac179fa5a14fdabefa226ce732c438 [CANDIDATE]: Term 1 pre-election: Requested pre-vote from peers 9a2133fcd1cc41829ad449929065b4f1 (127.5.160.129:36569), c72361fc3b18480488a09496a188f82f (127.5.160.130:44541)
I20260710 13:18:41.536996  6881 tablet_service.cc:1917] Received RequestConsensusVote() RPC: tablet_id: "c787b7991a2a46bfb3844522d2ba0b8c" candidate_uuid: "c72361fc3b18480488a09496a188f82f" candidate_term: 1 candidate_status { last_received { term: 0 index: 0 } } ignore_live_leader: false dest_uuid: "9a2133fcd1cc41829ad449929065b4f1" is_pre_election: true
I20260710 13:18:41.537940  6919 leader_election.cc:304] T c787b7991a2a46bfb3844522d2ba0b8c P c72361fc3b18480488a09496a188f82f [CANDIDATE]: Term 1 pre-election: Election decided. Result: candidate won. Election summary: received 2 responses out of 3 voters: 2 yes votes; 0 no votes. yes voters: 89ac179fa5a14fdabefa226ce732c438, c72361fc3b18480488a09496a188f82f; no voters: 
I20260710 13:18:41.538784  7118 raft_consensus.cc:2804] T c787b7991a2a46bfb3844522d2ba0b8c P c72361fc3b18480488a09496a188f82f [term 0 FOLLOWER]: Leader pre-election won for term 1
I20260710 13:18:41.539132  7118 raft_consensus.cc:493] T c787b7991a2a46bfb3844522d2ba0b8c P c72361fc3b18480488a09496a188f82f [term 0 FOLLOWER]: Starting leader election (no leader contacted us within the election timeout)
I20260710 13:18:41.539471  7118 raft_consensus.cc:3060] T c787b7991a2a46bfb3844522d2ba0b8c P c72361fc3b18480488a09496a188f82f [term 0 FOLLOWER]: Advancing to term 1
I20260710 13:18:41.539644  6878 tablet_service.cc:1917] Received RequestConsensusVote() RPC: tablet_id: "4d75695983ef4d4fa401c7eb92e8b2cc" candidate_uuid: "89ac179fa5a14fdabefa226ce732c438" candidate_term: 1 candidate_status { last_received { term: 0 index: 0 } } ignore_live_leader: false dest_uuid: "9a2133fcd1cc41829ad449929065b4f1" is_pre_election: true
I20260710 13:18:41.540239  6878 raft_consensus.cc:2468] T 4d75695983ef4d4fa401c7eb92e8b2cc P 9a2133fcd1cc41829ad449929065b4f1 [term 0 FOLLOWER]: Leader pre-election vote request: Granting yes vote for candidate 89ac179fa5a14fdabefa226ce732c438 in term 0.
I20260710 13:18:41.540555  7071 tablet_bootstrap.cc:492] T 210686f2bfa64fefbfc65349aa282ded P 9a2133fcd1cc41829ad449929065b4f1: No bootstrap required, opened a new log
I20260710 13:18:41.540988  7071 ts_tablet_manager.cc:1403] T 210686f2bfa64fefbfc65349aa282ded P 9a2133fcd1cc41829ad449929065b4f1: Time spent bootstrapping tablet: real 0.023s	user 0.012s	sys 0.008s
I20260710 13:18:41.541865  7128 raft_consensus.cc:515] T c787b7991a2a46bfb3844522d2ba0b8c P 9a2133fcd1cc41829ad449929065b4f1 [term 1 FOLLOWER]: Starting leader election with config: opid_index: -1 OBSOLETE_local: false peers { permanent_uuid: "9a2133fcd1cc41829ad449929065b4f1" member_type: VOTER last_known_addr { host: "127.5.160.129" port: 36569 } } peers { permanent_uuid: "c72361fc3b18480488a09496a188f82f" member_type: VOTER last_known_addr { host: "127.5.160.130" port: 44541 } } peers { permanent_uuid: "89ac179fa5a14fdabefa226ce732c438" member_type: VOTER last_known_addr { host: "127.5.160.131" port: 46229 } }
I20260710 13:18:41.543160  6881 raft_consensus.cc:2393] T c787b7991a2a46bfb3844522d2ba0b8c P 9a2133fcd1cc41829ad449929065b4f1 [term 1 FOLLOWER]: Leader pre-election vote request: Denying vote to candidate c72361fc3b18480488a09496a188f82f in current term 1: Already voted for candidate 9a2133fcd1cc41829ad449929065b4f1 in this term.
I20260710 13:18:41.542189  6994 leader_election.cc:304] T 4d75695983ef4d4fa401c7eb92e8b2cc P 89ac179fa5a14fdabefa226ce732c438 [CANDIDATE]: Term 1 pre-election: Election decided. Result: candidate won. Election summary: received 2 responses out of 3 voters: 2 yes votes; 0 no votes. yes voters: 89ac179fa5a14fdabefa226ce732c438, 9a2133fcd1cc41829ad449929065b4f1; no voters: 
I20260710 13:18:41.543689  7071 raft_consensus.cc:359] T 210686f2bfa64fefbfc65349aa282ded P 9a2133fcd1cc41829ad449929065b4f1 [term 0 FOLLOWER]: Replica starting. Triggering 0 pending ops. Active config: opid_index: -1 OBSOLETE_local: false peers { permanent_uuid: "9a2133fcd1cc41829ad449929065b4f1" member_type: VOTER last_known_addr { host: "127.5.160.129" port: 36569 } } peers { permanent_uuid: "c72361fc3b18480488a09496a188f82f" member_type: VOTER last_known_addr { host: "127.5.160.130" port: 44541 } } peers { permanent_uuid: "89ac179fa5a14fdabefa226ce732c438" member_type: VOTER last_known_addr { host: "127.5.160.131" port: 46229 } }
I20260710 13:18:41.544162  7128 leader_election.cc:290] T c787b7991a2a46bfb3844522d2ba0b8c P 9a2133fcd1cc41829ad449929065b4f1 [CANDIDATE]: Term 1 election: Requested vote from peers c72361fc3b18480488a09496a188f82f (127.5.160.130:44541), 89ac179fa5a14fdabefa226ce732c438 (127.5.160.131:46229)
I20260710 13:18:41.538272  6955 tablet_service.cc:1917] Received RequestConsensusVote() RPC: tablet_id: "4d75695983ef4d4fa401c7eb92e8b2cc" candidate_uuid: "89ac179fa5a14fdabefa226ce732c438" candidate_term: 1 candidate_status { last_received { term: 0 index: 0 } } ignore_live_leader: false dest_uuid: "c72361fc3b18480488a09496a188f82f" is_pre_election: true
I20260710 13:18:41.544947  7098 raft_consensus.cc:2804] T 4d75695983ef4d4fa401c7eb92e8b2cc P 89ac179fa5a14fdabefa226ce732c438 [term 0 FOLLOWER]: Leader pre-election won for term 1
I20260710 13:18:41.544981  6955 raft_consensus.cc:2468] T 4d75695983ef4d4fa401c7eb92e8b2cc P c72361fc3b18480488a09496a188f82f [term 0 FOLLOWER]: Leader pre-election vote request: Granting yes vote for candidate 89ac179fa5a14fdabefa226ce732c438 in term 0.
I20260710 13:18:41.545419  7098 raft_consensus.cc:493] T 4d75695983ef4d4fa401c7eb92e8b2cc P 89ac179fa5a14fdabefa226ce732c438 [term 0 FOLLOWER]: Starting leader election (no leader contacted us within the election timeout)
I20260710 13:18:41.545801  7098 raft_consensus.cc:3060] T 4d75695983ef4d4fa401c7eb92e8b2cc P 89ac179fa5a14fdabefa226ce732c438 [term 0 FOLLOWER]: Advancing to term 1
I20260710 13:18:41.544749  6954 tablet_service.cc:1917] Received RequestConsensusVote() RPC: tablet_id: "c787b7991a2a46bfb3844522d2ba0b8c" candidate_uuid: "9a2133fcd1cc41829ad449929065b4f1" candidate_term: 1 candidate_status { last_received { term: 0 index: 0 } } ignore_live_leader: false dest_uuid: "c72361fc3b18480488a09496a188f82f"
I20260710 13:18:41.544343  7071 raft_consensus.cc:385] T 210686f2bfa64fefbfc65349aa282ded P 9a2133fcd1cc41829ad449929065b4f1 [term 0 FOLLOWER]: Consensus starting up: Expiring failure detector timer to make a prompt election more likely
I20260710 13:18:41.545984  7029 tablet_service.cc:1917] Received RequestConsensusVote() RPC: tablet_id: "c787b7991a2a46bfb3844522d2ba0b8c" candidate_uuid: "9a2133fcd1cc41829ad449929065b4f1" candidate_term: 1 candidate_status { last_received { term: 0 index: 0 } } ignore_live_leader: false dest_uuid: "89ac179fa5a14fdabefa226ce732c438"
I20260710 13:18:41.546411  7071 raft_consensus.cc:740] T 210686f2bfa64fefbfc65349aa282ded P 9a2133fcd1cc41829ad449929065b4f1 [term 0 FOLLOWER]: Becoming Follower/Learner. State: Replica: 9a2133fcd1cc41829ad449929065b4f1, State: Initialized, Role: FOLLOWER
I20260710 13:18:41.546590  7029 raft_consensus.cc:3060] T c787b7991a2a46bfb3844522d2ba0b8c P 89ac179fa5a14fdabefa226ce732c438 [term 0 FOLLOWER]: Advancing to term 1
I20260710 13:18:41.547119  7071 consensus_queue.cc:260] T 210686f2bfa64fefbfc65349aa282ded P 9a2133fcd1cc41829ad449929065b4f1 [NON_LEADER]: Queue going to NON_LEADER mode. State: All replicated index: 0, Majority replicated index: 0, Committed index: 0, Last appended: 0.0, Last appended by leader: 0, Current term: 0, Majority size: -1, State: 0, Mode: NON_LEADER, active raft config: opid_index: -1 OBSOLETE_local: false peers { permanent_uuid: "9a2133fcd1cc41829ad449929065b4f1" member_type: VOTER last_known_addr { host: "127.5.160.129" port: 36569 } } peers { permanent_uuid: "c72361fc3b18480488a09496a188f82f" member_type: VOTER last_known_addr { host: "127.5.160.130" port: 44541 } } peers { permanent_uuid: "89ac179fa5a14fdabefa226ce732c438" member_type: VOTER last_known_addr { host: "127.5.160.131" port: 46229 } }
I20260710 13:18:41.549338  7118 raft_consensus.cc:515] T c787b7991a2a46bfb3844522d2ba0b8c P c72361fc3b18480488a09496a188f82f [term 1 FOLLOWER]: Starting leader election with config: opid_index: -1 OBSOLETE_local: false peers { permanent_uuid: "9a2133fcd1cc41829ad449929065b4f1" member_type: VOTER last_known_addr { host: "127.5.160.129" port: 36569 } } peers { permanent_uuid: "c72361fc3b18480488a09496a188f82f" member_type: VOTER last_known_addr { host: "127.5.160.130" port: 44541 } } peers { permanent_uuid: "89ac179fa5a14fdabefa226ce732c438" member_type: VOTER last_known_addr { host: "127.5.160.131" port: 46229 } }
I20260710 13:18:41.550493  6954 raft_consensus.cc:2393] T c787b7991a2a46bfb3844522d2ba0b8c P c72361fc3b18480488a09496a188f82f [term 1 FOLLOWER]: Leader election vote request: Denying vote to candidate 9a2133fcd1cc41829ad449929065b4f1 in current term 1: Already voted for candidate c72361fc3b18480488a09496a188f82f in this term.
I20260710 13:18:41.552029  7071 ts_tablet_manager.cc:1434] T 210686f2bfa64fefbfc65349aa282ded P 9a2133fcd1cc41829ad449929065b4f1: Time spent starting tablet: real 0.011s	user 0.006s	sys 0.002s
I20260710 13:18:41.552309  7098 raft_consensus.cc:515] T 4d75695983ef4d4fa401c7eb92e8b2cc P 89ac179fa5a14fdabefa226ce732c438 [term 1 FOLLOWER]: Starting leader election with config: opid_index: -1 OBSOLETE_local: false peers { permanent_uuid: "9a2133fcd1cc41829ad449929065b4f1" member_type: VOTER last_known_addr { host: "127.5.160.129" port: 36569 } } peers { permanent_uuid: "c72361fc3b18480488a09496a188f82f" member_type: VOTER last_known_addr { host: "127.5.160.130" port: 44541 } } peers { permanent_uuid: "89ac179fa5a14fdabefa226ce732c438" member_type: VOTER last_known_addr { host: "127.5.160.131" port: 46229 } }
I20260710 13:18:41.552973  7071 tablet_bootstrap.cc:492] T a61c6f4dda4b4b24a8c3cb51fcc5258a P 9a2133fcd1cc41829ad449929065b4f1: Bootstrap starting.
I20260710 13:18:41.552824  7118 leader_election.cc:290] T c787b7991a2a46bfb3844522d2ba0b8c P c72361fc3b18480488a09496a188f82f [CANDIDATE]: Term 1 election: Requested vote from peers 9a2133fcd1cc41829ad449929065b4f1 (127.5.160.129:36569), 89ac179fa5a14fdabefa226ce732c438 (127.5.160.131:46229)
I20260710 13:18:41.553930  7028 tablet_service.cc:1917] Received RequestConsensusVote() RPC: tablet_id: "c787b7991a2a46bfb3844522d2ba0b8c" candidate_uuid: "c72361fc3b18480488a09496a188f82f" candidate_term: 1 candidate_status { last_received { term: 0 index: 0 } } ignore_live_leader: false dest_uuid: "89ac179fa5a14fdabefa226ce732c438"
I20260710 13:18:41.556119  7029 raft_consensus.cc:2468] T c787b7991a2a46bfb3844522d2ba0b8c P 89ac179fa5a14fdabefa226ce732c438 [term 1 FOLLOWER]: Leader election vote request: Granting yes vote for candidate 9a2133fcd1cc41829ad449929065b4f1 in term 1.
I20260710 13:18:41.556267  6881 tablet_service.cc:1917] Received RequestConsensusVote() RPC: tablet_id: "c787b7991a2a46bfb3844522d2ba0b8c" candidate_uuid: "c72361fc3b18480488a09496a188f82f" candidate_term: 1 candidate_status { last_received { term: 0 index: 0 } } ignore_live_leader: false dest_uuid: "9a2133fcd1cc41829ad449929065b4f1"
I20260710 13:18:41.556980  6881 raft_consensus.cc:2393] T c787b7991a2a46bfb3844522d2ba0b8c P 9a2133fcd1cc41829ad449929065b4f1 [term 1 FOLLOWER]: Leader election vote request: Denying vote to candidate c72361fc3b18480488a09496a188f82f in current term 1: Already voted for candidate 9a2133fcd1cc41829ad449929065b4f1 in this term.
I20260710 13:18:41.557327  6844 leader_election.cc:304] T c787b7991a2a46bfb3844522d2ba0b8c P 9a2133fcd1cc41829ad449929065b4f1 [CANDIDATE]: Term 1 election: Election decided. Result: candidate won. Election summary: received 3 responses out of 3 voters: 2 yes votes; 1 no votes. yes voters: 89ac179fa5a14fdabefa226ce732c438, 9a2133fcd1cc41829ad449929065b4f1; no voters: c72361fc3b18480488a09496a188f82f
I20260710 13:18:41.558506  7128 raft_consensus.cc:2804] T c787b7991a2a46bfb3844522d2ba0b8c P 9a2133fcd1cc41829ad449929065b4f1 [term 1 FOLLOWER]: Leader election won for term 1
I20260710 13:18:41.558701  6920 leader_election.cc:304] T c787b7991a2a46bfb3844522d2ba0b8c P c72361fc3b18480488a09496a188f82f [CANDIDATE]: Term 1 election: Election decided. Result: candidate lost. Election summary: received 3 responses out of 3 voters: 1 yes votes; 2 no votes. yes voters: c72361fc3b18480488a09496a188f82f; no voters: 89ac179fa5a14fdabefa226ce732c438, 9a2133fcd1cc41829ad449929065b4f1
I20260710 13:18:41.558920  7071 tablet_bootstrap.cc:654] T a61c6f4dda4b4b24a8c3cb51fcc5258a P 9a2133fcd1cc41829ad449929065b4f1: Neither blocks nor log segments found. Creating new log.
I20260710 13:18:41.558972  7128 raft_consensus.cc:697] T c787b7991a2a46bfb3844522d2ba0b8c P 9a2133fcd1cc41829ad449929065b4f1 [term 1 LEADER]: Becoming Leader. State: Replica: 9a2133fcd1cc41829ad449929065b4f1, State: Running, Role: LEADER
I20260710 13:18:41.559796  7174 raft_consensus.cc:2749] T c787b7991a2a46bfb3844522d2ba0b8c P c72361fc3b18480488a09496a188f82f [term 1 FOLLOWER]: Leader election lost for term 1. Reason: could not achieve majority
