I20260710 13:18:15.130188  5840 catalog_manager.cc:5697] T 390fd29d0b49487faa7ed584a9075ea8 P cb362fdf87ce46df952377de862d0078 reported cstate change: term changed from 0 to 1, leader changed from <none> to cb362fdf87ce46df952377de862d0078 (127.5.172.66). New cstate: current_term: 1 leader_uuid: "cb362fdf87ce46df952377de862d0078" committed_config { opid_index: -1 OBSOLETE_local: false peers { permanent_uuid: "eff35b06a52d4b38b5af7197080419ac" member_type: VOTER last_known_addr { host: "127.5.172.65" port: 38729 } health_report { overall_health: UNKNOWN } } peers { permanent_uuid: "0d9f42d527704ccabd13a71aa147df37" member_type: VOTER last_known_addr { host: "127.5.172.67" port: 32861 } health_report { overall_health: UNKNOWN } } peers { permanent_uuid: "cb362fdf87ce46df952377de862d0078" member_type: VOTER last_known_addr { host: "127.5.172.66" port: 39053 } health_report { overall_health: HEALTHY } } }
I20260710 13:18:15.131877  6137 ts_tablet_manager.cc:1434] T 85207827180a418ba913f05f634c094c P cb362fdf87ce46df952377de862d0078: Time spent starting tablet: real 0.013s	user 0.009s	sys 0.000s
I20260710 13:18:15.132047  6148 raft_consensus.cc:493] T cf3c79ef01f54b61a8ce9e7570cd3aa9 P cb362fdf87ce46df952377de862d0078 [term 0 FOLLOWER]: Starting leader election (no leader contacted us within the election timeout)
I20260710 13:18:15.137341  6148 raft_consensus.cc:3060] T cf3c79ef01f54b61a8ce9e7570cd3aa9 P cb362fdf87ce46df952377de862d0078 [term 0 FOLLOWER]: Advancing to term 1
I20260710 13:18:15.141429  6137 tablet_bootstrap.cc:492] T df058e1c039a40f988256ce8917c3f2f P cb362fdf87ce46df952377de862d0078: Bootstrap starting.
I20260710 13:18:15.141606  6136 raft_consensus.cc:359] T 64b4ba34f70549c8b81e5fd5e14c9886 P 0d9f42d527704ccabd13a71aa147df37 [term 0 FOLLOWER]: Replica starting. Triggering 0 pending ops. Active config: opid_index: -1 OBSOLETE_local: false peers { permanent_uuid: "eff35b06a52d4b38b5af7197080419ac" member_type: VOTER last_known_addr { host: "127.5.172.65" port: 38729 } } peers { permanent_uuid: "cb362fdf87ce46df952377de862d0078" member_type: VOTER last_known_addr { host: "127.5.172.66" port: 39053 } } peers { permanent_uuid: "0d9f42d527704ccabd13a71aa147df37" member_type: VOTER last_known_addr { host: "127.5.172.67" port: 32861 } }
I20260710 13:18:15.143471  6136 raft_consensus.cc:385] T 64b4ba34f70549c8b81e5fd5e14c9886 P 0d9f42d527704ccabd13a71aa147df37 [term 0 FOLLOWER]: Consensus starting up: Expiring failure detector timer to make a prompt election more likely
I20260710 13:18:15.143942  6136 raft_consensus.cc:740] T 64b4ba34f70549c8b81e5fd5e14c9886 P 0d9f42d527704ccabd13a71aa147df37 [term 0 FOLLOWER]: Becoming Follower/Learner. State: Replica: 0d9f42d527704ccabd13a71aa147df37, State: Initialized, Role: FOLLOWER
I20260710 13:18:15.144914  6136 consensus_queue.cc:260] T 64b4ba34f70549c8b81e5fd5e14c9886 P 0d9f42d527704ccabd13a71aa147df37 [NON_LEADER]: Queue going to NON_LEADER mode. State: All replicated index: 0, Majority replicated index: 0, Committed index: 0, Last appended: 0.0, Last appended by leader: 0, Current term: 0, Majority size: -1, State: 0, Mode: NON_LEADER, active raft config: opid_index: -1 OBSOLETE_local: false peers { permanent_uuid: "eff35b06a52d4b38b5af7197080419ac" member_type: VOTER last_known_addr { host: "127.5.172.65" port: 38729 } } peers { permanent_uuid: "cb362fdf87ce46df952377de862d0078" member_type: VOTER last_known_addr { host: "127.5.172.66" port: 39053 } } peers { permanent_uuid: "0d9f42d527704ccabd13a71aa147df37" member_type: VOTER last_known_addr { host: "127.5.172.67" port: 32861 } }
I20260710 13:18:15.147666  6136 ts_tablet_manager.cc:1434] T 64b4ba34f70549c8b81e5fd5e14c9886 P 0d9f42d527704ccabd13a71aa147df37: Time spent starting tablet: real 0.014s	user 0.007s	sys 0.002s
I20260710 13:18:15.148721  6136 tablet_bootstrap.cc:492] T f7b818e29ae04f66886780ad10192ce2 P 0d9f42d527704ccabd13a71aa147df37: Bootstrap starting.
I20260710 13:18:15.150455  5841 catalog_manager.cc:5697] T b3cead4f4d1f4bd9b4c8d5b8223da81f P 0d9f42d527704ccabd13a71aa147df37 reported cstate change: term changed from 0 to 1, leader changed from <none> to 0d9f42d527704ccabd13a71aa147df37 (127.5.172.67). New cstate: current_term: 1 leader_uuid: "0d9f42d527704ccabd13a71aa147df37" committed_config { opid_index: -1 OBSOLETE_local: false peers { permanent_uuid: "eff35b06a52d4b38b5af7197080419ac" member_type: VOTER last_known_addr { host: "127.5.172.65" port: 38729 } health_report { overall_health: UNKNOWN } } peers { permanent_uuid: "cb362fdf87ce46df952377de862d0078" member_type: VOTER last_known_addr { host: "127.5.172.66" port: 39053 } health_report { overall_health: UNKNOWN } } peers { permanent_uuid: "0d9f42d527704ccabd13a71aa147df37" member_type: VOTER last_known_addr { host: "127.5.172.67" port: 32861 } health_report { overall_health: HEALTHY } } }
I20260710 13:18:15.155903  6137 tablet_bootstrap.cc:654] T df058e1c039a40f988256ce8917c3f2f P cb362fdf87ce46df952377de862d0078: Neither blocks nor log segments found. Creating new log.
I20260710 13:18:15.155602  6148 raft_consensus.cc:515] T cf3c79ef01f54b61a8ce9e7570cd3aa9 P cb362fdf87ce46df952377de862d0078 [term 1 FOLLOWER]: Starting leader election with config: opid_index: -1 OBSOLETE_local: false peers { permanent_uuid: "eff35b06a52d4b38b5af7197080419ac" member_type: VOTER last_known_addr { host: "127.5.172.65" port: 38729 } } peers { permanent_uuid: "cb362fdf87ce46df952377de862d0078" member_type: VOTER last_known_addr { host: "127.5.172.66" port: 39053 } } peers { permanent_uuid: "0d9f42d527704ccabd13a71aa147df37" member_type: VOTER last_known_addr { host: "127.5.172.67" port: 32861 } }
I20260710 13:18:15.160521  5944 tablet_service.cc:1917] Received RequestConsensusVote() RPC: tablet_id: "cf3c79ef01f54b61a8ce9e7570cd3aa9" candidate_uuid: "cb362fdf87ce46df952377de862d0078" candidate_term: 1 candidate_status { last_received { term: 0 index: 0 } } ignore_live_leader: false dest_uuid: "eff35b06a52d4b38b5af7197080419ac"
W20260710 13:18:15.162322  5983 leader_election.cc:343] T cf3c79ef01f54b61a8ce9e7570cd3aa9 P cb362fdf87ce46df952377de862d0078 [CANDIDATE]: Term 1 election: Tablet error from VoteRequest() call to peer eff35b06a52d4b38b5af7197080419ac (127.5.172.65:38729): Illegal state: must be running to vote when last-logged opid is not known
I20260710 13:18:15.163044  6148 leader_election.cc:290] T cf3c79ef01f54b61a8ce9e7570cd3aa9 P cb362fdf87ce46df952377de862d0078 [CANDIDATE]: Term 1 election: Requested vote from peers eff35b06a52d4b38b5af7197080419ac (127.5.172.65:38729), 0d9f42d527704ccabd13a71aa147df37 (127.5.172.67:32861)
I20260710 13:18:15.162705  6092 tablet_service.cc:1917] Received RequestConsensusVote() RPC: tablet_id: "cf3c79ef01f54b61a8ce9e7570cd3aa9" candidate_uuid: "cb362fdf87ce46df952377de862d0078" candidate_term: 1 candidate_status { last_received { term: 0 index: 0 } } ignore_live_leader: false dest_uuid: "0d9f42d527704ccabd13a71aa147df37"
I20260710 13:18:15.164448  6092 raft_consensus.cc:3060] T cf3c79ef01f54b61a8ce9e7570cd3aa9 P 0d9f42d527704ccabd13a71aa147df37 [term 0 FOLLOWER]: Advancing to term 1
I20260710 13:18:15.181762  6139 tablet_bootstrap.cc:492] T 85207827180a418ba913f05f634c094c P eff35b06a52d4b38b5af7197080419ac: No bootstrap required, opened a new log
I20260710 13:18:15.181684  6136 tablet_bootstrap.cc:654] T f7b818e29ae04f66886780ad10192ce2 P 0d9f42d527704ccabd13a71aa147df37: Neither blocks nor log segments found. Creating new log.
I20260710 13:18:15.186718  6137 tablet_bootstrap.cc:492] T df058e1c039a40f988256ce8917c3f2f P cb362fdf87ce46df952377de862d0078: No bootstrap required, opened a new log
I20260710 13:18:15.187403  6137 ts_tablet_manager.cc:1403] T df058e1c039a40f988256ce8917c3f2f P cb362fdf87ce46df952377de862d0078: Time spent bootstrapping tablet: real 0.046s	user 0.007s	sys 0.012s
I20260710 13:18:15.183614  6092 raft_consensus.cc:2468] T cf3c79ef01f54b61a8ce9e7570cd3aa9 P 0d9f42d527704ccabd13a71aa147df37 [term 1 FOLLOWER]: Leader election vote request: Granting yes vote for candidate cb362fdf87ce46df952377de862d0078 in term 1.
I20260710 13:18:15.189265  6139 ts_tablet_manager.cc:1403] T 85207827180a418ba913f05f634c094c P eff35b06a52d4b38b5af7197080419ac: Time spent bootstrapping tablet: real 0.151s	user 0.022s	sys 0.009s
I20260710 13:18:15.190048  5983 leader_election.cc:304] T cf3c79ef01f54b61a8ce9e7570cd3aa9 P cb362fdf87ce46df952377de862d0078 [CANDIDATE]: Term 1 election: Election decided. Result: candidate won. Election summary: received 3 responses out of 3 voters: 2 yes votes; 1 no votes. yes voters: 0d9f42d527704ccabd13a71aa147df37, cb362fdf87ce46df952377de862d0078; no voters: eff35b06a52d4b38b5af7197080419ac
I20260710 13:18:15.195274  6148 raft_consensus.cc:2804] T cf3c79ef01f54b61a8ce9e7570cd3aa9 P cb362fdf87ce46df952377de862d0078 [term 1 FOLLOWER]: Leader election won for term 1
I20260710 13:18:15.195892  6148 raft_consensus.cc:697] T cf3c79ef01f54b61a8ce9e7570cd3aa9 P cb362fdf87ce46df952377de862d0078 [term 1 LEADER]: Becoming Leader. State: Replica: cb362fdf87ce46df952377de862d0078, State: Running, Role: LEADER
I20260710 13:18:15.196902  6148 consensus_queue.cc:237] T cf3c79ef01f54b61a8ce9e7570cd3aa9 P cb362fdf87ce46df952377de862d0078 [LEADER]: Queue going to LEADER mode. State: All replicated index: 0, Majority replicated index: 0, Committed index: 0, Last appended: 0.0, Last appended by leader: 0, Current term: 1, Majority size: 2, State: 0, Mode: LEADER, active raft config: opid_index: -1 OBSOLETE_local: false peers { permanent_uuid: "eff35b06a52d4b38b5af7197080419ac" member_type: VOTER last_known_addr { host: "127.5.172.65" port: 38729 } } peers { permanent_uuid: "cb362fdf87ce46df952377de862d0078" member_type: VOTER last_known_addr { host: "127.5.172.66" port: 39053 } } peers { permanent_uuid: "0d9f42d527704ccabd13a71aa147df37" member_type: VOTER last_known_addr { host: "127.5.172.67" port: 32861 } }
I20260710 13:18:15.198325  6139 raft_consensus.cc:359] T 85207827180a418ba913f05f634c094c P eff35b06a52d4b38b5af7197080419ac [term 0 FOLLOWER]: Replica starting. Triggering 0 pending ops. Active config: opid_index: -1 OBSOLETE_local: false peers { permanent_uuid: "eff35b06a52d4b38b5af7197080419ac" member_type: VOTER last_known_addr { host: "127.5.172.65" port: 38729 } } peers { permanent_uuid: "cb362fdf87ce46df952377de862d0078" member_type: VOTER last_known_addr { host: "127.5.172.66" port: 39053 } } peers { permanent_uuid: "0d9f42d527704ccabd13a71aa147df37" member_type: VOTER last_known_addr { host: "127.5.172.67" port: 32861 } }
I20260710 13:18:15.199343  6139 raft_consensus.cc:385] T 85207827180a418ba913f05f634c094c P eff35b06a52d4b38b5af7197080419ac [term 0 FOLLOWER]: Consensus starting up: Expiring failure detector timer to make a prompt election more likely
I20260710 13:18:15.193102  6137 raft_consensus.cc:359] T df058e1c039a40f988256ce8917c3f2f P cb362fdf87ce46df952377de862d0078 [term 0 FOLLOWER]: Replica starting. Triggering 0 pending ops. Active config: opid_index: -1 OBSOLETE_local: false peers { permanent_uuid: "eff35b06a52d4b38b5af7197080419ac" member_type: VOTER last_known_addr { host: "127.5.172.65" port: 38729 } } peers { permanent_uuid: "cb362fdf87ce46df952377de862d0078" member_type: VOTER last_known_addr { host: "127.5.172.66" port: 39053 } } peers { permanent_uuid: "0d9f42d527704ccabd13a71aa147df37" member_type: VOTER last_known_addr { host: "127.5.172.67" port: 32861 } }
I20260710 13:18:15.200289  6161 raft_consensus.cc:493] T 23dd740891e64d5ebd9c177d8c6a3c1b P cb362fdf87ce46df952377de862d0078 [term 0 FOLLOWER]: Starting pre-election (no leader contacted us within the election timeout)
I20260710 13:18:15.200801  6141 raft_consensus.cc:493] T df058e1c039a40f988256ce8917c3f2f P 0d9f42d527704ccabd13a71aa147df37 [term 0 FOLLOWER]: Starting pre-election (no leader contacted us within the election timeout)
I20260710 13:18:15.199759  6139 raft_consensus.cc:740] T 85207827180a418ba913f05f634c094c P eff35b06a52d4b38b5af7197080419ac [term 0 FOLLOWER]: Becoming Follower/Learner. State: Replica: eff35b06a52d4b38b5af7197080419ac, State: Initialized, Role: FOLLOWER
I20260710 13:18:15.217389  6137 raft_consensus.cc:385] T df058e1c039a40f988256ce8917c3f2f P cb362fdf87ce46df952377de862d0078 [term 0 FOLLOWER]: Consensus starting up: Expiring failure detector timer to make a prompt election more likely
I20260710 13:18:15.220003  6137 raft_consensus.cc:740] T df058e1c039a40f988256ce8917c3f2f P cb362fdf87ce46df952377de862d0078 [term 0 FOLLOWER]: Becoming Follower/Learner. State: Replica: cb362fdf87ce46df952377de862d0078, State: Initialized, Role: FOLLOWER
I20260710 13:18:15.218552  6141 raft_consensus.cc:515] T df058e1c039a40f988256ce8917c3f2f P 0d9f42d527704ccabd13a71aa147df37 [term 0 FOLLOWER]: Starting pre-election with config: opid_index: -1 OBSOLETE_local: false peers { permanent_uuid: "eff35b06a52d4b38b5af7197080419ac" member_type: VOTER last_known_addr { host: "127.5.172.65" port: 38729 } } peers { permanent_uuid: "cb362fdf87ce46df952377de862d0078" member_type: VOTER last_known_addr { host: "127.5.172.66" port: 39053 } } peers { permanent_uuid: "0d9f42d527704ccabd13a71aa147df37" member_type: VOTER last_known_addr { host: "127.5.172.67" port: 32861 } }
I20260710 13:18:15.224321  6137 consensus_queue.cc:260] T df058e1c039a40f988256ce8917c3f2f P cb362fdf87ce46df952377de862d0078 [NON_LEADER]: Queue going to NON_LEADER mode. State: All replicated index: 0, Majority replicated index: 0, Committed index: 0, Last appended: 0.0, Last appended by leader: 0, Current term: 0, Majority size: -1, State: 0, Mode: NON_LEADER, active raft config: opid_index: -1 OBSOLETE_local: false peers { permanent_uuid: "eff35b06a52d4b38b5af7197080419ac" member_type: VOTER last_known_addr { host: "127.5.172.65" port: 38729 } } peers { permanent_uuid: "cb362fdf87ce46df952377de862d0078" member_type: VOTER last_known_addr { host: "127.5.172.66" port: 39053 } } peers { permanent_uuid: "0d9f42d527704ccabd13a71aa147df37" member_type: VOTER last_known_addr { host: "127.5.172.67" port: 32861 } }
I20260710 13:18:15.225760  6141 leader_election.cc:290] T df058e1c039a40f988256ce8917c3f2f P 0d9f42d527704ccabd13a71aa147df37 [CANDIDATE]: Term 1 pre-election: Requested pre-vote from peers eff35b06a52d4b38b5af7197080419ac (127.5.172.65:38729), cb362fdf87ce46df952377de862d0078 (127.5.172.66:39053)
I20260710 13:18:15.229516  5944 tablet_service.cc:1917] Received RequestConsensusVote() RPC: tablet_id: "df058e1c039a40f988256ce8917c3f2f" candidate_uuid: "0d9f42d527704ccabd13a71aa147df37" candidate_term: 1 candidate_status { last_received { term: 0 index: 0 } } ignore_live_leader: false dest_uuid: "eff35b06a52d4b38b5af7197080419ac" is_pre_election: true
I20260710 13:18:15.220767  6139 consensus_queue.cc:260] T 85207827180a418ba913f05f634c094c P eff35b06a52d4b38b5af7197080419ac [NON_LEADER]: Queue going to NON_LEADER mode. State: All replicated index: 0, Majority replicated index: 0, Committed index: 0, Last appended: 0.0, Last appended by leader: 0, Current term: 0, Majority size: -1, State: 0, Mode: NON_LEADER, active raft config: opid_index: -1 OBSOLETE_local: false peers { permanent_uuid: "eff35b06a52d4b38b5af7197080419ac" member_type: VOTER last_known_addr { host: "127.5.172.65" port: 38729 } } peers { permanent_uuid: "cb362fdf87ce46df952377de862d0078" member_type: VOTER last_known_addr { host: "127.5.172.66" port: 39053 } } peers { permanent_uuid: "0d9f42d527704ccabd13a71aa147df37" member_type: VOTER last_known_addr { host: "127.5.172.67" port: 32861 } }
I20260710 13:18:15.234756  6019 tablet_service.cc:1917] Received RequestConsensusVote() RPC: tablet_id: "df058e1c039a40f988256ce8917c3f2f" candidate_uuid: "0d9f42d527704ccabd13a71aa147df37" candidate_term: 1 candidate_status { last_received { term: 0 index: 0 } } ignore_live_leader: false dest_uuid: "cb362fdf87ce46df952377de862d0078" is_pre_election: true
I20260710 13:18:15.235754  6019 raft_consensus.cc:2468] T df058e1c039a40f988256ce8917c3f2f P cb362fdf87ce46df952377de862d0078 [term 0 FOLLOWER]: Leader pre-election vote request: Granting yes vote for candidate 0d9f42d527704ccabd13a71aa147df37 in term 0.
I20260710 13:18:15.238584  6057 leader_election.cc:304] T df058e1c039a40f988256ce8917c3f2f P 0d9f42d527704ccabd13a71aa147df37 [CANDIDATE]: Term 1 pre-election: Election decided. Result: candidate won. Election summary: received 2 responses out of 3 voters: 2 yes votes; 0 no votes. yes voters: 0d9f42d527704ccabd13a71aa147df37, cb362fdf87ce46df952377de862d0078; no voters: 
I20260710 13:18:15.239732  6141 raft_consensus.cc:2804] T df058e1c039a40f988256ce8917c3f2f P 0d9f42d527704ccabd13a71aa147df37 [term 0 FOLLOWER]: Leader pre-election won for term 1
I20260710 13:18:15.240154  6141 raft_consensus.cc:493] T df058e1c039a40f988256ce8917c3f2f P 0d9f42d527704ccabd13a71aa147df37 [term 0 FOLLOWER]: Starting leader election (no leader contacted us within the election timeout)
I20260710 13:18:15.240499  6141 raft_consensus.cc:3060] T df058e1c039a40f988256ce8917c3f2f P 0d9f42d527704ccabd13a71aa147df37 [term 0 FOLLOWER]: Advancing to term 1
I20260710 13:18:15.242904  6136 tablet_bootstrap.cc:492] T f7b818e29ae04f66886780ad10192ce2 P 0d9f42d527704ccabd13a71aa147df37: No bootstrap required, opened a new log
I20260710 13:18:15.243714  6136 ts_tablet_manager.cc:1403] T f7b818e29ae04f66886780ad10192ce2 P 0d9f42d527704ccabd13a71aa147df37: Time spent bootstrapping tablet: real 0.095s	user 0.013s	sys 0.009s
W20260710 13:18:15.245406  6057 leader_election.cc:343] T df058e1c039a40f988256ce8917c3f2f P 0d9f42d527704ccabd13a71aa147df37 [CANDIDATE]: Term 1 pre-election: Tablet error from VoteRequest() call to peer eff35b06a52d4b38b5af7197080419ac (127.5.172.65:38729): Illegal state: must be running to vote when last-logged opid is not known
I20260710 13:18:15.219636  6161 raft_consensus.cc:515] T 23dd740891e64d5ebd9c177d8c6a3c1b P cb362fdf87ce46df952377de862d0078 [term 0 FOLLOWER]: Starting pre-election with config: opid_index: -1 OBSOLETE_local: false peers { permanent_uuid: "eff35b06a52d4b38b5af7197080419ac" member_type: VOTER last_known_addr { host: "127.5.172.65" port: 38729 } } peers { permanent_uuid: "cb362fdf87ce46df952377de862d0078" member_type: VOTER last_known_addr { host: "127.5.172.66" port: 39053 } } peers { permanent_uuid: "0d9f42d527704ccabd13a71aa147df37" member_type: VOTER last_known_addr { host: "127.5.172.67" port: 32861 } }
I20260710 13:18:15.254530  6136 raft_consensus.cc:359] T f7b818e29ae04f66886780ad10192ce2 P 0d9f42d527704ccabd13a71aa147df37 [term 0 FOLLOWER]: Replica starting. Triggering 0 pending ops. Active config: opid_index: -1 OBSOLETE_local: false peers { permanent_uuid: "eff35b06a52d4b38b5af7197080419ac" member_type: VOTER last_known_addr { host: "127.5.172.65" port: 38729 } } peers { permanent_uuid: "cb362fdf87ce46df952377de862d0078" member_type: VOTER last_known_addr { host: "127.5.172.66" port: 39053 } } peers { permanent_uuid: "0d9f42d527704ccabd13a71aa147df37" member_type: VOTER last_known_addr { host: "127.5.172.67" port: 32861 } }
I20260710 13:18:15.256376  6136 raft_consensus.cc:385] T f7b818e29ae04f66886780ad10192ce2 P 0d9f42d527704ccabd13a71aa147df37 [term 0 FOLLOWER]: Consensus starting up: Expiring failure detector timer to make a prompt election more likely
I20260710 13:18:15.256888  6136 raft_consensus.cc:740] T f7b818e29ae04f66886780ad10192ce2 P 0d9f42d527704ccabd13a71aa147df37 [term 0 FOLLOWER]: Becoming Follower/Learner. State: Replica: 0d9f42d527704ccabd13a71aa147df37, State: Initialized, Role: FOLLOWER
I20260710 13:18:15.258513  6136 consensus_queue.cc:260] T f7b818e29ae04f66886780ad10192ce2 P 0d9f42d527704ccabd13a71aa147df37 [NON_LEADER]: Queue going to NON_LEADER mode. State: All replicated index: 0, Majority replicated index: 0, Committed index: 0, Last appended: 0.0, Last appended by leader: 0, Current term: 0, Majority size: -1, State: 0, Mode: NON_LEADER, active raft config: opid_index: -1 OBSOLETE_local: false peers { permanent_uuid: "eff35b06a52d4b38b5af7197080419ac" member_type: VOTER last_known_addr { host: "127.5.172.65" port: 38729 } } peers { permanent_uuid: "cb362fdf87ce46df952377de862d0078" member_type: VOTER last_known_addr { host: "127.5.172.66" port: 39053 } } peers { permanent_uuid: "0d9f42d527704ccabd13a71aa147df37" member_type: VOTER last_known_addr { host: "127.5.172.67" port: 32861 } }
I20260710 13:18:15.257519  6139 ts_tablet_manager.cc:1434] T 85207827180a418ba913f05f634c094c P eff35b06a52d4b38b5af7197080419ac: Time spent starting tablet: real 0.063s	user 0.010s	sys 0.000s
I20260710 13:18:15.261294  6139 tablet_bootstrap.cc:492] T df058e1c039a40f988256ce8917c3f2f P eff35b06a52d4b38b5af7197080419ac: Bootstrap starting.
I20260710 13:18:15.262703  6136 ts_tablet_manager.cc:1434] T f7b818e29ae04f66886780ad10192ce2 P 0d9f42d527704ccabd13a71aa147df37: Time spent starting tablet: real 0.019s	user 0.006s	sys 0.005s
I20260710 13:18:15.255589  6141 raft_consensus.cc:515] T df058e1c039a40f988256ce8917c3f2f P 0d9f42d527704ccabd13a71aa147df37 [term 1 FOLLOWER]: Starting leader election with config: opid_index: -1 OBSOLETE_local: false peers { permanent_uuid: "eff35b06a52d4b38b5af7197080419ac" member_type: VOTER last_known_addr { host: "127.5.172.65" port: 38729 } } peers { permanent_uuid: "cb362fdf87ce46df952377de862d0078" member_type: VOTER last_known_addr { host: "127.5.172.66" port: 39053 } } peers { permanent_uuid: "0d9f42d527704ccabd13a71aa147df37" member_type: VOTER last_known_addr { host: "127.5.172.67" port: 32861 } }
I20260710 13:18:15.267879  6137 ts_tablet_manager.cc:1434] T df058e1c039a40f988256ce8917c3f2f P cb362fdf87ce46df952377de862d0078: Time spent starting tablet: real 0.080s	user 0.007s	sys 0.017s
I20260710 13:18:15.264940  6136 tablet_bootstrap.cc:492] T 85207827180a418ba913f05f634c094c P 0d9f42d527704ccabd13a71aa147df37: Bootstrap starting.
I20260710 13:18:15.269300  6137 tablet_bootstrap.cc:492] T 64b4ba34f70549c8b81e5fd5e14c9886 P cb362fdf87ce46df952377de862d0078: Bootstrap starting.
I20260710 13:18:15.272488  6161 leader_election.cc:290] T 23dd740891e64d5ebd9c177d8c6a3c1b P cb362fdf87ce46df952377de862d0078 [CANDIDATE]: Term 1 pre-election: Requested pre-vote from peers eff35b06a52d4b38b5af7197080419ac (127.5.172.65:38729), 0d9f42d527704ccabd13a71aa147df37 (127.5.172.67:32861)
I20260710 13:18:15.272568  5943 tablet_service.cc:1917] Received RequestConsensusVote() RPC: tablet_id: "23dd740891e64d5ebd9c177d8c6a3c1b" candidate_uuid: "cb362fdf87ce46df952377de862d0078" candidate_term: 1 candidate_status { last_received { term: 0 index: 0 } } ignore_live_leader: false dest_uuid: "eff35b06a52d4b38b5af7197080419ac" is_pre_election: true
I20260710 13:18:15.272979  5944 tablet_service.cc:1917] Received RequestConsensusVote() RPC: tablet_id: "df058e1c039a40f988256ce8917c3f2f" candidate_uuid: "0d9f42d527704ccabd13a71aa147df37" candidate_term: 1 candidate_status { last_received { term: 0 index: 0 } } ignore_live_leader: false dest_uuid: "eff35b06a52d4b38b5af7197080419ac"
I20260710 13:18:15.273654  6092 tablet_service.cc:1917] Received RequestConsensusVote() RPC: tablet_id: "23dd740891e64d5ebd9c177d8c6a3c1b" candidate_uuid: "cb362fdf87ce46df952377de862d0078" candidate_term: 1 candidate_status { last_received { term: 0 index: 0 } } ignore_live_leader: false dest_uuid: "0d9f42d527704ccabd13a71aa147df37" is_pre_election: true
I20260710 13:18:15.274044  6141 leader_election.cc:290] T df058e1c039a40f988256ce8917c3f2f P 0d9f42d527704ccabd13a71aa147df37 [CANDIDATE]: Term 1 election: Requested vote from peers eff35b06a52d4b38b5af7197080419ac (127.5.172.65:38729), cb362fdf87ce46df952377de862d0078 (127.5.172.66:39053)
W20260710 13:18:15.274749  6057 leader_election.cc:343] T df058e1c039a40f988256ce8917c3f2f P 0d9f42d527704ccabd13a71aa147df37 [CANDIDATE]: Term 1 election: Tablet error from VoteRequest() call to peer eff35b06a52d4b38b5af7197080419ac (127.5.172.65:38729): Illegal state: must be running to vote when last-logged opid is not known
W20260710 13:18:15.275313  5983 leader_election.cc:343] T 23dd740891e64d5ebd9c177d8c6a3c1b P cb362fdf87ce46df952377de862d0078 [CANDIDATE]: Term 1 pre-election: Tablet error from VoteRequest() call to peer 0d9f42d527704ccabd13a71aa147df37 (127.5.172.67:32861): Illegal state: must be running to vote when last-logged opid is not known
W20260710 13:18:15.275967  5983 leader_election.cc:343] T 23dd740891e64d5ebd9c177d8c6a3c1b P cb362fdf87ce46df952377de862d0078 [CANDIDATE]: Term 1 pre-election: Tablet error from VoteRequest() call to peer eff35b06a52d4b38b5af7197080419ac (127.5.172.65:38729): Illegal state: must be running to vote when last-logged opid is not known
I20260710 13:18:15.276083  6019 tablet_service.cc:1917] Received RequestConsensusVote() RPC: tablet_id: "df058e1c039a40f988256ce8917c3f2f" candidate_uuid: "0d9f42d527704ccabd13a71aa147df37" candidate_term: 1 candidate_status { last_received { term: 0 index: 0 } } ignore_live_leader: false dest_uuid: "cb362fdf87ce46df952377de862d0078"
I20260710 13:18:15.276400  5983 leader_election.cc:304] T 23dd740891e64d5ebd9c177d8c6a3c1b P cb362fdf87ce46df952377de862d0078 [CANDIDATE]: Term 1 pre-election: Election decided. Result: candidate lost. Election summary: received 3 responses out of 3 voters: 1 yes votes; 2 no votes. yes voters: cb362fdf87ce46df952377de862d0078; no voters: 0d9f42d527704ccabd13a71aa147df37, eff35b06a52d4b38b5af7197080419ac
I20260710 13:18:15.276741  6019 raft_consensus.cc:3060] T df058e1c039a40f988256ce8917c3f2f P cb362fdf87ce46df952377de862d0078 [term 0 FOLLOWER]: Advancing to term 1
I20260710 13:18:15.277602  6161 raft_consensus.cc:2749] T 23dd740891e64d5ebd9c177d8c6a3c1b P cb362fdf87ce46df952377de862d0078 [term 0 FOLLOWER]: Leader pre-election lost for term 1. Reason: could not achieve majority
I20260710 13:18:15.271405  5838 catalog_manager.cc:5697] T cf3c79ef01f54b61a8ce9e7570cd3aa9 P cb362fdf87ce46df952377de862d0078 reported cstate change: term changed from 0 to 1, leader changed from <none> to cb362fdf87ce46df952377de862d0078 (127.5.172.66). New cstate: current_term: 1 leader_uuid: "cb362fdf87ce46df952377de862d0078" committed_config { opid_index: -1 OBSOLETE_local: false peers { permanent_uuid: "eff35b06a52d4b38b5af7197080419ac" member_type: VOTER last_known_addr { host: "127.5.172.65" port: 38729 } health_report { overall_health: UNKNOWN } } peers { permanent_uuid: "cb362fdf87ce46df952377de862d0078" member_type: VOTER last_known_addr { host: "127.5.172.66" port: 39053 } health_report { overall_health: HEALTHY } } peers { permanent_uuid: "0d9f42d527704ccabd13a71aa147df37" member_type: VOTER last_known_addr { host: "127.5.172.67" port: 32861 } health_report { overall_health: UNKNOWN } } }
I20260710 13:18:15.281067  6141 raft_consensus.cc:493] T f7b818e29ae04f66886780ad10192ce2 P 0d9f42d527704ccabd13a71aa147df37 [term 0 FOLLOWER]: Starting pre-election (no leader contacted us within the election timeout)
I20260710 13:18:15.282413  6139 tablet_bootstrap.cc:654] T df058e1c039a40f988256ce8917c3f2f P eff35b06a52d4b38b5af7197080419ac: Neither blocks nor log segments found. Creating new log.
I20260710 13:18:15.281733  6141 raft_consensus.cc:515] T f7b818e29ae04f66886780ad10192ce2 P 0d9f42d527704ccabd13a71aa147df37 [term 0 FOLLOWER]: Starting pre-election with config: opid_index: -1 OBSOLETE_local: false peers { permanent_uuid: "eff35b06a52d4b38b5af7197080419ac" member_type: VOTER last_known_addr { host: "127.5.172.65" port: 38729 } } peers { permanent_uuid: "cb362fdf87ce46df952377de862d0078" member_type: VOTER last_known_addr { host: "127.5.172.66" port: 39053 } } peers { permanent_uuid: "0d9f42d527704ccabd13a71aa147df37" member_type: VOTER last_known_addr { host: "127.5.172.67" port: 32861 } }
I20260710 13:18:15.287036  5944 tablet_service.cc:1917] Received RequestConsensusVote() RPC: tablet_id: "f7b818e29ae04f66886780ad10192ce2" candidate_uuid: "0d9f42d527704ccabd13a71aa147df37" candidate_term: 1 candidate_status { last_received { term: 0 index: 0 } } ignore_live_leader: false dest_uuid: "eff35b06a52d4b38b5af7197080419ac" is_pre_election: true
I20260710 13:18:15.288043  6136 tablet_bootstrap.cc:654] T 85207827180a418ba913f05f634c094c P 0d9f42d527704ccabd13a71aa147df37: Neither blocks nor log segments found. Creating new log.
I20260710 13:18:15.287133  6019 raft_consensus.cc:2468] T df058e1c039a40f988256ce8917c3f2f P cb362fdf87ce46df952377de862d0078 [term 1 FOLLOWER]: Leader election vote request: Granting yes vote for candidate 0d9f42d527704ccabd13a71aa147df37 in term 1.
W20260710 13:18:15.289196  6057 leader_election.cc:343] T f7b818e29ae04f66886780ad10192ce2 P 0d9f42d527704ccabd13a71aa147df37 [CANDIDATE]: Term 1 pre-election: Tablet error from VoteRequest() call to peer eff35b06a52d4b38b5af7197080419ac (127.5.172.65:38729): Illegal state: must be running to vote when last-logged opid is not known
I20260710 13:18:15.289685  6141 leader_election.cc:290] T f7b818e29ae04f66886780ad10192ce2 P 0d9f42d527704ccabd13a71aa147df37 [CANDIDATE]: Term 1 pre-election: Requested pre-vote from peers eff35b06a52d4b38b5af7197080419ac (127.5.172.65:38729), cb362fdf87ce46df952377de862d0078 (127.5.172.66:39053)
I20260710 13:18:15.290480  6057 leader_election.cc:304] T df058e1c039a40f988256ce8917c3f2f P 0d9f42d527704ccabd13a71aa147df37 [CANDIDATE]: Term 1 election: Election decided. Result: candidate won. Election summary: received 3 responses out of 3 voters: 2 yes votes; 1 no votes. yes voters: 0d9f42d527704ccabd13a71aa147df37, cb362fdf87ce46df952377de862d0078; no voters: eff35b06a52d4b38b5af7197080419ac
I20260710 13:18:15.291352  6141 raft_consensus.cc:2804] T df058e1c039a40f988256ce8917c3f2f P 0d9f42d527704ccabd13a71aa147df37 [term 1 FOLLOWER]: Leader election won for term 1
I20260710 13:18:15.292495  6141 raft_consensus.cc:697] T df058e1c039a40f988256ce8917c3f2f P 0d9f42d527704ccabd13a71aa147df37 [term 1 LEADER]: Becoming Leader. State: Replica: 0d9f42d527704ccabd13a71aa147df37, State: Running, Role: LEADER
I20260710 13:18:15.292773  6018 tablet_service.cc:1917] Received RequestConsensusVote() RPC: tablet_id: "f7b818e29ae04f66886780ad10192ce2" candidate_uuid: "0d9f42d527704ccabd13a71aa147df37" candidate_term: 1 candidate_status { last_received { term: 0 index: 0 } } ignore_live_leader: false dest_uuid: "cb362fdf87ce46df952377de862d0078" is_pre_election: true
W20260710 13:18:15.295642  6057 leader_election.cc:343] T f7b818e29ae04f66886780ad10192ce2 P 0d9f42d527704ccabd13a71aa147df37 [CANDIDATE]: Term 1 pre-election: Tablet error from VoteRequest() call to peer cb362fdf87ce46df952377de862d0078 (127.5.172.66:39053): Illegal state: must be running to vote when last-logged opid is not known
I20260710 13:18:15.296105  6057 leader_election.cc:304] T f7b818e29ae04f66886780ad10192ce2 P 0d9f42d527704ccabd13a71aa147df37 [CANDIDATE]: Term 1 pre-election: Election decided. Result: candidate lost. Election summary: received 3 responses out of 3 voters: 1 yes votes; 2 no votes. yes voters: 0d9f42d527704ccabd13a71aa147df37; no voters: cb362fdf87ce46df952377de862d0078, eff35b06a52d4b38b5af7197080419ac
I20260710 13:18:15.297273  6140 raft_consensus.cc:2749] T f7b818e29ae04f66886780ad10192ce2 P 0d9f42d527704ccabd13a71aa147df37 [term 0 FOLLOWER]: Leader pre-election lost for term 1. Reason: could not achieve majority
I20260710 13:18:15.297857  6137 tablet_bootstrap.cc:654] T 64b4ba34f70549c8b81e5fd5e14c9886 P cb362fdf87ce46df952377de862d0078: Neither blocks nor log segments found. Creating new log.
I20260710 13:18:15.298657  6141 consensus_queue.cc:237] T df058e1c039a40f988256ce8917c3f2f P 0d9f42d527704ccabd13a71aa147df37 [LEADER]: Queue going to LEADER mode. State: All replicated index: 0, Majority replicated index: 0, Committed index: 0, Last appended: 0.0, Last appended by leader: 0, Current term: 1, Majority size: 2, State: 0, Mode: LEADER, active raft config: opid_index: -1 OBSOLETE_local: false peers { permanent_uuid: "eff35b06a52d4b38b5af7197080419ac" member_type: VOTER last_known_addr { host: "127.5.172.65" port: 38729 } } peers { permanent_uuid: "cb362fdf87ce46df952377de862d0078" member_type: VOTER last_known_addr { host: "127.5.172.66" port: 39053 } } peers { permanent_uuid: "0d9f42d527704ccabd13a71aa147df37" member_type: VOTER last_known_addr { host: "127.5.172.67" port: 32861 } }
I20260710 13:18:15.302616  6139 tablet_bootstrap.cc:492] T df058e1c039a40f988256ce8917c3f2f P eff35b06a52d4b38b5af7197080419ac: No bootstrap required, opened a new log
I20260710 13:18:15.303231  6139 ts_tablet_manager.cc:1403] T df058e1c039a40f988256ce8917c3f2f P eff35b06a52d4b38b5af7197080419ac: Time spent bootstrapping tablet: real 0.042s	user 0.013s	sys 0.000s
I20260710 13:18:15.307308  6136 tablet_bootstrap.cc:492] T 85207827180a418ba913f05f634c094c P 0d9f42d527704ccabd13a71aa147df37: No bootstrap required, opened a new log
I20260710 13:18:15.308043  6136 ts_tablet_manager.cc:1403] T 85207827180a418ba913f05f634c094c P 0d9f42d527704ccabd13a71aa147df37: Time spent bootstrapping tablet: real 0.044s	user 0.013s	sys 0.001s
I20260710 13:18:15.311352  6136 raft_consensus.cc:359] T 85207827180a418ba913f05f634c094c P 0d9f42d527704ccabd13a71aa147df37 [term 0 FOLLOWER]: Replica starting. Triggering 0 pending ops. Active config: opid_index: -1 OBSOLETE_local: false peers { permanent_uuid: "eff35b06a52d4b38b5af7197080419ac" member_type: VOTER last_known_addr { host: "127.5.172.65" port: 38729 } } peers { permanent_uuid: "cb362fdf87ce46df952377de862d0078" member_type: VOTER last_known_addr { host: "127.5.172.66" port: 39053 } } peers { permanent_uuid: "0d9f42d527704ccabd13a71aa147df37" member_type: VOTER last_known_addr { host: "127.5.172.67" port: 32861 } }
I20260710 13:18:15.312098  6136 raft_consensus.cc:385] T 85207827180a418ba913f05f634c094c P 0d9f42d527704ccabd13a71aa147df37 [term 0 FOLLOWER]: Consensus starting up: Expiring failure detector timer to make a prompt election more likely
I20260710 13:18:15.312695  6136 raft_consensus.cc:740] T 85207827180a418ba913f05f634c094c P 0d9f42d527704ccabd13a71aa147df37 [term 0 FOLLOWER]: Becoming Follower/Learner. State: Replica: 0d9f42d527704ccabd13a71aa147df37, State: Initialized, Role: FOLLOWER
I20260710 13:18:15.313653  6136 consensus_queue.cc:260] T 85207827180a418ba913f05f634c094c P 0d9f42d527704ccabd13a71aa147df37 [NON_LEADER]: Queue going to NON_LEADER mode. State: All replicated index: 0, Majority replicated index: 0, Committed index: 0, Last appended: 0.0, Last appended by leader: 0, Current term: 0, Majority size: -1, State: 0, Mode: NON_LEADER, active raft config: opid_index: -1 OBSOLETE_local: false peers { permanent_uuid: "eff35b06a52d4b38b5af7197080419ac" member_type: VOTER last_known_addr { host: "127.5.172.65" port: 38729 } } peers { permanent_uuid: "cb362fdf87ce46df952377de862d0078" member_type: VOTER last_known_addr { host: "127.5.172.66" port: 39053 } } peers { permanent_uuid: "0d9f42d527704ccabd13a71aa147df37" member_type: VOTER last_known_addr { host: "127.5.172.67" port: 32861 } }
I20260710 13:18:15.315644  6136 ts_tablet_manager.cc:1434] T 85207827180a418ba913f05f634c094c P 0d9f42d527704ccabd13a71aa147df37: Time spent starting tablet: real 0.007s	user 0.000s	sys 0.007s
I20260710 13:18:15.322897  6139 raft_consensus.cc:359] T df058e1c039a40f988256ce8917c3f2f P eff35b06a52d4b38b5af7197080419ac [term 0 FOLLOWER]: Replica starting. Triggering 0 pending ops. Active config: opid_index: -1 OBSOLETE_local: false peers { permanent_uuid: "eff35b06a52d4b38b5af7197080419ac" member_type: VOTER last_known_addr { host: "127.5.172.65" port: 38729 } } peers { permanent_uuid: "cb362fdf87ce46df952377de862d0078" member_type: VOTER last_known_addr { host: "127.5.172.66" port: 39053 } } peers { permanent_uuid: "0d9f42d527704ccabd13a71aa147df37" member_type: VOTER last_known_addr { host: "127.5.172.67" port: 32861 } }
I20260710 13:18:15.324070  6139 raft_consensus.cc:385] T df058e1c039a40f988256ce8917c3f2f P eff35b06a52d4b38b5af7197080419ac [term 0 FOLLOWER]: Consensus starting up: Expiring failure detector timer to make a prompt election more likely
I20260710 13:18:15.324486  6139 raft_consensus.cc:740] T df058e1c039a40f988256ce8917c3f2f P eff35b06a52d4b38b5af7197080419ac [term 0 FOLLOWER]: Becoming Follower/Learner. State: Replica: eff35b06a52d4b38b5af7197080419ac, State: Initialized, Role: FOLLOWER
I20260710 13:18:15.316543  6136 tablet_bootstrap.cc:492] T 23dd740891e64d5ebd9c177d8c6a3c1b P 0d9f42d527704ccabd13a71aa147df37: Bootstrap starting.
I20260710 13:18:15.327399  6139 consensus_queue.cc:260] T df058e1c039a40f988256ce8917c3f2f P eff35b06a52d4b38b5af7197080419ac [NON_LEADER]: Queue going to NON_LEADER mode. State: All replicated index: 0, Majority replicated index: 0, Committed index: 0, Last appended: 0.0, Last appended by leader: 0, Current term: 0, Majority size: -1, State: 0, Mode: NON_LEADER, active raft config: opid_index: -1 OBSOLETE_local: false peers { permanent_uuid: "eff35b06a52d4b38b5af7197080419ac" member_type: VOTER last_known_addr { host: "127.5.172.65" port: 38729 } } peers { permanent_uuid: "cb362fdf87ce46df952377de862d0078" member_type: VOTER last_known_addr { host: "127.5.172.66" port: 39053 } } peers { permanent_uuid: "0d9f42d527704ccabd13a71aa147df37" member_type: VOTER last_known_addr { host: "127.5.172.67" port: 32861 } }
I20260710 13:18:15.332396  6137 tablet_bootstrap.cc:492] T 64b4ba34f70549c8b81e5fd5e14c9886 P cb362fdf87ce46df952377de862d0078: No bootstrap required, opened a new log
I20260710 13:18:15.332588  6136 tablet_bootstrap.cc:654] T 23dd740891e64d5ebd9c177d8c6a3c1b P 0d9f42d527704ccabd13a71aa147df37: Neither blocks nor log segments found. Creating new log.
I20260710 13:18:15.333003  6137 ts_tablet_manager.cc:1403] T 64b4ba34f70549c8b81e5fd5e14c9886 P cb362fdf87ce46df952377de862d0078: Time spent bootstrapping tablet: real 0.064s	user 0.011s	sys 0.024s
I20260710 13:18:15.332193  5841 catalog_manager.cc:5697] T df058e1c039a40f988256ce8917c3f2f P 0d9f42d527704ccabd13a71aa147df37 reported cstate change: term changed from 0 to 1, leader changed from <none> to 0d9f42d527704ccabd13a71aa147df37 (127.5.172.67). New cstate: current_term: 1 leader_uuid: "0d9f42d527704ccabd13a71aa147df37" committed_config { opid_index: -1 OBSOLETE_local: false peers { permanent_uuid: "eff35b06a52d4b38b5af7197080419ac" member_type: VOTER last_known_addr { host: "127.5.172.65" port: 38729 } health_report { overall_health: UNKNOWN } } peers { permanent_uuid: "cb362fdf87ce46df952377de862d0078" member_type: VOTER last_known_addr { host: "127.5.172.66" port: 39053 } health_report { overall_health: UNKNOWN } } peers { permanent_uuid: "0d9f42d527704ccabd13a71aa147df37" member_type: VOTER last_known_addr { host: "127.5.172.67" port: 32861 } health_report { overall_health: HEALTHY } } }
I20260710 13:18:15.334540  6139 ts_tablet_manager.cc:1434] T df058e1c039a40f988256ce8917c3f2f P eff35b06a52d4b38b5af7197080419ac: Time spent starting tablet: real 0.031s	user 0.009s	sys 0.000s
I20260710 13:18:15.335734  6139 tablet_bootstrap.cc:492] T cf3c79ef01f54b61a8ce9e7570cd3aa9 P eff35b06a52d4b38b5af7197080419ac: Bootstrap starting.
I20260710 13:18:15.336894  6137 raft_consensus.cc:359] T 64b4ba34f70549c8b81e5fd5e14c9886 P cb362fdf87ce46df952377de862d0078 [term 0 FOLLOWER]: Replica starting. Triggering 0 pending ops. Active config: opid_index: -1 OBSOLETE_local: false peers { permanent_uuid: "eff35b06a52d4b38b5af7197080419ac" member_type: VOTER last_known_addr { host: "127.5.172.65" port: 38729 } } peers { permanent_uuid: "cb362fdf87ce46df952377de862d0078" member_type: VOTER last_known_addr { host: "127.5.172.66" port: 39053 } } peers { permanent_uuid: "0d9f42d527704ccabd13a71aa147df37" member_type: VOTER last_known_addr { host: "127.5.172.67" port: 32861 } }
I20260710 13:18:15.337697  6137 raft_consensus.cc:385] T 64b4ba34f70549c8b81e5fd5e14c9886 P cb362fdf87ce46df952377de862d0078 [term 0 FOLLOWER]: Consensus starting up: Expiring failure detector timer to make a prompt election more likely
I20260710 13:18:15.337993  6137 raft_consensus.cc:740] T 64b4ba34f70549c8b81e5fd5e14c9886 P cb362fdf87ce46df952377de862d0078 [term 0 FOLLOWER]: Becoming Follower/Learner. State: Replica: cb362fdf87ce46df952377de862d0078, State: Initialized, Role: FOLLOWER
I20260710 13:18:15.338792  6137 consensus_queue.cc:260] T 64b4ba34f70549c8b81e5fd5e14c9886 P cb362fdf87ce46df952377de862d0078 [NON_LEADER]: Queue going to NON_LEADER mode. State: All replicated index: 0, Majority replicated index: 0, Committed index: 0, Last appended: 0.0, Last appended by leader: 0, Current term: 0, Majority size: -1, State: 0, Mode: NON_LEADER, active raft config: opid_index: -1 OBSOLETE_local: false peers { permanent_uuid: "eff35b06a52d4b38b5af7197080419ac" member_type: VOTER last_known_addr { host: "127.5.172.65" port: 38729 } } peers { permanent_uuid: "cb362fdf87ce46df952377de862d0078" member_type: VOTER last_known_addr { host: "127.5.172.66" port: 39053 } } peers { permanent_uuid: "0d9f42d527704ccabd13a71aa147df37" member_type: VOTER last_known_addr { host: "127.5.172.67" port: 32861 } }
I20260710 13:18:15.348984  6139 tablet_bootstrap.cc:654] T cf3c79ef01f54b61a8ce9e7570cd3aa9 P eff35b06a52d4b38b5af7197080419ac: Neither blocks nor log segments found. Creating new log.
I20260710 13:18:15.353502  6136 tablet_bootstrap.cc:492] T 23dd740891e64d5ebd9c177d8c6a3c1b P 0d9f42d527704ccabd13a71aa147df37: No bootstrap required, opened a new log
I20260710 13:18:15.353781  6137 ts_tablet_manager.cc:1434] T 64b4ba34f70549c8b81e5fd5e14c9886 P cb362fdf87ce46df952377de862d0078: Time spent starting tablet: real 0.020s	user 0.004s	sys 0.005s
I20260710 13:18:15.353987  6136 ts_tablet_manager.cc:1403] T 23dd740891e64d5ebd9c177d8c6a3c1b P 0d9f42d527704ccabd13a71aa147df37: Time spent bootstrapping tablet: real 0.038s	user 0.017s	sys 0.000s
I20260710 13:18:15.354985  6137 tablet_bootstrap.cc:492] T 5fd926c6cbda4a3d9ab423e95b08c157 P cb362fdf87ce46df952377de862d0078: Bootstrap starting.
I20260710 13:18:15.357299  6136 raft_consensus.cc:359] T 23dd740891e64d5ebd9c177d8c6a3c1b P 0d9f42d527704ccabd13a71aa147df37 [term 0 FOLLOWER]: Replica starting. Triggering 0 pending ops. Active config: opid_index: -1 OBSOLETE_local: false peers { permanent_uuid: "eff35b06a52d4b38b5af7197080419ac" member_type: VOTER last_known_addr { host: "127.5.172.65" port: 38729 } } peers { permanent_uuid: "cb362fdf87ce46df952377de862d0078" member_type: VOTER last_known_addr { host: "127.5.172.66" port: 39053 } } peers { permanent_uuid: "0d9f42d527704ccabd13a71aa147df37" member_type: VOTER last_known_addr { host: "127.5.172.67" port: 32861 } }
I20260710 13:18:15.361284  6150 raft_consensus.cc:493] T 85207827180a418ba913f05f634c094c P eff35b06a52d4b38b5af7197080419ac [term 0 FOLLOWER]: Starting pre-election (no leader contacted us within the election timeout)
I20260710 13:18:15.361898  6150 raft_consensus.cc:515] T 85207827180a418ba913f05f634c094c P eff35b06a52d4b38b5af7197080419ac [term 0 FOLLOWER]: Starting pre-election with config: opid_index: -1 OBSOLETE_local: false peers { permanent_uuid: "eff35b06a52d4b38b5af7197080419ac" member_type: VOTER last_known_addr { host: "127.5.172.65" port: 38729 } } peers { permanent_uuid: "cb362fdf87ce46df952377de862d0078" member_type: VOTER last_known_addr { host: "127.5.172.66" port: 39053 } } peers { permanent_uuid: "0d9f42d527704ccabd13a71aa147df37" member_type: VOTER last_known_addr { host: "127.5.172.67" port: 32861 } }
I20260710 13:18:15.365046  6150 leader_election.cc:290] T 85207827180a418ba913f05f634c094c P eff35b06a52d4b38b5af7197080419ac [CANDIDATE]: Term 1 pre-election: Requested pre-vote from peers cb362fdf87ce46df952377de862d0078 (127.5.172.66:39053), 0d9f42d527704ccabd13a71aa147df37 (127.5.172.67:32861)
I20260710 13:18:15.367935  6137 tablet_bootstrap.cc:654] T 5fd926c6cbda4a3d9ab423e95b08c157 P cb362fdf87ce46df952377de862d0078: Neither blocks nor log segments found. Creating new log.
I20260710 13:18:15.358006  6136 raft_consensus.cc:385] T 23dd740891e64d5ebd9c177d8c6a3c1b P 0d9f42d527704ccabd13a71aa147df37 [term 0 FOLLOWER]: Consensus starting up: Expiring failure detector timer to make a prompt election more likely
I20260710 13:18:15.375011  6136 raft_consensus.cc:740] T 23dd740891e64d5ebd9c177d8c6a3c1b P 0d9f42d527704ccabd13a71aa147df37 [term 0 FOLLOWER]: Becoming Follower/Learner. State: Replica: 0d9f42d527704ccabd13a71aa147df37, State: Initialized, Role: FOLLOWER
I20260710 13:18:15.375809  6136 consensus_queue.cc:260] T 23dd740891e64d5ebd9c177d8c6a3c1b P 0d9f42d527704ccabd13a71aa147df37 [NON_LEADER]: Queue going to NON_LEADER mode. State: All replicated index: 0, Majority replicated index: 0, Committed index: 0, Last appended: 0.0, Last appended by leader: 0, Current term: 0, Majority size: -1, State: 0, Mode: NON_LEADER, active raft config: opid_index: -1 OBSOLETE_local: false peers { permanent_uuid: "eff35b06a52d4b38b5af7197080419ac" member_type: VOTER last_known_addr { host: "127.5.172.65" port: 38729 } } peers { permanent_uuid: "cb362fdf87ce46df952377de862d0078" member_type: VOTER last_known_addr { host: "127.5.172.66" port: 39053 } } peers { permanent_uuid: "0d9f42d527704ccabd13a71aa147df37" member_type: VOTER last_known_addr { host: "127.5.172.67" port: 32861 } }
I20260710 13:18:15.378515  6139 tablet_bootstrap.cc:492] T cf3c79ef01f54b61a8ce9e7570cd3aa9 P eff35b06a52d4b38b5af7197080419ac: No bootstrap required, opened a new log
I20260710 13:18:15.379347  6139 ts_tablet_manager.cc:1403] T cf3c79ef01f54b61a8ce9e7570cd3aa9 P eff35b06a52d4b38b5af7197080419ac: Time spent bootstrapping tablet: real 0.044s	user 0.018s	sys 0.008s
I20260710 13:18:15.380704  6136 ts_tablet_manager.cc:1434] T 23dd740891e64d5ebd9c177d8c6a3c1b P 0d9f42d527704ccabd13a71aa147df37: Time spent starting tablet: real 0.026s	user 0.009s	sys 0.000s
I20260710 13:18:15.383641  6139 raft_consensus.cc:359] T cf3c79ef01f54b61a8ce9e7570cd3aa9 P eff35b06a52d4b38b5af7197080419ac [term 0 FOLLOWER]: Replica starting. Triggering 0 pending ops. Active config: opid_index: -1 OBSOLETE_local: false peers { permanent_uuid: "eff35b06a52d4b38b5af7197080419ac" member_type: VOTER last_known_addr { host: "127.5.172.65" port: 38729 } } peers { permanent_uuid: "cb362fdf87ce46df952377de862d0078" member_type: VOTER last_known_addr { host: "127.5.172.66" port: 39053 } } peers { permanent_uuid: "0d9f42d527704ccabd13a71aa147df37" member_type: VOTER last_known_addr { host: "127.5.172.67" port: 32861 } }
I20260710 13:18:15.384776  6139 raft_consensus.cc:385] T cf3c79ef01f54b61a8ce9e7570cd3aa9 P eff35b06a52d4b38b5af7197080419ac [term 0 FOLLOWER]: Consensus starting up: Expiring failure detector timer to make a prompt election more likely
I20260710 13:18:15.385181  6139 raft_consensus.cc:740] T cf3c79ef01f54b61a8ce9e7570cd3aa9 P eff35b06a52d4b38b5af7197080419ac [term 0 FOLLOWER]: Becoming Follower/Learner. State: Replica: eff35b06a52d4b38b5af7197080419ac, State: Initialized, Role: FOLLOWER
I20260710 13:18:15.386852  6139 consensus_queue.cc:260] T cf3c79ef01f54b61a8ce9e7570cd3aa9 P eff35b06a52d4b38b5af7197080419ac [NON_LEADER]: Queue going to NON_LEADER mode. State: All replicated index: 0, Majority replicated index: 0, Committed index: 0, Last appended: 0.0, Last appended by leader: 0, Current term: 0, Majority size: -1, State: 0, Mode: NON_LEADER, active raft config: opid_index: -1 OBSOLETE_local: false peers { permanent_uuid: "eff35b06a52d4b38b5af7197080419ac" member_type: VOTER last_known_addr { host: "127.5.172.65" port: 38729 } } peers { permanent_uuid: "cb362fdf87ce46df952377de862d0078" member_type: VOTER last_known_addr { host: "127.5.172.66" port: 39053 } } peers { permanent_uuid: "0d9f42d527704ccabd13a71aa147df37" member_type: VOTER last_known_addr { host: "127.5.172.67" port: 32861 } }
I20260710 13:18:15.394217  6139 ts_tablet_manager.cc:1434] T cf3c79ef01f54b61a8ce9e7570cd3aa9 P eff35b06a52d4b38b5af7197080419ac: Time spent starting tablet: real 0.014s	user 0.006s	sys 0.004s
I20260710 13:18:15.395944  6139 tablet_bootstrap.cc:492] T 64b4ba34f70549c8b81e5fd5e14c9886 P eff35b06a52d4b38b5af7197080419ac: Bootstrap starting.
I20260710 13:18:15.405313  6139 tablet_bootstrap.cc:654] T 64b4ba34f70549c8b81e5fd5e14c9886 P eff35b06a52d4b38b5af7197080419ac: Neither blocks nor log segments found. Creating new log.
I20260710 13:18:15.414914  6018 tablet_service.cc:1917] Received RequestConsensusVote() RPC: tablet_id: "85207827180a418ba913f05f634c094c" candidate_uuid: "eff35b06a52d4b38b5af7197080419ac" candidate_term: 1 candidate_status { last_received { term: 0 index: 0 } } ignore_live_leader: false dest_uuid: "cb362fdf87ce46df952377de862d0078" is_pre_election: true
I20260710 13:18:15.415714  6018 raft_consensus.cc:2468] T 85207827180a418ba913f05f634c094c P cb362fdf87ce46df952377de862d0078 [term 0 FOLLOWER]: Leader pre-election vote request: Granting yes vote for candidate eff35b06a52d4b38b5af7197080419ac in term 0.
I20260710 13:18:15.417254  5908 leader_election.cc:304] T 85207827180a418ba913f05f634c094c P eff35b06a52d4b38b5af7197080419ac [CANDIDATE]: Term 1 pre-election: Election decided. Result: candidate won. Election summary: received 2 responses out of 3 voters: 2 yes votes; 0 no votes. yes voters: cb362fdf87ce46df952377de862d0078, eff35b06a52d4b38b5af7197080419ac; no voters: 
I20260710 13:18:15.418392  6150 raft_consensus.cc:2804] T 85207827180a418ba913f05f634c094c P eff35b06a52d4b38b5af7197080419ac [term 0 FOLLOWER]: Leader pre-election won for term 1
I20260710 13:18:15.418979  6150 raft_consensus.cc:493] T 85207827180a418ba913f05f634c094c P eff35b06a52d4b38b5af7197080419ac [term 0 FOLLOWER]: Starting leader election (no leader contacted us within the election timeout)
I20260710 13:18:15.419335  6150 raft_consensus.cc:3060] T 85207827180a418ba913f05f634c094c P eff35b06a52d4b38b5af7197080419ac [term 0 FOLLOWER]: Advancing to term 1
I20260710 13:18:15.425789  6137 tablet_bootstrap.cc:492] T 5fd926c6cbda4a3d9ab423e95b08c157 P cb362fdf87ce46df952377de862d0078: No bootstrap required, opened a new log
