I20260710 13:18:34.677157 12331 raft_consensus.cc:359] T 1cdb4a356b464d8fa793ce14e2947fd4 P 68a4996f461247939ee5a73b9ab74811 [term 0 FOLLOWER]: Replica starting. Triggering 0 pending ops. Active config: opid_index: -1 OBSOLETE_local: false peers { permanent_uuid: "68a4996f461247939ee5a73b9ab74811" member_type: VOTER last_known_addr { host: "127.10.193.193" port: 41869 } } peers { permanent_uuid: "d76318871c7340fca56796b045195cb0" member_type: VOTER last_known_addr { host: "127.10.193.194" port: 42913 } } peers { permanent_uuid: "09cabd66a65b4907b0cf5f3896de6ede" member_type: VOTER last_known_addr { host: "127.10.193.195" port: 33237 } }
I20260710 13:18:34.677600 12331 raft_consensus.cc:385] T 1cdb4a356b464d8fa793ce14e2947fd4 P 68a4996f461247939ee5a73b9ab74811 [term 0 FOLLOWER]: Consensus starting up: Expiring failure detector timer to make a prompt election more likely
I20260710 13:18:34.677835 12331 raft_consensus.cc:740] T 1cdb4a356b464d8fa793ce14e2947fd4 P 68a4996f461247939ee5a73b9ab74811 [term 0 FOLLOWER]: Becoming Follower/Learner. State: Replica: 68a4996f461247939ee5a73b9ab74811, State: Initialized, Role: FOLLOWER
I20260710 13:18:34.680177 12331 consensus_queue.cc:260] T 1cdb4a356b464d8fa793ce14e2947fd4 P 68a4996f461247939ee5a73b9ab74811 [NON_LEADER]: Queue going to NON_LEADER mode. State: All replicated index: 0, Majority replicated index: 0, Committed index: 0, Last appended: 0.0, Last appended by leader: 0, Current term: 0, Majority size: -1, State: 0, Mode: NON_LEADER, active raft config: opid_index: -1 OBSOLETE_local: false peers { permanent_uuid: "68a4996f461247939ee5a73b9ab74811" member_type: VOTER last_known_addr { host: "127.10.193.193" port: 41869 } } peers { permanent_uuid: "d76318871c7340fca56796b045195cb0" member_type: VOTER last_known_addr { host: "127.10.193.194" port: 42913 } } peers { permanent_uuid: "09cabd66a65b4907b0cf5f3896de6ede" member_type: VOTER last_known_addr { host: "127.10.193.195" port: 33237 } }
I20260710 13:18:34.682242 12329 tablet_bootstrap.cc:492] T fd5a8de2dec644fcac57247a3faaef75 P 09cabd66a65b4907b0cf5f3896de6ede: No bootstrap required, opened a new log
I20260710 13:18:34.682722 12329 ts_tablet_manager.cc:1403] T fd5a8de2dec644fcac57247a3faaef75 P 09cabd66a65b4907b0cf5f3896de6ede: Time spent bootstrapping tablet: real 0.212s	user 0.011s	sys 0.014s
I20260710 13:18:34.685057 12330 tablet_bootstrap.cc:654] T d9fbb31346f14776bf12741f4b0f688d P d76318871c7340fca56796b045195cb0: Neither blocks nor log segments found. Creating new log.
I20260710 13:18:34.685104 12329 raft_consensus.cc:359] T fd5a8de2dec644fcac57247a3faaef75 P 09cabd66a65b4907b0cf5f3896de6ede [term 0 FOLLOWER]: Replica starting. Triggering 0 pending ops. Active config: opid_index: -1 OBSOLETE_local: false peers { permanent_uuid: "68a4996f461247939ee5a73b9ab74811" member_type: VOTER last_known_addr { host: "127.10.193.193" port: 41869 } } peers { permanent_uuid: "d76318871c7340fca56796b045195cb0" member_type: VOTER last_known_addr { host: "127.10.193.194" port: 42913 } } peers { permanent_uuid: "09cabd66a65b4907b0cf5f3896de6ede" member_type: VOTER last_known_addr { host: "127.10.193.195" port: 33237 } }
I20260710 13:18:34.685859 12329 raft_consensus.cc:385] T fd5a8de2dec644fcac57247a3faaef75 P 09cabd66a65b4907b0cf5f3896de6ede [term 0 FOLLOWER]: Consensus starting up: Expiring failure detector timer to make a prompt election more likely
I20260710 13:18:34.686127 12329 raft_consensus.cc:740] T fd5a8de2dec644fcac57247a3faaef75 P 09cabd66a65b4907b0cf5f3896de6ede [term 0 FOLLOWER]: Becoming Follower/Learner. State: Replica: 09cabd66a65b4907b0cf5f3896de6ede, State: Initialized, Role: FOLLOWER
I20260710 13:18:34.686667 12329 consensus_queue.cc:260] T fd5a8de2dec644fcac57247a3faaef75 P 09cabd66a65b4907b0cf5f3896de6ede [NON_LEADER]: Queue going to NON_LEADER mode. State: All replicated index: 0, Majority replicated index: 0, Committed index: 0, Last appended: 0.0, Last appended by leader: 0, Current term: 0, Majority size: -1, State: 0, Mode: NON_LEADER, active raft config: opid_index: -1 OBSOLETE_local: false peers { permanent_uuid: "68a4996f461247939ee5a73b9ab74811" member_type: VOTER last_known_addr { host: "127.10.193.193" port: 41869 } } peers { permanent_uuid: "d76318871c7340fca56796b045195cb0" member_type: VOTER last_known_addr { host: "127.10.193.194" port: 42913 } } peers { permanent_uuid: "09cabd66a65b4907b0cf5f3896de6ede" member_type: VOTER last_known_addr { host: "127.10.193.195" port: 33237 } }
I20260710 13:18:34.688328 12331 ts_tablet_manager.cc:1434] T 1cdb4a356b464d8fa793ce14e2947fd4 P 68a4996f461247939ee5a73b9ab74811: Time spent starting tablet: real 0.013s	user 0.005s	sys 0.000s
I20260710 13:18:34.689244 12331 tablet_bootstrap.cc:492] T 2ce8db9c8d2e4317bcb1d105f3de33cd P 68a4996f461247939ee5a73b9ab74811: Bootstrap starting.
I20260710 13:18:34.691001 12329 ts_tablet_manager.cc:1434] T fd5a8de2dec644fcac57247a3faaef75 P 09cabd66a65b4907b0cf5f3896de6ede: Time spent starting tablet: real 0.008s	user 0.005s	sys 0.001s
I20260710 13:18:34.691848 12329 tablet_bootstrap.cc:492] T 66daf22f266445afbe26f484ae8b8058 P 09cabd66a65b4907b0cf5f3896de6ede: Bootstrap starting.
I20260710 13:18:34.694499 12331 tablet_bootstrap.cc:654] T 2ce8db9c8d2e4317bcb1d105f3de33cd P 68a4996f461247939ee5a73b9ab74811: Neither blocks nor log segments found. Creating new log.
I20260710 13:18:34.695608 12374 raft_consensus.cc:515] T fd5a8de2dec644fcac57247a3faaef75 P 68a4996f461247939ee5a73b9ab74811 [term 1 FOLLOWER]: Starting leader election with config: opid_index: -1 OBSOLETE_local: false peers { permanent_uuid: "68a4996f461247939ee5a73b9ab74811" member_type: VOTER last_known_addr { host: "127.10.193.193" port: 41869 } } peers { permanent_uuid: "d76318871c7340fca56796b045195cb0" member_type: VOTER last_known_addr { host: "127.10.193.194" port: 42913 } } peers { permanent_uuid: "09cabd66a65b4907b0cf5f3896de6ede" member_type: VOTER last_known_addr { host: "127.10.193.195" port: 33237 } }
I20260710 13:18:34.697250 12329 tablet_bootstrap.cc:654] T 66daf22f266445afbe26f484ae8b8058 P 09cabd66a65b4907b0cf5f3896de6ede: Neither blocks nor log segments found. Creating new log.
I20260710 13:18:34.697697 12374 leader_election.cc:290] T fd5a8de2dec644fcac57247a3faaef75 P 68a4996f461247939ee5a73b9ab74811 [CANDIDATE]: Term 1 election: Requested vote from peers d76318871c7340fca56796b045195cb0 (127.10.193.194:42913), 09cabd66a65b4907b0cf5f3896de6ede (127.10.193.195:33237)
I20260710 13:18:34.698872 12215 tablet_service.cc:1917] Received RequestConsensusVote() RPC: tablet_id: "fd5a8de2dec644fcac57247a3faaef75" candidate_uuid: "68a4996f461247939ee5a73b9ab74811" candidate_term: 1 candidate_status { last_received { term: 0 index: 0 } } ignore_live_leader: false dest_uuid: "d76318871c7340fca56796b045195cb0"
I20260710 13:18:34.699520 12215 raft_consensus.cc:3060] T fd5a8de2dec644fcac57247a3faaef75 P d76318871c7340fca56796b045195cb0 [term 0 FOLLOWER]: Advancing to term 1
I20260710 13:18:34.706856 12329 tablet_bootstrap.cc:492] T 66daf22f266445afbe26f484ae8b8058 P 09cabd66a65b4907b0cf5f3896de6ede: No bootstrap required, opened a new log
I20260710 13:18:34.706907 12331 tablet_bootstrap.cc:492] T 2ce8db9c8d2e4317bcb1d105f3de33cd P 68a4996f461247939ee5a73b9ab74811: No bootstrap required, opened a new log
I20260710 13:18:34.707412 12329 ts_tablet_manager.cc:1403] T 66daf22f266445afbe26f484ae8b8058 P 09cabd66a65b4907b0cf5f3896de6ede: Time spent bootstrapping tablet: real 0.016s	user 0.006s	sys 0.006s
I20260710 13:18:34.707422 12331 ts_tablet_manager.cc:1403] T 2ce8db9c8d2e4317bcb1d105f3de33cd P 68a4996f461247939ee5a73b9ab74811: Time spent bootstrapping tablet: real 0.018s	user 0.009s	sys 0.008s
I20260710 13:18:34.710000 12329 raft_consensus.cc:359] T 66daf22f266445afbe26f484ae8b8058 P 09cabd66a65b4907b0cf5f3896de6ede [term 0 FOLLOWER]: Replica starting. Triggering 0 pending ops. Active config: opid_index: -1 OBSOLETE_local: false peers { permanent_uuid: "68a4996f461247939ee5a73b9ab74811" member_type: VOTER last_known_addr { host: "127.10.193.193" port: 41869 } } peers { permanent_uuid: "d76318871c7340fca56796b045195cb0" member_type: VOTER last_known_addr { host: "127.10.193.194" port: 42913 } } peers { permanent_uuid: "09cabd66a65b4907b0cf5f3896de6ede" member_type: VOTER last_known_addr { host: "127.10.193.195" port: 33237 } }
I20260710 13:18:34.710165 12331 raft_consensus.cc:359] T 2ce8db9c8d2e4317bcb1d105f3de33cd P 68a4996f461247939ee5a73b9ab74811 [term 0 FOLLOWER]: Replica starting. Triggering 0 pending ops. Active config: opid_index: -1 OBSOLETE_local: false peers { permanent_uuid: "68a4996f461247939ee5a73b9ab74811" member_type: VOTER last_known_addr { host: "127.10.193.193" port: 41869 } } peers { permanent_uuid: "d76318871c7340fca56796b045195cb0" member_type: VOTER last_known_addr { host: "127.10.193.194" port: 42913 } } peers { permanent_uuid: "09cabd66a65b4907b0cf5f3896de6ede" member_type: VOTER last_known_addr { host: "127.10.193.195" port: 33237 } }
I20260710 13:18:34.710655 12329 raft_consensus.cc:385] T 66daf22f266445afbe26f484ae8b8058 P 09cabd66a65b4907b0cf5f3896de6ede [term 0 FOLLOWER]: Consensus starting up: Expiring failure detector timer to make a prompt election more likely
I20260710 13:18:34.710762 12331 raft_consensus.cc:385] T 2ce8db9c8d2e4317bcb1d105f3de33cd P 68a4996f461247939ee5a73b9ab74811 [term 0 FOLLOWER]: Consensus starting up: Expiring failure detector timer to make a prompt election more likely
I20260710 13:18:34.710948 12329 raft_consensus.cc:740] T 66daf22f266445afbe26f484ae8b8058 P 09cabd66a65b4907b0cf5f3896de6ede [term 0 FOLLOWER]: Becoming Follower/Learner. State: Replica: 09cabd66a65b4907b0cf5f3896de6ede, State: Initialized, Role: FOLLOWER
I20260710 13:18:34.711022 12331 raft_consensus.cc:740] T 2ce8db9c8d2e4317bcb1d105f3de33cd P 68a4996f461247939ee5a73b9ab74811 [term 0 FOLLOWER]: Becoming Follower/Learner. State: Replica: 68a4996f461247939ee5a73b9ab74811, State: Initialized, Role: FOLLOWER
I20260710 13:18:34.711771 12329 consensus_queue.cc:260] T 66daf22f266445afbe26f484ae8b8058 P 09cabd66a65b4907b0cf5f3896de6ede [NON_LEADER]: Queue going to NON_LEADER mode. State: All replicated index: 0, Majority replicated index: 0, Committed index: 0, Last appended: 0.0, Last appended by leader: 0, Current term: 0, Majority size: -1, State: 0, Mode: NON_LEADER, active raft config: opid_index: -1 OBSOLETE_local: false peers { permanent_uuid: "68a4996f461247939ee5a73b9ab74811" member_type: VOTER last_known_addr { host: "127.10.193.193" port: 41869 } } peers { permanent_uuid: "d76318871c7340fca56796b045195cb0" member_type: VOTER last_known_addr { host: "127.10.193.194" port: 42913 } } peers { permanent_uuid: "09cabd66a65b4907b0cf5f3896de6ede" member_type: VOTER last_known_addr { host: "127.10.193.195" port: 33237 } }
I20260710 13:18:34.711741 12331 consensus_queue.cc:260] T 2ce8db9c8d2e4317bcb1d105f3de33cd P 68a4996f461247939ee5a73b9ab74811 [NON_LEADER]: Queue going to NON_LEADER mode. State: All replicated index: 0, Majority replicated index: 0, Committed index: 0, Last appended: 0.0, Last appended by leader: 0, Current term: 0, Majority size: -1, State: 0, Mode: NON_LEADER, active raft config: opid_index: -1 OBSOLETE_local: false peers { permanent_uuid: "68a4996f461247939ee5a73b9ab74811" member_type: VOTER last_known_addr { host: "127.10.193.193" port: 41869 } } peers { permanent_uuid: "d76318871c7340fca56796b045195cb0" member_type: VOTER last_known_addr { host: "127.10.193.194" port: 42913 } } peers { permanent_uuid: "09cabd66a65b4907b0cf5f3896de6ede" member_type: VOTER last_known_addr { host: "127.10.193.195" port: 33237 } }
I20260710 13:18:34.713967 12331 ts_tablet_manager.cc:1434] T 2ce8db9c8d2e4317bcb1d105f3de33cd P 68a4996f461247939ee5a73b9ab74811: Time spent starting tablet: real 0.006s	user 0.005s	sys 0.000s
I20260710 13:18:34.713969 12329 ts_tablet_manager.cc:1434] T 66daf22f266445afbe26f484ae8b8058 P 09cabd66a65b4907b0cf5f3896de6ede: Time spent starting tablet: real 0.006s	user 0.004s	sys 0.003s
I20260710 13:18:34.714845 12329 tablet_bootstrap.cc:492] T 9a913a1e592d4734ae9db5ae490a7086 P 09cabd66a65b4907b0cf5f3896de6ede: Bootstrap starting.
I20260710 13:18:34.718214 12331 tablet_bootstrap.cc:492] T 9287127d3392421f8c9d75caee7b7209 P 68a4996f461247939ee5a73b9ab74811: Bootstrap starting.
I20260710 13:18:34.718649 12329 tablet_bootstrap.cc:654] T 9a913a1e592d4734ae9db5ae490a7086 P 09cabd66a65b4907b0cf5f3896de6ede: Neither blocks nor log segments found. Creating new log.
I20260710 13:18:34.723721 12331 tablet_bootstrap.cc:654] T 9287127d3392421f8c9d75caee7b7209 P 68a4996f461247939ee5a73b9ab74811: Neither blocks nor log segments found. Creating new log.
I20260710 13:18:34.717981 12289 tablet_service.cc:1917] Received RequestConsensusVote() RPC: tablet_id: "fd5a8de2dec644fcac57247a3faaef75" candidate_uuid: "68a4996f461247939ee5a73b9ab74811" candidate_term: 1 candidate_status { last_received { term: 0 index: 0 } } ignore_live_leader: false dest_uuid: "09cabd66a65b4907b0cf5f3896de6ede"
I20260710 13:18:34.724990 12289 raft_consensus.cc:3060] T fd5a8de2dec644fcac57247a3faaef75 P 09cabd66a65b4907b0cf5f3896de6ede [term 0 FOLLOWER]: Advancing to term 1
I20260710 13:18:34.729723 12329 tablet_bootstrap.cc:492] T 9a913a1e592d4734ae9db5ae490a7086 P 09cabd66a65b4907b0cf5f3896de6ede: No bootstrap required, opened a new log
I20260710 13:18:34.737353 12329 ts_tablet_manager.cc:1403] T 9a913a1e592d4734ae9db5ae490a7086 P 09cabd66a65b4907b0cf5f3896de6ede: Time spent bootstrapping tablet: real 0.023s	user 0.014s	sys 0.000s
I20260710 13:18:34.740064 12329 raft_consensus.cc:359] T 9a913a1e592d4734ae9db5ae490a7086 P 09cabd66a65b4907b0cf5f3896de6ede [term 0 FOLLOWER]: Replica starting. Triggering 0 pending ops. Active config: opid_index: -1 OBSOLETE_local: false peers { permanent_uuid: "68a4996f461247939ee5a73b9ab74811" member_type: VOTER last_known_addr { host: "127.10.193.193" port: 41869 } } peers { permanent_uuid: "d76318871c7340fca56796b045195cb0" member_type: VOTER last_known_addr { host: "127.10.193.194" port: 42913 } } peers { permanent_uuid: "09cabd66a65b4907b0cf5f3896de6ede" member_type: VOTER last_known_addr { host: "127.10.193.195" port: 33237 } }
I20260710 13:18:34.735591 12331 tablet_bootstrap.cc:492] T 9287127d3392421f8c9d75caee7b7209 P 68a4996f461247939ee5a73b9ab74811: No bootstrap required, opened a new log
I20260710 13:18:34.735882 12036 catalog_manager.cc:5697] T 33c75e47b98049b98b95ff526f22016c P d76318871c7340fca56796b045195cb0 reported cstate change: term changed from 0 to 1, leader changed from <none> to d76318871c7340fca56796b045195cb0 (127.10.193.194). New cstate: current_term: 1 leader_uuid: "d76318871c7340fca56796b045195cb0" committed_config { opid_index: -1 OBSOLETE_local: false peers { permanent_uuid: "68a4996f461247939ee5a73b9ab74811" member_type: VOTER last_known_addr { host: "127.10.193.193" port: 41869 } health_report { overall_health: UNKNOWN } } peers { permanent_uuid: "d76318871c7340fca56796b045195cb0" member_type: VOTER last_known_addr { host: "127.10.193.194" port: 42913 } health_report { overall_health: HEALTHY } } peers { permanent_uuid: "09cabd66a65b4907b0cf5f3896de6ede" member_type: VOTER last_known_addr { host: "127.10.193.195" port: 33237 } health_report { overall_health: UNKNOWN } } }
I20260710 13:18:34.741079 12329 raft_consensus.cc:385] T 9a913a1e592d4734ae9db5ae490a7086 P 09cabd66a65b4907b0cf5f3896de6ede [term 0 FOLLOWER]: Consensus starting up: Expiring failure detector timer to make a prompt election more likely
I20260710 13:18:34.741407 12329 raft_consensus.cc:740] T 9a913a1e592d4734ae9db5ae490a7086 P 09cabd66a65b4907b0cf5f3896de6ede [term 0 FOLLOWER]: Becoming Follower/Learner. State: Replica: 09cabd66a65b4907b0cf5f3896de6ede, State: Initialized, Role: FOLLOWER
I20260710 13:18:34.742206 12329 consensus_queue.cc:260] T 9a913a1e592d4734ae9db5ae490a7086 P 09cabd66a65b4907b0cf5f3896de6ede [NON_LEADER]: Queue going to NON_LEADER mode. State: All replicated index: 0, Majority replicated index: 0, Committed index: 0, Last appended: 0.0, Last appended by leader: 0, Current term: 0, Majority size: -1, State: 0, Mode: NON_LEADER, active raft config: opid_index: -1 OBSOLETE_local: false peers { permanent_uuid: "68a4996f461247939ee5a73b9ab74811" member_type: VOTER last_known_addr { host: "127.10.193.193" port: 41869 } } peers { permanent_uuid: "d76318871c7340fca56796b045195cb0" member_type: VOTER last_known_addr { host: "127.10.193.194" port: 42913 } } peers { permanent_uuid: "09cabd66a65b4907b0cf5f3896de6ede" member_type: VOTER last_known_addr { host: "127.10.193.195" port: 33237 } }
I20260710 13:18:34.743434 12368 raft_consensus.cc:493] T 9a913a1e592d4734ae9db5ae490a7086 P 09cabd66a65b4907b0cf5f3896de6ede [term 0 FOLLOWER]: Starting pre-election (no leader contacted us within the election timeout)
I20260710 13:18:34.743830 12368 raft_consensus.cc:515] T 9a913a1e592d4734ae9db5ae490a7086 P 09cabd66a65b4907b0cf5f3896de6ede [term 0 FOLLOWER]: Starting pre-election with config: opid_index: -1 OBSOLETE_local: false peers { permanent_uuid: "68a4996f461247939ee5a73b9ab74811" member_type: VOTER last_known_addr { host: "127.10.193.193" port: 41869 } } peers { permanent_uuid: "d76318871c7340fca56796b045195cb0" member_type: VOTER last_known_addr { host: "127.10.193.194" port: 42913 } } peers { permanent_uuid: "09cabd66a65b4907b0cf5f3896de6ede" member_type: VOTER last_known_addr { host: "127.10.193.195" port: 33237 } }
I20260710 13:18:34.744999 12329 ts_tablet_manager.cc:1434] T 9a913a1e592d4734ae9db5ae490a7086 P 09cabd66a65b4907b0cf5f3896de6ede: Time spent starting tablet: real 0.007s	user 0.005s	sys 0.000s
I20260710 13:18:34.745841 12329 tablet_bootstrap.cc:492] T d9fbb31346f14776bf12741f4b0f688d P 09cabd66a65b4907b0cf5f3896de6ede: Bootstrap starting.
I20260710 13:18:34.747241 12214 tablet_service.cc:1917] Received RequestConsensusVote() RPC: tablet_id: "9a913a1e592d4734ae9db5ae490a7086" candidate_uuid: "09cabd66a65b4907b0cf5f3896de6ede" candidate_term: 1 candidate_status { last_received { term: 0 index: 0 } } ignore_live_leader: false dest_uuid: "d76318871c7340fca56796b045195cb0" is_pre_election: true
I20260710 13:18:34.747726 12140 tablet_service.cc:1917] Received RequestConsensusVote() RPC: tablet_id: "9a913a1e592d4734ae9db5ae490a7086" candidate_uuid: "09cabd66a65b4907b0cf5f3896de6ede" candidate_term: 1 candidate_status { last_received { term: 0 index: 0 } } ignore_live_leader: false dest_uuid: "68a4996f461247939ee5a73b9ab74811" is_pre_election: true
I20260710 13:18:34.747817 12214 raft_consensus.cc:2468] T 9a913a1e592d4734ae9db5ae490a7086 P d76318871c7340fca56796b045195cb0 [term 0 FOLLOWER]: Leader pre-election vote request: Granting yes vote for candidate 09cabd66a65b4907b0cf5f3896de6ede in term 0.
I20260710 13:18:34.751299 12329 tablet_bootstrap.cc:654] T d9fbb31346f14776bf12741f4b0f688d P 09cabd66a65b4907b0cf5f3896de6ede: Neither blocks nor log segments found. Creating new log.
I20260710 13:18:34.745739 12368 leader_election.cc:290] T 9a913a1e592d4734ae9db5ae490a7086 P 09cabd66a65b4907b0cf5f3896de6ede [CANDIDATE]: Term 1 pre-election: Requested pre-vote from peers 68a4996f461247939ee5a73b9ab74811 (127.10.193.193:41869), d76318871c7340fca56796b045195cb0 (127.10.193.194:42913)
I20260710 13:18:34.743805 12215 raft_consensus.cc:2468] T fd5a8de2dec644fcac57247a3faaef75 P d76318871c7340fca56796b045195cb0 [term 1 FOLLOWER]: Leader election vote request: Granting yes vote for candidate 68a4996f461247939ee5a73b9ab74811 in term 1.
I20260710 13:18:34.753324 12105 leader_election.cc:304] T fd5a8de2dec644fcac57247a3faaef75 P 68a4996f461247939ee5a73b9ab74811 [CANDIDATE]: Term 1 election: Election decided. Result: candidate won. Election summary: received 2 responses out of 3 voters: 2 yes votes; 0 no votes. yes voters: 68a4996f461247939ee5a73b9ab74811, d76318871c7340fca56796b045195cb0; no voters: 
I20260710 13:18:34.754201 12374 raft_consensus.cc:2804] T fd5a8de2dec644fcac57247a3faaef75 P 68a4996f461247939ee5a73b9ab74811 [term 1 FOLLOWER]: Leader election won for term 1
I20260710 13:18:34.754647 12374 raft_consensus.cc:697] T fd5a8de2dec644fcac57247a3faaef75 P 68a4996f461247939ee5a73b9ab74811 [term 1 LEADER]: Becoming Leader. State: Replica: 68a4996f461247939ee5a73b9ab74811, State: Running, Role: LEADER
I20260710 13:18:34.754737 12289 raft_consensus.cc:2468] T fd5a8de2dec644fcac57247a3faaef75 P 09cabd66a65b4907b0cf5f3896de6ede [term 1 FOLLOWER]: Leader election vote request: Granting yes vote for candidate 68a4996f461247939ee5a73b9ab74811 in term 1.
I20260710 13:18:34.755465 12374 consensus_queue.cc:237] T fd5a8de2dec644fcac57247a3faaef75 P 68a4996f461247939ee5a73b9ab74811 [LEADER]: Queue going to LEADER mode. State: All replicated index: 0, Majority replicated index: 0, Committed index: 0, Last appended: 0.0, Last appended by leader: 0, Current term: 1, Majority size: 2, State: 0, Mode: LEADER, active raft config: opid_index: -1 OBSOLETE_local: false peers { permanent_uuid: "68a4996f461247939ee5a73b9ab74811" member_type: VOTER last_known_addr { host: "127.10.193.193" port: 41869 } } peers { permanent_uuid: "d76318871c7340fca56796b045195cb0" member_type: VOTER last_known_addr { host: "127.10.193.194" port: 42913 } } peers { permanent_uuid: "09cabd66a65b4907b0cf5f3896de6ede" member_type: VOTER last_known_addr { host: "127.10.193.195" port: 33237 } }
I20260710 13:18:34.757084 12254 leader_election.cc:304] T 9a913a1e592d4734ae9db5ae490a7086 P 09cabd66a65b4907b0cf5f3896de6ede [CANDIDATE]: Term 1 pre-election: Election decided. Result: candidate won. Election summary: received 2 responses out of 3 voters: 2 yes votes; 0 no votes. yes voters: 09cabd66a65b4907b0cf5f3896de6ede, d76318871c7340fca56796b045195cb0; no voters: 
I20260710 13:18:34.757782 12330 tablet_bootstrap.cc:492] T d9fbb31346f14776bf12741f4b0f688d P d76318871c7340fca56796b045195cb0: No bootstrap required, opened a new log
I20260710 13:18:34.758026 12329 tablet_bootstrap.cc:492] T d9fbb31346f14776bf12741f4b0f688d P 09cabd66a65b4907b0cf5f3896de6ede: No bootstrap required, opened a new log
W20260710 13:18:34.757936 12254 leader_election.cc:343] T 9a913a1e592d4734ae9db5ae490a7086 P 09cabd66a65b4907b0cf5f3896de6ede [CANDIDATE]: Term 1 pre-election: Tablet error from VoteRequest() call to peer 68a4996f461247939ee5a73b9ab74811 (127.10.193.193:41869): Illegal state: must be running to vote when last-logged opid is not known
I20260710 13:18:34.758203 12330 ts_tablet_manager.cc:1403] T d9fbb31346f14776bf12741f4b0f688d P d76318871c7340fca56796b045195cb0: Time spent bootstrapping tablet: real 0.084s	user 0.038s	sys 0.028s
I20260710 13:18:34.758916 12329 ts_tablet_manager.cc:1403] T d9fbb31346f14776bf12741f4b0f688d P 09cabd66a65b4907b0cf5f3896de6ede: Time spent bootstrapping tablet: real 0.013s	user 0.012s	sys 0.000s
I20260710 13:18:34.758961 12368 raft_consensus.cc:2804] T 9a913a1e592d4734ae9db5ae490a7086 P 09cabd66a65b4907b0cf5f3896de6ede [term 0 FOLLOWER]: Leader pre-election won for term 1
I20260710 13:18:34.759415 12368 raft_consensus.cc:493] T 9a913a1e592d4734ae9db5ae490a7086 P 09cabd66a65b4907b0cf5f3896de6ede [term 0 FOLLOWER]: Starting leader election (no leader contacted us within the election timeout)
I20260710 13:18:34.759734 12368 raft_consensus.cc:3060] T 9a913a1e592d4734ae9db5ae490a7086 P 09cabd66a65b4907b0cf5f3896de6ede [term 0 FOLLOWER]: Advancing to term 1
I20260710 13:18:34.760684 12330 raft_consensus.cc:359] T d9fbb31346f14776bf12741f4b0f688d P d76318871c7340fca56796b045195cb0 [term 0 FOLLOWER]: Replica starting. Triggering 0 pending ops. Active config: opid_index: -1 OBSOLETE_local: false peers { permanent_uuid: "68a4996f461247939ee5a73b9ab74811" member_type: VOTER last_known_addr { host: "127.10.193.193" port: 41869 } } peers { permanent_uuid: "d76318871c7340fca56796b045195cb0" member_type: VOTER last_known_addr { host: "127.10.193.194" port: 42913 } } peers { permanent_uuid: "09cabd66a65b4907b0cf5f3896de6ede" member_type: VOTER last_known_addr { host: "127.10.193.195" port: 33237 } }
I20260710 13:18:34.761305 12330 raft_consensus.cc:385] T d9fbb31346f14776bf12741f4b0f688d P d76318871c7340fca56796b045195cb0 [term 0 FOLLOWER]: Consensus starting up: Expiring failure detector timer to make a prompt election more likely
I20260710 13:18:34.761543 12330 raft_consensus.cc:740] T d9fbb31346f14776bf12741f4b0f688d P d76318871c7340fca56796b045195cb0 [term 0 FOLLOWER]: Becoming Follower/Learner. State: Replica: d76318871c7340fca56796b045195cb0, State: Initialized, Role: FOLLOWER
I20260710 13:18:34.761659 12329 raft_consensus.cc:359] T d9fbb31346f14776bf12741f4b0f688d P 09cabd66a65b4907b0cf5f3896de6ede [term 0 FOLLOWER]: Replica starting. Triggering 0 pending ops. Active config: opid_index: -1 OBSOLETE_local: false peers { permanent_uuid: "68a4996f461247939ee5a73b9ab74811" member_type: VOTER last_known_addr { host: "127.10.193.193" port: 41869 } } peers { permanent_uuid: "d76318871c7340fca56796b045195cb0" member_type: VOTER last_known_addr { host: "127.10.193.194" port: 42913 } } peers { permanent_uuid: "09cabd66a65b4907b0cf5f3896de6ede" member_type: VOTER last_known_addr { host: "127.10.193.195" port: 33237 } }
I20260710 13:18:34.762369 12329 raft_consensus.cc:385] T d9fbb31346f14776bf12741f4b0f688d P 09cabd66a65b4907b0cf5f3896de6ede [term 0 FOLLOWER]: Consensus starting up: Expiring failure detector timer to make a prompt election more likely
I20260710 13:18:34.762169 12330 consensus_queue.cc:260] T d9fbb31346f14776bf12741f4b0f688d P d76318871c7340fca56796b045195cb0 [NON_LEADER]: Queue going to NON_LEADER mode. State: All replicated index: 0, Majority replicated index: 0, Committed index: 0, Last appended: 0.0, Last appended by leader: 0, Current term: 0, Majority size: -1, State: 0, Mode: NON_LEADER, active raft config: opid_index: -1 OBSOLETE_local: false peers { permanent_uuid: "68a4996f461247939ee5a73b9ab74811" member_type: VOTER last_known_addr { host: "127.10.193.193" port: 41869 } } peers { permanent_uuid: "d76318871c7340fca56796b045195cb0" member_type: VOTER last_known_addr { host: "127.10.193.194" port: 42913 } } peers { permanent_uuid: "09cabd66a65b4907b0cf5f3896de6ede" member_type: VOTER last_known_addr { host: "127.10.193.195" port: 33237 } }
I20260710 13:18:34.762665 12329 raft_consensus.cc:740] T d9fbb31346f14776bf12741f4b0f688d P 09cabd66a65b4907b0cf5f3896de6ede [term 0 FOLLOWER]: Becoming Follower/Learner. State: Replica: 09cabd66a65b4907b0cf5f3896de6ede, State: Initialized, Role: FOLLOWER
I20260710 13:18:34.763430 12329 consensus_queue.cc:260] T d9fbb31346f14776bf12741f4b0f688d P 09cabd66a65b4907b0cf5f3896de6ede [NON_LEADER]: Queue going to NON_LEADER mode. State: All replicated index: 0, Majority replicated index: 0, Committed index: 0, Last appended: 0.0, Last appended by leader: 0, Current term: 0, Majority size: -1, State: 0, Mode: NON_LEADER, active raft config: opid_index: -1 OBSOLETE_local: false peers { permanent_uuid: "68a4996f461247939ee5a73b9ab74811" member_type: VOTER last_known_addr { host: "127.10.193.193" port: 41869 } } peers { permanent_uuid: "d76318871c7340fca56796b045195cb0" member_type: VOTER last_known_addr { host: "127.10.193.194" port: 42913 } } peers { permanent_uuid: "09cabd66a65b4907b0cf5f3896de6ede" member_type: VOTER last_known_addr { host: "127.10.193.195" port: 33237 } }
I20260710 13:18:34.764346 12330 ts_tablet_manager.cc:1434] T d9fbb31346f14776bf12741f4b0f688d P d76318871c7340fca56796b045195cb0: Time spent starting tablet: real 0.006s	user 0.005s	sys 0.000s
I20260710 13:18:34.765200 12330 tablet_bootstrap.cc:492] T 3ea423b7cfcf4f01a18da0b56b08555d P d76318871c7340fca56796b045195cb0: Bootstrap starting.
I20260710 13:18:34.765615 12329 ts_tablet_manager.cc:1434] T d9fbb31346f14776bf12741f4b0f688d P 09cabd66a65b4907b0cf5f3896de6ede: Time spent starting tablet: real 0.006s	user 0.004s	sys 0.001s
I20260710 13:18:34.766168 12368 raft_consensus.cc:515] T 9a913a1e592d4734ae9db5ae490a7086 P 09cabd66a65b4907b0cf5f3896de6ede [term 1 FOLLOWER]: Starting leader election with config: opid_index: -1 OBSOLETE_local: false peers { permanent_uuid: "68a4996f461247939ee5a73b9ab74811" member_type: VOTER last_known_addr { host: "127.10.193.193" port: 41869 } } peers { permanent_uuid: "d76318871c7340fca56796b045195cb0" member_type: VOTER last_known_addr { host: "127.10.193.194" port: 42913 } } peers { permanent_uuid: "09cabd66a65b4907b0cf5f3896de6ede" member_type: VOTER last_known_addr { host: "127.10.193.195" port: 33237 } }
I20260710 13:18:34.766559 12329 tablet_bootstrap.cc:492] T 002ff3927bc940758bb3641bfa0df0dd P 09cabd66a65b4907b0cf5f3896de6ede: Bootstrap starting.
I20260710 13:18:34.768441 12368 leader_election.cc:290] T 9a913a1e592d4734ae9db5ae490a7086 P 09cabd66a65b4907b0cf5f3896de6ede [CANDIDATE]: Term 1 election: Requested vote from peers 68a4996f461247939ee5a73b9ab74811 (127.10.193.193:41869), d76318871c7340fca56796b045195cb0 (127.10.193.194:42913)
I20260710 13:18:34.769655 12335 raft_consensus.cc:493] T 66daf22f266445afbe26f484ae8b8058 P 09cabd66a65b4907b0cf5f3896de6ede [term 0 FOLLOWER]: Starting pre-election (no leader contacted us within the election timeout)
I20260710 13:18:34.769556 12140 tablet_service.cc:1917] Received RequestConsensusVote() RPC: tablet_id: "9a913a1e592d4734ae9db5ae490a7086" candidate_uuid: "09cabd66a65b4907b0cf5f3896de6ede" candidate_term: 1 candidate_status { last_received { term: 0 index: 0 } } ignore_live_leader: false dest_uuid: "68a4996f461247939ee5a73b9ab74811"
I20260710 13:18:34.770277 12215 tablet_service.cc:1917] Received RequestConsensusVote() RPC: tablet_id: "9a913a1e592d4734ae9db5ae490a7086" candidate_uuid: "09cabd66a65b4907b0cf5f3896de6ede" candidate_term: 1 candidate_status { last_received { term: 0 index: 0 } } ignore_live_leader: false dest_uuid: "d76318871c7340fca56796b045195cb0"
I20260710 13:18:34.774302 12215 raft_consensus.cc:3060] T 9a913a1e592d4734ae9db5ae490a7086 P d76318871c7340fca56796b045195cb0 [term 0 FOLLOWER]: Advancing to term 1
I20260710 13:18:34.774016 12335 raft_consensus.cc:515] T 66daf22f266445afbe26f484ae8b8058 P 09cabd66a65b4907b0cf5f3896de6ede [term 0 FOLLOWER]: Starting pre-election with config: opid_index: -1 OBSOLETE_local: false peers { permanent_uuid: "68a4996f461247939ee5a73b9ab74811" member_type: VOTER last_known_addr { host: "127.10.193.193" port: 41869 } } peers { permanent_uuid: "d76318871c7340fca56796b045195cb0" member_type: VOTER last_known_addr { host: "127.10.193.194" port: 42913 } } peers { permanent_uuid: "09cabd66a65b4907b0cf5f3896de6ede" member_type: VOTER last_known_addr { host: "127.10.193.195" port: 33237 } }
I20260710 13:18:34.770609 12330 tablet_bootstrap.cc:654] T 3ea423b7cfcf4f01a18da0b56b08555d P d76318871c7340fca56796b045195cb0: Neither blocks nor log segments found. Creating new log.
I20260710 13:18:34.771730 12038 catalog_manager.cc:5697] T f80660833e3044e6b6e1f5d66c01ea93 P 68a4996f461247939ee5a73b9ab74811 reported cstate change: term changed from 0 to 1, leader changed from <none> to 68a4996f461247939ee5a73b9ab74811 (127.10.193.193). New cstate: current_term: 1 leader_uuid: "68a4996f461247939ee5a73b9ab74811" committed_config { opid_index: -1 OBSOLETE_local: false peers { permanent_uuid: "68a4996f461247939ee5a73b9ab74811" member_type: VOTER last_known_addr { host: "127.10.193.193" port: 41869 } health_report { overall_health: HEALTHY } } peers { permanent_uuid: "d76318871c7340fca56796b045195cb0" member_type: VOTER last_known_addr { host: "127.10.193.194" port: 42913 } health_report { overall_health: UNKNOWN } } peers { permanent_uuid: "09cabd66a65b4907b0cf5f3896de6ede" member_type: VOTER last_known_addr { host: "127.10.193.195" port: 33237 } health_report { overall_health: UNKNOWN } } }
I20260710 13:18:34.775956 12335 leader_election.cc:290] T 66daf22f266445afbe26f484ae8b8058 P 09cabd66a65b4907b0cf5f3896de6ede [CANDIDATE]: Term 1 pre-election: Requested pre-vote from peers 68a4996f461247939ee5a73b9ab74811 (127.10.193.193:41869), d76318871c7340fca56796b045195cb0 (127.10.193.194:42913)
I20260710 13:18:34.775456 12038 catalog_manager.cc:5697] T 5a92bc61a2734414bbca57f7979ab2be P 68a4996f461247939ee5a73b9ab74811 reported cstate change: term changed from 0 to 1, leader changed from <none> to 68a4996f461247939ee5a73b9ab74811 (127.10.193.193). New cstate: current_term: 1 leader_uuid: "68a4996f461247939ee5a73b9ab74811" committed_config { opid_index: -1 OBSOLETE_local: false peers { permanent_uuid: "68a4996f461247939ee5a73b9ab74811" member_type: VOTER last_known_addr { host: "127.10.193.193" port: 41869 } health_report { overall_health: HEALTHY } } peers { permanent_uuid: "d76318871c7340fca56796b045195cb0" member_type: VOTER last_known_addr { host: "127.10.193.194" port: 42913 } health_report { overall_health: UNKNOWN } } peers { permanent_uuid: "09cabd66a65b4907b0cf5f3896de6ede" member_type: VOTER last_known_addr { host: "127.10.193.195" port: 33237 } health_report { overall_health: UNKNOWN } } }
W20260710 13:18:34.777459 12254 leader_election.cc:343] T 9a913a1e592d4734ae9db5ae490a7086 P 09cabd66a65b4907b0cf5f3896de6ede [CANDIDATE]: Term 1 election: Tablet error from VoteRequest() call to peer 68a4996f461247939ee5a73b9ab74811 (127.10.193.193:41869): Illegal state: must be running to vote when last-logged opid is not known
I20260710 13:18:34.777011 12038 catalog_manager.cc:5697] T 32a164bf822c47319a21d3f7ee4ce685 P 68a4996f461247939ee5a73b9ab74811 reported cstate change: term changed from 0 to 1, leader changed from <none> to 68a4996f461247939ee5a73b9ab74811 (127.10.193.193). New cstate: current_term: 1 leader_uuid: "68a4996f461247939ee5a73b9ab74811" committed_config { opid_index: -1 OBSOLETE_local: false peers { permanent_uuid: "68a4996f461247939ee5a73b9ab74811" member_type: VOTER last_known_addr { host: "127.10.193.193" port: 41869 } health_report { overall_health: HEALTHY } } peers { permanent_uuid: "d76318871c7340fca56796b045195cb0" member_type: VOTER last_known_addr { host: "127.10.193.194" port: 42913 } health_report { overall_health: UNKNOWN } } peers { permanent_uuid: "09cabd66a65b4907b0cf5f3896de6ede" member_type: VOTER last_known_addr { host: "127.10.193.195" port: 33237 } health_report { overall_health: UNKNOWN } } }
I20260710 13:18:34.778681 12214 tablet_service.cc:1917] Received RequestConsensusVote() RPC: tablet_id: "66daf22f266445afbe26f484ae8b8058" candidate_uuid: "09cabd66a65b4907b0cf5f3896de6ede" candidate_term: 1 candidate_status { last_received { term: 0 index: 0 } } ignore_live_leader: false dest_uuid: "d76318871c7340fca56796b045195cb0" is_pre_election: true
I20260710 13:18:34.779431 12214 raft_consensus.cc:2393] T 66daf22f266445afbe26f484ae8b8058 P d76318871c7340fca56796b045195cb0 [term 1 FOLLOWER]: Leader pre-election vote request: Denying vote to candidate 09cabd66a65b4907b0cf5f3896de6ede in current term 1: Already voted for candidate 68a4996f461247939ee5a73b9ab74811 in this term.
I20260710 13:18:34.778779 12038 catalog_manager.cc:5697] T 66daf22f266445afbe26f484ae8b8058 P 68a4996f461247939ee5a73b9ab74811 reported cstate change: term changed from 0 to 1, leader changed from <none> to 68a4996f461247939ee5a73b9ab74811 (127.10.193.193). New cstate: current_term: 1 leader_uuid: "68a4996f461247939ee5a73b9ab74811" committed_config { opid_index: -1 OBSOLETE_local: false peers { permanent_uuid: "68a4996f461247939ee5a73b9ab74811" member_type: VOTER last_known_addr { host: "127.10.193.193" port: 41869 } health_report { overall_health: HEALTHY } } peers { permanent_uuid: "d76318871c7340fca56796b045195cb0" member_type: VOTER last_known_addr { host: "127.10.193.194" port: 42913 } health_report { overall_health: UNKNOWN } } peers { permanent_uuid: "09cabd66a65b4907b0cf5f3896de6ede" member_type: VOTER last_known_addr { host: "127.10.193.195" port: 33237 } health_report { overall_health: UNKNOWN } } }
I20260710 13:18:34.780638 12215 raft_consensus.cc:2468] T 9a913a1e592d4734ae9db5ae490a7086 P d76318871c7340fca56796b045195cb0 [term 1 FOLLOWER]: Leader election vote request: Granting yes vote for candidate 09cabd66a65b4907b0cf5f3896de6ede in term 1.
I20260710 13:18:34.780969 12140 tablet_service.cc:1917] Received RequestConsensusVote() RPC: tablet_id: "66daf22f266445afbe26f484ae8b8058" candidate_uuid: "09cabd66a65b4907b0cf5f3896de6ede" candidate_term: 1 candidate_status { last_received { term: 0 index: 0 } } ignore_live_leader: false dest_uuid: "68a4996f461247939ee5a73b9ab74811" is_pre_election: true
I20260710 13:18:34.773550 12331 ts_tablet_manager.cc:1403] T 9287127d3392421f8c9d75caee7b7209 P 68a4996f461247939ee5a73b9ab74811: Time spent bootstrapping tablet: real 0.056s	user 0.011s	sys 0.007s
I20260710 13:18:34.782366 12254 leader_election.cc:304] T 66daf22f266445afbe26f484ae8b8058 P 09cabd66a65b4907b0cf5f3896de6ede [CANDIDATE]: Term 1 pre-election: Election decided. Result: candidate lost. Election summary: received 3 responses out of 3 voters: 1 yes votes; 2 no votes. yes voters: 09cabd66a65b4907b0cf5f3896de6ede; no voters: 68a4996f461247939ee5a73b9ab74811, d76318871c7340fca56796b045195cb0
I20260710 13:18:34.783397 12254 leader_election.cc:304] T 9a913a1e592d4734ae9db5ae490a7086 P 09cabd66a65b4907b0cf5f3896de6ede [CANDIDATE]: Term 1 election: Election decided. Result: candidate won. Election summary: received 3 responses out of 3 voters: 2 yes votes; 1 no votes. yes voters: 09cabd66a65b4907b0cf5f3896de6ede, d76318871c7340fca56796b045195cb0; no voters: 68a4996f461247939ee5a73b9ab74811
I20260710 13:18:34.784298 12335 raft_consensus.cc:3060] T 66daf22f266445afbe26f484ae8b8058 P 09cabd66a65b4907b0cf5f3896de6ede [term 0 FOLLOWER]: Advancing to term 1
I20260710 13:18:34.784345 12331 raft_consensus.cc:359] T 9287127d3392421f8c9d75caee7b7209 P 68a4996f461247939ee5a73b9ab74811 [term 0 FOLLOWER]: Replica starting. Triggering 0 pending ops. Active config: opid_index: -1 OBSOLETE_local: false peers { permanent_uuid: "68a4996f461247939ee5a73b9ab74811" member_type: VOTER last_known_addr { host: "127.10.193.193" port: 41869 } } peers { permanent_uuid: "d76318871c7340fca56796b045195cb0" member_type: VOTER last_known_addr { host: "127.10.193.194" port: 42913 } } peers { permanent_uuid: "09cabd66a65b4907b0cf5f3896de6ede" member_type: VOTER last_known_addr { host: "127.10.193.195" port: 33237 } }
I20260710 13:18:34.785089 12331 raft_consensus.cc:385] T 9287127d3392421f8c9d75caee7b7209 P 68a4996f461247939ee5a73b9ab74811 [term 0 FOLLOWER]: Consensus starting up: Expiring failure detector timer to make a prompt election more likely
I20260710 13:18:34.785342 12331 raft_consensus.cc:740] T 9287127d3392421f8c9d75caee7b7209 P 68a4996f461247939ee5a73b9ab74811 [term 0 FOLLOWER]: Becoming Follower/Learner. State: Replica: 68a4996f461247939ee5a73b9ab74811, State: Initialized, Role: FOLLOWER
I20260710 13:18:34.785740 12334 raft_consensus.cc:493] T d9fbb31346f14776bf12741f4b0f688d P d76318871c7340fca56796b045195cb0 [term 0 FOLLOWER]: Starting pre-election (no leader contacted us within the election timeout)
I20260710 13:18:34.785960 12331 consensus_queue.cc:260] T 9287127d3392421f8c9d75caee7b7209 P 68a4996f461247939ee5a73b9ab74811 [NON_LEADER]: Queue going to NON_LEADER mode. State: All replicated index: 0, Majority replicated index: 0, Committed index: 0, Last appended: 0.0, Last appended by leader: 0, Current term: 0, Majority size: -1, State: 0, Mode: NON_LEADER, active raft config: opid_index: -1 OBSOLETE_local: false peers { permanent_uuid: "68a4996f461247939ee5a73b9ab74811" member_type: VOTER last_known_addr { host: "127.10.193.193" port: 41869 } } peers { permanent_uuid: "d76318871c7340fca56796b045195cb0" member_type: VOTER last_known_addr { host: "127.10.193.194" port: 42913 } } peers { permanent_uuid: "09cabd66a65b4907b0cf5f3896de6ede" member_type: VOTER last_known_addr { host: "127.10.193.195" port: 33237 } }
I20260710 13:18:34.786188 12334 raft_consensus.cc:515] T d9fbb31346f14776bf12741f4b0f688d P d76318871c7340fca56796b045195cb0 [term 0 FOLLOWER]: Starting pre-election with config: opid_index: -1 OBSOLETE_local: false peers { permanent_uuid: "68a4996f461247939ee5a73b9ab74811" member_type: VOTER last_known_addr { host: "127.10.193.193" port: 41869 } } peers { permanent_uuid: "d76318871c7340fca56796b045195cb0" member_type: VOTER last_known_addr { host: "127.10.193.194" port: 42913 } } peers { permanent_uuid: "09cabd66a65b4907b0cf5f3896de6ede" member_type: VOTER last_known_addr { host: "127.10.193.195" port: 33237 } }
I20260710 13:18:34.788167 12334 leader_election.cc:290] T d9fbb31346f14776bf12741f4b0f688d P d76318871c7340fca56796b045195cb0 [CANDIDATE]: Term 1 pre-election: Requested pre-vote from peers 68a4996f461247939ee5a73b9ab74811 (127.10.193.193:41869), 09cabd66a65b4907b0cf5f3896de6ede (127.10.193.195:33237)
I20260710 13:18:34.788889 12140 tablet_service.cc:1917] Received RequestConsensusVote() RPC: tablet_id: "d9fbb31346f14776bf12741f4b0f688d" candidate_uuid: "d76318871c7340fca56796b045195cb0" candidate_term: 1 candidate_status { last_received { term: 0 index: 0 } } ignore_live_leader: false dest_uuid: "68a4996f461247939ee5a73b9ab74811" is_pre_election: true
I20260710 13:18:34.789812 12331 ts_tablet_manager.cc:1434] T 9287127d3392421f8c9d75caee7b7209 P 68a4996f461247939ee5a73b9ab74811: Time spent starting tablet: real 0.008s	user 0.006s	sys 0.000s
W20260710 13:18:34.790200 12180 leader_election.cc:343] T d9fbb31346f14776bf12741f4b0f688d P d76318871c7340fca56796b045195cb0 [CANDIDATE]: Term 1 pre-election: Tablet error from VoteRequest() call to peer 68a4996f461247939ee5a73b9ab74811 (127.10.193.193:41869): Illegal state: must be running to vote when last-logged opid is not known
I20260710 13:18:34.790925 12368 raft_consensus.cc:2804] T 9a913a1e592d4734ae9db5ae490a7086 P 09cabd66a65b4907b0cf5f3896de6ede [term 1 FOLLOWER]: Leader election won for term 1
I20260710 13:18:34.791368 12368 raft_consensus.cc:697] T 9a913a1e592d4734ae9db5ae490a7086 P 09cabd66a65b4907b0cf5f3896de6ede [term 1 LEADER]: Becoming Leader. State: Replica: 09cabd66a65b4907b0cf5f3896de6ede, State: Running, Role: LEADER
I20260710 13:18:34.792119 12368 consensus_queue.cc:237] T 9a913a1e592d4734ae9db5ae490a7086 P 09cabd66a65b4907b0cf5f3896de6ede [LEADER]: Queue going to LEADER mode. State: All replicated index: 0, Majority replicated index: 0, Committed index: 0, Last appended: 0.0, Last appended by leader: 0, Current term: 1, Majority size: 2, State: 0, Mode: LEADER, active raft config: opid_index: -1 OBSOLETE_local: false peers { permanent_uuid: "68a4996f461247939ee5a73b9ab74811" member_type: VOTER last_known_addr { host: "127.10.193.193" port: 41869 } } peers { permanent_uuid: "d76318871c7340fca56796b045195cb0" member_type: VOTER last_known_addr { host: "127.10.193.194" port: 42913 } } peers { permanent_uuid: "09cabd66a65b4907b0cf5f3896de6ede" member_type: VOTER last_known_addr { host: "127.10.193.195" port: 33237 } }
I20260710 13:18:34.794584 12329 tablet_bootstrap.cc:654] T 002ff3927bc940758bb3641bfa0df0dd P 09cabd66a65b4907b0cf5f3896de6ede: Neither blocks nor log segments found. Creating new log.
I20260710 13:18:34.790488 12335 raft_consensus.cc:2749] T 66daf22f266445afbe26f484ae8b8058 P 09cabd66a65b4907b0cf5f3896de6ede [term 1 FOLLOWER]: Leader pre-election lost for term 1. Reason: could not achieve majority
I20260710 13:18:34.796645 12289 tablet_service.cc:1917] Received RequestConsensusVote() RPC: tablet_id: "d9fbb31346f14776bf12741f4b0f688d" candidate_uuid: "d76318871c7340fca56796b045195cb0" candidate_term: 1 candidate_status { last_received { term: 0 index: 0 } } ignore_live_leader: false dest_uuid: "09cabd66a65b4907b0cf5f3896de6ede" is_pre_election: true
I20260710 13:18:34.790648 12331 tablet_bootstrap.cc:492] T 9a913a1e592d4734ae9db5ae490a7086 P 68a4996f461247939ee5a73b9ab74811: Bootstrap starting.
I20260710 13:18:34.797226 12289 raft_consensus.cc:2468] T d9fbb31346f14776bf12741f4b0f688d P 09cabd66a65b4907b0cf5f3896de6ede [term 0 FOLLOWER]: Leader pre-election vote request: Granting yes vote for candidate d76318871c7340fca56796b045195cb0 in term 0.
I20260710 13:18:34.798467 12179 leader_election.cc:304] T d9fbb31346f14776bf12741f4b0f688d P d76318871c7340fca56796b045195cb0 [CANDIDATE]: Term 1 pre-election: Election decided. Result: candidate won. Election summary: received 3 responses out of 3 voters: 2 yes votes; 1 no votes. yes voters: 09cabd66a65b4907b0cf5f3896de6ede, d76318871c7340fca56796b045195cb0; no voters: 68a4996f461247939ee5a73b9ab74811
I20260710 13:18:34.799532 12334 raft_consensus.cc:2804] T d9fbb31346f14776bf12741f4b0f688d P d76318871c7340fca56796b045195cb0 [term 0 FOLLOWER]: Leader pre-election won for term 1
I20260710 13:18:34.799883 12334 raft_consensus.cc:493] T d9fbb31346f14776bf12741f4b0f688d P d76318871c7340fca56796b045195cb0 [term 0 FOLLOWER]: Starting leader election (no leader contacted us within the election timeout)
I20260710 13:18:34.800194 12334 raft_consensus.cc:3060] T d9fbb31346f14776bf12741f4b0f688d P d76318871c7340fca56796b045195cb0 [term 0 FOLLOWER]: Advancing to term 1
I20260710 13:18:34.803241 12331 tablet_bootstrap.cc:654] T 9a913a1e592d4734ae9db5ae490a7086 P 68a4996f461247939ee5a73b9ab74811: Neither blocks nor log segments found. Creating new log.
I20260710 13:18:34.807657 12334 raft_consensus.cc:515] T d9fbb31346f14776bf12741f4b0f688d P d76318871c7340fca56796b045195cb0 [term 1 FOLLOWER]: Starting leader election with config: opid_index: -1 OBSOLETE_local: false peers { permanent_uuid: "68a4996f461247939ee5a73b9ab74811" member_type: VOTER last_known_addr { host: "127.10.193.193" port: 41869 } } peers { permanent_uuid: "d76318871c7340fca56796b045195cb0" member_type: VOTER last_known_addr { host: "127.10.193.194" port: 42913 } } peers { permanent_uuid: "09cabd66a65b4907b0cf5f3896de6ede" member_type: VOTER last_known_addr { host: "127.10.193.195" port: 33237 } }
I20260710 13:18:34.812062 12289 tablet_service.cc:1917] Received RequestConsensusVote() RPC: tablet_id: "d9fbb31346f14776bf12741f4b0f688d" candidate_uuid: "d76318871c7340fca56796b045195cb0" candidate_term: 1 candidate_status { last_received { term: 0 index: 0 } } ignore_live_leader: false dest_uuid: "09cabd66a65b4907b0cf5f3896de6ede"
I20260710 13:18:34.812237 12140 tablet_service.cc:1917] Received RequestConsensusVote() RPC: tablet_id: "d9fbb31346f14776bf12741f4b0f688d" candidate_uuid: "d76318871c7340fca56796b045195cb0" candidate_term: 1 candidate_status { last_received { term: 0 index: 0 } } ignore_live_leader: false dest_uuid: "68a4996f461247939ee5a73b9ab74811"
I20260710 13:18:34.812651 12289 raft_consensus.cc:3060] T d9fbb31346f14776bf12741f4b0f688d P 09cabd66a65b4907b0cf5f3896de6ede [term 0 FOLLOWER]: Advancing to term 1
W20260710 13:18:34.813627 12180 leader_election.cc:343] T d9fbb31346f14776bf12741f4b0f688d P d76318871c7340fca56796b045195cb0 [CANDIDATE]: Term 1 election: Tablet error from VoteRequest() call to peer 68a4996f461247939ee5a73b9ab74811 (127.10.193.193:41869): Illegal state: must be running to vote when last-logged opid is not known
I20260710 13:18:34.815459 12329 tablet_bootstrap.cc:492] T 002ff3927bc940758bb3641bfa0df0dd P 09cabd66a65b4907b0cf5f3896de6ede: No bootstrap required, opened a new log
I20260710 13:18:34.815915 12329 ts_tablet_manager.cc:1403] T 002ff3927bc940758bb3641bfa0df0dd P 09cabd66a65b4907b0cf5f3896de6ede: Time spent bootstrapping tablet: real 0.050s	user 0.010s	sys 0.002s
I20260710 13:18:34.819211 12035 catalog_manager.cc:5697] T fd5a8de2dec644fcac57247a3faaef75 P 68a4996f461247939ee5a73b9ab74811 reported cstate change: term changed from 0 to 1, leader changed from <none> to 68a4996f461247939ee5a73b9ab74811 (127.10.193.193). New cstate: current_term: 1 leader_uuid: "68a4996f461247939ee5a73b9ab74811" committed_config { opid_index: -1 OBSOLETE_local: false peers { permanent_uuid: "68a4996f461247939ee5a73b9ab74811" member_type: VOTER last_known_addr { host: "127.10.193.193" port: 41869 } health_report { overall_health: HEALTHY } } peers { permanent_uuid: "d76318871c7340fca56796b045195cb0" member_type: VOTER last_known_addr { host: "127.10.193.194" port: 42913 } health_report { overall_health: UNKNOWN } } peers { permanent_uuid: "09cabd66a65b4907b0cf5f3896de6ede" member_type: VOTER last_known_addr { host: "127.10.193.195" port: 33237 } health_report { overall_health: UNKNOWN } } }
I20260710 13:18:34.819905 12289 raft_consensus.cc:2468] T d9fbb31346f14776bf12741f4b0f688d P 09cabd66a65b4907b0cf5f3896de6ede [term 1 FOLLOWER]: Leader election vote request: Granting yes vote for candidate d76318871c7340fca56796b045195cb0 in term 1.
I20260710 13:18:34.820909 12329 raft_consensus.cc:359] T 002ff3927bc940758bb3641bfa0df0dd P 09cabd66a65b4907b0cf5f3896de6ede [term 0 FOLLOWER]: Replica starting. Triggering 0 pending ops. Active config: opid_index: -1 OBSOLETE_local: false peers { permanent_uuid: "68a4996f461247939ee5a73b9ab74811" member_type: VOTER last_known_addr { host: "127.10.193.193" port: 41869 } } peers { permanent_uuid: "d76318871c7340fca56796b045195cb0" member_type: VOTER last_known_addr { host: "127.10.193.194" port: 42913 } } peers { permanent_uuid: "09cabd66a65b4907b0cf5f3896de6ede" member_type: VOTER last_known_addr { host: "127.10.193.195" port: 33237 } }
I20260710 13:18:34.821542 12329 raft_consensus.cc:385] T 002ff3927bc940758bb3641bfa0df0dd P 09cabd66a65b4907b0cf5f3896de6ede [term 0 FOLLOWER]: Consensus starting up: Expiring failure detector timer to make a prompt election more likely
I20260710 13:18:34.821815 12329 raft_consensus.cc:740] T 002ff3927bc940758bb3641bfa0df0dd P 09cabd66a65b4907b0cf5f3896de6ede [term 0 FOLLOWER]: Becoming Follower/Learner. State: Replica: 09cabd66a65b4907b0cf5f3896de6ede, State: Initialized, Role: FOLLOWER
I20260710 13:18:34.820097 12330 tablet_bootstrap.cc:492] T 3ea423b7cfcf4f01a18da0b56b08555d P d76318871c7340fca56796b045195cb0: No bootstrap required, opened a new log
