I20260710 13:18:47.795900 13019 consensus_queue.cc:237] T 571a6d44b04d4f248c7df6f14fdf5ba2 P f9088ec19bba4fada237fe0656ad6176 [LEADER]: Queue going to LEADER mode. State: All replicated index: 0, Majority replicated index: 3, Committed index: 3, Last appended: 2.3, Last appended by leader: 1, Current term: 2, Majority size: 3, State: 0, Mode: LEADER, active raft config: opid_index: 4 OBSOLETE_local: false peers { permanent_uuid: "0157c491b4c04ca49fcc2e8018d9e69b" member_type: VOTER last_known_addr { host: "127.10.230.129" port: 35257 } attrs { replace: true } } peers { permanent_uuid: "0636f8cd18c8413ca554d49c14ac6070" member_type: VOTER last_known_addr { host: "127.10.230.130" port: 44729 } } peers { permanent_uuid: "f9088ec19bba4fada237fe0656ad6176" member_type: VOTER last_known_addr { host: "127.10.230.131" port: 32815 } } peers { permanent_uuid: "be877a2e98604259a748048fe2ed9b4c" member_type: VOTER last_known_addr { host: "127.10.230.132" port: 45867 } attrs { promote: false } }
I20260710 13:18:47.805016 12674 raft_consensus.cc:1275] T 571a6d44b04d4f248c7df6f14fdf5ba2 P be877a2e98604259a748048fe2ed9b4c [term 2 LEARNER]: Refusing update from remote peer f9088ec19bba4fada237fe0656ad6176: Log matching property violated. Preceding OpId in replica: term: 2 index: 3. Preceding OpId from leader: term: 2 index: 4. (index mismatch)
I20260710 13:18:47.805274 12335 raft_consensus.cc:1275] T 571a6d44b04d4f248c7df6f14fdf5ba2 P 0636f8cd18c8413ca554d49c14ac6070 [term 2 FOLLOWER]: Refusing update from remote peer f9088ec19bba4fada237fe0656ad6176: Log matching property violated. Preceding OpId in replica: term: 2 index: 3. Preceding OpId from leader: term: 2 index: 4. (index mismatch)
I20260710 13:18:47.806577 12259 raft_consensus.cc:1275] T 571a6d44b04d4f248c7df6f14fdf5ba2 P 0157c491b4c04ca49fcc2e8018d9e69b [term 2 FOLLOWER]: Refusing update from remote peer f9088ec19bba4fada237fe0656ad6176: Log matching property violated. Preceding OpId in replica: term: 2 index: 3. Preceding OpId from leader: term: 2 index: 4. (index mismatch)
I20260710 13:18:47.806597 13018 consensus_queue.cc:1048] T 571a6d44b04d4f248c7df6f14fdf5ba2 P f9088ec19bba4fada237fe0656ad6176 [LEADER]: Connected to new peer: Peer: permanent_uuid: "0636f8cd18c8413ca554d49c14ac6070" member_type: VOTER last_known_addr { host: "127.10.230.130" port: 44729 }, Status: LMP_MISMATCH, Last received: 0.0, Next index: 4, Last known committed idx: 3, Time since last communication: 0.001s
I20260710 13:18:47.808147 12896 consensus_queue.cc:1048] T 571a6d44b04d4f248c7df6f14fdf5ba2 P f9088ec19bba4fada237fe0656ad6176 [LEADER]: Connected to new peer: Peer: permanent_uuid: "0157c491b4c04ca49fcc2e8018d9e69b" member_type: VOTER last_known_addr { host: "127.10.230.129" port: 35257 } attrs { replace: true }, Status: LMP_MISMATCH, Last received: 0.0, Next index: 4, Last known committed idx: 3, Time since last communication: 0.001s
I20260710 13:18:47.813180 13019 consensus_queue.cc:1048] T 571a6d44b04d4f248c7df6f14fdf5ba2 P f9088ec19bba4fada237fe0656ad6176 [LEADER]: Connected to new peer: Peer: permanent_uuid: "be877a2e98604259a748048fe2ed9b4c" member_type: VOTER last_known_addr { host: "127.10.230.132" port: 45867 } attrs { promote: false }, Status: LMP_MISMATCH, Last received: 0.0, Next index: 4, Last known committed idx: 3, Time since last communication: 0.000s
I20260710 13:18:47.819837 13018 raft_consensus.cc:2955] T 571a6d44b04d4f248c7df6f14fdf5ba2 P f9088ec19bba4fada237fe0656ad6176 [term 2 LEADER]: Committing config change with OpId 2.4: config changed from index 3 to 4, be877a2e98604259a748048fe2ed9b4c (127.10.230.132) changed from NON_VOTER to VOTER. New config: { opid_index: 4 OBSOLETE_local: false peers { permanent_uuid: "0157c491b4c04ca49fcc2e8018d9e69b" member_type: VOTER last_known_addr { host: "127.10.230.129" port: 35257 } attrs { replace: true } } peers { permanent_uuid: "0636f8cd18c8413ca554d49c14ac6070" member_type: VOTER last_known_addr { host: "127.10.230.130" port: 44729 } } peers { permanent_uuid: "f9088ec19bba4fada237fe0656ad6176" member_type: VOTER last_known_addr { host: "127.10.230.131" port: 32815 } } peers { permanent_uuid: "be877a2e98604259a748048fe2ed9b4c" member_type: VOTER last_known_addr { host: "127.10.230.132" port: 45867 } attrs { promote: false } } }
I20260710 13:18:47.824923 12674 raft_consensus.cc:2955] T 571a6d44b04d4f248c7df6f14fdf5ba2 P be877a2e98604259a748048fe2ed9b4c [term 2 FOLLOWER]: Committing config change with OpId 2.4: config changed from index 3 to 4, be877a2e98604259a748048fe2ed9b4c (127.10.230.132) changed from NON_VOTER to VOTER. New config: { opid_index: 4 OBSOLETE_local: false peers { permanent_uuid: "0157c491b4c04ca49fcc2e8018d9e69b" member_type: VOTER last_known_addr { host: "127.10.230.129" port: 35257 } attrs { replace: true } } peers { permanent_uuid: "0636f8cd18c8413ca554d49c14ac6070" member_type: VOTER last_known_addr { host: "127.10.230.130" port: 44729 } } peers { permanent_uuid: "f9088ec19bba4fada237fe0656ad6176" member_type: VOTER last_known_addr { host: "127.10.230.131" port: 32815 } } peers { permanent_uuid: "be877a2e98604259a748048fe2ed9b4c" member_type: VOTER last_known_addr { host: "127.10.230.132" port: 45867 } attrs { promote: false } } }
I20260710 13:18:47.831319 12259 raft_consensus.cc:2955] T 571a6d44b04d4f248c7df6f14fdf5ba2 P 0157c491b4c04ca49fcc2e8018d9e69b [term 2 FOLLOWER]: Committing config change with OpId 2.4: config changed from index 3 to 4, be877a2e98604259a748048fe2ed9b4c (127.10.230.132) changed from NON_VOTER to VOTER. New config: { opid_index: 4 OBSOLETE_local: false peers { permanent_uuid: "0157c491b4c04ca49fcc2e8018d9e69b" member_type: VOTER last_known_addr { host: "127.10.230.129" port: 35257 } attrs { replace: true } } peers { permanent_uuid: "0636f8cd18c8413ca554d49c14ac6070" member_type: VOTER last_known_addr { host: "127.10.230.130" port: 44729 } } peers { permanent_uuid: "f9088ec19bba4fada237fe0656ad6176" member_type: VOTER last_known_addr { host: "127.10.230.131" port: 32815 } } peers { permanent_uuid: "be877a2e98604259a748048fe2ed9b4c" member_type: VOTER last_known_addr { host: "127.10.230.132" port: 45867 } attrs { promote: false } } }
I20260710 13:18:47.837363 13000 raft_consensus.cc:1064] T 974d60c7c2974f85aff01393426e21b4 P 0636f8cd18c8413ca554d49c14ac6070: attempting to promote NON_VOTER be877a2e98604259a748048fe2ed9b4c to VOTER
I20260710 13:18:47.836747 12335 raft_consensus.cc:2955] T 571a6d44b04d4f248c7df6f14fdf5ba2 P 0636f8cd18c8413ca554d49c14ac6070 [term 2 FOLLOWER]: Committing config change with OpId 2.4: config changed from index 3 to 4, be877a2e98604259a748048fe2ed9b4c (127.10.230.132) changed from NON_VOTER to VOTER. New config: { opid_index: 4 OBSOLETE_local: false peers { permanent_uuid: "0157c491b4c04ca49fcc2e8018d9e69b" member_type: VOTER last_known_addr { host: "127.10.230.129" port: 35257 } attrs { replace: true } } peers { permanent_uuid: "0636f8cd18c8413ca554d49c14ac6070" member_type: VOTER last_known_addr { host: "127.10.230.130" port: 44729 } } peers { permanent_uuid: "f9088ec19bba4fada237fe0656ad6176" member_type: VOTER last_known_addr { host: "127.10.230.131" port: 32815 } } peers { permanent_uuid: "be877a2e98604259a748048fe2ed9b4c" member_type: VOTER last_known_addr { host: "127.10.230.132" port: 45867 } attrs { promote: false } } }
I20260710 13:18:47.840255 13000 consensus_queue.cc:237] T 974d60c7c2974f85aff01393426e21b4 P 0636f8cd18c8413ca554d49c14ac6070 [LEADER]: Queue going to LEADER mode. State: All replicated index: 0, Majority replicated index: 2, Committed index: 2, Last appended: 1.2, Last appended by leader: 0, Current term: 1, Majority size: 3, State: 0, Mode: LEADER, active raft config: opid_index: 3 OBSOLETE_local: false peers { permanent_uuid: "0157c491b4c04ca49fcc2e8018d9e69b" member_type: VOTER last_known_addr { host: "127.10.230.129" port: 35257 } } peers { permanent_uuid: "0636f8cd18c8413ca554d49c14ac6070" member_type: VOTER last_known_addr { host: "127.10.230.130" port: 44729 } } peers { permanent_uuid: "f9088ec19bba4fada237fe0656ad6176" member_type: VOTER last_known_addr { host: "127.10.230.131" port: 32815 } attrs { replace: true } } peers { permanent_uuid: "be877a2e98604259a748048fe2ed9b4c" member_type: VOTER last_known_addr { host: "127.10.230.132" port: 45867 } attrs { promote: false } }
I20260710 13:18:47.842200 12157 catalog_manager.cc:5697] T 571a6d44b04d4f248c7df6f14fdf5ba2 P be877a2e98604259a748048fe2ed9b4c reported cstate change: config changed from index 3 to 4, be877a2e98604259a748048fe2ed9b4c (127.10.230.132) changed from NON_VOTER to VOTER. New cstate: current_term: 2 leader_uuid: "f9088ec19bba4fada237fe0656ad6176" committed_config { opid_index: 4 OBSOLETE_local: false peers { permanent_uuid: "0157c491b4c04ca49fcc2e8018d9e69b" member_type: VOTER last_known_addr { host: "127.10.230.129" port: 35257 } attrs { replace: true } } peers { permanent_uuid: "0636f8cd18c8413ca554d49c14ac6070" member_type: VOTER last_known_addr { host: "127.10.230.130" port: 44729 } } peers { permanent_uuid: "f9088ec19bba4fada237fe0656ad6176" member_type: VOTER last_known_addr { host: "127.10.230.131" port: 32815 } } peers { permanent_uuid: "be877a2e98604259a748048fe2ed9b4c" member_type: VOTER last_known_addr { host: "127.10.230.132" port: 45867 } attrs { promote: false } } }
I20260710 13:18:47.867161 12676 raft_consensus.cc:1275] T 974d60c7c2974f85aff01393426e21b4 P be877a2e98604259a748048fe2ed9b4c [term 1 LEARNER]: Refusing update from remote peer 0636f8cd18c8413ca554d49c14ac6070: Log matching property violated. Preceding OpId in replica: term: 1 index: 2. Preceding OpId from leader: term: 1 index: 3. (index mismatch)
I20260710 13:18:47.868541 12409 raft_consensus.cc:1275] T 974d60c7c2974f85aff01393426e21b4 P f9088ec19bba4fada237fe0656ad6176 [term 1 FOLLOWER]: Refusing update from remote peer 0636f8cd18c8413ca554d49c14ac6070: Log matching property violated. Preceding OpId in replica: term: 1 index: 2. Preceding OpId from leader: term: 1 index: 3. (index mismatch)
I20260710 13:18:47.868682 13027 consensus_queue.cc:1048] T 974d60c7c2974f85aff01393426e21b4 P 0636f8cd18c8413ca554d49c14ac6070 [LEADER]: Connected to new peer: Peer: permanent_uuid: "be877a2e98604259a748048fe2ed9b4c" member_type: VOTER last_known_addr { host: "127.10.230.132" port: 45867 } attrs { promote: false }, Status: LMP_MISMATCH, Last received: 0.0, Next index: 3, Last known committed idx: 2, Time since last communication: 0.001s
I20260710 13:18:47.870319 12259 raft_consensus.cc:1275] T 974d60c7c2974f85aff01393426e21b4 P 0157c491b4c04ca49fcc2e8018d9e69b [term 1 FOLLOWER]: Refusing update from remote peer 0636f8cd18c8413ca554d49c14ac6070: Log matching property violated. Preceding OpId in replica: term: 1 index: 2. Preceding OpId from leader: term: 1 index: 3. (index mismatch)
I20260710 13:18:47.872422 13001 consensus_queue.cc:1048] T 974d60c7c2974f85aff01393426e21b4 P 0636f8cd18c8413ca554d49c14ac6070 [LEADER]: Connected to new peer: Peer: permanent_uuid: "f9088ec19bba4fada237fe0656ad6176" member_type: VOTER last_known_addr { host: "127.10.230.131" port: 32815 } attrs { replace: true }, Status: LMP_MISMATCH, Last received: 0.0, Next index: 3, Last known committed idx: 2, Time since last communication: 0.000s
I20260710 13:18:47.875631 13001 consensus_queue.cc:1048] T 974d60c7c2974f85aff01393426e21b4 P 0636f8cd18c8413ca554d49c14ac6070 [LEADER]: Connected to new peer: Peer: permanent_uuid: "0157c491b4c04ca49fcc2e8018d9e69b" member_type: VOTER last_known_addr { host: "127.10.230.129" port: 35257 }, Status: LMP_MISMATCH, Last received: 0.0, Next index: 3, Last known committed idx: 2, Time since last communication: 0.000s
I20260710 13:18:47.897663 12409 consensus_queue.cc:237] T 571a6d44b04d4f248c7df6f14fdf5ba2 P f9088ec19bba4fada237fe0656ad6176 [LEADER]: Queue going to LEADER mode. State: All replicated index: 0, Majority replicated index: 4, Committed index: 4, Last appended: 2.4, Last appended by leader: 1, Current term: 2, Majority size: 2, State: 0, Mode: LEADER, active raft config: opid_index: 5 OBSOLETE_local: false peers { permanent_uuid: "0636f8cd18c8413ca554d49c14ac6070" member_type: VOTER last_known_addr { host: "127.10.230.130" port: 44729 } } peers { permanent_uuid: "f9088ec19bba4fada237fe0656ad6176" member_type: VOTER last_known_addr { host: "127.10.230.131" port: 32815 } } peers { permanent_uuid: "be877a2e98604259a748048fe2ed9b4c" member_type: VOTER last_known_addr { host: "127.10.230.132" port: 45867 } attrs { promote: false } }
I20260710 13:18:47.904358 12674 raft_consensus.cc:1275] T 571a6d44b04d4f248c7df6f14fdf5ba2 P be877a2e98604259a748048fe2ed9b4c [term 2 FOLLOWER]: Refusing update from remote peer f9088ec19bba4fada237fe0656ad6176: Log matching property violated. Preceding OpId in replica: term: 2 index: 4. Preceding OpId from leader: term: 2 index: 5. (index mismatch)
I20260710 13:18:47.905853 13018 consensus_queue.cc:1048] T 571a6d44b04d4f248c7df6f14fdf5ba2 P f9088ec19bba4fada237fe0656ad6176 [LEADER]: Connected to new peer: Peer: permanent_uuid: "be877a2e98604259a748048fe2ed9b4c" member_type: VOTER last_known_addr { host: "127.10.230.132" port: 45867 } attrs { promote: false }, Status: LMP_MISMATCH, Last received: 0.0, Next index: 5, Last known committed idx: 4, Time since last communication: 0.000s
I20260710 13:18:47.908702 12335 raft_consensus.cc:1275] T 571a6d44b04d4f248c7df6f14fdf5ba2 P 0636f8cd18c8413ca554d49c14ac6070 [term 2 FOLLOWER]: Refusing update from remote peer f9088ec19bba4fada237fe0656ad6176: Log matching property violated. Preceding OpId in replica: term: 2 index: 4. Preceding OpId from leader: term: 2 index: 5. (index mismatch)
I20260710 13:18:47.909945 13018 consensus_queue.cc:1048] T 571a6d44b04d4f248c7df6f14fdf5ba2 P f9088ec19bba4fada237fe0656ad6176 [LEADER]: Connected to new peer: Peer: permanent_uuid: "0636f8cd18c8413ca554d49c14ac6070" member_type: VOTER last_known_addr { host: "127.10.230.130" port: 44729 }, Status: LMP_MISMATCH, Last received: 0.0, Next index: 5, Last known committed idx: 4, Time since last communication: 0.000s
I20260710 13:18:47.917760 12896 raft_consensus.cc:2955] T 571a6d44b04d4f248c7df6f14fdf5ba2 P f9088ec19bba4fada237fe0656ad6176 [term 2 LEADER]: Committing config change with OpId 2.5: config changed from index 4 to 5, VOTER 0157c491b4c04ca49fcc2e8018d9e69b (127.10.230.129) evicted. New config: { opid_index: 5 OBSOLETE_local: false peers { permanent_uuid: "0636f8cd18c8413ca554d49c14ac6070" member_type: VOTER last_known_addr { host: "127.10.230.130" port: 44729 } } peers { permanent_uuid: "f9088ec19bba4fada237fe0656ad6176" member_type: VOTER last_known_addr { host: "127.10.230.131" port: 32815 } } peers { permanent_uuid: "be877a2e98604259a748048fe2ed9b4c" member_type: VOTER last_known_addr { host: "127.10.230.132" port: 45867 } attrs { promote: false } } }
I20260710 13:18:47.922116 12335 raft_consensus.cc:2955] T 571a6d44b04d4f248c7df6f14fdf5ba2 P 0636f8cd18c8413ca554d49c14ac6070 [term 2 FOLLOWER]: Committing config change with OpId 2.5: config changed from index 4 to 5, VOTER 0157c491b4c04ca49fcc2e8018d9e69b (127.10.230.129) evicted. New config: { opid_index: 5 OBSOLETE_local: false peers { permanent_uuid: "0636f8cd18c8413ca554d49c14ac6070" member_type: VOTER last_known_addr { host: "127.10.230.130" port: 44729 } } peers { permanent_uuid: "f9088ec19bba4fada237fe0656ad6176" member_type: VOTER last_known_addr { host: "127.10.230.131" port: 32815 } } peers { permanent_uuid: "be877a2e98604259a748048fe2ed9b4c" member_type: VOTER last_known_addr { host: "127.10.230.132" port: 45867 } attrs { promote: false } } }
I20260710 13:18:47.924396 12676 raft_consensus.cc:2955] T 571a6d44b04d4f248c7df6f14fdf5ba2 P be877a2e98604259a748048fe2ed9b4c [term 2 FOLLOWER]: Committing config change with OpId 2.5: config changed from index 4 to 5, VOTER 0157c491b4c04ca49fcc2e8018d9e69b (127.10.230.129) evicted. New config: { opid_index: 5 OBSOLETE_local: false peers { permanent_uuid: "0636f8cd18c8413ca554d49c14ac6070" member_type: VOTER last_known_addr { host: "127.10.230.130" port: 44729 } } peers { permanent_uuid: "f9088ec19bba4fada237fe0656ad6176" member_type: VOTER last_known_addr { host: "127.10.230.131" port: 32815 } } peers { permanent_uuid: "be877a2e98604259a748048fe2ed9b4c" member_type: VOTER last_known_addr { host: "127.10.230.132" port: 45867 } attrs { promote: false } } }
I20260710 13:18:47.930805 12145 catalog_manager.cc:5210] ChangeConfig:REMOVE_PEER RPC for tablet 571a6d44b04d4f248c7df6f14fdf5ba2 with cas_config_opid_index 4: ChangeConfig:REMOVE_PEER succeeded (attempt 1)
I20260710 13:18:47.934303 13029 raft_consensus.cc:2955] T 974d60c7c2974f85aff01393426e21b4 P 0636f8cd18c8413ca554d49c14ac6070 [term 1 LEADER]: Committing config change with OpId 1.3: config changed from index 2 to 3, be877a2e98604259a748048fe2ed9b4c (127.10.230.132) changed from NON_VOTER to VOTER. New config: { opid_index: 3 OBSOLETE_local: false peers { permanent_uuid: "0157c491b4c04ca49fcc2e8018d9e69b" member_type: VOTER last_known_addr { host: "127.10.230.129" port: 35257 } } peers { permanent_uuid: "0636f8cd18c8413ca554d49c14ac6070" member_type: VOTER last_known_addr { host: "127.10.230.130" port: 44729 } } peers { permanent_uuid: "f9088ec19bba4fada237fe0656ad6176" member_type: VOTER last_known_addr { host: "127.10.230.131" port: 32815 } attrs { replace: true } } peers { permanent_uuid: "be877a2e98604259a748048fe2ed9b4c" member_type: VOTER last_known_addr { host: "127.10.230.132" port: 45867 } attrs { promote: false } } }
I20260710 13:18:47.936158 12156 catalog_manager.cc:5697] T 571a6d44b04d4f248c7df6f14fdf5ba2 P f9088ec19bba4fada237fe0656ad6176 reported cstate change: config changed from index 4 to 5, VOTER 0157c491b4c04ca49fcc2e8018d9e69b (127.10.230.129) evicted. New cstate: current_term: 2 leader_uuid: "f9088ec19bba4fada237fe0656ad6176" committed_config { opid_index: 5 OBSOLETE_local: false peers { permanent_uuid: "0636f8cd18c8413ca554d49c14ac6070" member_type: VOTER last_known_addr { host: "127.10.230.130" port: 44729 } health_report { overall_health: HEALTHY } } peers { permanent_uuid: "f9088ec19bba4fada237fe0656ad6176" member_type: VOTER last_known_addr { host: "127.10.230.131" port: 32815 } health_report { overall_health: HEALTHY } } peers { permanent_uuid: "be877a2e98604259a748048fe2ed9b4c" member_type: VOTER last_known_addr { host: "127.10.230.132" port: 45867 } attrs { promote: false } health_report { overall_health: HEALTHY } } }
I20260710 13:18:47.941545 12674 raft_consensus.cc:2955] T 974d60c7c2974f85aff01393426e21b4 P be877a2e98604259a748048fe2ed9b4c [term 1 FOLLOWER]: Committing config change with OpId 1.3: config changed from index 2 to 3, be877a2e98604259a748048fe2ed9b4c (127.10.230.132) changed from NON_VOTER to VOTER. New config: { opid_index: 3 OBSOLETE_local: false peers { permanent_uuid: "0157c491b4c04ca49fcc2e8018d9e69b" member_type: VOTER last_known_addr { host: "127.10.230.129" port: 35257 } } peers { permanent_uuid: "0636f8cd18c8413ca554d49c14ac6070" member_type: VOTER last_known_addr { host: "127.10.230.130" port: 44729 } } peers { permanent_uuid: "f9088ec19bba4fada237fe0656ad6176" member_type: VOTER last_known_addr { host: "127.10.230.131" port: 32815 } attrs { replace: true } } peers { permanent_uuid: "be877a2e98604259a748048fe2ed9b4c" member_type: VOTER last_known_addr { host: "127.10.230.132" port: 45867 } attrs { promote: false } } }
I20260710 13:18:47.948987 12409 raft_consensus.cc:2955] T 974d60c7c2974f85aff01393426e21b4 P f9088ec19bba4fada237fe0656ad6176 [term 1 FOLLOWER]: Committing config change with OpId 1.3: config changed from index 2 to 3, be877a2e98604259a748048fe2ed9b4c (127.10.230.132) changed from NON_VOTER to VOTER. New config: { opid_index: 3 OBSOLETE_local: false peers { permanent_uuid: "0157c491b4c04ca49fcc2e8018d9e69b" member_type: VOTER last_known_addr { host: "127.10.230.129" port: 35257 } } peers { permanent_uuid: "0636f8cd18c8413ca554d49c14ac6070" member_type: VOTER last_known_addr { host: "127.10.230.130" port: 44729 } } peers { permanent_uuid: "f9088ec19bba4fada237fe0656ad6176" member_type: VOTER last_known_addr { host: "127.10.230.131" port: 32815 } attrs { replace: true } } peers { permanent_uuid: "be877a2e98604259a748048fe2ed9b4c" member_type: VOTER last_known_addr { host: "127.10.230.132" port: 45867 } attrs { promote: false } } }
I20260710 13:18:47.950958 12259 raft_consensus.cc:2955] T 974d60c7c2974f85aff01393426e21b4 P 0157c491b4c04ca49fcc2e8018d9e69b [term 1 FOLLOWER]: Committing config change with OpId 1.3: config changed from index 2 to 3, be877a2e98604259a748048fe2ed9b4c (127.10.230.132) changed from NON_VOTER to VOTER. New config: { opid_index: 3 OBSOLETE_local: false peers { permanent_uuid: "0157c491b4c04ca49fcc2e8018d9e69b" member_type: VOTER last_known_addr { host: "127.10.230.129" port: 35257 } } peers { permanent_uuid: "0636f8cd18c8413ca554d49c14ac6070" member_type: VOTER last_known_addr { host: "127.10.230.130" port: 44729 } } peers { permanent_uuid: "f9088ec19bba4fada237fe0656ad6176" member_type: VOTER last_known_addr { host: "127.10.230.131" port: 32815 } attrs { replace: true } } peers { permanent_uuid: "be877a2e98604259a748048fe2ed9b4c" member_type: VOTER last_known_addr { host: "127.10.230.132" port: 45867 } attrs { promote: false } } }
I20260710 13:18:47.955780 12250 tablet_service.cc:1558] Processing DeleteTablet for tablet 571a6d44b04d4f248c7df6f14fdf5ba2 with delete_type TABLET_DATA_TOMBSTONED (TS 0157c491b4c04ca49fcc2e8018d9e69b not found in new config with opid_index 5) from {username='slave'} at 127.0.0.1:50750
I20260710 13:18:47.967916 12156 catalog_manager.cc:5697] T 974d60c7c2974f85aff01393426e21b4 P 0636f8cd18c8413ca554d49c14ac6070 reported cstate change: config changed from index 2 to 3, be877a2e98604259a748048fe2ed9b4c (127.10.230.132) changed from NON_VOTER to VOTER. New cstate: current_term: 1 leader_uuid: "0636f8cd18c8413ca554d49c14ac6070" committed_config { opid_index: 3 OBSOLETE_local: false peers { permanent_uuid: "0157c491b4c04ca49fcc2e8018d9e69b" member_type: VOTER last_known_addr { host: "127.10.230.129" port: 35257 } health_report { overall_health: HEALTHY } } peers { permanent_uuid: "0636f8cd18c8413ca554d49c14ac6070" member_type: VOTER last_known_addr { host: "127.10.230.130" port: 44729 } health_report { overall_health: HEALTHY } } peers { permanent_uuid: "f9088ec19bba4fada237fe0656ad6176" member_type: VOTER last_known_addr { host: "127.10.230.131" port: 32815 } attrs { replace: true } health_report { overall_health: HEALTHY } } peers { permanent_uuid: "be877a2e98604259a748048fe2ed9b4c" member_type: VOTER last_known_addr { host: "127.10.230.132" port: 45867 } attrs { promote: false } health_report { overall_health: HEALTHY } } }
I20260710 13:18:47.973614 13036 tablet_replica.cc:333] T 571a6d44b04d4f248c7df6f14fdf5ba2 P 0157c491b4c04ca49fcc2e8018d9e69b: stopping tablet replica
I20260710 13:18:47.974625 13036 raft_consensus.cc:2243] T 571a6d44b04d4f248c7df6f14fdf5ba2 P 0157c491b4c04ca49fcc2e8018d9e69b [term 2 FOLLOWER]: Raft consensus shutting down.
I20260710 13:18:47.975229 13036 raft_consensus.cc:2272] T 571a6d44b04d4f248c7df6f14fdf5ba2 P 0157c491b4c04ca49fcc2e8018d9e69b [term 2 FOLLOWER]: Raft consensus is shut down!
I20260710 13:18:47.981256 13036 ts_tablet_manager.cc:1916] T 571a6d44b04d4f248c7df6f14fdf5ba2 P 0157c491b4c04ca49fcc2e8018d9e69b: Deleting tablet data with delete state TABLET_DATA_TOMBSTONED
I20260710 13:18:47.989718 12335 consensus_queue.cc:237] T 974d60c7c2974f85aff01393426e21b4 P 0636f8cd18c8413ca554d49c14ac6070 [LEADER]: Queue going to LEADER mode. State: All replicated index: 0, Majority replicated index: 3, Committed index: 3, Last appended: 1.3, Last appended by leader: 0, Current term: 1, Majority size: 2, State: 0, Mode: LEADER, active raft config: opid_index: 4 OBSOLETE_local: false peers { permanent_uuid: "0157c491b4c04ca49fcc2e8018d9e69b" member_type: VOTER last_known_addr { host: "127.10.230.129" port: 35257 } } peers { permanent_uuid: "0636f8cd18c8413ca554d49c14ac6070" member_type: VOTER last_known_addr { host: "127.10.230.130" port: 44729 } } peers { permanent_uuid: "be877a2e98604259a748048fe2ed9b4c" member_type: VOTER last_known_addr { host: "127.10.230.132" port: 45867 } attrs { promote: false } }
I20260710 13:18:47.994737 12674 raft_consensus.cc:1275] T 974d60c7c2974f85aff01393426e21b4 P be877a2e98604259a748048fe2ed9b4c [term 1 FOLLOWER]: Refusing update from remote peer 0636f8cd18c8413ca554d49c14ac6070: Log matching property violated. Preceding OpId in replica: term: 1 index: 3. Preceding OpId from leader: term: 1 index: 4. (index mismatch)
I20260710 13:18:47.995687 12259 raft_consensus.cc:1275] T 974d60c7c2974f85aff01393426e21b4 P 0157c491b4c04ca49fcc2e8018d9e69b [term 1 FOLLOWER]: Refusing update from remote peer 0636f8cd18c8413ca554d49c14ac6070: Log matching property violated. Preceding OpId in replica: term: 1 index: 3. Preceding OpId from leader: term: 1 index: 4. (index mismatch)
I20260710 13:18:47.996104 13029 consensus_queue.cc:1048] T 974d60c7c2974f85aff01393426e21b4 P 0636f8cd18c8413ca554d49c14ac6070 [LEADER]: Connected to new peer: Peer: permanent_uuid: "be877a2e98604259a748048fe2ed9b4c" member_type: VOTER last_known_addr { host: "127.10.230.132" port: 45867 } attrs { promote: false }, Status: LMP_MISMATCH, Last received: 0.0, Next index: 4, Last known committed idx: 3, Time since last communication: 0.000s
I20260710 13:18:47.997668 13001 consensus_queue.cc:1048] T 974d60c7c2974f85aff01393426e21b4 P 0636f8cd18c8413ca554d49c14ac6070 [LEADER]: Connected to new peer: Peer: permanent_uuid: "0157c491b4c04ca49fcc2e8018d9e69b" member_type: VOTER last_known_addr { host: "127.10.230.129" port: 35257 }, Status: LMP_MISMATCH, Last received: 0.0, Next index: 4, Last known committed idx: 3, Time since last communication: 0.000s
I20260710 13:18:48.004863 13036 ts_tablet_manager.cc:1929] T 571a6d44b04d4f248c7df6f14fdf5ba2 P 0157c491b4c04ca49fcc2e8018d9e69b: tablet deleted with delete type TABLET_DATA_TOMBSTONED: last-logged OpId 2.4
I20260710 13:18:48.005348 13036 log.cc:1199] T 571a6d44b04d4f248c7df6f14fdf5ba2 P 0157c491b4c04ca49fcc2e8018d9e69b: Deleting WAL directory at /tmp/dist-test-taskyjgvnZ/test-tmp/auto_leader_rebalancer-test.0.LeaderRebalancerTest.AddTserver.1783689485268752-11162-0/minicluster-data/ts-0-root/wals/571a6d44b04d4f248c7df6f14fdf5ba2
I20260710 13:18:48.005404 13001 raft_consensus.cc:2955] T 974d60c7c2974f85aff01393426e21b4 P 0636f8cd18c8413ca554d49c14ac6070 [term 1 LEADER]: Committing config change with OpId 1.4: config changed from index 3 to 4, VOTER f9088ec19bba4fada237fe0656ad6176 (127.10.230.131) evicted. New config: { opid_index: 4 OBSOLETE_local: false peers { permanent_uuid: "0157c491b4c04ca49fcc2e8018d9e69b" member_type: VOTER last_known_addr { host: "127.10.230.129" port: 35257 } } peers { permanent_uuid: "0636f8cd18c8413ca554d49c14ac6070" member_type: VOTER last_known_addr { host: "127.10.230.130" port: 44729 } } peers { permanent_uuid: "be877a2e98604259a748048fe2ed9b4c" member_type: VOTER last_known_addr { host: "127.10.230.132" port: 45867 } attrs { promote: false } } }
I20260710 13:18:48.007296 12144 catalog_manager.cc:5028] TS 0157c491b4c04ca49fcc2e8018d9e69b (127.10.230.129:35257): tablet 571a6d44b04d4f248c7df6f14fdf5ba2 (table test-workload [id=6a97527e5be248729367811620492263]) successfully deleted
I20260710 13:18:48.013407 12674 raft_consensus.cc:2955] T 974d60c7c2974f85aff01393426e21b4 P be877a2e98604259a748048fe2ed9b4c [term 1 FOLLOWER]: Committing config change with OpId 1.4: config changed from index 3 to 4, VOTER f9088ec19bba4fada237fe0656ad6176 (127.10.230.131) evicted. New config: { opid_index: 4 OBSOLETE_local: false peers { permanent_uuid: "0157c491b4c04ca49fcc2e8018d9e69b" member_type: VOTER last_known_addr { host: "127.10.230.129" port: 35257 } } peers { permanent_uuid: "0636f8cd18c8413ca554d49c14ac6070" member_type: VOTER last_known_addr { host: "127.10.230.130" port: 44729 } } peers { permanent_uuid: "be877a2e98604259a748048fe2ed9b4c" member_type: VOTER last_known_addr { host: "127.10.230.132" port: 45867 } attrs { promote: false } } }
I20260710 13:18:48.015865 12146 catalog_manager.cc:5210] ChangeConfig:REMOVE_PEER RPC for tablet 974d60c7c2974f85aff01393426e21b4 with cas_config_opid_index 3: ChangeConfig:REMOVE_PEER succeeded (attempt 1)
I20260710 13:18:48.013500 12259 raft_consensus.cc:2955] T 974d60c7c2974f85aff01393426e21b4 P 0157c491b4c04ca49fcc2e8018d9e69b [term 1 FOLLOWER]: Committing config change with OpId 1.4: config changed from index 3 to 4, VOTER f9088ec19bba4fada237fe0656ad6176 (127.10.230.131) evicted. New config: { opid_index: 4 OBSOLETE_local: false peers { permanent_uuid: "0157c491b4c04ca49fcc2e8018d9e69b" member_type: VOTER last_known_addr { host: "127.10.230.129" port: 35257 } } peers { permanent_uuid: "0636f8cd18c8413ca554d49c14ac6070" member_type: VOTER last_known_addr { host: "127.10.230.130" port: 44729 } } peers { permanent_uuid: "be877a2e98604259a748048fe2ed9b4c" member_type: VOTER last_known_addr { host: "127.10.230.132" port: 45867 } attrs { promote: false } } }
I20260710 13:18:48.021409 12155 catalog_manager.cc:5697] T 974d60c7c2974f85aff01393426e21b4 P 0636f8cd18c8413ca554d49c14ac6070 reported cstate change: config changed from index 3 to 4, VOTER f9088ec19bba4fada237fe0656ad6176 (127.10.230.131) evicted. New cstate: current_term: 1 leader_uuid: "0636f8cd18c8413ca554d49c14ac6070" committed_config { opid_index: 4 OBSOLETE_local: false peers { permanent_uuid: "0157c491b4c04ca49fcc2e8018d9e69b" member_type: VOTER last_known_addr { host: "127.10.230.129" port: 35257 } health_report { overall_health: HEALTHY } } peers { permanent_uuid: "0636f8cd18c8413ca554d49c14ac6070" member_type: VOTER last_known_addr { host: "127.10.230.130" port: 44729 } health_report { overall_health: HEALTHY } } peers { permanent_uuid: "be877a2e98604259a748048fe2ed9b4c" member_type: VOTER last_known_addr { host: "127.10.230.132" port: 45867 } attrs { promote: false } health_report { overall_health: HEALTHY } } }
I20260710 13:18:48.034065 12395 tablet_service.cc:1558] Processing DeleteTablet for tablet 974d60c7c2974f85aff01393426e21b4 with delete_type TABLET_DATA_TOMBSTONED (TS f9088ec19bba4fada237fe0656ad6176 not found in new config with opid_index 4) from {username='slave'} at 127.0.0.1:47482
I20260710 13:18:48.042863 13037 tablet_replica.cc:333] T 974d60c7c2974f85aff01393426e21b4 P f9088ec19bba4fada237fe0656ad6176: stopping tablet replica
I20260710 13:18:48.043826 13037 raft_consensus.cc:2243] T 974d60c7c2974f85aff01393426e21b4 P f9088ec19bba4fada237fe0656ad6176 [term 1 FOLLOWER]: Raft consensus shutting down.
I20260710 13:18:48.044524 13037 raft_consensus.cc:2272] T 974d60c7c2974f85aff01393426e21b4 P f9088ec19bba4fada237fe0656ad6176 [term 1 FOLLOWER]: Raft consensus is shut down!
I20260710 13:18:48.047366 13037 ts_tablet_manager.cc:1916] T 974d60c7c2974f85aff01393426e21b4 P f9088ec19bba4fada237fe0656ad6176: Deleting tablet data with delete state TABLET_DATA_TOMBSTONED
I20260710 13:18:48.060492 13037 ts_tablet_manager.cc:1929] T 974d60c7c2974f85aff01393426e21b4 P f9088ec19bba4fada237fe0656ad6176: tablet deleted with delete type TABLET_DATA_TOMBSTONED: last-logged OpId 1.3
I20260710 13:18:48.060883 13037 log.cc:1199] T 974d60c7c2974f85aff01393426e21b4 P f9088ec19bba4fada237fe0656ad6176: Deleting WAL directory at /tmp/dist-test-taskyjgvnZ/test-tmp/auto_leader_rebalancer-test.0.LeaderRebalancerTest.AddTserver.1783689485268752-11162-0/minicluster-data/ts-2-root/wals/974d60c7c2974f85aff01393426e21b4
I20260710 13:18:48.062354 12145 catalog_manager.cc:5028] TS f9088ec19bba4fada237fe0656ad6176 (127.10.230.131:32815): tablet 974d60c7c2974f85aff01393426e21b4 (table test-workload [id=6a97527e5be248729367811620492263]) successfully deleted
I20260710 13:18:53.471861 11162 auto_leader_rebalancer.cc:141] leader rebalance for table test-workload
I20260710 13:18:53.506361 12335 tablet_service.cc:2072] Received LeaderStepDown RPC: tablet_id: "30c40dca7ba94a3183d3cf86fb1ae04f"
dest_uuid: "0636f8cd18c8413ca554d49c14ac6070"
mode: GRACEFUL
new_leader_uuid: "be877a2e98604259a748048fe2ed9b4c"
 from {username='slave'} at 127.0.0.1:38906
I20260710 13:18:53.506968 12335 raft_consensus.cc:606] T 30c40dca7ba94a3183d3cf86fb1ae04f P 0636f8cd18c8413ca554d49c14ac6070 [term 1 LEADER]: Received request to transfer leadership to TS be877a2e98604259a748048fe2ed9b4c
I20260710 13:18:53.523392 12409 tablet_service.cc:2072] Received LeaderStepDown RPC: tablet_id: "3b663ad23ef84adaafdb95887877f00f"
dest_uuid: "f9088ec19bba4fada237fe0656ad6176"
mode: GRACEFUL
new_leader_uuid: "0157c491b4c04ca49fcc2e8018d9e69b"
 from {username='slave'} at 127.0.0.1:47906
I20260710 13:18:53.523972 12409 raft_consensus.cc:606] T 3b663ad23ef84adaafdb95887877f00f P f9088ec19bba4fada237fe0656ad6176 [term 1 LEADER]: Received request to transfer leadership to TS 0157c491b4c04ca49fcc2e8018d9e69b
I20260710 13:18:53.540442 12261 tablet_service.cc:2072] Received LeaderStepDown RPC: tablet_id: "56fdfe3adc3e428f8825211a3e70ac36"
dest_uuid: "0157c491b4c04ca49fcc2e8018d9e69b"
mode: GRACEFUL
new_leader_uuid: "be877a2e98604259a748048fe2ed9b4c"
 from {username='slave'} at 127.0.0.1:35852
I20260710 13:18:53.543653 12261 raft_consensus.cc:606] T 56fdfe3adc3e428f8825211a3e70ac36 P 0157c491b4c04ca49fcc2e8018d9e69b [term 1 LEADER]: Received request to transfer leadership to TS be877a2e98604259a748048fe2ed9b4c
I20260710 13:18:53.549404 12409 tablet_service.cc:2072] Received LeaderStepDown RPC: tablet_id: "935f10363c064bac9f425ef465774769"
dest_uuid: "f9088ec19bba4fada237fe0656ad6176"
mode: GRACEFUL
new_leader_uuid: "be877a2e98604259a748048fe2ed9b4c"
 from {username='slave'} at 127.0.0.1:47906
I20260710 13:18:53.550215 12409 raft_consensus.cc:606] T 935f10363c064bac9f425ef465774769 P f9088ec19bba4fada237fe0656ad6176 [term 1 LEADER]: Received request to transfer leadership to TS be877a2e98604259a748048fe2ed9b4c
I20260710 13:18:53.554127 12335 tablet_service.cc:2072] Received LeaderStepDown RPC: tablet_id: "974d60c7c2974f85aff01393426e21b4"
dest_uuid: "0636f8cd18c8413ca554d49c14ac6070"
mode: GRACEFUL
new_leader_uuid: "be877a2e98604259a748048fe2ed9b4c"
 from {username='slave'} at 127.0.0.1:38906
I20260710 13:18:53.554772 12335 raft_consensus.cc:606] T 974d60c7c2974f85aff01393426e21b4 P 0636f8cd18c8413ca554d49c14ac6070 [term 1 LEADER]: Received request to transfer leadership to TS be877a2e98604259a748048fe2ed9b4c
I20260710 13:18:53.556366 11162 auto_leader_rebalancer.cc:479] table: test-workload, leader rebalance finish, leader transfer count: 5
I20260710 13:18:53.557474 11162 auto_leader_rebalancer.cc:554] All tables' leader rebalancing finished this round
I20260710 13:18:53.586812 13050 raft_consensus.cc:993] T 30c40dca7ba94a3183d3cf86fb1ae04f P 0636f8cd18c8413ca554d49c14ac6070: : Instructing follower be877a2e98604259a748048fe2ed9b4c to start an election
I20260710 13:18:53.587442 13050 raft_consensus.cc:1081] T 30c40dca7ba94a3183d3cf86fb1ae04f P 0636f8cd18c8413ca554d49c14ac6070 [term 1 LEADER]: Signalling peer be877a2e98604259a748048fe2ed9b4c to start an election
I20260710 13:18:53.589352 12676 tablet_service.cc:2044] Received Run Leader Election RPC: tablet_id: "30c40dca7ba94a3183d3cf86fb1ae04f"
dest_uuid: "be877a2e98604259a748048fe2ed9b4c"
 from {username='slave'} at 127.0.0.1:46918
I20260710 13:18:53.589969 12676 raft_consensus.cc:493] T 30c40dca7ba94a3183d3cf86fb1ae04f P be877a2e98604259a748048fe2ed9b4c [term 1 FOLLOWER]: Starting forced leader election (received explicit request)
I20260710 13:18:53.590323 12676 raft_consensus.cc:3060] T 30c40dca7ba94a3183d3cf86fb1ae04f P be877a2e98604259a748048fe2ed9b4c [term 1 FOLLOWER]: Advancing to term 2
I20260710 13:18:53.595734 12676 raft_consensus.cc:515] T 30c40dca7ba94a3183d3cf86fb1ae04f P be877a2e98604259a748048fe2ed9b4c [term 2 FOLLOWER]: Starting forced leader election with config: opid_index: 4 OBSOLETE_local: false peers { permanent_uuid: "0636f8cd18c8413ca554d49c14ac6070" member_type: VOTER last_known_addr { host: "127.10.230.130" port: 44729 } } peers { permanent_uuid: "f9088ec19bba4fada237fe0656ad6176" member_type: VOTER last_known_addr { host: "127.10.230.131" port: 32815 } } peers { permanent_uuid: "be877a2e98604259a748048fe2ed9b4c" member_type: VOTER last_known_addr { host: "127.10.230.132" port: 45867 } attrs { promote: false } }
I20260710 13:18:53.599284 12335 tablet_service.cc:1917] Received RequestConsensusVote() RPC: tablet_id: "30c40dca7ba94a3183d3cf86fb1ae04f" candidate_uuid: "be877a2e98604259a748048fe2ed9b4c" candidate_term: 2 candidate_status { last_received { term: 1 index: 4 } } ignore_live_leader: true dest_uuid: "0636f8cd18c8413ca554d49c14ac6070"
I20260710 13:18:53.599726 12409 tablet_service.cc:1917] Received RequestConsensusVote() RPC: tablet_id: "30c40dca7ba94a3183d3cf86fb1ae04f" candidate_uuid: "be877a2e98604259a748048fe2ed9b4c" candidate_term: 2 candidate_status { last_received { term: 1 index: 4 } } ignore_live_leader: true dest_uuid: "f9088ec19bba4fada237fe0656ad6176"
I20260710 13:18:53.600050 12335 raft_consensus.cc:3055] T 30c40dca7ba94a3183d3cf86fb1ae04f P 0636f8cd18c8413ca554d49c14ac6070 [term 1 LEADER]: Stepping down as leader of term 1
I20260710 13:18:53.600509 12409 raft_consensus.cc:3060] T 30c40dca7ba94a3183d3cf86fb1ae04f P f9088ec19bba4fada237fe0656ad6176 [term 1 FOLLOWER]: Advancing to term 2
I20260710 13:18:53.600643 12335 raft_consensus.cc:740] T 30c40dca7ba94a3183d3cf86fb1ae04f P 0636f8cd18c8413ca554d49c14ac6070 [term 1 LEADER]: Becoming Follower/Learner. State: Replica: 0636f8cd18c8413ca554d49c14ac6070, State: Running, Role: LEADER
I20260710 13:18:53.598908 12676 leader_election.cc:290] T 30c40dca7ba94a3183d3cf86fb1ae04f P be877a2e98604259a748048fe2ed9b4c [CANDIDATE]: Term 2 election: Requested vote from peers 0636f8cd18c8413ca554d49c14ac6070 (127.10.230.130:44729), f9088ec19bba4fada237fe0656ad6176 (127.10.230.131:32815)
I20260710 13:18:53.601750 12335 consensus_queue.cc:260] T 30c40dca7ba94a3183d3cf86fb1ae04f P 0636f8cd18c8413ca554d49c14ac6070 [NON_LEADER]: Queue going to NON_LEADER mode. State: All replicated index: 0, Majority replicated index: 4, Committed index: 4, Last appended: 1.4, Last appended by leader: 4, Current term: 1, Majority size: -1, State: 0, Mode: NON_LEADER, active raft config: opid_index: 4 OBSOLETE_local: false peers { permanent_uuid: "0636f8cd18c8413ca554d49c14ac6070" member_type: VOTER last_known_addr { host: "127.10.230.130" port: 44729 } } peers { permanent_uuid: "f9088ec19bba4fada237fe0656ad6176" member_type: VOTER last_known_addr { host: "127.10.230.131" port: 32815 } } peers { permanent_uuid: "be877a2e98604259a748048fe2ed9b4c" member_type: VOTER last_known_addr { host: "127.10.230.132" port: 45867 } attrs { promote: false } }
I20260710 13:18:53.604054 12335 raft_consensus.cc:3060] T 30c40dca7ba94a3183d3cf86fb1ae04f P 0636f8cd18c8413ca554d49c14ac6070 [term 1 FOLLOWER]: Advancing to term 2
I20260710 13:18:53.605039 13045 raft_consensus.cc:993] T 3b663ad23ef84adaafdb95887877f00f P f9088ec19bba4fada237fe0656ad6176: : Instructing follower 0157c491b4c04ca49fcc2e8018d9e69b to start an election
I20260710 13:18:53.605790 13049 raft_consensus.cc:1081] T 3b663ad23ef84adaafdb95887877f00f P f9088ec19bba4fada237fe0656ad6176 [term 1 LEADER]: Signalling peer 0157c491b4c04ca49fcc2e8018d9e69b to start an election
I20260710 13:18:53.607743 12261 tablet_service.cc:2044] Received Run Leader Election RPC: tablet_id: "3b663ad23ef84adaafdb95887877f00f"
dest_uuid: "0157c491b4c04ca49fcc2e8018d9e69b"
 from {username='slave'} at 127.0.0.1:50776
I20260710 13:18:53.608402 12261 raft_consensus.cc:493] T 3b663ad23ef84adaafdb95887877f00f P 0157c491b4c04ca49fcc2e8018d9e69b [term 1 FOLLOWER]: Starting forced leader election (received explicit request)
I20260710 13:18:53.608721 12261 raft_consensus.cc:3060] T 3b663ad23ef84adaafdb95887877f00f P 0157c491b4c04ca49fcc2e8018d9e69b [term 1 FOLLOWER]: Advancing to term 2
I20260710 13:18:53.608773 12409 raft_consensus.cc:2468] T 30c40dca7ba94a3183d3cf86fb1ae04f P f9088ec19bba4fada237fe0656ad6176 [term 2 FOLLOWER]: Leader election vote request: Granting yes vote for candidate be877a2e98604259a748048fe2ed9b4c in term 2.
I20260710 13:18:53.610263 12642 leader_election.cc:304] T 30c40dca7ba94a3183d3cf86fb1ae04f P be877a2e98604259a748048fe2ed9b4c [CANDIDATE]: Term 2 election: Election decided. Result: candidate won. Election summary: received 2 responses out of 3 voters: 2 yes votes; 0 no votes. yes voters: be877a2e98604259a748048fe2ed9b4c, f9088ec19bba4fada237fe0656ad6176; no voters: 
I20260710 13:18:53.613415 12335 raft_consensus.cc:2468] T 30c40dca7ba94a3183d3cf86fb1ae04f P 0636f8cd18c8413ca554d49c14ac6070 [term 2 FOLLOWER]: Leader election vote request: Granting yes vote for candidate be877a2e98604259a748048fe2ed9b4c in term 2.
I20260710 13:18:53.613677 13057 raft_consensus.cc:2804] T 30c40dca7ba94a3183d3cf86fb1ae04f P be877a2e98604259a748048fe2ed9b4c [term 2 FOLLOWER]: Leader election won for term 2
I20260710 13:18:53.615191 13057 raft_consensus.cc:697] T 30c40dca7ba94a3183d3cf86fb1ae04f P be877a2e98604259a748048fe2ed9b4c [term 2 LEADER]: Becoming Leader. State: Replica: be877a2e98604259a748048fe2ed9b4c, State: Running, Role: LEADER
I20260710 13:18:53.616079 13057 consensus_queue.cc:237] T 30c40dca7ba94a3183d3cf86fb1ae04f P be877a2e98604259a748048fe2ed9b4c [LEADER]: Queue going to LEADER mode. State: All replicated index: 0, Majority replicated index: 4, Committed index: 4, Last appended: 1.4, Last appended by leader: 4, Current term: 2, Majority size: 2, State: 0, Mode: LEADER, active raft config: opid_index: 4 OBSOLETE_local: false peers { permanent_uuid: "0636f8cd18c8413ca554d49c14ac6070" member_type: VOTER last_known_addr { host: "127.10.230.130" port: 44729 } } peers { permanent_uuid: "f9088ec19bba4fada237fe0656ad6176" member_type: VOTER last_known_addr { host: "127.10.230.131" port: 32815 } } peers { permanent_uuid: "be877a2e98604259a748048fe2ed9b4c" member_type: VOTER last_known_addr { host: "127.10.230.132" port: 45867 } attrs { promote: false } }
I20260710 13:18:53.616832 12261 raft_consensus.cc:515] T 3b663ad23ef84adaafdb95887877f00f P 0157c491b4c04ca49fcc2e8018d9e69b [term 2 FOLLOWER]: Starting forced leader election with config: opid_index: -1 OBSOLETE_local: false peers { permanent_uuid: "0157c491b4c04ca49fcc2e8018d9e69b" member_type: VOTER last_known_addr { host: "127.10.230.129" port: 35257 } } peers { permanent_uuid: "0636f8cd18c8413ca554d49c14ac6070" member_type: VOTER last_known_addr { host: "127.10.230.130" port: 44729 } } peers { permanent_uuid: "f9088ec19bba4fada237fe0656ad6176" member_type: VOTER last_known_addr { host: "127.10.230.131" port: 32815 } }
I20260710 13:18:53.619310 12261 leader_election.cc:290] T 3b663ad23ef84adaafdb95887877f00f P 0157c491b4c04ca49fcc2e8018d9e69b [CANDIDATE]: Term 2 election: Requested vote from peers 0636f8cd18c8413ca554d49c14ac6070 (127.10.230.130:44729), f9088ec19bba4fada237fe0656ad6176 (127.10.230.131:32815)
I20260710 13:18:53.620012 12409 tablet_service.cc:1917] Received RequestConsensusVote() RPC: tablet_id: "3b663ad23ef84adaafdb95887877f00f" candidate_uuid: "0157c491b4c04ca49fcc2e8018d9e69b" candidate_term: 2 candidate_status { last_received { term: 1 index: 1 } } ignore_live_leader: true dest_uuid: "f9088ec19bba4fada237fe0656ad6176"
I20260710 13:18:53.619903 12335 tablet_service.cc:1917] Received RequestConsensusVote() RPC: tablet_id: "3b663ad23ef84adaafdb95887877f00f" candidate_uuid: "0157c491b4c04ca49fcc2e8018d9e69b" candidate_term: 2 candidate_status { last_received { term: 1 index: 1 } } ignore_live_leader: true dest_uuid: "0636f8cd18c8413ca554d49c14ac6070"
I20260710 13:18:53.620985 12409 raft_consensus.cc:3055] T 3b663ad23ef84adaafdb95887877f00f P f9088ec19bba4fada237fe0656ad6176 [term 1 LEADER]: Stepping down as leader of term 1
I20260710 13:18:53.621184 12335 raft_consensus.cc:3060] T 3b663ad23ef84adaafdb95887877f00f P 0636f8cd18c8413ca554d49c14ac6070 [term 1 FOLLOWER]: Advancing to term 2
I20260710 13:18:53.621425 12409 raft_consensus.cc:740] T 3b663ad23ef84adaafdb95887877f00f P f9088ec19bba4fada237fe0656ad6176 [term 1 LEADER]: Becoming Follower/Learner. State: Replica: f9088ec19bba4fada237fe0656ad6176, State: Running, Role: LEADER
I20260710 13:18:53.622545 12409 consensus_queue.cc:260] T 3b663ad23ef84adaafdb95887877f00f P f9088ec19bba4fada237fe0656ad6176 [NON_LEADER]: Queue going to NON_LEADER mode. State: All replicated index: 0, Majority replicated index: 1, Committed index: 1, Last appended: 1.1, Last appended by leader: 1, Current term: 1, Majority size: -1, State: 0, Mode: NON_LEADER, active raft config: opid_index: -1 OBSOLETE_local: false peers { permanent_uuid: "0157c491b4c04ca49fcc2e8018d9e69b" member_type: VOTER last_known_addr { host: "127.10.230.129" port: 35257 } } peers { permanent_uuid: "0636f8cd18c8413ca554d49c14ac6070" member_type: VOTER last_known_addr { host: "127.10.230.130" port: 44729 } } peers { permanent_uuid: "f9088ec19bba4fada237fe0656ad6176" member_type: VOTER last_known_addr { host: "127.10.230.131" port: 32815 } }
I20260710 13:18:53.623869 12409 raft_consensus.cc:3060] T 3b663ad23ef84adaafdb95887877f00f P f9088ec19bba4fada237fe0656ad6176 [term 1 FOLLOWER]: Advancing to term 2
I20260710 13:18:53.627483 12156 catalog_manager.cc:5697] T 30c40dca7ba94a3183d3cf86fb1ae04f P be877a2e98604259a748048fe2ed9b4c reported cstate change: term changed from 1 to 2, leader changed from 0636f8cd18c8413ca554d49c14ac6070 (127.10.230.130) to be877a2e98604259a748048fe2ed9b4c (127.10.230.132). New cstate: current_term: 2 leader_uuid: "be877a2e98604259a748048fe2ed9b4c" committed_config { opid_index: 4 OBSOLETE_local: false peers { permanent_uuid: "0636f8cd18c8413ca554d49c14ac6070" member_type: VOTER last_known_addr { host: "127.10.230.130" port: 44729 } health_report { overall_health: UNKNOWN } } peers { permanent_uuid: "f9088ec19bba4fada237fe0656ad6176" member_type: VOTER last_known_addr { host: "127.10.230.131" port: 32815 } health_report { overall_health: UNKNOWN } } peers { permanent_uuid: "be877a2e98604259a748048fe2ed9b4c" member_type: VOTER last_known_addr { host: "127.10.230.132" port: 45867 } attrs { promote: false } health_report { overall_health: HEALTHY } } }
I20260710 13:18:53.629961 12335 raft_consensus.cc:2468] T 3b663ad23ef84adaafdb95887877f00f P 0636f8cd18c8413ca554d49c14ac6070 [term 2 FOLLOWER]: Leader election vote request: Granting yes vote for candidate 0157c491b4c04ca49fcc2e8018d9e69b in term 2.
I20260710 13:18:53.630623 12409 raft_consensus.cc:2468] T 3b663ad23ef84adaafdb95887877f00f P f9088ec19bba4fada237fe0656ad6176 [term 2 FOLLOWER]: Leader election vote request: Granting yes vote for candidate 0157c491b4c04ca49fcc2e8018d9e69b in term 2.
I20260710 13:18:53.631222 12227 leader_election.cc:304] T 3b663ad23ef84adaafdb95887877f00f P 0157c491b4c04ca49fcc2e8018d9e69b [CANDIDATE]: Term 2 election: Election decided. Result: candidate won. Election summary: received 2 responses out of 3 voters: 2 yes votes; 0 no votes. yes voters: 0157c491b4c04ca49fcc2e8018d9e69b, 0636f8cd18c8413ca554d49c14ac6070; no voters: 
I20260710 13:18:53.632622 13041 raft_consensus.cc:2804] T 3b663ad23ef84adaafdb95887877f00f P 0157c491b4c04ca49fcc2e8018d9e69b [term 2 FOLLOWER]: Leader election won for term 2
I20260710 13:18:53.633999 13041 raft_consensus.cc:697] T 3b663ad23ef84adaafdb95887877f00f P 0157c491b4c04ca49fcc2e8018d9e69b [term 2 LEADER]: Becoming Leader. State: Replica: 0157c491b4c04ca49fcc2e8018d9e69b, State: Running, Role: LEADER
I20260710 13:18:53.635017 13041 consensus_queue.cc:237] T 3b663ad23ef84adaafdb95887877f00f P 0157c491b4c04ca49fcc2e8018d9e69b [LEADER]: Queue going to LEADER mode. State: All replicated index: 0, Majority replicated index: 1, Committed index: 1, Last appended: 1.1, Last appended by leader: 1, Current term: 2, Majority size: 2, State: 0, Mode: LEADER, active raft config: opid_index: -1 OBSOLETE_local: false peers { permanent_uuid: "0157c491b4c04ca49fcc2e8018d9e69b" member_type: VOTER last_known_addr { host: "127.10.230.129" port: 35257 } } peers { permanent_uuid: "0636f8cd18c8413ca554d49c14ac6070" member_type: VOTER last_known_addr { host: "127.10.230.130" port: 44729 } } peers { permanent_uuid: "f9088ec19bba4fada237fe0656ad6176" member_type: VOTER last_known_addr { host: "127.10.230.131" port: 32815 } }
I20260710 13:18:53.645138 12157 catalog_manager.cc:5697] T 3b663ad23ef84adaafdb95887877f00f P 0157c491b4c04ca49fcc2e8018d9e69b reported cstate change: term changed from 1 to 2, leader changed from f9088ec19bba4fada237fe0656ad6176 (127.10.230.131) to 0157c491b4c04ca49fcc2e8018d9e69b (127.10.230.129). New cstate: current_term: 2 leader_uuid: "0157c491b4c04ca49fcc2e8018d9e69b" committed_config { opid_index: -1 OBSOLETE_local: false peers { permanent_uuid: "0157c491b4c04ca49fcc2e8018d9e69b" member_type: VOTER last_known_addr { host: "127.10.230.129" port: 35257 } health_report { overall_health: HEALTHY } } peers { permanent_uuid: "0636f8cd18c8413ca554d49c14ac6070" member_type: VOTER last_known_addr { host: "127.10.230.130" port: 44729 } health_report { overall_health: UNKNOWN } } peers { permanent_uuid: "f9088ec19bba4fada237fe0656ad6176" member_type: VOTER last_known_addr { host: "127.10.230.131" port: 32815 } health_report { overall_health: UNKNOWN } } }
I20260710 13:18:53.811756 13045 raft_consensus.cc:993] T 935f10363c064bac9f425ef465774769 P f9088ec19bba4fada237fe0656ad6176: : Instructing follower be877a2e98604259a748048fe2ed9b4c to start an election
I20260710 13:18:53.812336 13056 raft_consensus.cc:1081] T 935f10363c064bac9f425ef465774769 P f9088ec19bba4fada237fe0656ad6176 [term 1 LEADER]: Signalling peer be877a2e98604259a748048fe2ed9b4c to start an election
I20260710 13:18:53.814374 12676 tablet_service.cc:2044] Received Run Leader Election RPC: tablet_id: "935f10363c064bac9f425ef465774769"
dest_uuid: "be877a2e98604259a748048fe2ed9b4c"
 from {username='slave'} at 127.0.0.1:46912
