I20260710 13:18:27.672765  6963 data_dirs.cc:400] Could only allocate 1 dirs of requested 3 for tablet a3e0d9dee57f4ab785081ccd31e336b5. 1 dirs total, 0 dirs full, 0 dirs failed
I20260710 13:18:27.665804  7039 tablet_service.cc:1511] Processing CreateTablet for tablet a3e0d9dee57f4ab785081ccd31e336b5 (DEFAULT_TABLE table=test-workload [id=6169c16a316e4407a254ced8dd1a95f2]), partition=RANGE (key) PARTITION 1163220305 <= VALUES < 1252698790
I20260710 13:18:27.668001  7112 tablet_service.cc:1511] Processing CreateTablet for tablet a3e0d9dee57f4ab785081ccd31e336b5 (DEFAULT_TABLE table=test-workload [id=6169c16a316e4407a254ced8dd1a95f2]), partition=RANGE (key) PARTITION 1163220305 <= VALUES < 1252698790
I20260710 13:18:27.674682  7039 data_dirs.cc:400] Could only allocate 1 dirs of requested 3 for tablet a3e0d9dee57f4ab785081ccd31e336b5. 1 dirs total, 0 dirs full, 0 dirs failed
I20260710 13:18:27.678910  7112 data_dirs.cc:400] Could only allocate 1 dirs of requested 3 for tablet a3e0d9dee57f4ab785081ccd31e336b5. 1 dirs total, 0 dirs full, 0 dirs failed
I20260710 13:18:27.678726  7040 tablet_service.cc:1511] Processing CreateTablet for tablet 43149323e310436995e2f320495b64fd (DEFAULT_TABLE table=test-workload [id=6169c16a316e4407a254ced8dd1a95f2]), partition=RANGE (key) PARTITION 1252698790 <= VALUES < 1342177275
I20260710 13:18:27.680006  7040 data_dirs.cc:400] Could only allocate 1 dirs of requested 3 for tablet 43149323e310436995e2f320495b64fd. 1 dirs total, 0 dirs full, 0 dirs failed
I20260710 13:18:27.682860  7117 data_dirs.cc:400] Could only allocate 1 dirs of requested 3 for tablet f3b490bbfd804c768934de0449538889. 1 dirs total, 0 dirs full, 0 dirs failed
I20260710 13:18:27.685060  7167 raft_consensus.cc:359] T d5d7a82464334fdeaac9985c06ad7b69 P dd948946807f4a02b78a29e2f561a464 [term 0 FOLLOWER]: Replica starting. Triggering 0 pending ops. Active config: opid_index: -1 OBSOLETE_local: false peers { permanent_uuid: "d344aa555dd44805b58e18097d0115fe" member_type: VOTER last_known_addr { host: "127.5.184.193" port: 36705 } } peers { permanent_uuid: "dd948946807f4a02b78a29e2f561a464" member_type: VOTER last_known_addr { host: "127.5.184.194" port: 41355 } } peers { permanent_uuid: "eb82581c92ff496dba6205db04333426" member_type: VOTER last_known_addr { host: "127.5.184.195" port: 42485 } }
I20260710 13:18:27.685772  7167 raft_consensus.cc:385] T d5d7a82464334fdeaac9985c06ad7b69 P dd948946807f4a02b78a29e2f561a464 [term 0 FOLLOWER]: Consensus starting up: Expiring failure detector timer to make a prompt election more likely
I20260710 13:18:27.686041  7167 raft_consensus.cc:740] T d5d7a82464334fdeaac9985c06ad7b69 P dd948946807f4a02b78a29e2f561a464 [term 0 FOLLOWER]: Becoming Follower/Learner. State: Replica: dd948946807f4a02b78a29e2f561a464, State: Initialized, Role: FOLLOWER
I20260710 13:18:27.693105  7115 tablet_service.cc:1511] Processing CreateTablet for tablet 43149323e310436995e2f320495b64fd (DEFAULT_TABLE table=test-workload [id=6169c16a316e4407a254ced8dd1a95f2]), partition=RANGE (key) PARTITION 1252698790 <= VALUES < 1342177275
I20260710 13:18:27.694286  7115 data_dirs.cc:400] Could only allocate 1 dirs of requested 3 for tablet 43149323e310436995e2f320495b64fd. 1 dirs total, 0 dirs full, 0 dirs failed
I20260710 13:18:27.694511  7167 consensus_queue.cc:260] T d5d7a82464334fdeaac9985c06ad7b69 P dd948946807f4a02b78a29e2f561a464 [NON_LEADER]: Queue going to NON_LEADER mode. State: All replicated index: 0, Majority replicated index: 0, Committed index: 0, Last appended: 0.0, Last appended by leader: 0, Current term: 0, Majority size: -1, State: 0, Mode: NON_LEADER, active raft config: opid_index: -1 OBSOLETE_local: false peers { permanent_uuid: "d344aa555dd44805b58e18097d0115fe" member_type: VOTER last_known_addr { host: "127.5.184.193" port: 36705 } } peers { permanent_uuid: "dd948946807f4a02b78a29e2f561a464" member_type: VOTER last_known_addr { host: "127.5.184.194" port: 41355 } } peers { permanent_uuid: "eb82581c92ff496dba6205db04333426" member_type: VOTER last_known_addr { host: "127.5.184.195" port: 42485 } }
I20260710 13:18:27.696213  6966 tablet_service.cc:1511] Processing CreateTablet for tablet 6b4396e7ca8d4e4db0f5c2db5e03f1ce (DEFAULT_TABLE table=test-workload [id=6169c16a316e4407a254ced8dd1a95f2]), partition=RANGE (key) PARTITION 1342177275 <= VALUES < 1431655760
I20260710 13:18:27.697304  7042 tablet_service.cc:1511] Processing CreateTablet for tablet 6b4396e7ca8d4e4db0f5c2db5e03f1ce (DEFAULT_TABLE table=test-workload [id=6169c16a316e4407a254ced8dd1a95f2]), partition=RANGE (key) PARTITION 1342177275 <= VALUES < 1431655760
I20260710 13:18:27.701771  7042 data_dirs.cc:400] Could only allocate 1 dirs of requested 3 for tablet 6b4396e7ca8d4e4db0f5c2db5e03f1ce. 1 dirs total, 0 dirs full, 0 dirs failed
I20260710 13:18:27.704512  6966 data_dirs.cc:400] Could only allocate 1 dirs of requested 3 for tablet 6b4396e7ca8d4e4db0f5c2db5e03f1ce. 1 dirs total, 0 dirs full, 0 dirs failed
I20260710 13:18:27.708504  6967 tablet_service.cc:1511] Processing CreateTablet for tablet 43149323e310436995e2f320495b64fd (DEFAULT_TABLE table=test-workload [id=6169c16a316e4407a254ced8dd1a95f2]), partition=RANGE (key) PARTITION 1252698790 <= VALUES < 1342177275
I20260710 13:18:27.709733  6967 data_dirs.cc:400] Could only allocate 1 dirs of requested 3 for tablet 43149323e310436995e2f320495b64fd. 1 dirs total, 0 dirs full, 0 dirs failed
I20260710 13:18:27.710181  7167 ts_tablet_manager.cc:1434] T d5d7a82464334fdeaac9985c06ad7b69 P dd948946807f4a02b78a29e2f561a464: Time spent starting tablet: real 0.028s	user 0.003s	sys 0.002s
I20260710 13:18:27.709861  7113 tablet_service.cc:1511] Processing CreateTablet for tablet 6b4396e7ca8d4e4db0f5c2db5e03f1ce (DEFAULT_TABLE table=test-workload [id=6169c16a316e4407a254ced8dd1a95f2]), partition=RANGE (key) PARTITION 1342177275 <= VALUES < 1431655760
I20260710 13:18:27.715876  7113 data_dirs.cc:400] Could only allocate 1 dirs of requested 3 for tablet 6b4396e7ca8d4e4db0f5c2db5e03f1ce. 1 dirs total, 0 dirs full, 0 dirs failed
I20260710 13:18:27.717348  7167 tablet_bootstrap.cc:492] T 4808df091d654c989fe84920bb5b40d2 P dd948946807f4a02b78a29e2f561a464: Bootstrap starting.
I20260710 13:18:27.725101  6962 tablet_service.cc:1511] Processing CreateTablet for tablet 70e49a85572d476c91be07e8ad436239 (DEFAULT_TABLE table=test-workload [id=6169c16a316e4407a254ced8dd1a95f2]), partition=RANGE (key) PARTITION 1431655760 <= VALUES < 1521134245
I20260710 13:18:27.728112  7043 tablet_service.cc:1511] Processing CreateTablet for tablet 70e49a85572d476c91be07e8ad436239 (DEFAULT_TABLE table=test-workload [id=6169c16a316e4407a254ced8dd1a95f2]), partition=RANGE (key) PARTITION 1431655760 <= VALUES < 1521134245
I20260710 13:18:27.729270  7043 data_dirs.cc:400] Could only allocate 1 dirs of requested 3 for tablet 70e49a85572d476c91be07e8ad436239. 1 dirs total, 0 dirs full, 0 dirs failed
I20260710 13:18:27.731223  7116 tablet_service.cc:1511] Processing CreateTablet for tablet 70e49a85572d476c91be07e8ad436239 (DEFAULT_TABLE table=test-workload [id=6169c16a316e4407a254ced8dd1a95f2]), partition=RANGE (key) PARTITION 1431655760 <= VALUES < 1521134245
I20260710 13:18:27.732342  7116 data_dirs.cc:400] Could only allocate 1 dirs of requested 3 for tablet 70e49a85572d476c91be07e8ad436239. 1 dirs total, 0 dirs full, 0 dirs failed
I20260710 13:18:27.735224  7167 tablet_bootstrap.cc:654] T 4808df091d654c989fe84920bb5b40d2 P dd948946807f4a02b78a29e2f561a464: Neither blocks nor log segments found. Creating new log.
I20260710 13:18:27.738209  6962 data_dirs.cc:400] Could only allocate 1 dirs of requested 3 for tablet 70e49a85572d476c91be07e8ad436239. 1 dirs total, 0 dirs full, 0 dirs failed
I20260710 13:18:27.738627  7173 raft_consensus.cc:493] T 0d4897926bfa4f339e6df9cb4c5b34c6 P eb82581c92ff496dba6205db04333426 [term 0 FOLLOWER]: Starting pre-election (no leader contacted us within the election timeout)
I20260710 13:18:27.739058  7173 raft_consensus.cc:515] T 0d4897926bfa4f339e6df9cb4c5b34c6 P eb82581c92ff496dba6205db04333426 [term 0 FOLLOWER]: Starting pre-election with config: opid_index: -1 OBSOLETE_local: false peers { permanent_uuid: "d344aa555dd44805b58e18097d0115fe" member_type: VOTER last_known_addr { host: "127.5.184.193" port: 36705 } } peers { permanent_uuid: "dd948946807f4a02b78a29e2f561a464" member_type: VOTER last_known_addr { host: "127.5.184.194" port: 41355 } } peers { permanent_uuid: "eb82581c92ff496dba6205db04333426" member_type: VOTER last_known_addr { host: "127.5.184.195" port: 42485 } }
I20260710 13:18:27.739681  6968 tablet_service.cc:1511] Processing CreateTablet for tablet d9658e68a6da4e3a9c567f00a65484da (DEFAULT_TABLE table=test-workload [id=6169c16a316e4407a254ced8dd1a95f2]), partition=RANGE (key) PARTITION 1521134245 <= VALUES < 1610612730
I20260710 13:18:27.740813  6968 data_dirs.cc:400] Could only allocate 1 dirs of requested 3 for tablet d9658e68a6da4e3a9c567f00a65484da. 1 dirs total, 0 dirs full, 0 dirs failed
I20260710 13:18:27.742988  7152 heartbeater.cc:499] Master 127.5.184.254:39411 was elected leader, sending a full tablet report...
I20260710 13:18:27.747864  6963 tablet_service.cc:1511] Processing CreateTablet for tablet 9635c30b8fce441e99f78e3cdef96707 (DEFAULT_TABLE table=test-workload [id=6169c16a316e4407a254ced8dd1a95f2]), partition=RANGE (key) PARTITION 1610612730 <= VALUES < 1700091215
I20260710 13:18:27.748991  6963 data_dirs.cc:400] Could only allocate 1 dirs of requested 3 for tablet 9635c30b8fce441e99f78e3cdef96707. 1 dirs total, 0 dirs full, 0 dirs failed
I20260710 13:18:27.758227  7168 ts_tablet_manager.cc:1434] T 0d4897926bfa4f339e6df9cb4c5b34c6 P eb82581c92ff496dba6205db04333426: Time spent starting tablet: real 0.187s	user 0.013s	sys 0.035s
I20260710 13:18:27.758086  6978 tablet_service.cc:1917] Received RequestConsensusVote() RPC: tablet_id: "0d4897926bfa4f339e6df9cb4c5b34c6" candidate_uuid: "eb82581c92ff496dba6205db04333426" candidate_term: 1 candidate_status { last_received { term: 0 index: 0 } } ignore_live_leader: false dest_uuid: "d344aa555dd44805b58e18097d0115fe" is_pre_election: true
W20260710 13:18:27.760617  7091 leader_election.cc:343] T 0d4897926bfa4f339e6df9cb4c5b34c6 P eb82581c92ff496dba6205db04333426 [CANDIDATE]: Term 1 pre-election: Tablet error from VoteRequest() call to peer d344aa555dd44805b58e18097d0115fe (127.5.184.193:36705): Illegal state: must be running to vote when last-logged opid is not known
I20260710 13:18:27.761997  6961 tablet_service.cc:1511] Processing CreateTablet for tablet 31aa4e4a4896455d90cf10c270241650 (DEFAULT_TABLE table=test-workload [id=6169c16a316e4407a254ced8dd1a95f2]), partition=RANGE (key) PARTITION 1700091215 <= VALUES < 1789569700
I20260710 13:18:27.762835  7169 ts_tablet_manager.cc:1434] T 7750898e4bb04e38a0ba98b9ae7a189d P d344aa555dd44805b58e18097d0115fe: Time spent starting tablet: real 0.120s	user 0.010s	sys 0.011s
I20260710 13:18:27.763152  6961 data_dirs.cc:400] Could only allocate 1 dirs of requested 3 for tablet 31aa4e4a4896455d90cf10c270241650. 1 dirs total, 0 dirs full, 0 dirs failed
I20260710 13:18:27.763721  7169 tablet_bootstrap.cc:492] T 4808df091d654c989fe84920bb5b40d2 P d344aa555dd44805b58e18097d0115fe: Bootstrap starting.
I20260710 13:18:27.764027  7003 heartbeater.cc:499] Master 127.5.184.254:39411 was elected leader, sending a full tablet report...
I20260710 13:18:27.765220  7168 tablet_bootstrap.cc:492] T 4808df091d654c989fe84920bb5b40d2 P eb82581c92ff496dba6205db04333426: Bootstrap starting.
I20260710 13:18:27.773684  7174 raft_consensus.cc:493] T d5d7a82464334fdeaac9985c06ad7b69 P dd948946807f4a02b78a29e2f561a464 [term 0 FOLLOWER]: Starting pre-election (no leader contacted us within the election timeout)
I20260710 13:18:27.774361  7174 raft_consensus.cc:515] T d5d7a82464334fdeaac9985c06ad7b69 P dd948946807f4a02b78a29e2f561a464 [term 0 FOLLOWER]: Starting pre-election with config: opid_index: -1 OBSOLETE_local: false peers { permanent_uuid: "d344aa555dd44805b58e18097d0115fe" member_type: VOTER last_known_addr { host: "127.5.184.193" port: 36705 } } peers { permanent_uuid: "dd948946807f4a02b78a29e2f561a464" member_type: VOTER last_known_addr { host: "127.5.184.194" port: 41355 } } peers { permanent_uuid: "eb82581c92ff496dba6205db04333426" member_type: VOTER last_known_addr { host: "127.5.184.195" port: 42485 } }
I20260710 13:18:27.774960  7040 tablet_service.cc:1511] Processing CreateTablet for tablet 31aa4e4a4896455d90cf10c270241650 (DEFAULT_TABLE table=test-workload [id=6169c16a316e4407a254ced8dd1a95f2]), partition=RANGE (key) PARTITION 1700091215 <= VALUES < 1789569700
I20260710 13:18:27.776153  7040 data_dirs.cc:400] Could only allocate 1 dirs of requested 3 for tablet 31aa4e4a4896455d90cf10c270241650. 1 dirs total, 0 dirs full, 0 dirs failed
I20260710 13:18:27.776955  7174 leader_election.cc:290] T d5d7a82464334fdeaac9985c06ad7b69 P dd948946807f4a02b78a29e2f561a464 [CANDIDATE]: Term 1 pre-election: Requested pre-vote from peers d344aa555dd44805b58e18097d0115fe (127.5.184.193:36705), eb82581c92ff496dba6205db04333426 (127.5.184.195:42485)
I20260710 13:18:27.748934  7173 leader_election.cc:290] T 0d4897926bfa4f339e6df9cb4c5b34c6 P eb82581c92ff496dba6205db04333426 [CANDIDATE]: Term 1 pre-election: Requested pre-vote from peers d344aa555dd44805b58e18097d0115fe (127.5.184.193:36705), dd948946807f4a02b78a29e2f561a464 (127.5.184.194:41355)
I20260710 13:18:27.789063  7038 tablet_service.cc:1511] Processing CreateTablet for tablet 046d3864063c4e4493f7776c24cbd7eb (DEFAULT_TABLE table=test-workload [id=6169c16a316e4407a254ced8dd1a95f2]), partition=RANGE (key) PARTITION 1789569700 <= VALUES < 1879048185
I20260710 13:18:27.790247  7038 data_dirs.cc:400] Could only allocate 1 dirs of requested 3 for tablet 046d3864063c4e4493f7776c24cbd7eb. 1 dirs total, 0 dirs full, 0 dirs failed
I20260710 13:18:27.793275  7037 tablet_service.cc:1511] Processing CreateTablet for tablet f126ed9e5594491486c275261ecc2f23 (DEFAULT_TABLE table=test-workload [id=6169c16a316e4407a254ced8dd1a95f2]), partition=RANGE (key) PARTITION 1879048185 <= VALUES < 1968526670
I20260710 13:18:27.793905  7169 tablet_bootstrap.cc:654] T 4808df091d654c989fe84920bb5b40d2 P d344aa555dd44805b58e18097d0115fe: Neither blocks nor log segments found. Creating new log.
I20260710 13:18:27.799011  7037 data_dirs.cc:400] Could only allocate 1 dirs of requested 3 for tablet f126ed9e5594491486c275261ecc2f23. 1 dirs total, 0 dirs full, 0 dirs failed
I20260710 13:18:27.804574  6960 tablet_service.cc:1511] Processing CreateTablet for tablet bb027d4f5aa3459baae509c992655e06 (DEFAULT_TABLE table=test-workload [id=6169c16a316e4407a254ced8dd1a95f2]), partition=RANGE (key) PARTITION 1968526670 <= VALUES < 2058005155
I20260710 13:18:27.805773  6960 data_dirs.cc:400] Could only allocate 1 dirs of requested 3 for tablet bb027d4f5aa3459baae509c992655e06. 1 dirs total, 0 dirs full, 0 dirs failed
I20260710 13:18:27.807472  7167 tablet_bootstrap.cc:492] T 4808df091d654c989fe84920bb5b40d2 P dd948946807f4a02b78a29e2f561a464: No bootstrap required, opened a new log
I20260710 13:18:27.807919  7167 ts_tablet_manager.cc:1403] T 4808df091d654c989fe84920bb5b40d2 P dd948946807f4a02b78a29e2f561a464: Time spent bootstrapping tablet: real 0.091s	user 0.010s	sys 0.000s
I20260710 13:18:27.808605  6959 tablet_service.cc:1511] Processing CreateTablet for tablet f49942c46ac24534bf97532f31956aaa (DEFAULT_TABLE table=test-workload [id=6169c16a316e4407a254ced8dd1a95f2]), partition=RANGE (key) PARTITION 2058005155 <= VALUES
I20260710 13:18:27.809832  6959 data_dirs.cc:400] Could only allocate 1 dirs of requested 3 for tablet f49942c46ac24534bf97532f31956aaa. 1 dirs total, 0 dirs full, 0 dirs failed
I20260710 13:18:27.809609  7036 tablet_service.cc:1511] Processing CreateTablet for tablet bb027d4f5aa3459baae509c992655e06 (DEFAULT_TABLE table=test-workload [id=6169c16a316e4407a254ced8dd1a95f2]), partition=RANGE (key) PARTITION 1968526670 <= VALUES < 2058005155
I20260710 13:18:27.774976  7039 tablet_service.cc:1511] Processing CreateTablet for tablet 9635c30b8fce441e99f78e3cdef96707 (DEFAULT_TABLE table=test-workload [id=6169c16a316e4407a254ced8dd1a95f2]), partition=RANGE (key) PARTITION 1610612730 <= VALUES < 1700091215
I20260710 13:18:27.794214  6964 tablet_service.cc:1511] Processing CreateTablet for tablet 046d3864063c4e4493f7776c24cbd7eb (DEFAULT_TABLE table=test-workload [id=6169c16a316e4407a254ced8dd1a95f2]), partition=RANGE (key) PARTITION 1789569700 <= VALUES < 1879048185
I20260710 13:18:27.823100  7035 tablet_service.cc:1511] Processing CreateTablet for tablet f49942c46ac24534bf97532f31956aaa (DEFAULT_TABLE table=test-workload [id=6169c16a316e4407a254ced8dd1a95f2]), partition=RANGE (key) PARTITION 2058005155 <= VALUES
I20260710 13:18:27.824232  6964 data_dirs.cc:400] Could only allocate 1 dirs of requested 3 for tablet 046d3864063c4e4493f7776c24cbd7eb. 1 dirs total, 0 dirs full, 0 dirs failed
I20260710 13:18:27.814443  6965 tablet_service.cc:1511] Processing CreateTablet for tablet f126ed9e5594491486c275261ecc2f23 (DEFAULT_TABLE table=test-workload [id=6169c16a316e4407a254ced8dd1a95f2]), partition=RANGE (key) PARTITION 1879048185 <= VALUES < 1968526670
I20260710 13:18:27.827189  6965 data_dirs.cc:400] Could only allocate 1 dirs of requested 3 for tablet f126ed9e5594491486c275261ecc2f23. 1 dirs total, 0 dirs full, 0 dirs failed
I20260710 13:18:27.830657  7041 tablet_service.cc:1511] Processing CreateTablet for tablet d9658e68a6da4e3a9c567f00a65484da (DEFAULT_TABLE table=test-workload [id=6169c16a316e4407a254ced8dd1a95f2]), partition=RANGE (key) PARTITION 1521134245 <= VALUES < 1610612730
I20260710 13:18:27.833891  7127 tablet_service.cc:1917] Received RequestConsensusVote() RPC: tablet_id: "d5d7a82464334fdeaac9985c06ad7b69" candidate_uuid: "dd948946807f4a02b78a29e2f561a464" candidate_term: 1 candidate_status { last_received { term: 0 index: 0 } } ignore_live_leader: false dest_uuid: "eb82581c92ff496dba6205db04333426" is_pre_election: true
I20260710 13:18:27.817895  7036 data_dirs.cc:400] Could only allocate 1 dirs of requested 3 for tablet bb027d4f5aa3459baae509c992655e06. 1 dirs total, 0 dirs full, 0 dirs failed
I20260710 13:18:27.841730  6978 tablet_service.cc:1917] Received RequestConsensusVote() RPC: tablet_id: "d5d7a82464334fdeaac9985c06ad7b69" candidate_uuid: "dd948946807f4a02b78a29e2f561a464" candidate_term: 1 candidate_status { last_received { term: 0 index: 0 } } ignore_live_leader: false dest_uuid: "d344aa555dd44805b58e18097d0115fe" is_pre_election: true
W20260710 13:18:27.842787  7018 leader_election.cc:343] T d5d7a82464334fdeaac9985c06ad7b69 P dd948946807f4a02b78a29e2f561a464 [CANDIDATE]: Term 1 pre-election: Tablet error from VoteRequest() call to peer eb82581c92ff496dba6205db04333426 (127.5.184.195:42485): Illegal state: must be running to vote when last-logged opid is not known
W20260710 13:18:27.843353  7017 leader_election.cc:343] T d5d7a82464334fdeaac9985c06ad7b69 P dd948946807f4a02b78a29e2f561a464 [CANDIDATE]: Term 1 pre-election: Tablet error from VoteRequest() call to peer d344aa555dd44805b58e18097d0115fe (127.5.184.193:36705): Illegal state: must be running to vote when last-logged opid is not known
I20260710 13:18:27.843784  7017 leader_election.cc:304] T d5d7a82464334fdeaac9985c06ad7b69 P dd948946807f4a02b78a29e2f561a464 [CANDIDATE]: Term 1 pre-election: Election decided. Result: candidate lost. Election summary: received 3 responses out of 3 voters: 1 yes votes; 2 no votes. yes voters: dd948946807f4a02b78a29e2f561a464; no voters: d344aa555dd44805b58e18097d0115fe, eb82581c92ff496dba6205db04333426
I20260710 13:18:27.844539  7174 raft_consensus.cc:2749] T d5d7a82464334fdeaac9985c06ad7b69 P dd948946807f4a02b78a29e2f561a464 [term 0 FOLLOWER]: Leader pre-election lost for term 1. Reason: could not achieve majority
I20260710 13:18:27.862402  7167 raft_consensus.cc:359] T 4808df091d654c989fe84920bb5b40d2 P dd948946807f4a02b78a29e2f561a464 [term 0 FOLLOWER]: Replica starting. Triggering 0 pending ops. Active config: opid_index: -1 OBSOLETE_local: false peers { permanent_uuid: "eb82581c92ff496dba6205db04333426" member_type: VOTER last_known_addr { host: "127.5.184.195" port: 42485 } } peers { permanent_uuid: "d344aa555dd44805b58e18097d0115fe" member_type: VOTER last_known_addr { host: "127.5.184.193" port: 36705 } } peers { permanent_uuid: "dd948946807f4a02b78a29e2f561a464" member_type: VOTER last_known_addr { host: "127.5.184.194" port: 41355 } }
I20260710 13:18:27.863265  7167 raft_consensus.cc:385] T 4808df091d654c989fe84920bb5b40d2 P dd948946807f4a02b78a29e2f561a464 [term 0 FOLLOWER]: Consensus starting up: Expiring failure detector timer to make a prompt election more likely
I20260710 13:18:27.863605  7167 raft_consensus.cc:740] T 4808df091d654c989fe84920bb5b40d2 P dd948946807f4a02b78a29e2f561a464 [term 0 FOLLOWER]: Becoming Follower/Learner. State: Replica: dd948946807f4a02b78a29e2f561a464, State: Initialized, Role: FOLLOWER
I20260710 13:18:27.864658  7168 tablet_bootstrap.cc:654] T 4808df091d654c989fe84920bb5b40d2 P eb82581c92ff496dba6205db04333426: Neither blocks nor log segments found. Creating new log.
I20260710 13:18:27.864503  7167 consensus_queue.cc:260] T 4808df091d654c989fe84920bb5b40d2 P dd948946807f4a02b78a29e2f561a464 [NON_LEADER]: Queue going to NON_LEADER mode. State: All replicated index: 0, Majority replicated index: 0, Committed index: 0, Last appended: 0.0, Last appended by leader: 0, Current term: 0, Majority size: -1, State: 0, Mode: NON_LEADER, active raft config: opid_index: -1 OBSOLETE_local: false peers { permanent_uuid: "eb82581c92ff496dba6205db04333426" member_type: VOTER last_known_addr { host: "127.5.184.195" port: 42485 } } peers { permanent_uuid: "d344aa555dd44805b58e18097d0115fe" member_type: VOTER last_known_addr { host: "127.5.184.193" port: 36705 } } peers { permanent_uuid: "dd948946807f4a02b78a29e2f561a464" member_type: VOTER last_known_addr { host: "127.5.184.194" port: 41355 } }
I20260710 13:18:27.867398  7167 ts_tablet_manager.cc:1434] T 4808df091d654c989fe84920bb5b40d2 P dd948946807f4a02b78a29e2f561a464: Time spent starting tablet: real 0.059s	user 0.007s	sys 0.000s
I20260710 13:18:27.867759  7116 tablet_service.cc:1511] Processing CreateTablet for tablet d9658e68a6da4e3a9c567f00a65484da (DEFAULT_TABLE table=test-workload [id=6169c16a316e4407a254ced8dd1a95f2]), partition=RANGE (key) PARTITION 1521134245 <= VALUES < 1610612730
I20260710 13:18:27.871033  7115 tablet_service.cc:1511] Processing CreateTablet for tablet bb027d4f5aa3459baae509c992655e06 (DEFAULT_TABLE table=test-workload [id=6169c16a316e4407a254ced8dd1a95f2]), partition=RANGE (key) PARTITION 1968526670 <= VALUES < 2058005155
I20260710 13:18:27.871596  7116 data_dirs.cc:400] Could only allocate 1 dirs of requested 3 for tablet d9658e68a6da4e3a9c567f00a65484da. 1 dirs total, 0 dirs full, 0 dirs failed
I20260710 13:18:27.871691  7112 tablet_service.cc:1511] Processing CreateTablet for tablet f126ed9e5594491486c275261ecc2f23 (DEFAULT_TABLE table=test-workload [id=6169c16a316e4407a254ced8dd1a95f2]), partition=RANGE (key) PARTITION 1879048185 <= VALUES < 1968526670
I20260710 13:18:27.872212  7115 data_dirs.cc:400] Could only allocate 1 dirs of requested 3 for tablet bb027d4f5aa3459baae509c992655e06. 1 dirs total, 0 dirs full, 0 dirs failed
I20260710 13:18:27.869721  7113 tablet_service.cc:1511] Processing CreateTablet for tablet 9635c30b8fce441e99f78e3cdef96707 (DEFAULT_TABLE table=test-workload [id=6169c16a316e4407a254ced8dd1a95f2]), partition=RANGE (key) PARTITION 1610612730 <= VALUES < 1700091215
I20260710 13:18:27.872804  7112 data_dirs.cc:400] Could only allocate 1 dirs of requested 3 for tablet f126ed9e5594491486c275261ecc2f23. 1 dirs total, 0 dirs full, 0 dirs failed
I20260710 13:18:27.870010  7114 tablet_service.cc:1511] Processing CreateTablet for tablet 31aa4e4a4896455d90cf10c270241650 (DEFAULT_TABLE table=test-workload [id=6169c16a316e4407a254ced8dd1a95f2]), partition=RANGE (key) PARTITION 1700091215 <= VALUES < 1789569700
I20260710 13:18:27.873777  7114 data_dirs.cc:400] Could only allocate 1 dirs of requested 3 for tablet 31aa4e4a4896455d90cf10c270241650. 1 dirs total, 0 dirs full, 0 dirs failed
I20260710 13:18:27.875648  7039 data_dirs.cc:400] Could only allocate 1 dirs of requested 3 for tablet 9635c30b8fce441e99f78e3cdef96707. 1 dirs total, 0 dirs full, 0 dirs failed
I20260710 13:18:27.877272  7035 data_dirs.cc:400] Could only allocate 1 dirs of requested 3 for tablet f49942c46ac24534bf97532f31956aaa. 1 dirs total, 0 dirs full, 0 dirs failed
I20260710 13:18:27.870282  7117 tablet_service.cc:1511] Processing CreateTablet for tablet 046d3864063c4e4493f7776c24cbd7eb (DEFAULT_TABLE table=test-workload [id=6169c16a316e4407a254ced8dd1a95f2]), partition=RANGE (key) PARTITION 1789569700 <= VALUES < 1879048185
I20260710 13:18:27.884908  7117 data_dirs.cc:400] Could only allocate 1 dirs of requested 3 for tablet 046d3864063c4e4493f7776c24cbd7eb. 1 dirs total, 0 dirs full, 0 dirs failed
I20260710 13:18:27.886487  7113 data_dirs.cc:400] Could only allocate 1 dirs of requested 3 for tablet 9635c30b8fce441e99f78e3cdef96707. 1 dirs total, 0 dirs full, 0 dirs failed
I20260710 13:18:27.887894  7111 tablet_service.cc:1511] Processing CreateTablet for tablet f49942c46ac24534bf97532f31956aaa (DEFAULT_TABLE table=test-workload [id=6169c16a316e4407a254ced8dd1a95f2]), partition=RANGE (key) PARTITION 2058005155 <= VALUES
I20260710 13:18:27.889283  7111 data_dirs.cc:400] Could only allocate 1 dirs of requested 3 for tablet f49942c46ac24534bf97532f31956aaa. 1 dirs total, 0 dirs full, 0 dirs failed
I20260710 13:18:27.889081  7053 tablet_service.cc:1917] Received RequestConsensusVote() RPC: tablet_id: "0d4897926bfa4f339e6df9cb4c5b34c6" candidate_uuid: "eb82581c92ff496dba6205db04333426" candidate_term: 1 candidate_status { last_received { term: 0 index: 0 } } ignore_live_leader: false dest_uuid: "dd948946807f4a02b78a29e2f561a464" is_pre_election: true
I20260710 13:18:27.889772  7053 raft_consensus.cc:2468] T 0d4897926bfa4f339e6df9cb4c5b34c6 P dd948946807f4a02b78a29e2f561a464 [term 0 FOLLOWER]: Leader pre-election vote request: Granting yes vote for candidate eb82581c92ff496dba6205db04333426 in term 0.
I20260710 13:18:27.890911  7090 leader_election.cc:304] T 0d4897926bfa4f339e6df9cb4c5b34c6 P eb82581c92ff496dba6205db04333426 [CANDIDATE]: Term 1 pre-election: Election decided. Result: candidate won. Election summary: received 3 responses out of 3 voters: 2 yes votes; 1 no votes. yes voters: dd948946807f4a02b78a29e2f561a464, eb82581c92ff496dba6205db04333426; no voters: d344aa555dd44805b58e18097d0115fe
I20260710 13:18:27.892045  7177 raft_consensus.cc:2804] T 0d4897926bfa4f339e6df9cb4c5b34c6 P eb82581c92ff496dba6205db04333426 [term 0 FOLLOWER]: Leader pre-election won for term 1
I20260710 13:18:27.892397  7177 raft_consensus.cc:493] T 0d4897926bfa4f339e6df9cb4c5b34c6 P eb82581c92ff496dba6205db04333426 [term 0 FOLLOWER]: Starting leader election (no leader contacted us within the election timeout)
I20260710 13:18:27.892688  7177 raft_consensus.cc:3060] T 0d4897926bfa4f339e6df9cb4c5b34c6 P eb82581c92ff496dba6205db04333426 [term 0 FOLLOWER]: Advancing to term 1
I20260710 13:18:27.917593  7041 data_dirs.cc:400] Could only allocate 1 dirs of requested 3 for tablet d9658e68a6da4e3a9c567f00a65484da. 1 dirs total, 0 dirs full, 0 dirs failed
W20260710 13:18:27.940693  6924 auto_rebalancer.cc:288] Could not retrieve cluster info: Service unavailable: Tablet not running
I20260710 13:18:27.941582  7177 raft_consensus.cc:515] T 0d4897926bfa4f339e6df9cb4c5b34c6 P eb82581c92ff496dba6205db04333426 [term 1 FOLLOWER]: Starting leader election with config: opid_index: -1 OBSOLETE_local: false peers { permanent_uuid: "d344aa555dd44805b58e18097d0115fe" member_type: VOTER last_known_addr { host: "127.5.184.193" port: 36705 } } peers { permanent_uuid: "dd948946807f4a02b78a29e2f561a464" member_type: VOTER last_known_addr { host: "127.5.184.194" port: 41355 } } peers { permanent_uuid: "eb82581c92ff496dba6205db04333426" member_type: VOTER last_known_addr { host: "127.5.184.195" port: 42485 } }
I20260710 13:18:27.944422  6978 tablet_service.cc:1917] Received RequestConsensusVote() RPC: tablet_id: "0d4897926bfa4f339e6df9cb4c5b34c6" candidate_uuid: "eb82581c92ff496dba6205db04333426" candidate_term: 1 candidate_status { last_received { term: 0 index: 0 } } ignore_live_leader: false dest_uuid: "d344aa555dd44805b58e18097d0115fe"
I20260710 13:18:27.944624  7053 tablet_service.cc:1917] Received RequestConsensusVote() RPC: tablet_id: "0d4897926bfa4f339e6df9cb4c5b34c6" candidate_uuid: "eb82581c92ff496dba6205db04333426" candidate_term: 1 candidate_status { last_received { term: 0 index: 0 } } ignore_live_leader: false dest_uuid: "dd948946807f4a02b78a29e2f561a464"
I20260710 13:18:27.945182  7053 raft_consensus.cc:3060] T 0d4897926bfa4f339e6df9cb4c5b34c6 P dd948946807f4a02b78a29e2f561a464 [term 0 FOLLOWER]: Advancing to term 1
W20260710 13:18:27.945797  7091 leader_election.cc:343] T 0d4897926bfa4f339e6df9cb4c5b34c6 P eb82581c92ff496dba6205db04333426 [CANDIDATE]: Term 1 election: Tablet error from VoteRequest() call to peer d344aa555dd44805b58e18097d0115fe (127.5.184.193:36705): Illegal state: must be running to vote when last-logged opid is not known
I20260710 13:18:27.951828  7053 raft_consensus.cc:2468] T 0d4897926bfa4f339e6df9cb4c5b34c6 P dd948946807f4a02b78a29e2f561a464 [term 1 FOLLOWER]: Leader election vote request: Granting yes vote for candidate eb82581c92ff496dba6205db04333426 in term 1.
I20260710 13:18:27.952986  7090 leader_election.cc:304] T 0d4897926bfa4f339e6df9cb4c5b34c6 P eb82581c92ff496dba6205db04333426 [CANDIDATE]: Term 1 election: Election decided. Result: candidate won. Election summary: received 3 responses out of 3 voters: 2 yes votes; 1 no votes. yes voters: dd948946807f4a02b78a29e2f561a464, eb82581c92ff496dba6205db04333426; no voters: d344aa555dd44805b58e18097d0115fe
I20260710 13:18:27.953838  7173 raft_consensus.cc:2804] T 0d4897926bfa4f339e6df9cb4c5b34c6 P eb82581c92ff496dba6205db04333426 [term 1 FOLLOWER]: Leader election won for term 1
I20260710 13:18:27.964884  7169 tablet_bootstrap.cc:492] T 4808df091d654c989fe84920bb5b40d2 P d344aa555dd44805b58e18097d0115fe: No bootstrap required, opened a new log
I20260710 13:18:27.965416  7169 ts_tablet_manager.cc:1403] T 4808df091d654c989fe84920bb5b40d2 P d344aa555dd44805b58e18097d0115fe: Time spent bootstrapping tablet: real 0.202s	user 0.006s	sys 0.007s
I20260710 13:18:27.959475  7177 leader_election.cc:290] T 0d4897926bfa4f339e6df9cb4c5b34c6 P eb82581c92ff496dba6205db04333426 [CANDIDATE]: Term 1 election: Requested vote from peers d344aa555dd44805b58e18097d0115fe (127.5.184.193:36705), dd948946807f4a02b78a29e2f561a464 (127.5.184.194:41355)
I20260710 13:18:27.979346  7167 tablet_bootstrap.cc:492] T ffa6bb7870dd499c9521427bac5def1a P dd948946807f4a02b78a29e2f561a464: Bootstrap starting.
I20260710 13:18:27.968307  7169 raft_consensus.cc:359] T 4808df091d654c989fe84920bb5b40d2 P d344aa555dd44805b58e18097d0115fe [term 0 FOLLOWER]: Replica starting. Triggering 0 pending ops. Active config: opid_index: -1 OBSOLETE_local: false peers { permanent_uuid: "eb82581c92ff496dba6205db04333426" member_type: VOTER last_known_addr { host: "127.5.184.195" port: 42485 } } peers { permanent_uuid: "d344aa555dd44805b58e18097d0115fe" member_type: VOTER last_known_addr { host: "127.5.184.193" port: 36705 } } peers { permanent_uuid: "dd948946807f4a02b78a29e2f561a464" member_type: VOTER last_known_addr { host: "127.5.184.194" port: 41355 } }
I20260710 13:18:27.990774  7169 raft_consensus.cc:385] T 4808df091d654c989fe84920bb5b40d2 P d344aa555dd44805b58e18097d0115fe [term 0 FOLLOWER]: Consensus starting up: Expiring failure detector timer to make a prompt election more likely
I20260710 13:18:27.991112  7169 raft_consensus.cc:740] T 4808df091d654c989fe84920bb5b40d2 P d344aa555dd44805b58e18097d0115fe [term 0 FOLLOWER]: Becoming Follower/Learner. State: Replica: d344aa555dd44805b58e18097d0115fe, State: Initialized, Role: FOLLOWER
I20260710 13:18:27.991825  7169 consensus_queue.cc:260] T 4808df091d654c989fe84920bb5b40d2 P d344aa555dd44805b58e18097d0115fe [NON_LEADER]: Queue going to NON_LEADER mode. State: All replicated index: 0, Majority replicated index: 0, Committed index: 0, Last appended: 0.0, Last appended by leader: 0, Current term: 0, Majority size: -1, State: 0, Mode: NON_LEADER, active raft config: opid_index: -1 OBSOLETE_local: false peers { permanent_uuid: "eb82581c92ff496dba6205db04333426" member_type: VOTER last_known_addr { host: "127.5.184.195" port: 42485 } } peers { permanent_uuid: "d344aa555dd44805b58e18097d0115fe" member_type: VOTER last_known_addr { host: "127.5.184.193" port: 36705 } } peers { permanent_uuid: "dd948946807f4a02b78a29e2f561a464" member_type: VOTER last_known_addr { host: "127.5.184.194" port: 41355 } }
I20260710 13:18:27.969307  7173 raft_consensus.cc:697] T 0d4897926bfa4f339e6df9cb4c5b34c6 P eb82581c92ff496dba6205db04333426 [term 1 LEADER]: Becoming Leader. State: Replica: eb82581c92ff496dba6205db04333426, State: Running, Role: LEADER
I20260710 13:18:27.996671  7173 consensus_queue.cc:237] T 0d4897926bfa4f339e6df9cb4c5b34c6 P eb82581c92ff496dba6205db04333426 [LEADER]: Queue going to LEADER mode. State: All replicated index: 0, Majority replicated index: 0, Committed index: 0, Last appended: 0.0, Last appended by leader: 0, Current term: 1, Majority size: 2, State: 0, Mode: LEADER, active raft config: opid_index: -1 OBSOLETE_local: false peers { permanent_uuid: "d344aa555dd44805b58e18097d0115fe" member_type: VOTER last_known_addr { host: "127.5.184.193" port: 36705 } } peers { permanent_uuid: "dd948946807f4a02b78a29e2f561a464" member_type: VOTER last_known_addr { host: "127.5.184.194" port: 41355 } } peers { permanent_uuid: "eb82581c92ff496dba6205db04333426" member_type: VOTER last_known_addr { host: "127.5.184.195" port: 42485 } }
I20260710 13:18:27.994338  7169 ts_tablet_manager.cc:1434] T 4808df091d654c989fe84920bb5b40d2 P d344aa555dd44805b58e18097d0115fe: Time spent starting tablet: real 0.029s	user 0.000s	sys 0.005s
I20260710 13:18:28.001740  7168 tablet_bootstrap.cc:492] T 4808df091d654c989fe84920bb5b40d2 P eb82581c92ff496dba6205db04333426: No bootstrap required, opened a new log
I20260710 13:18:28.002278  7168 ts_tablet_manager.cc:1403] T 4808df091d654c989fe84920bb5b40d2 P eb82581c92ff496dba6205db04333426: Time spent bootstrapping tablet: real 0.237s	user 0.008s	sys 0.010s
I20260710 13:18:28.002859  7169 tablet_bootstrap.cc:492] T 2be4b35bb1594956aaee5e29997f1a44 P d344aa555dd44805b58e18097d0115fe: Bootstrap starting.
I20260710 13:18:28.007196  7168 raft_consensus.cc:359] T 4808df091d654c989fe84920bb5b40d2 P eb82581c92ff496dba6205db04333426 [term 0 FOLLOWER]: Replica starting. Triggering 0 pending ops. Active config: opid_index: -1 OBSOLETE_local: false peers { permanent_uuid: "eb82581c92ff496dba6205db04333426" member_type: VOTER last_known_addr { host: "127.5.184.195" port: 42485 } } peers { permanent_uuid: "d344aa555dd44805b58e18097d0115fe" member_type: VOTER last_known_addr { host: "127.5.184.193" port: 36705 } } peers { permanent_uuid: "dd948946807f4a02b78a29e2f561a464" member_type: VOTER last_known_addr { host: "127.5.184.194" port: 41355 } }
I20260710 13:18:27.999326  7167 tablet_bootstrap.cc:654] T ffa6bb7870dd499c9521427bac5def1a P dd948946807f4a02b78a29e2f561a464: Neither blocks nor log segments found. Creating new log.
I20260710 13:18:28.007722  7168 raft_consensus.cc:385] T 4808df091d654c989fe84920bb5b40d2 P eb82581c92ff496dba6205db04333426 [term 0 FOLLOWER]: Consensus starting up: Expiring failure detector timer to make a prompt election more likely
I20260710 13:18:28.009013  7169 tablet_bootstrap.cc:654] T 2be4b35bb1594956aaee5e29997f1a44 P d344aa555dd44805b58e18097d0115fe: Neither blocks nor log segments found. Creating new log.
I20260710 13:18:28.009503  7168 raft_consensus.cc:740] T 4808df091d654c989fe84920bb5b40d2 P eb82581c92ff496dba6205db04333426 [term 0 FOLLOWER]: Becoming Follower/Learner. State: Replica: eb82581c92ff496dba6205db04333426, State: Initialized, Role: FOLLOWER
I20260710 13:18:28.010550  7168 consensus_queue.cc:260] T 4808df091d654c989fe84920bb5b40d2 P eb82581c92ff496dba6205db04333426 [NON_LEADER]: Queue going to NON_LEADER mode. State: All replicated index: 0, Majority replicated index: 0, Committed index: 0, Last appended: 0.0, Last appended by leader: 0, Current term: 0, Majority size: -1, State: 0, Mode: NON_LEADER, active raft config: opid_index: -1 OBSOLETE_local: false peers { permanent_uuid: "eb82581c92ff496dba6205db04333426" member_type: VOTER last_known_addr { host: "127.5.184.195" port: 42485 } } peers { permanent_uuid: "d344aa555dd44805b58e18097d0115fe" member_type: VOTER last_known_addr { host: "127.5.184.193" port: 36705 } } peers { permanent_uuid: "dd948946807f4a02b78a29e2f561a464" member_type: VOTER last_known_addr { host: "127.5.184.194" port: 41355 } }
I20260710 13:18:28.014120  6876 catalog_manager.cc:5697] T 0d4897926bfa4f339e6df9cb4c5b34c6 P eb82581c92ff496dba6205db04333426 reported cstate change: term changed from 0 to 1, leader changed from <none> to eb82581c92ff496dba6205db04333426 (127.5.184.195). New cstate: current_term: 1 leader_uuid: "eb82581c92ff496dba6205db04333426" committed_config { opid_index: -1 OBSOLETE_local: false peers { permanent_uuid: "d344aa555dd44805b58e18097d0115fe" member_type: VOTER last_known_addr { host: "127.5.184.193" port: 36705 } health_report { overall_health: UNKNOWN } } peers { permanent_uuid: "dd948946807f4a02b78a29e2f561a464" member_type: VOTER last_known_addr { host: "127.5.184.194" port: 41355 } health_report { overall_health: UNKNOWN } } peers { permanent_uuid: "eb82581c92ff496dba6205db04333426" member_type: VOTER last_known_addr { host: "127.5.184.195" port: 42485 } health_report { overall_health: HEALTHY } } }
I20260710 13:18:28.015141  7169 tablet_bootstrap.cc:492] T 2be4b35bb1594956aaee5e29997f1a44 P d344aa555dd44805b58e18097d0115fe: No bootstrap required, opened a new log
I20260710 13:18:28.015673  7169 ts_tablet_manager.cc:1403] T 2be4b35bb1594956aaee5e29997f1a44 P d344aa555dd44805b58e18097d0115fe: Time spent bootstrapping tablet: real 0.016s	user 0.007s	sys 0.004s
I20260710 13:18:28.016584  7167 tablet_bootstrap.cc:492] T ffa6bb7870dd499c9521427bac5def1a P dd948946807f4a02b78a29e2f561a464: No bootstrap required, opened a new log
I20260710 13:18:28.017009  7167 ts_tablet_manager.cc:1403] T ffa6bb7870dd499c9521427bac5def1a P dd948946807f4a02b78a29e2f561a464: Time spent bootstrapping tablet: real 0.038s	user 0.006s	sys 0.003s
I20260710 13:18:28.015090  7168 ts_tablet_manager.cc:1434] T 4808df091d654c989fe84920bb5b40d2 P eb82581c92ff496dba6205db04333426: Time spent starting tablet: real 0.012s	user 0.006s	sys 0.000s
I20260710 13:18:28.018352  7169 raft_consensus.cc:359] T 2be4b35bb1594956aaee5e29997f1a44 P d344aa555dd44805b58e18097d0115fe [term 0 FOLLOWER]: Replica starting. Triggering 0 pending ops. Active config: opid_index: -1 OBSOLETE_local: false peers { permanent_uuid: "d344aa555dd44805b58e18097d0115fe" member_type: VOTER last_known_addr { host: "127.5.184.193" port: 36705 } } peers { permanent_uuid: "dd948946807f4a02b78a29e2f561a464" member_type: VOTER last_known_addr { host: "127.5.184.194" port: 41355 } } peers { permanent_uuid: "eb82581c92ff496dba6205db04333426" member_type: VOTER last_known_addr { host: "127.5.184.195" port: 42485 } }
I20260710 13:18:28.019326  7169 raft_consensus.cc:385] T 2be4b35bb1594956aaee5e29997f1a44 P d344aa555dd44805b58e18097d0115fe [term 0 FOLLOWER]: Consensus starting up: Expiring failure detector timer to make a prompt election more likely
I20260710 13:18:28.019372  7176 raft_consensus.cc:493] T 7750898e4bb04e38a0ba98b9ae7a189d P d344aa555dd44805b58e18097d0115fe [term 0 FOLLOWER]: Starting pre-election (no leader contacted us within the election timeout)
I20260710 13:18:28.019383  7168 tablet_bootstrap.cc:492] T 5ed2a5835a274a07a26fd58bdff38c1b P eb82581c92ff496dba6205db04333426: Bootstrap starting.
I20260710 13:18:28.019732  7169 raft_consensus.cc:740] T 2be4b35bb1594956aaee5e29997f1a44 P d344aa555dd44805b58e18097d0115fe [term 0 FOLLOWER]: Becoming Follower/Learner. State: Replica: d344aa555dd44805b58e18097d0115fe, State: Initialized, Role: FOLLOWER
I20260710 13:18:28.019917  7176 raft_consensus.cc:515] T 7750898e4bb04e38a0ba98b9ae7a189d P d344aa555dd44805b58e18097d0115fe [term 0 FOLLOWER]: Starting pre-election with config: opid_index: -1 OBSOLETE_local: false peers { permanent_uuid: "d344aa555dd44805b58e18097d0115fe" member_type: VOTER last_known_addr { host: "127.5.184.193" port: 36705 } } peers { permanent_uuid: "dd948946807f4a02b78a29e2f561a464" member_type: VOTER last_known_addr { host: "127.5.184.194" port: 41355 } } peers { permanent_uuid: "eb82581c92ff496dba6205db04333426" member_type: VOTER last_known_addr { host: "127.5.184.195" port: 42485 } }
I20260710 13:18:28.020989  7169 consensus_queue.cc:260] T 2be4b35bb1594956aaee5e29997f1a44 P d344aa555dd44805b58e18097d0115fe [NON_LEADER]: Queue going to NON_LEADER mode. State: All replicated index: 0, Majority replicated index: 0, Committed index: 0, Last appended: 0.0, Last appended by leader: 0, Current term: 0, Majority size: -1, State: 0, Mode: NON_LEADER, active raft config: opid_index: -1 OBSOLETE_local: false peers { permanent_uuid: "d344aa555dd44805b58e18097d0115fe" member_type: VOTER last_known_addr { host: "127.5.184.193" port: 36705 } } peers { permanent_uuid: "dd948946807f4a02b78a29e2f561a464" member_type: VOTER last_known_addr { host: "127.5.184.194" port: 41355 } } peers { permanent_uuid: "eb82581c92ff496dba6205db04333426" member_type: VOTER last_known_addr { host: "127.5.184.195" port: 42485 } }
I20260710 13:18:28.026930  7168 tablet_bootstrap.cc:654] T 5ed2a5835a274a07a26fd58bdff38c1b P eb82581c92ff496dba6205db04333426: Neither blocks nor log segments found. Creating new log.
I20260710 13:18:28.030418  7176 leader_election.cc:290] T 7750898e4bb04e38a0ba98b9ae7a189d P d344aa555dd44805b58e18097d0115fe [CANDIDATE]: Term 1 pre-election: Requested pre-vote from peers dd948946807f4a02b78a29e2f561a464 (127.5.184.194:41355), eb82581c92ff496dba6205db04333426 (127.5.184.195:42485)
I20260710 13:18:28.046326  7167 raft_consensus.cc:359] T ffa6bb7870dd499c9521427bac5def1a P dd948946807f4a02b78a29e2f561a464 [term 0 FOLLOWER]: Replica starting. Triggering 0 pending ops. Active config: opid_index: -1 OBSOLETE_local: false peers { permanent_uuid: "d344aa555dd44805b58e18097d0115fe" member_type: VOTER last_known_addr { host: "127.5.184.193" port: 36705 } } peers { permanent_uuid: "dd948946807f4a02b78a29e2f561a464" member_type: VOTER last_known_addr { host: "127.5.184.194" port: 41355 } } peers { permanent_uuid: "eb82581c92ff496dba6205db04333426" member_type: VOTER last_known_addr { host: "127.5.184.195" port: 42485 } }
I20260710 13:18:28.047225  7167 raft_consensus.cc:385] T ffa6bb7870dd499c9521427bac5def1a P dd948946807f4a02b78a29e2f561a464 [term 0 FOLLOWER]: Consensus starting up: Expiring failure detector timer to make a prompt election more likely
I20260710 13:18:28.047564  7167 raft_consensus.cc:740] T ffa6bb7870dd499c9521427bac5def1a P dd948946807f4a02b78a29e2f561a464 [term 0 FOLLOWER]: Becoming Follower/Learner. State: Replica: dd948946807f4a02b78a29e2f561a464, State: Initialized, Role: FOLLOWER
I20260710 13:18:28.048476  7167 consensus_queue.cc:260] T ffa6bb7870dd499c9521427bac5def1a P dd948946807f4a02b78a29e2f561a464 [NON_LEADER]: Queue going to NON_LEADER mode. State: All replicated index: 0, Majority replicated index: 0, Committed index: 0, Last appended: 0.0, Last appended by leader: 0, Current term: 0, Majority size: -1, State: 0, Mode: NON_LEADER, active raft config: opid_index: -1 OBSOLETE_local: false peers { permanent_uuid: "d344aa555dd44805b58e18097d0115fe" member_type: VOTER last_known_addr { host: "127.5.184.193" port: 36705 } } peers { permanent_uuid: "dd948946807f4a02b78a29e2f561a464" member_type: VOTER last_known_addr { host: "127.5.184.194" port: 41355 } } peers { permanent_uuid: "eb82581c92ff496dba6205db04333426" member_type: VOTER last_known_addr { host: "127.5.184.195" port: 42485 } }
I20260710 13:18:28.058104  7167 ts_tablet_manager.cc:1434] T ffa6bb7870dd499c9521427bac5def1a P dd948946807f4a02b78a29e2f561a464: Time spent starting tablet: real 0.041s	user 0.002s	sys 0.005s
I20260710 13:18:28.068797  7173 raft_consensus.cc:493] T 4808df091d654c989fe84920bb5b40d2 P eb82581c92ff496dba6205db04333426 [term 0 FOLLOWER]: Starting pre-election (no leader contacted us within the election timeout)
I20260710 13:18:28.069365  7173 raft_consensus.cc:515] T 4808df091d654c989fe84920bb5b40d2 P eb82581c92ff496dba6205db04333426 [term 0 FOLLOWER]: Starting pre-election with config: opid_index: -1 OBSOLETE_local: false peers { permanent_uuid: "eb82581c92ff496dba6205db04333426" member_type: VOTER last_known_addr { host: "127.5.184.195" port: 42485 } } peers { permanent_uuid: "d344aa555dd44805b58e18097d0115fe" member_type: VOTER last_known_addr { host: "127.5.184.193" port: 36705 } } peers { permanent_uuid: "dd948946807f4a02b78a29e2f561a464" member_type: VOTER last_known_addr { host: "127.5.184.194" port: 41355 } }
I20260710 13:18:28.071762  7173 leader_election.cc:290] T 4808df091d654c989fe84920bb5b40d2 P eb82581c92ff496dba6205db04333426 [CANDIDATE]: Term 1 pre-election: Requested pre-vote from peers d344aa555dd44805b58e18097d0115fe (127.5.184.193:36705), dd948946807f4a02b78a29e2f561a464 (127.5.184.194:41355)
I20260710 13:18:28.073499  7053 tablet_service.cc:1917] Received RequestConsensusVote() RPC: tablet_id: "4808df091d654c989fe84920bb5b40d2" candidate_uuid: "eb82581c92ff496dba6205db04333426" candidate_term: 1 candidate_status { last_received { term: 0 index: 0 } } ignore_live_leader: false dest_uuid: "dd948946807f4a02b78a29e2f561a464" is_pre_election: true
I20260710 13:18:28.075155  7053 raft_consensus.cc:2468] T 4808df091d654c989fe84920bb5b40d2 P dd948946807f4a02b78a29e2f561a464 [term 0 FOLLOWER]: Leader pre-election vote request: Granting yes vote for candidate eb82581c92ff496dba6205db04333426 in term 0.
I20260710 13:18:28.076614  7090 leader_election.cc:304] T 4808df091d654c989fe84920bb5b40d2 P eb82581c92ff496dba6205db04333426 [CANDIDATE]: Term 1 pre-election: Election decided. Result: candidate won. Election summary: received 2 responses out of 3 voters: 2 yes votes; 0 no votes. yes voters: dd948946807f4a02b78a29e2f561a464, eb82581c92ff496dba6205db04333426; no voters: 
I20260710 13:18:28.077572  7173 raft_consensus.cc:2804] T 4808df091d654c989fe84920bb5b40d2 P eb82581c92ff496dba6205db04333426 [term 0 FOLLOWER]: Leader pre-election won for term 1
I20260710 13:18:28.078006  7173 raft_consensus.cc:493] T 4808df091d654c989fe84920bb5b40d2 P eb82581c92ff496dba6205db04333426 [term 0 FOLLOWER]: Starting leader election (no leader contacted us within the election timeout)
I20260710 13:18:28.078475  7173 raft_consensus.cc:3060] T 4808df091d654c989fe84920bb5b40d2 P eb82581c92ff496dba6205db04333426 [term 0 FOLLOWER]: Advancing to term 1
I20260710 13:18:28.081657  6978 tablet_service.cc:1917] Received RequestConsensusVote() RPC: tablet_id: "4808df091d654c989fe84920bb5b40d2" candidate_uuid: "eb82581c92ff496dba6205db04333426" candidate_term: 1 candidate_status { last_received { term: 0 index: 0 } } ignore_live_leader: false dest_uuid: "d344aa555dd44805b58e18097d0115fe" is_pre_election: true
I20260710 13:18:28.082302  6978 raft_consensus.cc:2468] T 4808df091d654c989fe84920bb5b40d2 P d344aa555dd44805b58e18097d0115fe [term 0 FOLLOWER]: Leader pre-election vote request: Granting yes vote for candidate eb82581c92ff496dba6205db04333426 in term 0.
I20260710 13:18:28.086270  7167 tablet_bootstrap.cc:492] T 2be4b35bb1594956aaee5e29997f1a44 P dd948946807f4a02b78a29e2f561a464: Bootstrap starting.
I20260710 13:18:28.086160  7173 raft_consensus.cc:515] T 4808df091d654c989fe84920bb5b40d2 P eb82581c92ff496dba6205db04333426 [term 1 FOLLOWER]: Starting leader election with config: opid_index: -1 OBSOLETE_local: false peers { permanent_uuid: "eb82581c92ff496dba6205db04333426" member_type: VOTER last_known_addr { host: "127.5.184.195" port: 42485 } } peers { permanent_uuid: "d344aa555dd44805b58e18097d0115fe" member_type: VOTER last_known_addr { host: "127.5.184.193" port: 36705 } } peers { permanent_uuid: "dd948946807f4a02b78a29e2f561a464" member_type: VOTER last_known_addr { host: "127.5.184.194" port: 41355 } }
I20260710 13:18:28.099776  6978 tablet_service.cc:1917] Received RequestConsensusVote() RPC: tablet_id: "4808df091d654c989fe84920bb5b40d2" candidate_uuid: "eb82581c92ff496dba6205db04333426" candidate_term: 1 candidate_status { last_received { term: 0 index: 0 } } ignore_live_leader: false dest_uuid: "d344aa555dd44805b58e18097d0115fe"
I20260710 13:18:28.100329  6978 raft_consensus.cc:3060] T 4808df091d654c989fe84920bb5b40d2 P d344aa555dd44805b58e18097d0115fe [term 0 FOLLOWER]: Advancing to term 1
I20260710 13:18:28.102058  7127 tablet_service.cc:1917] Received RequestConsensusVote() RPC: tablet_id: "7750898e4bb04e38a0ba98b9ae7a189d" candidate_uuid: "d344aa555dd44805b58e18097d0115fe" candidate_term: 1 candidate_status { last_received { term: 0 index: 0 } } ignore_live_leader: false dest_uuid: "eb82581c92ff496dba6205db04333426" is_pre_election: true
W20260710 13:18:28.103649  6943 leader_election.cc:343] T 7750898e4bb04e38a0ba98b9ae7a189d P d344aa555dd44805b58e18097d0115fe [CANDIDATE]: Term 1 pre-election: Tablet error from VoteRequest() call to peer eb82581c92ff496dba6205db04333426 (127.5.184.195:42485): Illegal state: must be running to vote when last-logged opid is not known
I20260710 13:18:28.106581  7169 ts_tablet_manager.cc:1434] T 2be4b35bb1594956aaee5e29997f1a44 P d344aa555dd44805b58e18097d0115fe: Time spent starting tablet: real 0.091s	user 0.045s	sys 0.040s
