I20260710 13:18:17.042579 12043 consensus_queue.cc:1048] T 2f7a51ed46514f4ca0661720f884804c P 4ed1bfeb766e430e98b282f9c99f099e [LEADER]: Connected to new peer: Peer: permanent_uuid: "0fc7dd328c1a44eb9873be921d9506f1" member_type: VOTER last_known_addr { host: "127.10.239.130" port: 34029 }, Status: LMP_MISMATCH, Last received: 0.0, Next index: 1, Last known committed idx: 0, Time since last communication: 0.000s
I20260710 13:18:17.054670 12023 consensus_queue.cc:1048] T 2f7a51ed46514f4ca0661720f884804c P 4ed1bfeb766e430e98b282f9c99f099e [LEADER]: Connected to new peer: Peer: permanent_uuid: "f9fce9b3649340db87ddf8e53e9028f6" member_type: VOTER last_known_addr { host: "127.10.239.129" port: 38313 }, Status: LMP_MISMATCH, Last received: 0.0, Next index: 1, Last known committed idx: 0, Time since last communication: 0.000s
I20260710 13:18:17.066819 11973 tablet_service.cc:2072] Received LeaderStepDown RPC: tablet_id: "238510855f814146a047504112e10f23"
dest_uuid: "4ed1bfeb766e430e98b282f9c99f099e"
mode: GRACEFUL
new_leader_uuid: "f9fce9b3649340db87ddf8e53e9028f6"
 from {username='slave'} at 127.0.0.1:58916
I20260710 13:18:17.067438 11973 raft_consensus.cc:606] T 238510855f814146a047504112e10f23 P 4ed1bfeb766e430e98b282f9c99f099e [term 1 LEADER]: Received request to transfer leadership to TS f9fce9b3649340db87ddf8e53e9028f6
I20260710 13:18:17.082046 11899 tablet_service.cc:2072] Received LeaderStepDown RPC: tablet_id: "c196e0ce468e49888c07bd3834eaf18e"
dest_uuid: "0fc7dd328c1a44eb9873be921d9506f1"
mode: GRACEFUL
new_leader_uuid: "f9fce9b3649340db87ddf8e53e9028f6"
 from {username='slave'} at 127.0.0.1:53418
I20260710 13:18:17.082607 11899 raft_consensus.cc:606] T c196e0ce468e49888c07bd3834eaf18e P 0fc7dd328c1a44eb9873be921d9506f1 [term 1 LEADER]: Received request to transfer leadership to TS f9fce9b3649340db87ddf8e53e9028f6
I20260710 13:18:17.085755 12064 raft_consensus.cc:493] T 93cf3d79bd0e4f6a905bd6ef21324baf P f9fce9b3649340db87ddf8e53e9028f6 [term 0 FOLLOWER]: Starting pre-election (no leader contacted us within the election timeout)
I20260710 13:18:17.086233 12064 raft_consensus.cc:515] T 93cf3d79bd0e4f6a905bd6ef21324baf P f9fce9b3649340db87ddf8e53e9028f6 [term 0 FOLLOWER]: Starting pre-election with config: opid_index: -1 OBSOLETE_local: false peers { permanent_uuid: "f9fce9b3649340db87ddf8e53e9028f6" member_type: VOTER last_known_addr { host: "127.10.239.129" port: 38313 } } peers { permanent_uuid: "0fc7dd328c1a44eb9873be921d9506f1" member_type: VOTER last_known_addr { host: "127.10.239.130" port: 34029 } } peers { permanent_uuid: "4ed1bfeb766e430e98b282f9c99f099e" member_type: VOTER last_known_addr { host: "127.10.239.131" port: 41859 } }
I20260710 13:18:17.087574 11899 tablet_service.cc:2072] Received LeaderStepDown RPC: tablet_id: "de1b127bf0d04974bc63470869b8728b"
dest_uuid: "0fc7dd328c1a44eb9873be921d9506f1"
mode: GRACEFUL
new_leader_uuid: "f9fce9b3649340db87ddf8e53e9028f6"
 from {username='slave'} at 127.0.0.1:53418
I20260710 13:18:17.087905 12064 leader_election.cc:290] T 93cf3d79bd0e4f6a905bd6ef21324baf P f9fce9b3649340db87ddf8e53e9028f6 [CANDIDATE]: Term 1 pre-election: Requested pre-vote from peers 0fc7dd328c1a44eb9873be921d9506f1 (127.10.239.130:34029), 4ed1bfeb766e430e98b282f9c99f099e (127.10.239.131:41859)
I20260710 13:18:17.088183 11899 raft_consensus.cc:606] T de1b127bf0d04974bc63470869b8728b P 0fc7dd328c1a44eb9873be921d9506f1 [term 1 LEADER]: Received request to transfer leadership to TS f9fce9b3649340db87ddf8e53e9028f6
I20260710 13:18:17.088704 11898 tablet_service.cc:1917] Received RequestConsensusVote() RPC: tablet_id: "93cf3d79bd0e4f6a905bd6ef21324baf" candidate_uuid: "f9fce9b3649340db87ddf8e53e9028f6" candidate_term: 1 candidate_status { last_received { term: 0 index: 0 } } ignore_live_leader: false dest_uuid: "0fc7dd328c1a44eb9873be921d9506f1" is_pre_election: true
I20260710 13:18:17.088973 11973 tablet_service.cc:1917] Received RequestConsensusVote() RPC: tablet_id: "93cf3d79bd0e4f6a905bd6ef21324baf" candidate_uuid: "f9fce9b3649340db87ddf8e53e9028f6" candidate_term: 1 candidate_status { last_received { term: 0 index: 0 } } ignore_live_leader: false dest_uuid: "4ed1bfeb766e430e98b282f9c99f099e" is_pre_election: true
I20260710 13:18:17.089440 11898 raft_consensus.cc:2393] T 93cf3d79bd0e4f6a905bd6ef21324baf P 0fc7dd328c1a44eb9873be921d9506f1 [term 1 FOLLOWER]: Leader pre-election vote request: Denying vote to candidate f9fce9b3649340db87ddf8e53e9028f6 in current term 1: Already voted for candidate 4ed1bfeb766e430e98b282f9c99f099e in this term.
I20260710 13:18:17.090523 11789 leader_election.cc:304] T 93cf3d79bd0e4f6a905bd6ef21324baf P f9fce9b3649340db87ddf8e53e9028f6 [CANDIDATE]: Term 1 pre-election: Election decided. Result: candidate lost. Election summary: received 3 responses out of 3 voters: 1 yes votes; 2 no votes. yes voters: f9fce9b3649340db87ddf8e53e9028f6; no voters: 0fc7dd328c1a44eb9873be921d9506f1, 4ed1bfeb766e430e98b282f9c99f099e
I20260710 13:18:17.091154 12064 raft_consensus.cc:3060] T 93cf3d79bd0e4f6a905bd6ef21324baf P f9fce9b3649340db87ddf8e53e9028f6 [term 0 FOLLOWER]: Advancing to term 1
I20260710 13:18:17.093678 11898 tablet_service.cc:2072] Received LeaderStepDown RPC: tablet_id: "472ecbd40f504c2e914acc2cb430ae0f"
dest_uuid: "0fc7dd328c1a44eb9873be921d9506f1"
mode: GRACEFUL
new_leader_uuid: "f9fce9b3649340db87ddf8e53e9028f6"
 from {username='slave'} at 127.0.0.1:53418
I20260710 13:18:17.094261 11898 raft_consensus.cc:606] T 472ecbd40f504c2e914acc2cb430ae0f P 0fc7dd328c1a44eb9873be921d9506f1 [term 1 LEADER]: Received request to transfer leadership to TS f9fce9b3649340db87ddf8e53e9028f6
I20260710 13:18:17.097584 12064 raft_consensus.cc:2749] T 93cf3d79bd0e4f6a905bd6ef21324baf P f9fce9b3649340db87ddf8e53e9028f6 [term 1 FOLLOWER]: Leader pre-election lost for term 1. Reason: could not achieve majority
I20260710 13:18:17.101934 11973 tablet_service.cc:2072] Received LeaderStepDown RPC: tablet_id: "2f7a51ed46514f4ca0661720f884804c"
dest_uuid: "4ed1bfeb766e430e98b282f9c99f099e"
mode: GRACEFUL
new_leader_uuid: "0fc7dd328c1a44eb9873be921d9506f1"
 from {username='slave'} at 127.0.0.1:58916
I20260710 13:18:17.102421 11973 raft_consensus.cc:606] T 2f7a51ed46514f4ca0661720f884804c P 4ed1bfeb766e430e98b282f9c99f099e [term 1 LEADER]: Received request to transfer leadership to TS 0fc7dd328c1a44eb9873be921d9506f1
I20260710 13:18:17.106369 12023 consensus_queue.cc:1048] T 93cf3d79bd0e4f6a905bd6ef21324baf P 4ed1bfeb766e430e98b282f9c99f099e [LEADER]: Connected to new peer: Peer: permanent_uuid: "f9fce9b3649340db87ddf8e53e9028f6" member_type: VOTER last_known_addr { host: "127.10.239.129" port: 38313 }, Status: LMP_MISMATCH, Last received: 0.0, Next index: 1, Last known committed idx: 0, Time since last communication: 0.000s
I20260710 13:18:17.106812 11973 tablet_service.cc:2072] Received LeaderStepDown RPC: tablet_id: "93cf3d79bd0e4f6a905bd6ef21324baf"
dest_uuid: "4ed1bfeb766e430e98b282f9c99f099e"
mode: GRACEFUL
new_leader_uuid: "0fc7dd328c1a44eb9873be921d9506f1"
 from {username='slave'} at 127.0.0.1:58916
I20260710 13:18:17.107321 11973 raft_consensus.cc:606] T 93cf3d79bd0e4f6a905bd6ef21324baf P 4ed1bfeb766e430e98b282f9c99f099e [term 1 LEADER]: Received request to transfer leadership to TS 0fc7dd328c1a44eb9873be921d9506f1
I20260710 13:18:17.108955 12067 raft_consensus.cc:493] T d1b6df3df19e43ccb5755edd191b0c6a P f9fce9b3649340db87ddf8e53e9028f6 [term 0 FOLLOWER]: Starting pre-election (no leader contacted us within the election timeout)
I20260710 13:18:17.109406 12067 raft_consensus.cc:515] T d1b6df3df19e43ccb5755edd191b0c6a P f9fce9b3649340db87ddf8e53e9028f6 [term 0 FOLLOWER]: Starting pre-election with config: opid_index: -1 OBSOLETE_local: false peers { permanent_uuid: "f9fce9b3649340db87ddf8e53e9028f6" member_type: VOTER last_known_addr { host: "127.10.239.129" port: 38313 } } peers { permanent_uuid: "0fc7dd328c1a44eb9873be921d9506f1" member_type: VOTER last_known_addr { host: "127.10.239.130" port: 34029 } } peers { permanent_uuid: "4ed1bfeb766e430e98b282f9c99f099e" member_type: VOTER last_known_addr { host: "127.10.239.131" port: 41859 } }
I20260710 13:18:17.111502 12067 leader_election.cc:290] T d1b6df3df19e43ccb5755edd191b0c6a P f9fce9b3649340db87ddf8e53e9028f6 [CANDIDATE]: Term 1 pre-election: Requested pre-vote from peers 0fc7dd328c1a44eb9873be921d9506f1 (127.10.239.130:34029), 4ed1bfeb766e430e98b282f9c99f099e (127.10.239.131:41859)
I20260710 13:18:17.113023 11973 tablet_service.cc:1917] Received RequestConsensusVote() RPC: tablet_id: "d1b6df3df19e43ccb5755edd191b0c6a" candidate_uuid: "f9fce9b3649340db87ddf8e53e9028f6" candidate_term: 1 candidate_status { last_received { term: 0 index: 0 } } ignore_live_leader: false dest_uuid: "4ed1bfeb766e430e98b282f9c99f099e" is_pre_election: true
I20260710 13:18:17.113314 11898 tablet_service.cc:1917] Received RequestConsensusVote() RPC: tablet_id: "d1b6df3df19e43ccb5755edd191b0c6a" candidate_uuid: "f9fce9b3649340db87ddf8e53e9028f6" candidate_term: 1 candidate_status { last_received { term: 0 index: 0 } } ignore_live_leader: false dest_uuid: "0fc7dd328c1a44eb9873be921d9506f1" is_pre_election: true
I20260710 13:18:17.114050 11898 raft_consensus.cc:2393] T d1b6df3df19e43ccb5755edd191b0c6a P 0fc7dd328c1a44eb9873be921d9506f1 [term 1 FOLLOWER]: Leader pre-election vote request: Denying vote to candidate f9fce9b3649340db87ddf8e53e9028f6 in current term 1: Already voted for candidate 4ed1bfeb766e430e98b282f9c99f099e in this term.
I20260710 13:18:17.117666 11973 tablet_service.cc:2072] Received LeaderStepDown RPC: tablet_id: "d1b6df3df19e43ccb5755edd191b0c6a"
dest_uuid: "4ed1bfeb766e430e98b282f9c99f099e"
mode: GRACEFUL
new_leader_uuid: "0fc7dd328c1a44eb9873be921d9506f1"
 from {username='slave'} at 127.0.0.1:58916
I20260710 13:18:17.118158 11973 raft_consensus.cc:606] T d1b6df3df19e43ccb5755edd191b0c6a P 4ed1bfeb766e430e98b282f9c99f099e [term 1 LEADER]: Received request to transfer leadership to TS 0fc7dd328c1a44eb9873be921d9506f1
I20260710 13:18:17.118350 11789 leader_election.cc:304] T d1b6df3df19e43ccb5755edd191b0c6a P f9fce9b3649340db87ddf8e53e9028f6 [CANDIDATE]: Term 1 pre-election: Election decided. Result: candidate lost. Election summary: received 3 responses out of 3 voters: 1 yes votes; 2 no votes. yes voters: f9fce9b3649340db87ddf8e53e9028f6; no voters: 0fc7dd328c1a44eb9873be921d9506f1, 4ed1bfeb766e430e98b282f9c99f099e
I20260710 13:18:17.119783 12067 raft_consensus.cc:3060] T d1b6df3df19e43ccb5755edd191b0c6a P f9fce9b3649340db87ddf8e53e9028f6 [term 0 FOLLOWER]: Advancing to term 1
I20260710 13:18:17.119634 12054 consensus_queue.cc:1048] T 93cf3d79bd0e4f6a905bd6ef21324baf P 4ed1bfeb766e430e98b282f9c99f099e [LEADER]: Connected to new peer: Peer: permanent_uuid: "0fc7dd328c1a44eb9873be921d9506f1" member_type: VOTER last_known_addr { host: "127.10.239.130" port: 34029 }, Status: LMP_MISMATCH, Last received: 0.0, Next index: 1, Last known committed idx: 0, Time since last communication: 0.000s
I20260710 13:18:17.135880 12054 raft_consensus.cc:993] T 93cf3d79bd0e4f6a905bd6ef21324baf P 4ed1bfeb766e430e98b282f9c99f099e: : Instructing follower 0fc7dd328c1a44eb9873be921d9506f1 to start an election
I20260710 13:18:17.136334 12054 raft_consensus.cc:1081] T 93cf3d79bd0e4f6a905bd6ef21324baf P 4ed1bfeb766e430e98b282f9c99f099e [term 1 LEADER]: Signalling peer 0fc7dd328c1a44eb9873be921d9506f1 to start an election
I20260710 13:18:17.137012 12067 raft_consensus.cc:2749] T d1b6df3df19e43ccb5755edd191b0c6a P f9fce9b3649340db87ddf8e53e9028f6 [term 1 FOLLOWER]: Leader pre-election lost for term 1. Reason: could not achieve majority
I20260710 13:18:17.138099 11899 tablet_service.cc:2044] Received Run Leader Election RPC: tablet_id: "93cf3d79bd0e4f6a905bd6ef21324baf"
dest_uuid: "0fc7dd328c1a44eb9873be921d9506f1"
 from {username='slave'} at 127.0.0.1:53408
I20260710 13:18:17.138676 11899 raft_consensus.cc:493] T 93cf3d79bd0e4f6a905bd6ef21324baf P 0fc7dd328c1a44eb9873be921d9506f1 [term 1 FOLLOWER]: Starting forced leader election (received explicit request)
I20260710 13:18:17.139048 11899 raft_consensus.cc:3060] T 93cf3d79bd0e4f6a905bd6ef21324baf P 0fc7dd328c1a44eb9873be921d9506f1 [term 1 FOLLOWER]: Advancing to term 2
I20260710 13:18:17.143599 11824 tablet_service.cc:2072] Received LeaderStepDown RPC: tablet_id: "1ee8b29e7e394d2dadd0bc4be15b8cc9"
dest_uuid: "f9fce9b3649340db87ddf8e53e9028f6"
mode: GRACEFUL
new_leader_uuid: "0fc7dd328c1a44eb9873be921d9506f1"
 from {username='slave'} at 127.0.0.1:57414
I20260710 13:18:17.144260 11824 raft_consensus.cc:606] T 1ee8b29e7e394d2dadd0bc4be15b8cc9 P f9fce9b3649340db87ddf8e53e9028f6 [term 1 LEADER]: Received request to transfer leadership to TS 0fc7dd328c1a44eb9873be921d9506f1
I20260710 13:18:17.145479 11899 raft_consensus.cc:515] T 93cf3d79bd0e4f6a905bd6ef21324baf P 0fc7dd328c1a44eb9873be921d9506f1 [term 2 FOLLOWER]: Starting forced leader election with config: opid_index: -1 OBSOLETE_local: false peers { permanent_uuid: "f9fce9b3649340db87ddf8e53e9028f6" member_type: VOTER last_known_addr { host: "127.10.239.129" port: 38313 } } peers { permanent_uuid: "0fc7dd328c1a44eb9873be921d9506f1" member_type: VOTER last_known_addr { host: "127.10.239.130" port: 34029 } } peers { permanent_uuid: "4ed1bfeb766e430e98b282f9c99f099e" member_type: VOTER last_known_addr { host: "127.10.239.131" port: 41859 } }
I20260710 13:18:17.148018 11899 leader_election.cc:290] T 93cf3d79bd0e4f6a905bd6ef21324baf P 0fc7dd328c1a44eb9873be921d9506f1 [CANDIDATE]: Term 2 election: Requested vote from peers f9fce9b3649340db87ddf8e53e9028f6 (127.10.239.129:38313), 4ed1bfeb766e430e98b282f9c99f099e (127.10.239.131:41859)
I20260710 13:18:17.148113 11824 tablet_service.cc:1917] Received RequestConsensusVote() RPC: tablet_id: "93cf3d79bd0e4f6a905bd6ef21324baf" candidate_uuid: "0fc7dd328c1a44eb9873be921d9506f1" candidate_term: 2 candidate_status { last_received { term: 1 index: 1 } } ignore_live_leader: true dest_uuid: "f9fce9b3649340db87ddf8e53e9028f6"
I20260710 13:18:17.148769 11824 raft_consensus.cc:3060] T 93cf3d79bd0e4f6a905bd6ef21324baf P f9fce9b3649340db87ddf8e53e9028f6 [term 1 FOLLOWER]: Advancing to term 2
I20260710 13:18:17.149303 11973 tablet_service.cc:1917] Received RequestConsensusVote() RPC: tablet_id: "93cf3d79bd0e4f6a905bd6ef21324baf" candidate_uuid: "0fc7dd328c1a44eb9873be921d9506f1" candidate_term: 2 candidate_status { last_received { term: 1 index: 1 } } ignore_live_leader: true dest_uuid: "4ed1bfeb766e430e98b282f9c99f099e"
I20260710 13:18:17.149793 11973 raft_consensus.cc:3055] T 93cf3d79bd0e4f6a905bd6ef21324baf P 4ed1bfeb766e430e98b282f9c99f099e [term 1 LEADER]: Stepping down as leader of term 1
I20260710 13:18:17.150133 11973 raft_consensus.cc:740] T 93cf3d79bd0e4f6a905bd6ef21324baf P 4ed1bfeb766e430e98b282f9c99f099e [term 1 LEADER]: Becoming Follower/Learner. State: Replica: 4ed1bfeb766e430e98b282f9c99f099e, State: Running, Role: LEADER
I20260710 13:18:17.150158 11825 tablet_service.cc:2072] Received LeaderStepDown RPC: tablet_id: "288318b7b0594e47a12e0b72a33f6ba1"
dest_uuid: "f9fce9b3649340db87ddf8e53e9028f6"
mode: GRACEFUL
new_leader_uuid: "4ed1bfeb766e430e98b282f9c99f099e"
 from {username='slave'} at 127.0.0.1:57414
I20260710 13:18:17.150794 11825 raft_consensus.cc:606] T 288318b7b0594e47a12e0b72a33f6ba1 P f9fce9b3649340db87ddf8e53e9028f6 [term 1 LEADER]: Received request to transfer leadership to TS 4ed1bfeb766e430e98b282f9c99f099e
I20260710 13:18:17.150871 11973 consensus_queue.cc:260] T 93cf3d79bd0e4f6a905bd6ef21324baf P 4ed1bfeb766e430e98b282f9c99f099e [NON_LEADER]: Queue going to NON_LEADER mode. State: All replicated index: 0, Majority replicated index: 1, Committed index: 1, Last appended: 1.1, Last appended by leader: 1, Current term: 1, Majority size: -1, State: 0, Mode: NON_LEADER, active raft config: opid_index: -1 OBSOLETE_local: false peers { permanent_uuid: "f9fce9b3649340db87ddf8e53e9028f6" member_type: VOTER last_known_addr { host: "127.10.239.129" port: 38313 } } peers { permanent_uuid: "0fc7dd328c1a44eb9873be921d9506f1" member_type: VOTER last_known_addr { host: "127.10.239.130" port: 34029 } } peers { permanent_uuid: "4ed1bfeb766e430e98b282f9c99f099e" member_type: VOTER last_known_addr { host: "127.10.239.131" port: 41859 } }
I20260710 13:18:17.151878 11973 raft_consensus.cc:3060] T 93cf3d79bd0e4f6a905bd6ef21324baf P 4ed1bfeb766e430e98b282f9c99f099e [term 1 FOLLOWER]: Advancing to term 2
I20260710 13:18:17.154589 11824 raft_consensus.cc:2468] T 93cf3d79bd0e4f6a905bd6ef21324baf P f9fce9b3649340db87ddf8e53e9028f6 [term 2 FOLLOWER]: Leader election vote request: Granting yes vote for candidate 0fc7dd328c1a44eb9873be921d9506f1 in term 2.
I20260710 13:18:17.155571 11866 leader_election.cc:304] T 93cf3d79bd0e4f6a905bd6ef21324baf P 0fc7dd328c1a44eb9873be921d9506f1 [CANDIDATE]: Term 2 election: Election decided. Result: candidate won. Election summary: received 2 responses out of 3 voters: 2 yes votes; 0 no votes. yes voters: 0fc7dd328c1a44eb9873be921d9506f1, f9fce9b3649340db87ddf8e53e9028f6; no voters: 
I20260710 13:18:17.156386 12081 raft_consensus.cc:2804] T 93cf3d79bd0e4f6a905bd6ef21324baf P 0fc7dd328c1a44eb9873be921d9506f1 [term 2 FOLLOWER]: Leader election won for term 2
I20260710 13:18:17.156850 12081 raft_consensus.cc:697] T 93cf3d79bd0e4f6a905bd6ef21324baf P 0fc7dd328c1a44eb9873be921d9506f1 [term 2 LEADER]: Becoming Leader. State: Replica: 0fc7dd328c1a44eb9873be921d9506f1, State: Running, Role: LEADER
I20260710 13:18:17.157094 11973 raft_consensus.cc:2468] T 93cf3d79bd0e4f6a905bd6ef21324baf P 4ed1bfeb766e430e98b282f9c99f099e [term 2 FOLLOWER]: Leader election vote request: Granting yes vote for candidate 0fc7dd328c1a44eb9873be921d9506f1 in term 2.
I20260710 13:18:17.157683 12081 consensus_queue.cc:237] T 93cf3d79bd0e4f6a905bd6ef21324baf P 0fc7dd328c1a44eb9873be921d9506f1 [LEADER]: Queue going to LEADER mode. State: All replicated index: 0, Majority replicated index: 1, Committed index: 1, Last appended: 1.1, Last appended by leader: 1, Current term: 2, Majority size: 2, State: 0, Mode: LEADER, active raft config: opid_index: -1 OBSOLETE_local: false peers { permanent_uuid: "f9fce9b3649340db87ddf8e53e9028f6" member_type: VOTER last_known_addr { host: "127.10.239.129" port: 38313 } } peers { permanent_uuid: "0fc7dd328c1a44eb9873be921d9506f1" member_type: VOTER last_known_addr { host: "127.10.239.130" port: 34029 } } peers { permanent_uuid: "4ed1bfeb766e430e98b282f9c99f099e" member_type: VOTER last_known_addr { host: "127.10.239.131" port: 41859 } }
I20260710 13:18:17.163515 11721 catalog_manager.cc:5697] T 93cf3d79bd0e4f6a905bd6ef21324baf P 0fc7dd328c1a44eb9873be921d9506f1 reported cstate change: term changed from 1 to 2, leader changed from 4ed1bfeb766e430e98b282f9c99f099e (127.10.239.131) to 0fc7dd328c1a44eb9873be921d9506f1 (127.10.239.130). New cstate: current_term: 2 leader_uuid: "0fc7dd328c1a44eb9873be921d9506f1" committed_config { opid_index: -1 OBSOLETE_local: false peers { permanent_uuid: "f9fce9b3649340db87ddf8e53e9028f6" member_type: VOTER last_known_addr { host: "127.10.239.129" port: 38313 } health_report { overall_health: UNKNOWN } } peers { permanent_uuid: "0fc7dd328c1a44eb9873be921d9506f1" member_type: VOTER last_known_addr { host: "127.10.239.130" port: 34029 } health_report { overall_health: HEALTHY } } peers { permanent_uuid: "4ed1bfeb766e430e98b282f9c99f099e" member_type: VOTER last_known_addr { host: "127.10.239.131" port: 41859 } health_report { overall_health: UNKNOWN } } }
I20260710 13:18:17.267347 12067 consensus_queue.cc:1048] T 288318b7b0594e47a12e0b72a33f6ba1 P f9fce9b3649340db87ddf8e53e9028f6 [LEADER]: Connected to new peer: Peer: permanent_uuid: "0fc7dd328c1a44eb9873be921d9506f1" member_type: VOTER last_known_addr { host: "127.10.239.130" port: 34029 }, Status: LMP_MISMATCH, Last received: 0.0, Next index: 1, Last known committed idx: 0, Time since last communication: 0.000s
I20260710 13:18:17.279269 12018 consensus_queue.cc:1048] T 288318b7b0594e47a12e0b72a33f6ba1 P f9fce9b3649340db87ddf8e53e9028f6 [LEADER]: Connected to new peer: Peer: permanent_uuid: "4ed1bfeb766e430e98b282f9c99f099e" member_type: VOTER last_known_addr { host: "127.10.239.131" port: 41859 }, Status: LMP_MISMATCH, Last received: 0.0, Next index: 1, Last known committed idx: 0, Time since last communication: 0.000s
I20260710 13:18:17.280848 12024 consensus_queue.cc:1048] T de1b127bf0d04974bc63470869b8728b P 0fc7dd328c1a44eb9873be921d9506f1 [LEADER]: Connected to new peer: Peer: permanent_uuid: "f9fce9b3649340db87ddf8e53e9028f6" member_type: VOTER last_known_addr { host: "127.10.239.129" port: 38313 }, Status: LMP_MISMATCH, Last received: 0.0, Next index: 1, Last known committed idx: 0, Time since last communication: 0.000s
I20260710 13:18:17.288765 12064 raft_consensus.cc:993] T 288318b7b0594e47a12e0b72a33f6ba1 P f9fce9b3649340db87ddf8e53e9028f6: : Instructing follower 4ed1bfeb766e430e98b282f9c99f099e to start an election
I20260710 13:18:17.289196 12064 raft_consensus.cc:1081] T 288318b7b0594e47a12e0b72a33f6ba1 P f9fce9b3649340db87ddf8e53e9028f6 [term 1 LEADER]: Signalling peer 4ed1bfeb766e430e98b282f9c99f099e to start an election
I20260710 13:18:17.289917 12024 raft_consensus.cc:993] T de1b127bf0d04974bc63470869b8728b P 0fc7dd328c1a44eb9873be921d9506f1: : Instructing follower f9fce9b3649340db87ddf8e53e9028f6 to start an election
I20260710 13:18:17.290345 12024 raft_consensus.cc:1081] T de1b127bf0d04974bc63470869b8728b P 0fc7dd328c1a44eb9873be921d9506f1 [term 1 LEADER]: Signalling peer f9fce9b3649340db87ddf8e53e9028f6 to start an election
I20260710 13:18:17.291293 11973 tablet_service.cc:2044] Received Run Leader Election RPC: tablet_id: "288318b7b0594e47a12e0b72a33f6ba1"
dest_uuid: "4ed1bfeb766e430e98b282f9c99f099e"
 from {username='slave'} at 127.0.0.1:58908
I20260710 13:18:17.292322 11973 raft_consensus.cc:493] T 288318b7b0594e47a12e0b72a33f6ba1 P 4ed1bfeb766e430e98b282f9c99f099e [term 1 FOLLOWER]: Starting forced leader election (received explicit request)
I20260710 13:18:17.292739 11973 raft_consensus.cc:3060] T 288318b7b0594e47a12e0b72a33f6ba1 P 4ed1bfeb766e430e98b282f9c99f099e [term 1 FOLLOWER]: Advancing to term 2
I20260710 13:18:17.295356 12081 consensus_queue.cc:1048] T de1b127bf0d04974bc63470869b8728b P 0fc7dd328c1a44eb9873be921d9506f1 [LEADER]: Connected to new peer: Peer: permanent_uuid: "4ed1bfeb766e430e98b282f9c99f099e" member_type: VOTER last_known_addr { host: "127.10.239.131" port: 41859 }, Status: LMP_MISMATCH, Last received: 0.0, Next index: 1, Last known committed idx: 0, Time since last communication: 0.000s
I20260710 13:18:17.296818 11825 tablet_service.cc:2044] Received Run Leader Election RPC: tablet_id: "de1b127bf0d04974bc63470869b8728b"
dest_uuid: "f9fce9b3649340db87ddf8e53e9028f6"
 from {username='slave'} at 127.0.0.1:57390
I20260710 13:18:17.297346 11825 raft_consensus.cc:493] T de1b127bf0d04974bc63470869b8728b P f9fce9b3649340db87ddf8e53e9028f6 [term 1 FOLLOWER]: Starting forced leader election (received explicit request)
I20260710 13:18:17.297729 11825 raft_consensus.cc:3060] T de1b127bf0d04974bc63470869b8728b P f9fce9b3649340db87ddf8e53e9028f6 [term 1 FOLLOWER]: Advancing to term 2
I20260710 13:18:17.303154 12018 consensus_queue.cc:1048] T 1ee8b29e7e394d2dadd0bc4be15b8cc9 P f9fce9b3649340db87ddf8e53e9028f6 [LEADER]: Connected to new peer: Peer: permanent_uuid: "4ed1bfeb766e430e98b282f9c99f099e" member_type: VOTER last_known_addr { host: "127.10.239.131" port: 41859 }, Status: LMP_MISMATCH, Last received: 0.0, Next index: 1, Last known committed idx: 0, Time since last communication: 0.000s
I20260710 13:18:17.304222 11973 raft_consensus.cc:515] T 288318b7b0594e47a12e0b72a33f6ba1 P 4ed1bfeb766e430e98b282f9c99f099e [term 2 FOLLOWER]: Starting forced leader election with config: opid_index: -1 OBSOLETE_local: false peers { permanent_uuid: "f9fce9b3649340db87ddf8e53e9028f6" member_type: VOTER last_known_addr { host: "127.10.239.129" port: 38313 } } peers { permanent_uuid: "0fc7dd328c1a44eb9873be921d9506f1" member_type: VOTER last_known_addr { host: "127.10.239.130" port: 34029 } } peers { permanent_uuid: "4ed1bfeb766e430e98b282f9c99f099e" member_type: VOTER last_known_addr { host: "127.10.239.131" port: 41859 } }
I20260710 13:18:17.305325 11825 raft_consensus.cc:515] T de1b127bf0d04974bc63470869b8728b P f9fce9b3649340db87ddf8e53e9028f6 [term 2 FOLLOWER]: Starting forced leader election with config: opid_index: -1 OBSOLETE_local: false peers { permanent_uuid: "f9fce9b3649340db87ddf8e53e9028f6" member_type: VOTER last_known_addr { host: "127.10.239.129" port: 38313 } } peers { permanent_uuid: "0fc7dd328c1a44eb9873be921d9506f1" member_type: VOTER last_known_addr { host: "127.10.239.130" port: 34029 } } peers { permanent_uuid: "4ed1bfeb766e430e98b282f9c99f099e" member_type: VOTER last_known_addr { host: "127.10.239.131" port: 41859 } }
I20260710 13:18:17.306298 11973 leader_election.cc:290] T 288318b7b0594e47a12e0b72a33f6ba1 P 4ed1bfeb766e430e98b282f9c99f099e [CANDIDATE]: Term 2 election: Requested vote from peers f9fce9b3649340db87ddf8e53e9028f6 (127.10.239.129:38313), 0fc7dd328c1a44eb9873be921d9506f1 (127.10.239.130:34029)
I20260710 13:18:17.307188 11824 tablet_service.cc:1917] Received RequestConsensusVote() RPC: tablet_id: "288318b7b0594e47a12e0b72a33f6ba1" candidate_uuid: "4ed1bfeb766e430e98b282f9c99f099e" candidate_term: 2 candidate_status { last_received { term: 1 index: 1 } } ignore_live_leader: true dest_uuid: "f9fce9b3649340db87ddf8e53e9028f6"
I20260710 13:18:17.308688 11824 raft_consensus.cc:3055] T 288318b7b0594e47a12e0b72a33f6ba1 P f9fce9b3649340db87ddf8e53e9028f6 [term 1 LEADER]: Stepping down as leader of term 1
I20260710 13:18:17.309033 11824 raft_consensus.cc:740] T 288318b7b0594e47a12e0b72a33f6ba1 P f9fce9b3649340db87ddf8e53e9028f6 [term 1 LEADER]: Becoming Follower/Learner. State: Replica: f9fce9b3649340db87ddf8e53e9028f6, State: Running, Role: LEADER
I20260710 13:18:17.309423 11899 tablet_service.cc:1917] Received RequestConsensusVote() RPC: tablet_id: "288318b7b0594e47a12e0b72a33f6ba1" candidate_uuid: "4ed1bfeb766e430e98b282f9c99f099e" candidate_term: 2 candidate_status { last_received { term: 1 index: 1 } } ignore_live_leader: true dest_uuid: "0fc7dd328c1a44eb9873be921d9506f1"
I20260710 13:18:17.309988 11899 raft_consensus.cc:3060] T 288318b7b0594e47a12e0b72a33f6ba1 P 0fc7dd328c1a44eb9873be921d9506f1 [term 1 FOLLOWER]: Advancing to term 2
I20260710 13:18:17.309798 11824 consensus_queue.cc:260] T 288318b7b0594e47a12e0b72a33f6ba1 P f9fce9b3649340db87ddf8e53e9028f6 [NON_LEADER]: Queue going to NON_LEADER mode. State: All replicated index: 0, Majority replicated index: 1, Committed index: 1, Last appended: 1.1, Last appended by leader: 1, Current term: 1, Majority size: -1, State: 0, Mode: NON_LEADER, active raft config: opid_index: -1 OBSOLETE_local: false peers { permanent_uuid: "f9fce9b3649340db87ddf8e53e9028f6" member_type: VOTER last_known_addr { host: "127.10.239.129" port: 38313 } } peers { permanent_uuid: "0fc7dd328c1a44eb9873be921d9506f1" member_type: VOTER last_known_addr { host: "127.10.239.130" port: 34029 } } peers { permanent_uuid: "4ed1bfeb766e430e98b282f9c99f099e" member_type: VOTER last_known_addr { host: "127.10.239.131" port: 41859 } }
I20260710 13:18:17.311064 11824 raft_consensus.cc:3060] T 288318b7b0594e47a12e0b72a33f6ba1 P f9fce9b3649340db87ddf8e53e9028f6 [term 1 FOLLOWER]: Advancing to term 2
I20260710 13:18:17.311532 12081 consensus_queue.cc:1048] T 472ecbd40f504c2e914acc2cb430ae0f P 0fc7dd328c1a44eb9873be921d9506f1 [LEADER]: Connected to new peer: Peer: permanent_uuid: "4ed1bfeb766e430e98b282f9c99f099e" member_type: VOTER last_known_addr { host: "127.10.239.131" port: 41859 }, Status: LMP_MISMATCH, Last received: 0.0, Next index: 1, Last known committed idx: 0, Time since last communication: 0.000s
I20260710 13:18:17.316679 11899 raft_consensus.cc:2468] T 288318b7b0594e47a12e0b72a33f6ba1 P 0fc7dd328c1a44eb9873be921d9506f1 [term 2 FOLLOWER]: Leader election vote request: Granting yes vote for candidate 4ed1bfeb766e430e98b282f9c99f099e in term 2.
I20260710 13:18:17.317518 11824 raft_consensus.cc:2468] T 288318b7b0594e47a12e0b72a33f6ba1 P f9fce9b3649340db87ddf8e53e9028f6 [term 2 FOLLOWER]: Leader election vote request: Granting yes vote for candidate 4ed1bfeb766e430e98b282f9c99f099e in term 2.
I20260710 13:18:17.318885 11938 leader_election.cc:304] T 288318b7b0594e47a12e0b72a33f6ba1 P 4ed1bfeb766e430e98b282f9c99f099e [CANDIDATE]: Term 2 election: Election decided. Result: candidate won. Election summary: received 2 responses out of 3 voters: 2 yes votes; 0 no votes. yes voters: 0fc7dd328c1a44eb9873be921d9506f1, 4ed1bfeb766e430e98b282f9c99f099e; no voters: 
I20260710 13:18:17.321870 12043 raft_consensus.cc:2804] T 288318b7b0594e47a12e0b72a33f6ba1 P 4ed1bfeb766e430e98b282f9c99f099e [term 2 FOLLOWER]: Leader election won for term 2
I20260710 13:18:17.322495 12043 raft_consensus.cc:697] T 288318b7b0594e47a12e0b72a33f6ba1 P 4ed1bfeb766e430e98b282f9c99f099e [term 2 LEADER]: Becoming Leader. State: Replica: 4ed1bfeb766e430e98b282f9c99f099e, State: Running, Role: LEADER
I20260710 13:18:17.323369 11899 tablet_service.cc:1917] Received RequestConsensusVote() RPC: tablet_id: "de1b127bf0d04974bc63470869b8728b" candidate_uuid: "f9fce9b3649340db87ddf8e53e9028f6" candidate_term: 2 candidate_status { last_received { term: 1 index: 1 } } ignore_live_leader: true dest_uuid: "0fc7dd328c1a44eb9873be921d9506f1"
I20260710 13:18:17.323974 11899 raft_consensus.cc:3055] T de1b127bf0d04974bc63470869b8728b P 0fc7dd328c1a44eb9873be921d9506f1 [term 1 LEADER]: Stepping down as leader of term 1
I20260710 13:18:17.323793 12043 consensus_queue.cc:237] T 288318b7b0594e47a12e0b72a33f6ba1 P 4ed1bfeb766e430e98b282f9c99f099e [LEADER]: Queue going to LEADER mode. State: All replicated index: 0, Majority replicated index: 1, Committed index: 1, Last appended: 1.1, Last appended by leader: 1, Current term: 2, Majority size: 2, State: 0, Mode: LEADER, active raft config: opid_index: -1 OBSOLETE_local: false peers { permanent_uuid: "f9fce9b3649340db87ddf8e53e9028f6" member_type: VOTER last_known_addr { host: "127.10.239.129" port: 38313 } } peers { permanent_uuid: "0fc7dd328c1a44eb9873be921d9506f1" member_type: VOTER last_known_addr { host: "127.10.239.130" port: 34029 } } peers { permanent_uuid: "4ed1bfeb766e430e98b282f9c99f099e" member_type: VOTER last_known_addr { host: "127.10.239.131" port: 41859 } }
I20260710 13:18:17.324314 11899 raft_consensus.cc:740] T de1b127bf0d04974bc63470869b8728b P 0fc7dd328c1a44eb9873be921d9506f1 [term 1 LEADER]: Becoming Follower/Learner. State: Replica: 0fc7dd328c1a44eb9873be921d9506f1, State: Running, Role: LEADER
I20260710 13:18:17.325778 11899 consensus_queue.cc:260] T de1b127bf0d04974bc63470869b8728b P 0fc7dd328c1a44eb9873be921d9506f1 [NON_LEADER]: Queue going to NON_LEADER mode. State: All replicated index: 0, Majority replicated index: 1, Committed index: 1, Last appended: 1.1, Last appended by leader: 1, Current term: 1, Majority size: -1, State: 0, Mode: NON_LEADER, active raft config: opid_index: -1 OBSOLETE_local: false peers { permanent_uuid: "f9fce9b3649340db87ddf8e53e9028f6" member_type: VOTER last_known_addr { host: "127.10.239.129" port: 38313 } } peers { permanent_uuid: "0fc7dd328c1a44eb9873be921d9506f1" member_type: VOTER last_known_addr { host: "127.10.239.130" port: 34029 } } peers { permanent_uuid: "4ed1bfeb766e430e98b282f9c99f099e" member_type: VOTER last_known_addr { host: "127.10.239.131" port: 41859 } }
I20260710 13:18:17.327767 11899 raft_consensus.cc:3060] T de1b127bf0d04974bc63470869b8728b P 0fc7dd328c1a44eb9873be921d9506f1 [term 1 FOLLOWER]: Advancing to term 2
I20260710 13:18:17.332512 11825 leader_election.cc:290] T de1b127bf0d04974bc63470869b8728b P f9fce9b3649340db87ddf8e53e9028f6 [CANDIDATE]: Term 2 election: Requested vote from peers 0fc7dd328c1a44eb9873be921d9506f1 (127.10.239.130:34029), 4ed1bfeb766e430e98b282f9c99f099e (127.10.239.131:41859)
I20260710 13:18:17.334390 12081 consensus_queue.cc:1048] T 472ecbd40f504c2e914acc2cb430ae0f P 0fc7dd328c1a44eb9873be921d9506f1 [LEADER]: Connected to new peer: Peer: permanent_uuid: "f9fce9b3649340db87ddf8e53e9028f6" member_type: VOTER last_known_addr { host: "127.10.239.129" port: 38313 }, Status: LMP_MISMATCH, Last received: 0.0, Next index: 1, Last known committed idx: 0, Time since last communication: 0.001s
I20260710 13:18:17.339082 11899 raft_consensus.cc:2468] T de1b127bf0d04974bc63470869b8728b P 0fc7dd328c1a44eb9873be921d9506f1 [term 2 FOLLOWER]: Leader election vote request: Granting yes vote for candidate f9fce9b3649340db87ddf8e53e9028f6 in term 2.
I20260710 13:18:17.340809 11972 tablet_service.cc:1917] Received RequestConsensusVote() RPC: tablet_id: "de1b127bf0d04974bc63470869b8728b" candidate_uuid: "f9fce9b3649340db87ddf8e53e9028f6" candidate_term: 2 candidate_status { last_received { term: 1 index: 1 } } ignore_live_leader: true dest_uuid: "4ed1bfeb766e430e98b282f9c99f099e"
I20260710 13:18:17.342170 11972 raft_consensus.cc:3060] T de1b127bf0d04974bc63470869b8728b P 4ed1bfeb766e430e98b282f9c99f099e [term 1 FOLLOWER]: Advancing to term 2
I20260710 13:18:17.342823 11789 leader_election.cc:304] T de1b127bf0d04974bc63470869b8728b P f9fce9b3649340db87ddf8e53e9028f6 [CANDIDATE]: Term 2 election: Election decided. Result: candidate won. Election summary: received 2 responses out of 3 voters: 2 yes votes; 0 no votes. yes voters: 0fc7dd328c1a44eb9873be921d9506f1, f9fce9b3649340db87ddf8e53e9028f6; no voters: 
I20260710 13:18:17.343864 12018 raft_consensus.cc:2804] T de1b127bf0d04974bc63470869b8728b P f9fce9b3649340db87ddf8e53e9028f6 [term 2 FOLLOWER]: Leader election won for term 2
I20260710 13:18:17.344370 12018 raft_consensus.cc:697] T de1b127bf0d04974bc63470869b8728b P f9fce9b3649340db87ddf8e53e9028f6 [term 2 LEADER]: Becoming Leader. State: Replica: f9fce9b3649340db87ddf8e53e9028f6, State: Running, Role: LEADER
I20260710 13:18:17.345144 12018 consensus_queue.cc:237] T de1b127bf0d04974bc63470869b8728b P f9fce9b3649340db87ddf8e53e9028f6 [LEADER]: Queue going to LEADER mode. State: All replicated index: 0, Majority replicated index: 1, Committed index: 1, Last appended: 1.1, Last appended by leader: 1, Current term: 2, Majority size: 2, State: 0, Mode: LEADER, active raft config: opid_index: -1 OBSOLETE_local: false peers { permanent_uuid: "f9fce9b3649340db87ddf8e53e9028f6" member_type: VOTER last_known_addr { host: "127.10.239.129" port: 38313 } } peers { permanent_uuid: "0fc7dd328c1a44eb9873be921d9506f1" member_type: VOTER last_known_addr { host: "127.10.239.130" port: 34029 } } peers { permanent_uuid: "4ed1bfeb766e430e98b282f9c99f099e" member_type: VOTER last_known_addr { host: "127.10.239.131" port: 41859 } }
I20260710 13:18:17.348884 11972 raft_consensus.cc:2468] T de1b127bf0d04974bc63470869b8728b P 4ed1bfeb766e430e98b282f9c99f099e [term 2 FOLLOWER]: Leader election vote request: Granting yes vote for candidate f9fce9b3649340db87ddf8e53e9028f6 in term 2.
I20260710 13:18:17.356560 11723 catalog_manager.cc:5697] T 288318b7b0594e47a12e0b72a33f6ba1 P 4ed1bfeb766e430e98b282f9c99f099e reported cstate change: term changed from 1 to 2, leader changed from f9fce9b3649340db87ddf8e53e9028f6 (127.10.239.129) to 4ed1bfeb766e430e98b282f9c99f099e (127.10.239.131). New cstate: current_term: 2 leader_uuid: "4ed1bfeb766e430e98b282f9c99f099e" committed_config { opid_index: -1 OBSOLETE_local: false peers { permanent_uuid: "f9fce9b3649340db87ddf8e53e9028f6" member_type: VOTER last_known_addr { host: "127.10.239.129" port: 38313 } health_report { overall_health: UNKNOWN } } peers { permanent_uuid: "0fc7dd328c1a44eb9873be921d9506f1" member_type: VOTER last_known_addr { host: "127.10.239.130" port: 34029 } health_report { overall_health: UNKNOWN } } peers { permanent_uuid: "4ed1bfeb766e430e98b282f9c99f099e" member_type: VOTER last_known_addr { host: "127.10.239.131" port: 41859 } health_report { overall_health: HEALTHY } } }
I20260710 13:18:17.357769 12022 raft_consensus.cc:993] T 472ecbd40f504c2e914acc2cb430ae0f P 0fc7dd328c1a44eb9873be921d9506f1: : Instructing follower f9fce9b3649340db87ddf8e53e9028f6 to start an election
I20260710 13:18:17.358165 12022 raft_consensus.cc:1081] T 472ecbd40f504c2e914acc2cb430ae0f P 0fc7dd328c1a44eb9873be921d9506f1 [term 1 LEADER]: Signalling peer f9fce9b3649340db87ddf8e53e9028f6 to start an election
I20260710 13:18:17.358414 12067 consensus_queue.cc:1048] T 1ee8b29e7e394d2dadd0bc4be15b8cc9 P f9fce9b3649340db87ddf8e53e9028f6 [LEADER]: Connected to new peer: Peer: permanent_uuid: "0fc7dd328c1a44eb9873be921d9506f1" member_type: VOTER last_known_addr { host: "127.10.239.130" port: 34029 }, Status: LMP_MISMATCH, Last received: 0.0, Next index: 1, Last known committed idx: 0, Time since last communication: 0.000s
I20260710 13:18:17.359691 11825 tablet_service.cc:2044] Received Run Leader Election RPC: tablet_id: "472ecbd40f504c2e914acc2cb430ae0f"
dest_uuid: "f9fce9b3649340db87ddf8e53e9028f6"
 from {username='slave'} at 127.0.0.1:57390
I20260710 13:18:17.360253 11825 raft_consensus.cc:493] T 472ecbd40f504c2e914acc2cb430ae0f P f9fce9b3649340db87ddf8e53e9028f6 [term 1 FOLLOWER]: Starting forced leader election (received explicit request)
I20260710 13:18:17.360600 11825 raft_consensus.cc:3060] T 472ecbd40f504c2e914acc2cb430ae0f P f9fce9b3649340db87ddf8e53e9028f6 [term 1 FOLLOWER]: Advancing to term 2
I20260710 13:18:17.365094 12067 raft_consensus.cc:993] T 1ee8b29e7e394d2dadd0bc4be15b8cc9 P f9fce9b3649340db87ddf8e53e9028f6: : Instructing follower 0fc7dd328c1a44eb9873be921d9506f1 to start an election
I20260710 13:18:17.365512 12067 raft_consensus.cc:1081] T 1ee8b29e7e394d2dadd0bc4be15b8cc9 P f9fce9b3649340db87ddf8e53e9028f6 [term 1 LEADER]: Signalling peer 0fc7dd328c1a44eb9873be921d9506f1 to start an election
I20260710 13:18:17.367044 11825 raft_consensus.cc:515] T 472ecbd40f504c2e914acc2cb430ae0f P f9fce9b3649340db87ddf8e53e9028f6 [term 2 FOLLOWER]: Starting forced leader election with config: opid_index: -1 OBSOLETE_local: false peers { permanent_uuid: "f9fce9b3649340db87ddf8e53e9028f6" member_type: VOTER last_known_addr { host: "127.10.239.129" port: 38313 } } peers { permanent_uuid: "0fc7dd328c1a44eb9873be921d9506f1" member_type: VOTER last_known_addr { host: "127.10.239.130" port: 34029 } } peers { permanent_uuid: "4ed1bfeb766e430e98b282f9c99f099e" member_type: VOTER last_known_addr { host: "127.10.239.131" port: 41859 } }
I20260710 13:18:17.367735 11898 tablet_service.cc:2044] Received Run Leader Election RPC: tablet_id: "1ee8b29e7e394d2dadd0bc4be15b8cc9"
dest_uuid: "0fc7dd328c1a44eb9873be921d9506f1"
 from {username='slave'} at 127.0.0.1:53400
I20260710 13:18:17.368294 11898 raft_consensus.cc:493] T 1ee8b29e7e394d2dadd0bc4be15b8cc9 P 0fc7dd328c1a44eb9873be921d9506f1 [term 1 FOLLOWER]: Starting forced leader election (received explicit request)
I20260710 13:18:17.368636 11898 raft_consensus.cc:3060] T 1ee8b29e7e394d2dadd0bc4be15b8cc9 P 0fc7dd328c1a44eb9873be921d9506f1 [term 1 FOLLOWER]: Advancing to term 2
I20260710 13:18:17.369005 11825 leader_election.cc:290] T 472ecbd40f504c2e914acc2cb430ae0f P f9fce9b3649340db87ddf8e53e9028f6 [CANDIDATE]: Term 2 election: Requested vote from peers 0fc7dd328c1a44eb9873be921d9506f1 (127.10.239.130:34029), 4ed1bfeb766e430e98b282f9c99f099e (127.10.239.131:41859)
I20260710 13:18:17.373279 11972 tablet_service.cc:1917] Received RequestConsensusVote() RPC: tablet_id: "472ecbd40f504c2e914acc2cb430ae0f" candidate_uuid: "f9fce9b3649340db87ddf8e53e9028f6" candidate_term: 2 candidate_status { last_received { term: 1 index: 1 } } ignore_live_leader: true dest_uuid: "4ed1bfeb766e430e98b282f9c99f099e"
I20260710 13:18:17.373282 11900 tablet_service.cc:1917] Received RequestConsensusVote() RPC: tablet_id: "472ecbd40f504c2e914acc2cb430ae0f" candidate_uuid: "f9fce9b3649340db87ddf8e53e9028f6" candidate_term: 2 candidate_status { last_received { term: 1 index: 1 } } ignore_live_leader: true dest_uuid: "0fc7dd328c1a44eb9873be921d9506f1"
I20260710 13:18:17.373957 11972 raft_consensus.cc:3060] T 472ecbd40f504c2e914acc2cb430ae0f P 4ed1bfeb766e430e98b282f9c99f099e [term 1 FOLLOWER]: Advancing to term 2
I20260710 13:18:17.374070 11900 raft_consensus.cc:3055] T 472ecbd40f504c2e914acc2cb430ae0f P 0fc7dd328c1a44eb9873be921d9506f1 [term 1 LEADER]: Stepping down as leader of term 1
I20260710 13:18:17.374404 11900 raft_consensus.cc:740] T 472ecbd40f504c2e914acc2cb430ae0f P 0fc7dd328c1a44eb9873be921d9506f1 [term 1 LEADER]: Becoming Follower/Learner. State: Replica: 0fc7dd328c1a44eb9873be921d9506f1, State: Running, Role: LEADER
I20260710 13:18:17.375078 11900 consensus_queue.cc:260] T 472ecbd40f504c2e914acc2cb430ae0f P 0fc7dd328c1a44eb9873be921d9506f1 [NON_LEADER]: Queue going to NON_LEADER mode. State: All replicated index: 0, Majority replicated index: 1, Committed index: 1, Last appended: 1.1, Last appended by leader: 1, Current term: 1, Majority size: -1, State: 0, Mode: NON_LEADER, active raft config: opid_index: -1 OBSOLETE_local: false peers { permanent_uuid: "f9fce9b3649340db87ddf8e53e9028f6" member_type: VOTER last_known_addr { host: "127.10.239.129" port: 38313 } } peers { permanent_uuid: "0fc7dd328c1a44eb9873be921d9506f1" member_type: VOTER last_known_addr { host: "127.10.239.130" port: 34029 } } peers { permanent_uuid: "4ed1bfeb766e430e98b282f9c99f099e" member_type: VOTER last_known_addr { host: "127.10.239.131" port: 41859 } }
I20260710 13:18:17.376005 11900 raft_consensus.cc:3060] T 472ecbd40f504c2e914acc2cb430ae0f P 0fc7dd328c1a44eb9873be921d9506f1 [term 1 FOLLOWER]: Advancing to term 2
I20260710 13:18:17.376595 11898 raft_consensus.cc:515] T 1ee8b29e7e394d2dadd0bc4be15b8cc9 P 0fc7dd328c1a44eb9873be921d9506f1 [term 2 FOLLOWER]: Starting forced leader election with config: opid_index: -1 OBSOLETE_local: false peers { permanent_uuid: "f9fce9b3649340db87ddf8e53e9028f6" member_type: VOTER last_known_addr { host: "127.10.239.129" port: 38313 } } peers { permanent_uuid: "0fc7dd328c1a44eb9873be921d9506f1" member_type: VOTER last_known_addr { host: "127.10.239.130" port: 34029 } } peers { permanent_uuid: "4ed1bfeb766e430e98b282f9c99f099e" member_type: VOTER last_known_addr { host: "127.10.239.131" port: 41859 } }
I20260710 13:18:17.380954 11900 raft_consensus.cc:2468] T 472ecbd40f504c2e914acc2cb430ae0f P 0fc7dd328c1a44eb9873be921d9506f1 [term 2 FOLLOWER]: Leader election vote request: Granting yes vote for candidate f9fce9b3649340db87ddf8e53e9028f6 in term 2.
I20260710 13:18:17.382256 11789 leader_election.cc:304] T 472ecbd40f504c2e914acc2cb430ae0f P f9fce9b3649340db87ddf8e53e9028f6 [CANDIDATE]: Term 2 election: Election decided. Result: candidate won. Election summary: received 2 responses out of 3 voters: 2 yes votes; 0 no votes. yes voters: 0fc7dd328c1a44eb9873be921d9506f1, f9fce9b3649340db87ddf8e53e9028f6; no voters: 
I20260710 13:18:17.383100 12018 raft_consensus.cc:2804] T 472ecbd40f504c2e914acc2cb430ae0f P f9fce9b3649340db87ddf8e53e9028f6 [term 2 FOLLOWER]: Leader election won for term 2
I20260710 13:18:17.382258 11720 catalog_manager.cc:5697] T de1b127bf0d04974bc63470869b8728b P f9fce9b3649340db87ddf8e53e9028f6 reported cstate change: term changed from 1 to 2, leader changed from 0fc7dd328c1a44eb9873be921d9506f1 (127.10.239.130) to f9fce9b3649340db87ddf8e53e9028f6 (127.10.239.129). New cstate: current_term: 2 leader_uuid: "f9fce9b3649340db87ddf8e53e9028f6" committed_config { opid_index: -1 OBSOLETE_local: false peers { permanent_uuid: "f9fce9b3649340db87ddf8e53e9028f6" member_type: VOTER last_known_addr { host: "127.10.239.129" port: 38313 } health_report { overall_health: HEALTHY } } peers { permanent_uuid: "0fc7dd328c1a44eb9873be921d9506f1" member_type: VOTER last_known_addr { host: "127.10.239.130" port: 34029 } health_report { overall_health: UNKNOWN } } peers { permanent_uuid: "4ed1bfeb766e430e98b282f9c99f099e" member_type: VOTER last_known_addr { host: "127.10.239.131" port: 41859 } health_report { overall_health: UNKNOWN } } }
I20260710 13:18:17.383544 12018 raft_consensus.cc:697] T 472ecbd40f504c2e914acc2cb430ae0f P f9fce9b3649340db87ddf8e53e9028f6 [term 2 LEADER]: Becoming Leader. State: Replica: f9fce9b3649340db87ddf8e53e9028f6, State: Running, Role: LEADER
I20260710 13:18:17.384423 12018 consensus_queue.cc:237] T 472ecbd40f504c2e914acc2cb430ae0f P f9fce9b3649340db87ddf8e53e9028f6 [LEADER]: Queue going to LEADER mode. State: All replicated index: 0, Majority replicated index: 1, Committed index: 1, Last appended: 1.1, Last appended by leader: 1, Current term: 2, Majority size: 2, State: 0, Mode: LEADER, active raft config: opid_index: -1 OBSOLETE_local: false peers { permanent_uuid: "f9fce9b3649340db87ddf8e53e9028f6" member_type: VOTER last_known_addr { host: "127.10.239.129" port: 38313 } } peers { permanent_uuid: "0fc7dd328c1a44eb9873be921d9506f1" member_type: VOTER last_known_addr { host: "127.10.239.130" port: 34029 } } peers { permanent_uuid: "4ed1bfeb766e430e98b282f9c99f099e" member_type: VOTER last_known_addr { host: "127.10.239.131" port: 41859 } }
I20260710 13:18:17.385354 11825 tablet_service.cc:1917] Received RequestConsensusVote() RPC: tablet_id: "1ee8b29e7e394d2dadd0bc4be15b8cc9" candidate_uuid: "0fc7dd328c1a44eb9873be921d9506f1" candidate_term: 2 candidate_status { last_received { term: 1 index: 1 } } ignore_live_leader: true dest_uuid: "f9fce9b3649340db87ddf8e53e9028f6"
I20260710 13:18:17.385455 11898 leader_election.cc:290] T 1ee8b29e7e394d2dadd0bc4be15b8cc9 P 0fc7dd328c1a44eb9873be921d9506f1 [CANDIDATE]: Term 2 election: Requested vote from peers f9fce9b3649340db87ddf8e53e9028f6 (127.10.239.129:38313), 4ed1bfeb766e430e98b282f9c99f099e (127.10.239.131:41859)
I20260710 13:18:17.385982 11825 raft_consensus.cc:3055] T 1ee8b29e7e394d2dadd0bc4be15b8cc9 P f9fce9b3649340db87ddf8e53e9028f6 [term 1 LEADER]: Stepping down as leader of term 1
I20260710 13:18:17.386309 11825 raft_consensus.cc:740] T 1ee8b29e7e394d2dadd0bc4be15b8cc9 P f9fce9b3649340db87ddf8e53e9028f6 [term 1 LEADER]: Becoming Follower/Learner. State: Replica: f9fce9b3649340db87ddf8e53e9028f6, State: Running, Role: LEADER
I20260710 13:18:17.387192 11825 consensus_queue.cc:260] T 1ee8b29e7e394d2dadd0bc4be15b8cc9 P f9fce9b3649340db87ddf8e53e9028f6 [NON_LEADER]: Queue going to NON_LEADER mode. State: All replicated index: 0, Majority replicated index: 1, Committed index: 1, Last appended: 1.1, Last appended by leader: 1, Current term: 1, Majority size: -1, State: 0, Mode: NON_LEADER, active raft config: opid_index: -1 OBSOLETE_local: false peers { permanent_uuid: "f9fce9b3649340db87ddf8e53e9028f6" member_type: VOTER last_known_addr { host: "127.10.239.129" port: 38313 } } peers { permanent_uuid: "0fc7dd328c1a44eb9873be921d9506f1" member_type: VOTER last_known_addr { host: "127.10.239.130" port: 34029 } } peers { permanent_uuid: "4ed1bfeb766e430e98b282f9c99f099e" member_type: VOTER last_known_addr { host: "127.10.239.131" port: 41859 } }
I20260710 13:18:17.388217 11825 raft_consensus.cc:3060] T 1ee8b29e7e394d2dadd0bc4be15b8cc9 P f9fce9b3649340db87ddf8e53e9028f6 [term 1 FOLLOWER]: Advancing to term 2
I20260710 13:18:17.391017 11974 tablet_service.cc:1917] Received RequestConsensusVote() RPC: tablet_id: "1ee8b29e7e394d2dadd0bc4be15b8cc9" candidate_uuid: "0fc7dd328c1a44eb9873be921d9506f1" candidate_term: 2 candidate_status { last_received { term: 1 index: 1 } } ignore_live_leader: true dest_uuid: "4ed1bfeb766e430e98b282f9c99f099e"
I20260710 13:18:17.391551 11974 raft_consensus.cc:3060] T 1ee8b29e7e394d2dadd0bc4be15b8cc9 P 4ed1bfeb766e430e98b282f9c99f099e [term 1 FOLLOWER]: Advancing to term 2
I20260710 13:18:17.394161 11825 raft_consensus.cc:2468] T 1ee8b29e7e394d2dadd0bc4be15b8cc9 P f9fce9b3649340db87ddf8e53e9028f6 [term 2 FOLLOWER]: Leader election vote request: Granting yes vote for candidate 0fc7dd328c1a44eb9873be921d9506f1 in term 2.
I20260710 13:18:17.395484 11866 leader_election.cc:304] T 1ee8b29e7e394d2dadd0bc4be15b8cc9 P 0fc7dd328c1a44eb9873be921d9506f1 [CANDIDATE]: Term 2 election: Election decided. Result: candidate won. Election summary: received 2 responses out of 3 voters: 2 yes votes; 0 no votes. yes voters: 0fc7dd328c1a44eb9873be921d9506f1, f9fce9b3649340db87ddf8e53e9028f6; no voters: 
I20260710 13:18:17.396286 12022 raft_consensus.cc:2804] T 1ee8b29e7e394d2dadd0bc4be15b8cc9 P 0fc7dd328c1a44eb9873be921d9506f1 [term 2 FOLLOWER]: Leader election won for term 2
I20260710 13:18:17.396757 12022 raft_consensus.cc:697] T 1ee8b29e7e394d2dadd0bc4be15b8cc9 P 0fc7dd328c1a44eb9873be921d9506f1 [term 2 LEADER]: Becoming Leader. State: Replica: 0fc7dd328c1a44eb9873be921d9506f1, State: Running, Role: LEADER
I20260710 13:18:17.397294 11974 raft_consensus.cc:2468] T 1ee8b29e7e394d2dadd0bc4be15b8cc9 P 4ed1bfeb766e430e98b282f9c99f099e [term 2 FOLLOWER]: Leader election vote request: Granting yes vote for candidate 0fc7dd328c1a44eb9873be921d9506f1 in term 2.
I20260710 13:18:17.397639 12022 consensus_queue.cc:237] T 1ee8b29e7e394d2dadd0bc4be15b8cc9 P 0fc7dd328c1a44eb9873be921d9506f1 [LEADER]: Queue going to LEADER mode. State: All replicated index: 0, Majority replicated index: 1, Committed index: 1, Last appended: 1.1, Last appended by leader: 1, Current term: 2, Majority size: 2, State: 0, Mode: LEADER, active raft config: opid_index: -1 OBSOLETE_local: false peers { permanent_uuid: "f9fce9b3649340db87ddf8e53e9028f6" member_type: VOTER last_known_addr { host: "127.10.239.129" port: 38313 } } peers { permanent_uuid: "0fc7dd328c1a44eb9873be921d9506f1" member_type: VOTER last_known_addr { host: "127.10.239.130" port: 34029 } } peers { permanent_uuid: "4ed1bfeb766e430e98b282f9c99f099e" member_type: VOTER last_known_addr { host: "127.10.239.131" port: 41859 } }
