I20260710 13:18:12.320253  6213 raft_consensus.cc:1081] T 39d01a21200e4354b102f39a2e205df7 P d797288e5c8549ba87d4697c910e3332 [term 3 LEADER]: Signalling peer 3a616546309a4a86be27ee755c4f17c2 to start an election
I20260710 13:18:12.321962  5881 tablet_service.cc:2044] Received Run Leader Election RPC: tablet_id: "39d01a21200e4354b102f39a2e205df7"
dest_uuid: "3a616546309a4a86be27ee755c4f17c2"
 from {username='slave'} at 127.0.0.1:59240
I20260710 13:18:12.322415  5881 raft_consensus.cc:493] T 39d01a21200e4354b102f39a2e205df7 P 3a616546309a4a86be27ee755c4f17c2 [term 3 FOLLOWER]: Starting forced leader election (received explicit request)
I20260710 13:18:12.322644  5881 raft_consensus.cc:3060] T 39d01a21200e4354b102f39a2e205df7 P 3a616546309a4a86be27ee755c4f17c2 [term 3 FOLLOWER]: Advancing to term 4
I20260710 13:18:12.326503  5881 raft_consensus.cc:515] T 39d01a21200e4354b102f39a2e205df7 P 3a616546309a4a86be27ee755c4f17c2 [term 4 FOLLOWER]: Starting forced leader election with config: opid_index: -1 OBSOLETE_local: false peers { permanent_uuid: "3a616546309a4a86be27ee755c4f17c2" member_type: VOTER last_known_addr { host: "127.5.157.1" port: 42617 } } peers { permanent_uuid: "d797288e5c8549ba87d4697c910e3332" member_type: VOTER last_known_addr { host: "127.5.157.2" port: 46545 } } peers { permanent_uuid: "0ef868dbaf8c4f29b28f76e4e3f2f3f3" member_type: VOTER last_known_addr { host: "127.5.157.3" port: 42827 } }
I20260710 13:18:12.328069  5881 leader_election.cc:290] T 39d01a21200e4354b102f39a2e205df7 P 3a616546309a4a86be27ee755c4f17c2 [CANDIDATE]: Term 4 election: Requested vote from peers d797288e5c8549ba87d4697c910e3332 (127.5.157.2:46545), 0ef868dbaf8c4f29b28f76e4e3f2f3f3 (127.5.157.3:42827)
I20260710 13:18:12.328871  5958 tablet_service.cc:1917] Received RequestConsensusVote() RPC: tablet_id: "39d01a21200e4354b102f39a2e205df7" candidate_uuid: "3a616546309a4a86be27ee755c4f17c2" candidate_term: 4 candidate_status { last_received { term: 3 index: 3 } } ignore_live_leader: true dest_uuid: "d797288e5c8549ba87d4697c910e3332"
I20260710 13:18:12.329140  6032 tablet_service.cc:1917] Received RequestConsensusVote() RPC: tablet_id: "39d01a21200e4354b102f39a2e205df7" candidate_uuid: "3a616546309a4a86be27ee755c4f17c2" candidate_term: 4 candidate_status { last_received { term: 3 index: 3 } } ignore_live_leader: true dest_uuid: "0ef868dbaf8c4f29b28f76e4e3f2f3f3"
I20260710 13:18:12.329444  5958 raft_consensus.cc:3055] T 39d01a21200e4354b102f39a2e205df7 P d797288e5c8549ba87d4697c910e3332 [term 3 LEADER]: Stepping down as leader of term 3
I20260710 13:18:12.329633  6032 raft_consensus.cc:3060] T 39d01a21200e4354b102f39a2e205df7 P 0ef868dbaf8c4f29b28f76e4e3f2f3f3 [term 3 FOLLOWER]: Advancing to term 4
I20260710 13:18:12.329753  5958 raft_consensus.cc:740] T 39d01a21200e4354b102f39a2e205df7 P d797288e5c8549ba87d4697c910e3332 [term 3 LEADER]: Becoming Follower/Learner. State: Replica: d797288e5c8549ba87d4697c910e3332, State: Running, Role: LEADER
I20260710 13:18:12.330541  5958 consensus_queue.cc:260] T 39d01a21200e4354b102f39a2e205df7 P d797288e5c8549ba87d4697c910e3332 [NON_LEADER]: Queue going to NON_LEADER mode. State: All replicated index: 0, Majority replicated index: 3, Committed index: 3, Last appended: 3.3, Last appended by leader: 3, Current term: 3, Majority size: -1, State: 0, Mode: NON_LEADER, active raft config: opid_index: -1 OBSOLETE_local: false peers { permanent_uuid: "3a616546309a4a86be27ee755c4f17c2" member_type: VOTER last_known_addr { host: "127.5.157.1" port: 42617 } } peers { permanent_uuid: "d797288e5c8549ba87d4697c910e3332" member_type: VOTER last_known_addr { host: "127.5.157.2" port: 46545 } } peers { permanent_uuid: "0ef868dbaf8c4f29b28f76e4e3f2f3f3" member_type: VOTER last_known_addr { host: "127.5.157.3" port: 42827 } }
I20260710 13:18:12.331626  5958 raft_consensus.cc:3060] T 39d01a21200e4354b102f39a2e205df7 P d797288e5c8549ba87d4697c910e3332 [term 3 FOLLOWER]: Advancing to term 4
I20260710 13:18:12.335387  6032 raft_consensus.cc:2468] T 39d01a21200e4354b102f39a2e205df7 P 0ef868dbaf8c4f29b28f76e4e3f2f3f3 [term 4 FOLLOWER]: Leader election vote request: Granting yes vote for candidate 3a616546309a4a86be27ee755c4f17c2 in term 4.
I20260710 13:18:12.336647  5849 leader_election.cc:304] T 39d01a21200e4354b102f39a2e205df7 P 3a616546309a4a86be27ee755c4f17c2 [CANDIDATE]: Term 4 election: Election decided. Result: candidate won. Election summary: received 2 responses out of 3 voters: 2 yes votes; 0 no votes. yes voters: 0ef868dbaf8c4f29b28f76e4e3f2f3f3, 3a616546309a4a86be27ee755c4f17c2; no voters: 
I20260710 13:18:12.337101  5958 raft_consensus.cc:2468] T 39d01a21200e4354b102f39a2e205df7 P d797288e5c8549ba87d4697c910e3332 [term 4 FOLLOWER]: Leader election vote request: Granting yes vote for candidate 3a616546309a4a86be27ee755c4f17c2 in term 4.
I20260710 13:18:12.338553  6225 raft_consensus.cc:2804] T 39d01a21200e4354b102f39a2e205df7 P 3a616546309a4a86be27ee755c4f17c2 [term 4 FOLLOWER]: Leader election won for term 4
I20260710 13:18:12.339567  6225 raft_consensus.cc:697] T 39d01a21200e4354b102f39a2e205df7 P 3a616546309a4a86be27ee755c4f17c2 [term 4 LEADER]: Becoming Leader. State: Replica: 3a616546309a4a86be27ee755c4f17c2, State: Running, Role: LEADER
I20260710 13:18:12.340319  6225 consensus_queue.cc:237] T 39d01a21200e4354b102f39a2e205df7 P 3a616546309a4a86be27ee755c4f17c2 [LEADER]: Queue going to LEADER mode. State: All replicated index: 0, Majority replicated index: 3, Committed index: 3, Last appended: 3.3, Last appended by leader: 3, Current term: 4, Majority size: 2, State: 0, Mode: LEADER, active raft config: opid_index: -1 OBSOLETE_local: false peers { permanent_uuid: "3a616546309a4a86be27ee755c4f17c2" member_type: VOTER last_known_addr { host: "127.5.157.1" port: 42617 } } peers { permanent_uuid: "d797288e5c8549ba87d4697c910e3332" member_type: VOTER last_known_addr { host: "127.5.157.2" port: 46545 } } peers { permanent_uuid: "0ef868dbaf8c4f29b28f76e4e3f2f3f3" member_type: VOTER last_known_addr { host: "127.5.157.3" port: 42827 } }
I20260710 13:18:12.346778  5778 catalog_manager.cc:5697] T 39d01a21200e4354b102f39a2e205df7 P 3a616546309a4a86be27ee755c4f17c2 reported cstate change: term changed from 3 to 4, leader changed from d797288e5c8549ba87d4697c910e3332 (127.5.157.2) to 3a616546309a4a86be27ee755c4f17c2 (127.5.157.1). New cstate: current_term: 4 leader_uuid: "3a616546309a4a86be27ee755c4f17c2" committed_config { opid_index: -1 OBSOLETE_local: false peers { permanent_uuid: "3a616546309a4a86be27ee755c4f17c2" member_type: VOTER last_known_addr { host: "127.5.157.1" port: 42617 } health_report { overall_health: HEALTHY } } peers { permanent_uuid: "d797288e5c8549ba87d4697c910e3332" member_type: VOTER last_known_addr { host: "127.5.157.2" port: 46545 } health_report { overall_health: UNKNOWN } } peers { permanent_uuid: "0ef868dbaf8c4f29b28f76e4e3f2f3f3" member_type: VOTER last_known_addr { host: "127.5.157.3" port: 42827 } health_report { overall_health: UNKNOWN } } }
I20260710 13:18:12.387952  6216 raft_consensus.cc:993] T 6a01ab2c91524b8e936b71ccdcae21a1 P d797288e5c8549ba87d4697c910e3332: : Instructing follower 3a616546309a4a86be27ee755c4f17c2 to start an election
I20260710 13:18:12.388478  6213 raft_consensus.cc:1081] T 6a01ab2c91524b8e936b71ccdcae21a1 P d797288e5c8549ba87d4697c910e3332 [term 3 LEADER]: Signalling peer 3a616546309a4a86be27ee755c4f17c2 to start an election
I20260710 13:18:12.389843  5881 tablet_service.cc:2044] Received Run Leader Election RPC: tablet_id: "6a01ab2c91524b8e936b71ccdcae21a1"
dest_uuid: "3a616546309a4a86be27ee755c4f17c2"
 from {username='slave'} at 127.0.0.1:59240
I20260710 13:18:12.390298  5881 raft_consensus.cc:493] T 6a01ab2c91524b8e936b71ccdcae21a1 P 3a616546309a4a86be27ee755c4f17c2 [term 3 FOLLOWER]: Starting forced leader election (received explicit request)
I20260710 13:18:12.390518  5881 raft_consensus.cc:3060] T 6a01ab2c91524b8e936b71ccdcae21a1 P 3a616546309a4a86be27ee755c4f17c2 [term 3 FOLLOWER]: Advancing to term 4
I20260710 13:18:12.394418  5881 raft_consensus.cc:515] T 6a01ab2c91524b8e936b71ccdcae21a1 P 3a616546309a4a86be27ee755c4f17c2 [term 4 FOLLOWER]: Starting forced leader election with config: opid_index: -1 OBSOLETE_local: false peers { permanent_uuid: "3a616546309a4a86be27ee755c4f17c2" member_type: VOTER last_known_addr { host: "127.5.157.1" port: 42617 } } peers { permanent_uuid: "d797288e5c8549ba87d4697c910e3332" member_type: VOTER last_known_addr { host: "127.5.157.2" port: 46545 } } peers { permanent_uuid: "0ef868dbaf8c4f29b28f76e4e3f2f3f3" member_type: VOTER last_known_addr { host: "127.5.157.3" port: 42827 } }
I20260710 13:18:12.396028  5881 leader_election.cc:290] T 6a01ab2c91524b8e936b71ccdcae21a1 P 3a616546309a4a86be27ee755c4f17c2 [CANDIDATE]: Term 4 election: Requested vote from peers d797288e5c8549ba87d4697c910e3332 (127.5.157.2:46545), 0ef868dbaf8c4f29b28f76e4e3f2f3f3 (127.5.157.3:42827)
I20260710 13:18:12.396948  5958 tablet_service.cc:1917] Received RequestConsensusVote() RPC: tablet_id: "6a01ab2c91524b8e936b71ccdcae21a1" candidate_uuid: "3a616546309a4a86be27ee755c4f17c2" candidate_term: 4 candidate_status { last_received { term: 3 index: 3 } } ignore_live_leader: true dest_uuid: "d797288e5c8549ba87d4697c910e3332"
I20260710 13:18:12.397290  6032 tablet_service.cc:1917] Received RequestConsensusVote() RPC: tablet_id: "6a01ab2c91524b8e936b71ccdcae21a1" candidate_uuid: "3a616546309a4a86be27ee755c4f17c2" candidate_term: 4 candidate_status { last_received { term: 3 index: 3 } } ignore_live_leader: true dest_uuid: "0ef868dbaf8c4f29b28f76e4e3f2f3f3"
I20260710 13:18:12.397506  5958 raft_consensus.cc:3055] T 6a01ab2c91524b8e936b71ccdcae21a1 P d797288e5c8549ba87d4697c910e3332 [term 3 LEADER]: Stepping down as leader of term 3
I20260710 13:18:12.397794  6032 raft_consensus.cc:3060] T 6a01ab2c91524b8e936b71ccdcae21a1 P 0ef868dbaf8c4f29b28f76e4e3f2f3f3 [term 3 FOLLOWER]: Advancing to term 4
I20260710 13:18:12.397823  5958 raft_consensus.cc:740] T 6a01ab2c91524b8e936b71ccdcae21a1 P d797288e5c8549ba87d4697c910e3332 [term 3 LEADER]: Becoming Follower/Learner. State: Replica: d797288e5c8549ba87d4697c910e3332, State: Running, Role: LEADER
I20260710 13:18:12.398545  5958 consensus_queue.cc:260] T 6a01ab2c91524b8e936b71ccdcae21a1 P d797288e5c8549ba87d4697c910e3332 [NON_LEADER]: Queue going to NON_LEADER mode. State: All replicated index: 0, Majority replicated index: 3, Committed index: 3, Last appended: 3.3, Last appended by leader: 3, Current term: 3, Majority size: -1, State: 0, Mode: NON_LEADER, active raft config: opid_index: -1 OBSOLETE_local: false peers { permanent_uuid: "3a616546309a4a86be27ee755c4f17c2" member_type: VOTER last_known_addr { host: "127.5.157.1" port: 42617 } } peers { permanent_uuid: "d797288e5c8549ba87d4697c910e3332" member_type: VOTER last_known_addr { host: "127.5.157.2" port: 46545 } } peers { permanent_uuid: "0ef868dbaf8c4f29b28f76e4e3f2f3f3" member_type: VOTER last_known_addr { host: "127.5.157.3" port: 42827 } }
I20260710 13:18:12.399377  5958 raft_consensus.cc:3060] T 6a01ab2c91524b8e936b71ccdcae21a1 P d797288e5c8549ba87d4697c910e3332 [term 3 FOLLOWER]: Advancing to term 4
I20260710 13:18:12.403250  6032 raft_consensus.cc:2468] T 6a01ab2c91524b8e936b71ccdcae21a1 P 0ef868dbaf8c4f29b28f76e4e3f2f3f3 [term 4 FOLLOWER]: Leader election vote request: Granting yes vote for candidate 3a616546309a4a86be27ee755c4f17c2 in term 4.
I20260710 13:18:12.404094  5849 leader_election.cc:304] T 6a01ab2c91524b8e936b71ccdcae21a1 P 3a616546309a4a86be27ee755c4f17c2 [CANDIDATE]: Term 4 election: Election decided. Result: candidate won. Election summary: received 2 responses out of 3 voters: 2 yes votes; 0 no votes. yes voters: 0ef868dbaf8c4f29b28f76e4e3f2f3f3, 3a616546309a4a86be27ee755c4f17c2; no voters: 
I20260710 13:18:12.404667  5958 raft_consensus.cc:2468] T 6a01ab2c91524b8e936b71ccdcae21a1 P d797288e5c8549ba87d4697c910e3332 [term 4 FOLLOWER]: Leader election vote request: Granting yes vote for candidate 3a616546309a4a86be27ee755c4f17c2 in term 4.
I20260710 13:18:12.404783  6225 raft_consensus.cc:2804] T 6a01ab2c91524b8e936b71ccdcae21a1 P 3a616546309a4a86be27ee755c4f17c2 [term 4 FOLLOWER]: Leader election won for term 4
I20260710 13:18:12.405350  6225 raft_consensus.cc:697] T 6a01ab2c91524b8e936b71ccdcae21a1 P 3a616546309a4a86be27ee755c4f17c2 [term 4 LEADER]: Becoming Leader. State: Replica: 3a616546309a4a86be27ee755c4f17c2, State: Running, Role: LEADER
I20260710 13:18:12.406190  6225 consensus_queue.cc:237] T 6a01ab2c91524b8e936b71ccdcae21a1 P 3a616546309a4a86be27ee755c4f17c2 [LEADER]: Queue going to LEADER mode. State: All replicated index: 0, Majority replicated index: 3, Committed index: 3, Last appended: 3.3, Last appended by leader: 3, Current term: 4, Majority size: 2, State: 0, Mode: LEADER, active raft config: opid_index: -1 OBSOLETE_local: false peers { permanent_uuid: "3a616546309a4a86be27ee755c4f17c2" member_type: VOTER last_known_addr { host: "127.5.157.1" port: 42617 } } peers { permanent_uuid: "d797288e5c8549ba87d4697c910e3332" member_type: VOTER last_known_addr { host: "127.5.157.2" port: 46545 } } peers { permanent_uuid: "0ef868dbaf8c4f29b28f76e4e3f2f3f3" member_type: VOTER last_known_addr { host: "127.5.157.3" port: 42827 } }
I20260710 13:18:12.412626  5778 catalog_manager.cc:5697] T 6a01ab2c91524b8e936b71ccdcae21a1 P 3a616546309a4a86be27ee755c4f17c2 reported cstate change: term changed from 3 to 4, leader changed from d797288e5c8549ba87d4697c910e3332 (127.5.157.2) to 3a616546309a4a86be27ee755c4f17c2 (127.5.157.1). New cstate: current_term: 4 leader_uuid: "3a616546309a4a86be27ee755c4f17c2" committed_config { opid_index: -1 OBSOLETE_local: false peers { permanent_uuid: "3a616546309a4a86be27ee755c4f17c2" member_type: VOTER last_known_addr { host: "127.5.157.1" port: 42617 } health_report { overall_health: HEALTHY } } peers { permanent_uuid: "d797288e5c8549ba87d4697c910e3332" member_type: VOTER last_known_addr { host: "127.5.157.2" port: 46545 } health_report { overall_health: UNKNOWN } } peers { permanent_uuid: "0ef868dbaf8c4f29b28f76e4e3f2f3f3" member_type: VOTER last_known_addr { host: "127.5.157.3" port: 42827 } health_report { overall_health: UNKNOWN } } }
I20260710 13:18:12.494510  5881 raft_consensus.cc:1275] T 9f867dc9c3ff4162a7de368f174c6f5e P 3a616546309a4a86be27ee755c4f17c2 [term 3 FOLLOWER]: Refusing update from remote peer 0ef868dbaf8c4f29b28f76e4e3f2f3f3: Log matching property violated. Preceding OpId in replica: term: 2 index: 2. Preceding OpId from leader: term: 3 index: 3. (index mismatch)
I20260710 13:18:12.495838  6217 consensus_queue.cc:1048] T 9f867dc9c3ff4162a7de368f174c6f5e P 0ef868dbaf8c4f29b28f76e4e3f2f3f3 [LEADER]: Connected to new peer: Peer: permanent_uuid: "3a616546309a4a86be27ee755c4f17c2" member_type: VOTER last_known_addr { host: "127.5.157.1" port: 42617 }, Status: LMP_MISMATCH, Last received: 0.0, Next index: 3, Last known committed idx: 2, Time since last communication: 0.000s
I20260710 13:18:12.509390  5958 raft_consensus.cc:1275] T 9f867dc9c3ff4162a7de368f174c6f5e P d797288e5c8549ba87d4697c910e3332 [term 3 FOLLOWER]: Refusing update from remote peer 0ef868dbaf8c4f29b28f76e4e3f2f3f3: Log matching property violated. Preceding OpId in replica: term: 2 index: 2. Preceding OpId from leader: term: 3 index: 3. (index mismatch)
I20260710 13:18:12.510864  6126 consensus_queue.cc:1048] T 9f867dc9c3ff4162a7de368f174c6f5e P 0ef868dbaf8c4f29b28f76e4e3f2f3f3 [LEADER]: Connected to new peer: Peer: permanent_uuid: "d797288e5c8549ba87d4697c910e3332" member_type: VOTER last_known_addr { host: "127.5.157.2" port: 46545 }, Status: LMP_MISMATCH, Last received: 0.0, Next index: 3, Last known committed idx: 2, Time since last communication: 0.000s
I20260710 13:18:12.528313  6216 raft_consensus.cc:993] T 2638ca64badc4d2d8753582e6446099d P d797288e5c8549ba87d4697c910e3332: : Instructing follower 3a616546309a4a86be27ee755c4f17c2 to start an election
I20260710 13:18:12.528779  6213 raft_consensus.cc:1081] T 2638ca64badc4d2d8753582e6446099d P d797288e5c8549ba87d4697c910e3332 [term 1 LEADER]: Signalling peer 3a616546309a4a86be27ee755c4f17c2 to start an election
I20260710 13:18:12.530309  5881 tablet_service.cc:2044] Received Run Leader Election RPC: tablet_id: "2638ca64badc4d2d8753582e6446099d"
dest_uuid: "3a616546309a4a86be27ee755c4f17c2"
 from {username='slave'} at 127.0.0.1:59240
I20260710 13:18:12.530772  5881 raft_consensus.cc:493] T 2638ca64badc4d2d8753582e6446099d P 3a616546309a4a86be27ee755c4f17c2 [term 1 FOLLOWER]: Starting forced leader election (received explicit request)
I20260710 13:18:12.531059  5881 raft_consensus.cc:3060] T 2638ca64badc4d2d8753582e6446099d P 3a616546309a4a86be27ee755c4f17c2 [term 1 FOLLOWER]: Advancing to term 2
I20260710 13:18:12.535322  5881 raft_consensus.cc:515] T 2638ca64badc4d2d8753582e6446099d P 3a616546309a4a86be27ee755c4f17c2 [term 2 FOLLOWER]: Starting forced leader election with config: opid_index: -1 OBSOLETE_local: false peers { permanent_uuid: "3a616546309a4a86be27ee755c4f17c2" member_type: VOTER last_known_addr { host: "127.5.157.1" port: 42617 } } peers { permanent_uuid: "d797288e5c8549ba87d4697c910e3332" member_type: VOTER last_known_addr { host: "127.5.157.2" port: 46545 } } peers { permanent_uuid: "0ef868dbaf8c4f29b28f76e4e3f2f3f3" member_type: VOTER last_known_addr { host: "127.5.157.3" port: 42827 } }
I20260710 13:18:12.536795  5881 leader_election.cc:290] T 2638ca64badc4d2d8753582e6446099d P 3a616546309a4a86be27ee755c4f17c2 [CANDIDATE]: Term 2 election: Requested vote from peers d797288e5c8549ba87d4697c910e3332 (127.5.157.2:46545), 0ef868dbaf8c4f29b28f76e4e3f2f3f3 (127.5.157.3:42827)
I20260710 13:18:12.537804  5958 tablet_service.cc:1917] Received RequestConsensusVote() RPC: tablet_id: "2638ca64badc4d2d8753582e6446099d" candidate_uuid: "3a616546309a4a86be27ee755c4f17c2" candidate_term: 2 candidate_status { last_received { term: 1 index: 1 } } ignore_live_leader: true dest_uuid: "d797288e5c8549ba87d4697c910e3332"
I20260710 13:18:12.537909  6032 tablet_service.cc:1917] Received RequestConsensusVote() RPC: tablet_id: "2638ca64badc4d2d8753582e6446099d" candidate_uuid: "3a616546309a4a86be27ee755c4f17c2" candidate_term: 2 candidate_status { last_received { term: 1 index: 1 } } ignore_live_leader: true dest_uuid: "0ef868dbaf8c4f29b28f76e4e3f2f3f3"
I20260710 13:18:12.538511  5958 raft_consensus.cc:3055] T 2638ca64badc4d2d8753582e6446099d P d797288e5c8549ba87d4697c910e3332 [term 1 LEADER]: Stepping down as leader of term 1
I20260710 13:18:12.538554  6032 raft_consensus.cc:3060] T 2638ca64badc4d2d8753582e6446099d P 0ef868dbaf8c4f29b28f76e4e3f2f3f3 [term 1 FOLLOWER]: Advancing to term 2
I20260710 13:18:12.539013  5958 raft_consensus.cc:740] T 2638ca64badc4d2d8753582e6446099d P d797288e5c8549ba87d4697c910e3332 [term 1 LEADER]: Becoming Follower/Learner. State: Replica: d797288e5c8549ba87d4697c910e3332, State: Running, Role: LEADER
I20260710 13:18:12.539775  5958 consensus_queue.cc:260] T 2638ca64badc4d2d8753582e6446099d P d797288e5c8549ba87d4697c910e3332 [NON_LEADER]: Queue going to NON_LEADER mode. State: All replicated index: 0, Majority replicated index: 1, Committed index: 1, Last appended: 1.1, Last appended by leader: 1, Current term: 1, Majority size: -1, State: 0, Mode: NON_LEADER, active raft config: opid_index: -1 OBSOLETE_local: false peers { permanent_uuid: "3a616546309a4a86be27ee755c4f17c2" member_type: VOTER last_known_addr { host: "127.5.157.1" port: 42617 } } peers { permanent_uuid: "d797288e5c8549ba87d4697c910e3332" member_type: VOTER last_known_addr { host: "127.5.157.2" port: 46545 } } peers { permanent_uuid: "0ef868dbaf8c4f29b28f76e4e3f2f3f3" member_type: VOTER last_known_addr { host: "127.5.157.3" port: 42827 } }
I20260710 13:18:12.540917  5958 raft_consensus.cc:3060] T 2638ca64badc4d2d8753582e6446099d P d797288e5c8549ba87d4697c910e3332 [term 1 FOLLOWER]: Advancing to term 2
I20260710 13:18:12.545281  6032 raft_consensus.cc:2468] T 2638ca64badc4d2d8753582e6446099d P 0ef868dbaf8c4f29b28f76e4e3f2f3f3 [term 2 FOLLOWER]: Leader election vote request: Granting yes vote for candidate 3a616546309a4a86be27ee755c4f17c2 in term 2.
I20260710 13:18:12.546476  5849 leader_election.cc:304] T 2638ca64badc4d2d8753582e6446099d P 3a616546309a4a86be27ee755c4f17c2 [CANDIDATE]: Term 2 election: Election decided. Result: candidate won. Election summary: received 2 responses out of 3 voters: 2 yes votes; 0 no votes. yes voters: 0ef868dbaf8c4f29b28f76e4e3f2f3f3, 3a616546309a4a86be27ee755c4f17c2; no voters: 
I20260710 13:18:12.547300  6225 raft_consensus.cc:2804] T 2638ca64badc4d2d8753582e6446099d P 3a616546309a4a86be27ee755c4f17c2 [term 2 FOLLOWER]: Leader election won for term 2
I20260710 13:18:12.547359  5958 raft_consensus.cc:2468] T 2638ca64badc4d2d8753582e6446099d P d797288e5c8549ba87d4697c910e3332 [term 2 FOLLOWER]: Leader election vote request: Granting yes vote for candidate 3a616546309a4a86be27ee755c4f17c2 in term 2.
I20260710 13:18:12.547956  6225 raft_consensus.cc:697] T 2638ca64badc4d2d8753582e6446099d P 3a616546309a4a86be27ee755c4f17c2 [term 2 LEADER]: Becoming Leader. State: Replica: 3a616546309a4a86be27ee755c4f17c2, State: Running, Role: LEADER
I20260710 13:18:12.548846  6225 consensus_queue.cc:237] T 2638ca64badc4d2d8753582e6446099d P 3a616546309a4a86be27ee755c4f17c2 [LEADER]: Queue going to LEADER mode. State: All replicated index: 0, Majority replicated index: 1, Committed index: 1, Last appended: 1.1, Last appended by leader: 1, Current term: 2, Majority size: 2, State: 0, Mode: LEADER, active raft config: opid_index: -1 OBSOLETE_local: false peers { permanent_uuid: "3a616546309a4a86be27ee755c4f17c2" member_type: VOTER last_known_addr { host: "127.5.157.1" port: 42617 } } peers { permanent_uuid: "d797288e5c8549ba87d4697c910e3332" member_type: VOTER last_known_addr { host: "127.5.157.2" port: 46545 } } peers { permanent_uuid: "0ef868dbaf8c4f29b28f76e4e3f2f3f3" member_type: VOTER last_known_addr { host: "127.5.157.3" port: 42827 } }
I20260710 13:18:12.556248  5777 catalog_manager.cc:5697] T 2638ca64badc4d2d8753582e6446099d P 3a616546309a4a86be27ee755c4f17c2 reported cstate change: term changed from 1 to 2, leader changed from d797288e5c8549ba87d4697c910e3332 (127.5.157.2) to 3a616546309a4a86be27ee755c4f17c2 (127.5.157.1). New cstate: current_term: 2 leader_uuid: "3a616546309a4a86be27ee755c4f17c2" committed_config { opid_index: -1 OBSOLETE_local: false peers { permanent_uuid: "3a616546309a4a86be27ee755c4f17c2" member_type: VOTER last_known_addr { host: "127.5.157.1" port: 42617 } health_report { overall_health: HEALTHY } } peers { permanent_uuid: "d797288e5c8549ba87d4697c910e3332" member_type: VOTER last_known_addr { host: "127.5.157.2" port: 46545 } health_report { overall_health: UNKNOWN } } peers { permanent_uuid: "0ef868dbaf8c4f29b28f76e4e3f2f3f3" member_type: VOTER last_known_addr { host: "127.5.157.3" port: 42827 } health_report { overall_health: UNKNOWN } } }
I20260710 13:18:12.646457  5881 raft_consensus.cc:1275] T a32675a1450742a1b8b48b75614e7e53 P 3a616546309a4a86be27ee755c4f17c2 [term 4 FOLLOWER]: Refusing update from remote peer 0ef868dbaf8c4f29b28f76e4e3f2f3f3: Log matching property violated. Preceding OpId in replica: term: 3 index: 3. Preceding OpId from leader: term: 4 index: 4. (index mismatch)
I20260710 13:18:12.647771  6126 consensus_queue.cc:1048] T a32675a1450742a1b8b48b75614e7e53 P 0ef868dbaf8c4f29b28f76e4e3f2f3f3 [LEADER]: Connected to new peer: Peer: permanent_uuid: "3a616546309a4a86be27ee755c4f17c2" member_type: VOTER last_known_addr { host: "127.5.157.1" port: 42617 }, Status: LMP_MISMATCH, Last received: 0.0, Next index: 4, Last known committed idx: 3, Time since last communication: 0.000s
I20260710 13:18:12.657351  5958 raft_consensus.cc:1275] T a32675a1450742a1b8b48b75614e7e53 P d797288e5c8549ba87d4697c910e3332 [term 4 FOLLOWER]: Refusing update from remote peer 0ef868dbaf8c4f29b28f76e4e3f2f3f3: Log matching property violated. Preceding OpId in replica: term: 3 index: 3. Preceding OpId from leader: term: 4 index: 4. (index mismatch)
I20260710 13:18:12.659184  6217 consensus_queue.cc:1048] T a32675a1450742a1b8b48b75614e7e53 P 0ef868dbaf8c4f29b28f76e4e3f2f3f3 [LEADER]: Connected to new peer: Peer: permanent_uuid: "d797288e5c8549ba87d4697c910e3332" member_type: VOTER last_known_addr { host: "127.5.157.2" port: 46545 }, Status: LMP_MISMATCH, Last received: 0.0, Next index: 4, Last known committed idx: 3, Time since last communication: 0.000s
I20260710 13:18:12.724483  5958 raft_consensus.cc:1275] T 39d01a21200e4354b102f39a2e205df7 P d797288e5c8549ba87d4697c910e3332 [term 4 FOLLOWER]: Refusing update from remote peer 3a616546309a4a86be27ee755c4f17c2: Log matching property violated. Preceding OpId in replica: term: 3 index: 3. Preceding OpId from leader: term: 4 index: 4. (index mismatch)
I20260710 13:18:12.725788  6225 consensus_queue.cc:1048] T 39d01a21200e4354b102f39a2e205df7 P 3a616546309a4a86be27ee755c4f17c2 [LEADER]: Connected to new peer: Peer: permanent_uuid: "d797288e5c8549ba87d4697c910e3332" member_type: VOTER last_known_addr { host: "127.5.157.2" port: 46545 }, Status: LMP_MISMATCH, Last received: 0.0, Next index: 4, Last known committed idx: 3, Time since last communication: 0.000s
I20260710 13:18:12.734737  6032 raft_consensus.cc:1275] T 39d01a21200e4354b102f39a2e205df7 P 0ef868dbaf8c4f29b28f76e4e3f2f3f3 [term 4 FOLLOWER]: Refusing update from remote peer 3a616546309a4a86be27ee755c4f17c2: Log matching property violated. Preceding OpId in replica: term: 3 index: 3. Preceding OpId from leader: term: 4 index: 4. (index mismatch)
I20260710 13:18:12.736338  6226 consensus_queue.cc:1048] T 39d01a21200e4354b102f39a2e205df7 P 3a616546309a4a86be27ee755c4f17c2 [LEADER]: Connected to new peer: Peer: permanent_uuid: "0ef868dbaf8c4f29b28f76e4e3f2f3f3" member_type: VOTER last_known_addr { host: "127.5.157.3" port: 42827 }, Status: LMP_MISMATCH, Last received: 0.0, Next index: 4, Last known committed idx: 3, Time since last communication: 0.001s
I20260710 13:18:12.795940  5958 raft_consensus.cc:1275] T 6a01ab2c91524b8e936b71ccdcae21a1 P d797288e5c8549ba87d4697c910e3332 [term 4 FOLLOWER]: Refusing update from remote peer 3a616546309a4a86be27ee755c4f17c2: Log matching property violated. Preceding OpId in replica: term: 3 index: 3. Preceding OpId from leader: term: 4 index: 4. (index mismatch)
I20260710 13:18:12.797282  6226 consensus_queue.cc:1048] T 6a01ab2c91524b8e936b71ccdcae21a1 P 3a616546309a4a86be27ee755c4f17c2 [LEADER]: Connected to new peer: Peer: permanent_uuid: "d797288e5c8549ba87d4697c910e3332" member_type: VOTER last_known_addr { host: "127.5.157.2" port: 46545 }, Status: LMP_MISMATCH, Last received: 0.0, Next index: 4, Last known committed idx: 3, Time since last communication: 0.000s
I20260710 13:18:12.807613  6032 raft_consensus.cc:1275] T 6a01ab2c91524b8e936b71ccdcae21a1 P 0ef868dbaf8c4f29b28f76e4e3f2f3f3 [term 4 FOLLOWER]: Refusing update from remote peer 3a616546309a4a86be27ee755c4f17c2: Log matching property violated. Preceding OpId in replica: term: 3 index: 3. Preceding OpId from leader: term: 4 index: 4. (index mismatch)
I20260710 13:18:12.808845  6226 consensus_queue.cc:1048] T 6a01ab2c91524b8e936b71ccdcae21a1 P 3a616546309a4a86be27ee755c4f17c2 [LEADER]: Connected to new peer: Peer: permanent_uuid: "0ef868dbaf8c4f29b28f76e4e3f2f3f3" member_type: VOTER last_known_addr { host: "127.5.157.3" port: 42827 }, Status: LMP_MISMATCH, Last received: 0.0, Next index: 4, Last known committed idx: 3, Time since last communication: 0.000s
I20260710 13:18:13.009809  5748 auto_leader_rebalancer.cc:141] leader rebalance for table test-workload
I20260710 13:18:13.015599  5748 tablet_server.cc:179] TabletServer@127.5.157.1:0 shutting down...
I20260710 13:18:13.015796  6032 raft_consensus.cc:1275] T 2638ca64badc4d2d8753582e6446099d P 0ef868dbaf8c4f29b28f76e4e3f2f3f3 [term 2 FOLLOWER]: Refusing update from remote peer 3a616546309a4a86be27ee755c4f17c2: Log matching property violated. Preceding OpId in replica: term: 1 index: 1. Preceding OpId from leader: term: 2 index: 2. (index mismatch)
I20260710 13:18:13.018079  6226 consensus_queue.cc:1048] T 2638ca64badc4d2d8753582e6446099d P 3a616546309a4a86be27ee755c4f17c2 [LEADER]: Connected to new peer: Peer: permanent_uuid: "0ef868dbaf8c4f29b28f76e4e3f2f3f3" member_type: VOTER last_known_addr { host: "127.5.157.3" port: 42827 }, Status: LMP_MISMATCH, Last received: 0.0, Next index: 2, Last known committed idx: 1, Time since last communication: 0.000s
I20260710 13:18:13.031461  5958 raft_consensus.cc:1275] T 2638ca64badc4d2d8753582e6446099d P d797288e5c8549ba87d4697c910e3332 [term 2 FOLLOWER]: Refusing update from remote peer 3a616546309a4a86be27ee755c4f17c2: Log matching property violated. Preceding OpId in replica: term: 1 index: 1. Preceding OpId from leader: term: 2 index: 2. (index mismatch)
I20260710 13:18:13.038081  6240 consensus_queue.cc:1048] T 2638ca64badc4d2d8753582e6446099d P 3a616546309a4a86be27ee755c4f17c2 [LEADER]: Connected to new peer: Peer: permanent_uuid: "d797288e5c8549ba87d4697c910e3332" member_type: VOTER last_known_addr { host: "127.5.157.2" port: 46545 }, Status: LMP_MISMATCH, Last received: 0.0, Next index: 2, Last known committed idx: 1, Time since last communication: 0.001s
I20260710 13:18:13.059839  5748 ts_tablet_manager.cc:1507] Shutting down tablet manager...
I20260710 13:18:13.060573  5748 tablet_replica.cc:333] T 170cb97983664cb2a9f5355ab3368a59 P 3a616546309a4a86be27ee755c4f17c2: stopping tablet replica
I20260710 13:18:13.061371  5748 raft_consensus.cc:2243] T 170cb97983664cb2a9f5355ab3368a59 P 3a616546309a4a86be27ee755c4f17c2 [term 2 FOLLOWER]: Raft consensus shutting down.
I20260710 13:18:13.063164  5748 raft_consensus.cc:2272] T 170cb97983664cb2a9f5355ab3368a59 P 3a616546309a4a86be27ee755c4f17c2 [term 2 FOLLOWER]: Raft consensus is shut down!
I20260710 13:18:13.065505  5748 tablet_replica.cc:333] T 6a01ab2c91524b8e936b71ccdcae21a1 P 3a616546309a4a86be27ee755c4f17c2: stopping tablet replica
I20260710 13:18:13.066028  5748 raft_consensus.cc:2243] T 6a01ab2c91524b8e936b71ccdcae21a1 P 3a616546309a4a86be27ee755c4f17c2 [term 4 LEADER]: Raft consensus shutting down.
I20260710 13:18:13.066704  5748 raft_consensus.cc:2272] T 6a01ab2c91524b8e936b71ccdcae21a1 P 3a616546309a4a86be27ee755c4f17c2 [term 4 FOLLOWER]: Raft consensus is shut down!
I20260710 13:18:13.068439  5748 tablet_replica.cc:333] T 2638ca64badc4d2d8753582e6446099d P 3a616546309a4a86be27ee755c4f17c2: stopping tablet replica
I20260710 13:18:13.068953  5748 raft_consensus.cc:2243] T 2638ca64badc4d2d8753582e6446099d P 3a616546309a4a86be27ee755c4f17c2 [term 2 LEADER]: Raft consensus shutting down.
I20260710 13:18:13.069641  5748 raft_consensus.cc:2272] T 2638ca64badc4d2d8753582e6446099d P 3a616546309a4a86be27ee755c4f17c2 [term 2 FOLLOWER]: Raft consensus is shut down!
I20260710 13:18:13.071400  5748 tablet_replica.cc:333] T 9f867dc9c3ff4162a7de368f174c6f5e P 3a616546309a4a86be27ee755c4f17c2: stopping tablet replica
I20260710 13:18:13.071918  5748 raft_consensus.cc:2243] T 9f867dc9c3ff4162a7de368f174c6f5e P 3a616546309a4a86be27ee755c4f17c2 [term 3 FOLLOWER]: Raft consensus shutting down.
I20260710 13:18:13.072302  5748 raft_consensus.cc:2272] T 9f867dc9c3ff4162a7de368f174c6f5e P 3a616546309a4a86be27ee755c4f17c2 [term 3 FOLLOWER]: Raft consensus is shut down!
I20260710 13:18:13.074239  5748 tablet_replica.cc:333] T 7222f5caf69c401ca643d78b36f20ac5 P 3a616546309a4a86be27ee755c4f17c2: stopping tablet replica
I20260710 13:18:13.074712  5748 raft_consensus.cc:2243] T 7222f5caf69c401ca643d78b36f20ac5 P 3a616546309a4a86be27ee755c4f17c2 [term 2 FOLLOWER]: Raft consensus shutting down.
I20260710 13:18:13.075093  5748 raft_consensus.cc:2272] T 7222f5caf69c401ca643d78b36f20ac5 P 3a616546309a4a86be27ee755c4f17c2 [term 2 FOLLOWER]: Raft consensus is shut down!
I20260710 13:18:13.076699  5748 tablet_replica.cc:333] T d1c992fa4546401b871ef93365e095b5 P 3a616546309a4a86be27ee755c4f17c2: stopping tablet replica
I20260710 13:18:13.077307  5748 raft_consensus.cc:2243] T d1c992fa4546401b871ef93365e095b5 P 3a616546309a4a86be27ee755c4f17c2 [term 1 FOLLOWER]: Raft consensus shutting down.
I20260710 13:18:13.077700  5748 raft_consensus.cc:2272] T d1c992fa4546401b871ef93365e095b5 P 3a616546309a4a86be27ee755c4f17c2 [term 1 FOLLOWER]: Raft consensus is shut down!
I20260710 13:18:13.079203  5748 tablet_replica.cc:333] T 39d01a21200e4354b102f39a2e205df7 P 3a616546309a4a86be27ee755c4f17c2: stopping tablet replica
I20260710 13:18:13.079636  5748 raft_consensus.cc:2243] T 39d01a21200e4354b102f39a2e205df7 P 3a616546309a4a86be27ee755c4f17c2 [term 4 LEADER]: Raft consensus shutting down.
I20260710 13:18:13.080298  5748 raft_consensus.cc:2272] T 39d01a21200e4354b102f39a2e205df7 P 3a616546309a4a86be27ee755c4f17c2 [term 4 FOLLOWER]: Raft consensus is shut down!
I20260710 13:18:13.081984  5748 tablet_replica.cc:333] T 9eb64d28d4704933be065455e170aec3 P 3a616546309a4a86be27ee755c4f17c2: stopping tablet replica
I20260710 13:18:13.082433  5748 raft_consensus.cc:2243] T 9eb64d28d4704933be065455e170aec3 P 3a616546309a4a86be27ee755c4f17c2 [term 4 FOLLOWER]: Raft consensus shutting down.
I20260710 13:18:13.082847  5748 raft_consensus.cc:2272] T 9eb64d28d4704933be065455e170aec3 P 3a616546309a4a86be27ee755c4f17c2 [term 4 FOLLOWER]: Raft consensus is shut down!
I20260710 13:18:13.084321  5748 tablet_replica.cc:333] T a32675a1450742a1b8b48b75614e7e53 P 3a616546309a4a86be27ee755c4f17c2: stopping tablet replica
I20260710 13:18:13.084725  5748 raft_consensus.cc:2243] T a32675a1450742a1b8b48b75614e7e53 P 3a616546309a4a86be27ee755c4f17c2 [term 4 FOLLOWER]: Raft consensus shutting down.
I20260710 13:18:13.085134  5748 raft_consensus.cc:2272] T a32675a1450742a1b8b48b75614e7e53 P 3a616546309a4a86be27ee755c4f17c2 [term 4 FOLLOWER]: Raft consensus is shut down!
W20260710 13:18:13.169674  5995 proxy.cc:239] Call had error, refreshing address and retrying: Network error: Client connection negotiation failed: client connection to 127.5.157.1:42617: connect: Connection refused (error 111)
W20260710 13:18:13.190078  5995 consensus_peers.cc:597] T 9f867dc9c3ff4162a7de368f174c6f5e P 0ef868dbaf8c4f29b28f76e4e3f2f3f3 -> Peer 3a616546309a4a86be27ee755c4f17c2 (127.5.157.1:42617): Couldn't send request to peer 3a616546309a4a86be27ee755c4f17c2. Status: Network error: Client connection negotiation failed: client connection to 127.5.157.1:42617: connect: Connection refused (error 111). This is attempt 1: this message will repeat every 5th retry.
W20260710 13:18:13.190618  5995 consensus_peers.cc:597] T d1c992fa4546401b871ef93365e095b5 P 0ef868dbaf8c4f29b28f76e4e3f2f3f3 -> Peer 3a616546309a4a86be27ee755c4f17c2 (127.5.157.1:42617): Couldn't send request to peer 3a616546309a4a86be27ee755c4f17c2. Status: Network error: Client connection negotiation failed: client connection to 127.5.157.1:42617: connect: Connection refused (error 111). This is attempt 1: this message will repeat every 5th retry.
W20260710 13:18:13.191819  5921 consensus_peers.cc:597] T 7222f5caf69c401ca643d78b36f20ac5 P d797288e5c8549ba87d4697c910e3332 -> Peer 3a616546309a4a86be27ee755c4f17c2 (127.5.157.1:42617): Couldn't send request to peer 3a616546309a4a86be27ee755c4f17c2. Status: Network error: Client connection negotiation failed: client connection to 127.5.157.1:42617: connect: Connection refused (error 111). This is attempt 1: this message will repeat every 5th retry.
I20260710 13:18:13.199872  5748 tablet_server.cc:196] TabletServer@127.5.157.1:0 shutdown complete.
I20260710 13:18:13.217361  5748 tablet_server.cc:179] TabletServer@127.5.157.2:0 shutting down...
W20260710 13:18:13.229352  5995 consensus_peers.cc:597] T a32675a1450742a1b8b48b75614e7e53 P 0ef868dbaf8c4f29b28f76e4e3f2f3f3 -> Peer 3a616546309a4a86be27ee755c4f17c2 (127.5.157.1:42617): Couldn't send request to peer 3a616546309a4a86be27ee755c4f17c2. Status: Network error: Client connection negotiation failed: client connection to 127.5.157.1:42617: connect: Connection refused (error 111). This is attempt 1: this message will repeat every 5th retry.
I20260710 13:18:13.249619  5748 ts_tablet_manager.cc:1507] Shutting down tablet manager...
I20260710 13:18:13.250205  5748 tablet_replica.cc:333] T 170cb97983664cb2a9f5355ab3368a59 P d797288e5c8549ba87d4697c910e3332: stopping tablet replica
I20260710 13:18:13.250876  5748 raft_consensus.cc:2243] T 170cb97983664cb2a9f5355ab3368a59 P d797288e5c8549ba87d4697c910e3332 [term 2 LEADER]: Raft consensus shutting down.
I20260710 13:18:13.251652  5748 raft_consensus.cc:2272] T 170cb97983664cb2a9f5355ab3368a59 P d797288e5c8549ba87d4697c910e3332 [term 2 FOLLOWER]: Raft consensus is shut down!
I20260710 13:18:13.253518  5748 tablet_replica.cc:333] T 2638ca64badc4d2d8753582e6446099d P d797288e5c8549ba87d4697c910e3332: stopping tablet replica
I20260710 13:18:13.254276  5748 raft_consensus.cc:2243] T 2638ca64badc4d2d8753582e6446099d P d797288e5c8549ba87d4697c910e3332 [term 2 FOLLOWER]: Raft consensus shutting down.
I20260710 13:18:13.254694  5748 raft_consensus.cc:2272] T 2638ca64badc4d2d8753582e6446099d P d797288e5c8549ba87d4697c910e3332 [term 2 FOLLOWER]: Raft consensus is shut down!
I20260710 13:18:13.257133  5748 tablet_replica.cc:333] T 9f867dc9c3ff4162a7de368f174c6f5e P d797288e5c8549ba87d4697c910e3332: stopping tablet replica
I20260710 13:18:13.257711  5748 raft_consensus.cc:2243] T 9f867dc9c3ff4162a7de368f174c6f5e P d797288e5c8549ba87d4697c910e3332 [term 3 FOLLOWER]: Raft consensus shutting down.
I20260710 13:18:13.258100  5748 raft_consensus.cc:2272] T 9f867dc9c3ff4162a7de368f174c6f5e P d797288e5c8549ba87d4697c910e3332 [term 3 FOLLOWER]: Raft consensus is shut down!
I20260710 13:18:13.259968  5748 tablet_replica.cc:333] T a32675a1450742a1b8b48b75614e7e53 P d797288e5c8549ba87d4697c910e3332: stopping tablet replica
I20260710 13:18:13.260439  5748 raft_consensus.cc:2243] T a32675a1450742a1b8b48b75614e7e53 P d797288e5c8549ba87d4697c910e3332 [term 4 FOLLOWER]: Raft consensus shutting down.
I20260710 13:18:13.260809  5748 raft_consensus.cc:2272] T a32675a1450742a1b8b48b75614e7e53 P d797288e5c8549ba87d4697c910e3332 [term 4 FOLLOWER]: Raft consensus is shut down!
I20260710 13:18:13.262838  5748 tablet_replica.cc:333] T 6a01ab2c91524b8e936b71ccdcae21a1 P d797288e5c8549ba87d4697c910e3332: stopping tablet replica
I20260710 13:18:13.263370  5748 raft_consensus.cc:2243] T 6a01ab2c91524b8e936b71ccdcae21a1 P d797288e5c8549ba87d4697c910e3332 [term 4 FOLLOWER]: Raft consensus shutting down.
I20260710 13:18:13.263782  5748 raft_consensus.cc:2272] T 6a01ab2c91524b8e936b71ccdcae21a1 P d797288e5c8549ba87d4697c910e3332 [term 4 FOLLOWER]: Raft consensus is shut down!
I20260710 13:18:13.266044  5748 tablet_replica.cc:333] T 7222f5caf69c401ca643d78b36f20ac5 P d797288e5c8549ba87d4697c910e3332: stopping tablet replica
I20260710 13:18:13.266575  5748 raft_consensus.cc:2243] T 7222f5caf69c401ca643d78b36f20ac5 P d797288e5c8549ba87d4697c910e3332 [term 2 LEADER]: Raft consensus shutting down.
I20260710 13:18:13.267335  5748 raft_consensus.cc:2272] T 7222f5caf69c401ca643d78b36f20ac5 P d797288e5c8549ba87d4697c910e3332 [term 2 FOLLOWER]: Raft consensus is shut down!
I20260710 13:18:13.269059  5748 tablet_replica.cc:333] T 39d01a21200e4354b102f39a2e205df7 P d797288e5c8549ba87d4697c910e3332: stopping tablet replica
I20260710 13:18:13.269631  5748 raft_consensus.cc:2243] T 39d01a21200e4354b102f39a2e205df7 P d797288e5c8549ba87d4697c910e3332 [term 4 FOLLOWER]: Raft consensus shutting down.
I20260710 13:18:13.270040  5748 raft_consensus.cc:2272] T 39d01a21200e4354b102f39a2e205df7 P d797288e5c8549ba87d4697c910e3332 [term 4 FOLLOWER]: Raft consensus is shut down!
I20260710 13:18:13.271974  5748 tablet_replica.cc:333] T d1c992fa4546401b871ef93365e095b5 P d797288e5c8549ba87d4697c910e3332: stopping tablet replica
I20260710 13:18:13.272457  5748 raft_consensus.cc:2243] T d1c992fa4546401b871ef93365e095b5 P d797288e5c8549ba87d4697c910e3332 [term 1 FOLLOWER]: Raft consensus shutting down.
I20260710 13:18:13.272877  5748 raft_consensus.cc:2272] T d1c992fa4546401b871ef93365e095b5 P d797288e5c8549ba87d4697c910e3332 [term 1 FOLLOWER]: Raft consensus is shut down!
I20260710 13:18:13.274526  5748 tablet_replica.cc:333] T 9eb64d28d4704933be065455e170aec3 P d797288e5c8549ba87d4697c910e3332: stopping tablet replica
I20260710 13:18:13.274993  5748 raft_consensus.cc:2243] T 9eb64d28d4704933be065455e170aec3 P d797288e5c8549ba87d4697c910e3332 [term 4 LEADER]: Raft consensus shutting down.
I20260710 13:18:13.275738  5748 raft_consensus.cc:2272] T 9eb64d28d4704933be065455e170aec3 P d797288e5c8549ba87d4697c910e3332 [term 4 FOLLOWER]: Raft consensus is shut down!
I20260710 13:18:13.303326  5748 tablet_server.cc:196] TabletServer@127.5.157.2:0 shutdown complete.
I20260710 13:18:13.319214  5748 tablet_server.cc:179] TabletServer@127.5.157.3:0 shutting down...
I20260710 13:18:13.341056  5748 ts_tablet_manager.cc:1507] Shutting down tablet manager...
I20260710 13:18:13.341801  5748 tablet_replica.cc:333] T 2638ca64badc4d2d8753582e6446099d P 0ef868dbaf8c4f29b28f76e4e3f2f3f3: stopping tablet replica
I20260710 13:18:13.342401  5748 raft_consensus.cc:2243] T 2638ca64badc4d2d8753582e6446099d P 0ef868dbaf8c4f29b28f76e4e3f2f3f3 [term 2 FOLLOWER]: Raft consensus shutting down.
I20260710 13:18:13.342866  5748 raft_consensus.cc:2272] T 2638ca64badc4d2d8753582e6446099d P 0ef868dbaf8c4f29b28f76e4e3f2f3f3 [term 2 FOLLOWER]: Raft consensus is shut down!
I20260710 13:18:13.344822  5748 tablet_replica.cc:333] T a32675a1450742a1b8b48b75614e7e53 P 0ef868dbaf8c4f29b28f76e4e3f2f3f3: stopping tablet replica
I20260710 13:18:13.345377  5748 raft_consensus.cc:2243] T a32675a1450742a1b8b48b75614e7e53 P 0ef868dbaf8c4f29b28f76e4e3f2f3f3 [term 4 LEADER]: Raft consensus shutting down.
I20260710 13:18:13.346055  5748 raft_consensus.cc:2272] T a32675a1450742a1b8b48b75614e7e53 P 0ef868dbaf8c4f29b28f76e4e3f2f3f3 [term 4 FOLLOWER]: Raft consensus is shut down!
I20260710 13:18:13.347841  5748 tablet_replica.cc:333] T 6a01ab2c91524b8e936b71ccdcae21a1 P 0ef868dbaf8c4f29b28f76e4e3f2f3f3: stopping tablet replica
I20260710 13:18:13.348348  5748 raft_consensus.cc:2243] T 6a01ab2c91524b8e936b71ccdcae21a1 P 0ef868dbaf8c4f29b28f76e4e3f2f3f3 [term 4 FOLLOWER]: Raft consensus shutting down.
I20260710 13:18:13.348835  5748 raft_consensus.cc:2272] T 6a01ab2c91524b8e936b71ccdcae21a1 P 0ef868dbaf8c4f29b28f76e4e3f2f3f3 [term 4 FOLLOWER]: Raft consensus is shut down!
I20260710 13:18:13.350907  5748 tablet_replica.cc:333] T 170cb97983664cb2a9f5355ab3368a59 P 0ef868dbaf8c4f29b28f76e4e3f2f3f3: stopping tablet replica
I20260710 13:18:13.351336  5748 raft_consensus.cc:2243] T 170cb97983664cb2a9f5355ab3368a59 P 0ef868dbaf8c4f29b28f76e4e3f2f3f3 [term 2 FOLLOWER]: Raft consensus shutting down.
I20260710 13:18:13.351686  5748 raft_consensus.cc:2272] T 170cb97983664cb2a9f5355ab3368a59 P 0ef868dbaf8c4f29b28f76e4e3f2f3f3 [term 2 FOLLOWER]: Raft consensus is shut down!
I20260710 13:18:13.353143  5748 tablet_replica.cc:333] T 39d01a21200e4354b102f39a2e205df7 P 0ef868dbaf8c4f29b28f76e4e3f2f3f3: stopping tablet replica
I20260710 13:18:13.353612  5748 raft_consensus.cc:2243] T 39d01a21200e4354b102f39a2e205df7 P 0ef868dbaf8c4f29b28f76e4e3f2f3f3 [term 4 FOLLOWER]: Raft consensus shutting down.
I20260710 13:18:13.353947  5748 raft_consensus.cc:2272] T 39d01a21200e4354b102f39a2e205df7 P 0ef868dbaf8c4f29b28f76e4e3f2f3f3 [term 4 FOLLOWER]: Raft consensus is shut down!
I20260710 13:18:13.355696  5748 tablet_replica.cc:333] T d1c992fa4546401b871ef93365e095b5 P 0ef868dbaf8c4f29b28f76e4e3f2f3f3: stopping tablet replica
I20260710 13:18:13.356122  5748 raft_consensus.cc:2243] T d1c992fa4546401b871ef93365e095b5 P 0ef868dbaf8c4f29b28f76e4e3f2f3f3 [term 1 LEADER]: Raft consensus shutting down.
I20260710 13:18:13.356844  5748 raft_consensus.cc:2272] T d1c992fa4546401b871ef93365e095b5 P 0ef868dbaf8c4f29b28f76e4e3f2f3f3 [term 1 FOLLOWER]: Raft consensus is shut down!
I20260710 13:18:13.358352  5748 tablet_replica.cc:333] T 9eb64d28d4704933be065455e170aec3 P 0ef868dbaf8c4f29b28f76e4e3f2f3f3: stopping tablet replica
I20260710 13:18:13.358738  5748 raft_consensus.cc:2243] T 9eb64d28d4704933be065455e170aec3 P 0ef868dbaf8c4f29b28f76e4e3f2f3f3 [term 4 FOLLOWER]: Raft consensus shutting down.
I20260710 13:18:13.359054  5748 raft_consensus.cc:2272] T 9eb64d28d4704933be065455e170aec3 P 0ef868dbaf8c4f29b28f76e4e3f2f3f3 [term 4 FOLLOWER]: Raft consensus is shut down!
I20260710 13:18:13.360486  5748 tablet_replica.cc:333] T 9f867dc9c3ff4162a7de368f174c6f5e P 0ef868dbaf8c4f29b28f76e4e3f2f3f3: stopping tablet replica
I20260710 13:18:13.360857  5748 raft_consensus.cc:2243] T 9f867dc9c3ff4162a7de368f174c6f5e P 0ef868dbaf8c4f29b28f76e4e3f2f3f3 [term 3 LEADER]: Raft consensus shutting down.
I20260710 13:18:13.361505  5748 raft_consensus.cc:2272] T 9f867dc9c3ff4162a7de368f174c6f5e P 0ef868dbaf8c4f29b28f76e4e3f2f3f3 [term 3 FOLLOWER]: Raft consensus is shut down!
I20260710 13:18:13.363104  5748 tablet_replica.cc:333] T 7222f5caf69c401ca643d78b36f20ac5 P 0ef868dbaf8c4f29b28f76e4e3f2f3f3: stopping tablet replica
I20260710 13:18:13.363480  5748 raft_consensus.cc:2243] T 7222f5caf69c401ca643d78b36f20ac5 P 0ef868dbaf8c4f29b28f76e4e3f2f3f3 [term 2 FOLLOWER]: Raft consensus shutting down.
I20260710 13:18:13.363811  5748 raft_consensus.cc:2272] T 7222f5caf69c401ca643d78b36f20ac5 P 0ef868dbaf8c4f29b28f76e4e3f2f3f3 [term 2 FOLLOWER]: Raft consensus is shut down!
I20260710 13:18:13.381892  5748 tablet_server.cc:196] TabletServer@127.5.157.3:0 shutdown complete.
I20260710 13:18:13.397460  5748 master.cc:562] Master@127.5.157.62:45499 shutting down...
I20260710 13:18:13.594600  5748 raft_consensus.cc:2243] T 00000000000000000000000000000000 P 22cedd4e4f7d4711aea6309c9d409c98 [term 1 LEADER]: Raft consensus shutting down.
I20260710 13:18:13.595115  5748 raft_consensus.cc:2272] T 00000000000000000000000000000000 P 22cedd4e4f7d4711aea6309c9d409c98 [term 1 FOLLOWER]: Raft consensus is shut down!
I20260710 13:18:13.595391  5748 tablet_replica.cc:333] T 00000000000000000000000000000000 P 22cedd4e4f7d4711aea6309c9d409c98: stopping tablet replica
I20260710 13:18:13.614722  5748 master.cc:584] Master@127.5.157.62:45499 shutdown complete.
0ef868dbaf8c4f29b28f76e4e3f2f3f3  1
3a616546309a4a86be27ee755c4f17c2  4
d797288e5c8549ba87d4697c910e3332  4
[       OK ] LeaderRebalancerTest.FunctionalTestForDivided (12815 ms)
[ RUN      ] LeaderRebalancerTest.FunctionalTestForNotDivided
I20260710 13:18:13.655161  5748 internal_mini_cluster.cc:156] Creating distributed mini masters. Addrs: 127.5.157.62:46433
I20260710 13:18:13.656306  5748 file_cache.cc:504] Constructed file cache file cache with capacity 419430
W20260710 13:18:13.661808  6250 instance_detector.cc:116] could not retrieve AWS instance metadata: Network error: curl error: HTTP response code said error: The requested URL returned error: 404
W20260710 13:18:13.662298  6251 instance_detector.cc:116] could not retrieve Azure instance metadata: Network error: curl error: HTTP response code said error: The requested URL returned error: 404
W20260710 13:18:13.663040  6253 instance_detector.cc:116] could not retrieve OpenStack instance metadata: Network error: curl error: HTTP response code said error: The requested URL returned error: 404
I20260710 13:18:13.664387  5748 server_base.cc:1061] running on GCE node
I20260710 13:18:13.665263  5748 hybrid_clock.cc:584] initializing the hybrid clock with 'system_unsync' time source
W20260710 13:18:13.665457  5748 system_unsync_time.cc:38] NTP support is disabled. Clock error bounds will not be accurate. This configuration is not suitable for distributed clusters.
I20260710 13:18:13.665633  5748 hybrid_clock.cc:648] HybridClock initialized: now 1783689493665620 us; error 0 us; skew 500 ppm
I20260710 13:18:13.666220  5748 server_base.cc:861] Flag tcmalloc_max_total_thread_cache_bytes is not working since tcmalloc is not enabled.
I20260710 13:18:13.668715  5748 webserver.cc:533] Webserver started at http://127.5.157.62:38631/ using document root <none> and password file <none>
I20260710 13:18:13.669255  5748 fs_manager.cc:362] Metadata directory not provided
I20260710 13:18:13.669464  5748 fs_manager.cc:368] Using write-ahead log directory (fs_wal_dir) as metadata directory
I20260710 13:18:13.669739  5748 server_base.cc:909] This appears to be a new deployment of Kudu; creating new FS layout
I20260710 13:18:13.670819  5748 fs_manager.cc:1068] Generated new instance metadata in path /tmp/dist-test-task3RzXf6/test-tmp/auto_leader_rebalancer-test.0.LeaderRebalancerTest.FunctionalTestForNotDivided.1783689480676484-5748-0/minicluster-data/master-0-root/instance:
uuid: "bc990f21b0424c4d8a1e21a3fb4ec3d8"
format_stamp: "Formatted at 2026-07-10 13:18:13 on dist-test-slave-swp1"
I20260710 13:18:13.675165  5748 fs_manager.cc:696] Time spent creating directory manager: real 0.004s	user 0.005s	sys 0.000s
I20260710 13:18:13.678445  6258 log_block_manager.cc:4127] Time spent loading block containers with low live blocks: real 0.000s	user 0.000s	sys 0.000s
I20260710 13:18:13.679309  5748 fs_manager.cc:730] Time spent opening block manager: real 0.002s	user 0.003s	sys 0.001s
I20260710 13:18:13.679538  5748 fs_manager.cc:647] Opened local filesystem: /tmp/dist-test-task3RzXf6/test-tmp/auto_leader_rebalancer-test.0.LeaderRebalancerTest.FunctionalTestForNotDivided.1783689480676484-5748-0/minicluster-data/master-0-root
uuid: "bc990f21b0424c4d8a1e21a3fb4ec3d8"
format_stamp: "Formatted at 2026-07-10 13:18:13 on dist-test-slave-swp1"
I20260710 13:18:13.679792  5748 fs_report.cc:389] FS layout report
--------------------
wal directory: /tmp/dist-test-task3RzXf6/test-tmp/auto_leader_rebalancer-test.0.LeaderRebalancerTest.FunctionalTestForNotDivided.1783689480676484-5748-0/minicluster-data/master-0-root
