I20260710 13:18:25.809221  7137 tablet_bootstrap.cc:492] T fdcd46ae08484f1db1dacfc1130e9a42 P df8b34ddd75447c69f22a662194946d9: No bootstrap required, opened a new log
I20260710 13:18:25.809517  7176 leader_election.cc:290] T d83a343fc9644f75a331edc81e547831 P 597e5cc01e644b4da964f8308d51dd85 [CANDIDATE]: Term 1 election: Requested vote from peers b249a27f5c3b4f6bba13d5545ac7776c (127.5.178.193:43039), df8b34ddd75447c69f22a662194946d9 (127.5.178.194:46617)
I20260710 13:18:25.812670  6945 raft_consensus.cc:2468] T d83a343fc9644f75a331edc81e547831 P b249a27f5c3b4f6bba13d5545ac7776c [term 1 FOLLOWER]: Leader election vote request: Granting yes vote for candidate 597e5cc01e644b4da964f8308d51dd85 in term 1.
I20260710 13:18:25.820667  7138 tablet_bootstrap.cc:492] T 93dcde3bdaa6447fb1d689e48653be2c P 597e5cc01e644b4da964f8308d51dd85: No bootstrap required, opened a new log
I20260710 13:18:25.824966  7143 consensus_queue.cc:1048] T 2bf20aa1aa59441190a925842d113dc9 P b249a27f5c3b4f6bba13d5545ac7776c [LEADER]: Connected to new peer: Peer: permanent_uuid: "df8b34ddd75447c69f22a662194946d9" member_type: VOTER last_known_addr { host: "127.5.178.194" port: 46617 }, Status: LMP_MISMATCH, Last received: 0.0, Next index: 1, Last known committed idx: 0, Time since last communication: 0.001s
I20260710 13:18:25.810833  7022 tablet_service.cc:1917] Received RequestConsensusVote() RPC: tablet_id: "d83a343fc9644f75a331edc81e547831" candidate_uuid: "597e5cc01e644b4da964f8308d51dd85" candidate_term: 1 candidate_status { last_received { term: 0 index: 0 } } ignore_live_leader: false dest_uuid: "df8b34ddd75447c69f22a662194946d9"
I20260710 13:18:25.826920  7138 ts_tablet_manager.cc:1403] T 93dcde3bdaa6447fb1d689e48653be2c P 597e5cc01e644b4da964f8308d51dd85: Time spent bootstrapping tablet: real 0.060s	user 0.011s	sys 0.002s
I20260710 13:18:25.827327  7180 raft_consensus.cc:493] T ae6b8f4512674098a95764ce9cb587d2 P b249a27f5c3b4f6bba13d5545ac7776c [term 0 FOLLOWER]: Starting pre-election (no leader contacted us within the election timeout)
I20260710 13:18:25.827827  7180 raft_consensus.cc:515] T ae6b8f4512674098a95764ce9cb587d2 P b249a27f5c3b4f6bba13d5545ac7776c [term 0 FOLLOWER]: Starting pre-election with config: opid_index: -1 OBSOLETE_local: false peers { permanent_uuid: "b249a27f5c3b4f6bba13d5545ac7776c" member_type: VOTER last_known_addr { host: "127.5.178.193" port: 43039 } } peers { permanent_uuid: "df8b34ddd75447c69f22a662194946d9" member_type: VOTER last_known_addr { host: "127.5.178.194" port: 46617 } } peers { permanent_uuid: "597e5cc01e644b4da964f8308d51dd85" member_type: VOTER last_known_addr { host: "127.5.178.195" port: 33437 } }
I20260710 13:18:25.828171  7062 leader_election.cc:304] T d83a343fc9644f75a331edc81e547831 P 597e5cc01e644b4da964f8308d51dd85 [CANDIDATE]: Term 1 election: Election decided. Result: candidate won. Election summary: received 2 responses out of 3 voters: 2 yes votes; 0 no votes. yes voters: 597e5cc01e644b4da964f8308d51dd85, b249a27f5c3b4f6bba13d5545ac7776c; no voters: 
I20260710 13:18:25.829059  7176 raft_consensus.cc:2804] T d83a343fc9644f75a331edc81e547831 P 597e5cc01e644b4da964f8308d51dd85 [term 1 FOLLOWER]: Leader election won for term 1
W20260710 13:18:25.829262  7060 leader_election.cc:343] T d83a343fc9644f75a331edc81e547831 P 597e5cc01e644b4da964f8308d51dd85 [CANDIDATE]: Term 1 election: Tablet error from VoteRequest() call to peer df8b34ddd75447c69f22a662194946d9 (127.5.178.194:46617): Illegal state: must be running to vote when last-logged opid is not known
I20260710 13:18:25.824923  7137 ts_tablet_manager.cc:1403] T fdcd46ae08484f1db1dacfc1130e9a42 P df8b34ddd75447c69f22a662194946d9: Time spent bootstrapping tablet: real 0.037s	user 0.013s	sys 0.000s
I20260710 13:18:25.811759  7201 consensus_queue.cc:1048] T b66da5b190ea4d97b428bcb0dda81496 P df8b34ddd75447c69f22a662194946d9 [LEADER]: Connected to new peer: Peer: permanent_uuid: "597e5cc01e644b4da964f8308d51dd85" member_type: VOTER last_known_addr { host: "127.5.178.195" port: 33437 }, Status: LMP_MISMATCH, Last received: 0.0, Next index: 1, Last known committed idx: 0, Time since last communication: 0.000s
I20260710 13:18:25.830183  7138 raft_consensus.cc:359] T 93dcde3bdaa6447fb1d689e48653be2c P 597e5cc01e644b4da964f8308d51dd85 [term 0 FOLLOWER]: Replica starting. Triggering 0 pending ops. Active config: opid_index: -1 OBSOLETE_local: false peers { permanent_uuid: "b249a27f5c3b4f6bba13d5545ac7776c" member_type: VOTER last_known_addr { host: "127.5.178.193" port: 43039 } } peers { permanent_uuid: "df8b34ddd75447c69f22a662194946d9" member_type: VOTER last_known_addr { host: "127.5.178.194" port: 46617 } } peers { permanent_uuid: "597e5cc01e644b4da964f8308d51dd85" member_type: VOTER last_known_addr { host: "127.5.178.195" port: 33437 } }
I20260710 13:18:25.831120  7138 raft_consensus.cc:385] T 93dcde3bdaa6447fb1d689e48653be2c P 597e5cc01e644b4da964f8308d51dd85 [term 0 FOLLOWER]: Consensus starting up: Expiring failure detector timer to make a prompt election more likely
I20260710 13:18:25.831450  7138 raft_consensus.cc:740] T 93dcde3bdaa6447fb1d689e48653be2c P 597e5cc01e644b4da964f8308d51dd85 [term 0 FOLLOWER]: Becoming Follower/Learner. State: Replica: 597e5cc01e644b4da964f8308d51dd85, State: Initialized, Role: FOLLOWER
I20260710 13:18:25.832366  7096 tablet_service.cc:1917] Received RequestConsensusVote() RPC: tablet_id: "ae6b8f4512674098a95764ce9cb587d2" candidate_uuid: "b249a27f5c3b4f6bba13d5545ac7776c" candidate_term: 1 candidate_status { last_received { term: 0 index: 0 } } ignore_live_leader: false dest_uuid: "597e5cc01e644b4da964f8308d51dd85" is_pre_election: true
I20260710 13:18:25.832198  7138 consensus_queue.cc:260] T 93dcde3bdaa6447fb1d689e48653be2c P 597e5cc01e644b4da964f8308d51dd85 [NON_LEADER]: Queue going to NON_LEADER mode. State: All replicated index: 0, Majority replicated index: 0, Committed index: 0, Last appended: 0.0, Last appended by leader: 0, Current term: 0, Majority size: -1, State: 0, Mode: NON_LEADER, active raft config: opid_index: -1 OBSOLETE_local: false peers { permanent_uuid: "b249a27f5c3b4f6bba13d5545ac7776c" member_type: VOTER last_known_addr { host: "127.5.178.193" port: 43039 } } peers { permanent_uuid: "df8b34ddd75447c69f22a662194946d9" member_type: VOTER last_known_addr { host: "127.5.178.194" port: 46617 } } peers { permanent_uuid: "597e5cc01e644b4da964f8308d51dd85" member_type: VOTER last_known_addr { host: "127.5.178.195" port: 33437 } }
I20260710 13:18:25.833141  7021 tablet_service.cc:1917] Received RequestConsensusVote() RPC: tablet_id: "ae6b8f4512674098a95764ce9cb587d2" candidate_uuid: "b249a27f5c3b4f6bba13d5545ac7776c" candidate_term: 1 candidate_status { last_received { term: 0 index: 0 } } ignore_live_leader: false dest_uuid: "df8b34ddd75447c69f22a662194946d9" is_pre_election: true
I20260710 13:18:25.833036  7180 leader_election.cc:290] T ae6b8f4512674098a95764ce9cb587d2 P b249a27f5c3b4f6bba13d5545ac7776c [CANDIDATE]: Term 1 pre-election: Requested pre-vote from peers df8b34ddd75447c69f22a662194946d9 (127.5.178.194:46617), 597e5cc01e644b4da964f8308d51dd85 (127.5.178.195:33437)
I20260710 13:18:25.833781  7021 raft_consensus.cc:2468] T ae6b8f4512674098a95764ce9cb587d2 P df8b34ddd75447c69f22a662194946d9 [term 0 FOLLOWER]: Leader pre-election vote request: Granting yes vote for candidate b249a27f5c3b4f6bba13d5545ac7776c in term 0.
I20260710 13:18:25.834452  7138 ts_tablet_manager.cc:1434] T 93dcde3bdaa6447fb1d689e48653be2c P 597e5cc01e644b4da964f8308d51dd85: Time spent starting tablet: real 0.007s	user 0.005s	sys 0.000s
I20260710 13:18:25.835467  7138 tablet_bootstrap.cc:492] T 00b7020a68d649ad813f48624fbbbdb4 P 597e5cc01e644b4da964f8308d51dd85: Bootstrap starting.
I20260710 13:18:25.811794  7136 raft_consensus.cc:359] T b12f5ccfb0dc410883a32cfcc7f3a793 P b249a27f5c3b4f6bba13d5545ac7776c [term 0 FOLLOWER]: Replica starting. Triggering 0 pending ops. Active config: opid_index: -1 OBSOLETE_local: false peers { permanent_uuid: "b249a27f5c3b4f6bba13d5545ac7776c" member_type: VOTER last_known_addr { host: "127.5.178.193" port: 43039 } } peers { permanent_uuid: "df8b34ddd75447c69f22a662194946d9" member_type: VOTER last_known_addr { host: "127.5.178.194" port: 46617 } } peers { permanent_uuid: "597e5cc01e644b4da964f8308d51dd85" member_type: VOTER last_known_addr { host: "127.5.178.195" port: 33437 } }
I20260710 13:18:25.836172  7136 raft_consensus.cc:385] T b12f5ccfb0dc410883a32cfcc7f3a793 P b249a27f5c3b4f6bba13d5545ac7776c [term 0 FOLLOWER]: Consensus starting up: Expiring failure detector timer to make a prompt election more likely
I20260710 13:18:25.836467  7136 raft_consensus.cc:740] T b12f5ccfb0dc410883a32cfcc7f3a793 P b249a27f5c3b4f6bba13d5545ac7776c [term 0 FOLLOWER]: Becoming Follower/Learner. State: Replica: b249a27f5c3b4f6bba13d5545ac7776c, State: Initialized, Role: FOLLOWER
I20260710 13:18:25.837181  7136 consensus_queue.cc:260] T b12f5ccfb0dc410883a32cfcc7f3a793 P b249a27f5c3b4f6bba13d5545ac7776c [NON_LEADER]: Queue going to NON_LEADER mode. State: All replicated index: 0, Majority replicated index: 0, Committed index: 0, Last appended: 0.0, Last appended by leader: 0, Current term: 0, Majority size: -1, State: 0, Mode: NON_LEADER, active raft config: opid_index: -1 OBSOLETE_local: false peers { permanent_uuid: "b249a27f5c3b4f6bba13d5545ac7776c" member_type: VOTER last_known_addr { host: "127.5.178.193" port: 43039 } } peers { permanent_uuid: "df8b34ddd75447c69f22a662194946d9" member_type: VOTER last_known_addr { host: "127.5.178.194" port: 46617 } } peers { permanent_uuid: "597e5cc01e644b4da964f8308d51dd85" member_type: VOTER last_known_addr { host: "127.5.178.195" port: 33437 } }
I20260710 13:18:25.833822  7096 raft_consensus.cc:2468] T ae6b8f4512674098a95764ce9cb587d2 P 597e5cc01e644b4da964f8308d51dd85 [term 0 FOLLOWER]: Leader pre-election vote request: Granting yes vote for candidate b249a27f5c3b4f6bba13d5545ac7776c in term 0.
I20260710 13:18:25.838176  6911 leader_election.cc:304] T ae6b8f4512674098a95764ce9cb587d2 P b249a27f5c3b4f6bba13d5545ac7776c [CANDIDATE]: Term 1 pre-election: Election decided. Result: candidate won. Election summary: received 2 responses out of 3 voters: 2 yes votes; 0 no votes. yes voters: b249a27f5c3b4f6bba13d5545ac7776c, df8b34ddd75447c69f22a662194946d9; no voters: 
I20260710 13:18:25.839097  7136 ts_tablet_manager.cc:1434] T b12f5ccfb0dc410883a32cfcc7f3a793 P b249a27f5c3b4f6bba13d5545ac7776c: Time spent starting tablet: real 0.035s	user 0.006s	sys 0.000s
I20260710 13:18:25.838909  7137 raft_consensus.cc:359] T fdcd46ae08484f1db1dacfc1130e9a42 P df8b34ddd75447c69f22a662194946d9 [term 0 FOLLOWER]: Replica starting. Triggering 0 pending ops. Active config: opid_index: -1 OBSOLETE_local: false peers { permanent_uuid: "b249a27f5c3b4f6bba13d5545ac7776c" member_type: VOTER last_known_addr { host: "127.5.178.193" port: 43039 } } peers { permanent_uuid: "df8b34ddd75447c69f22a662194946d9" member_type: VOTER last_known_addr { host: "127.5.178.194" port: 46617 } } peers { permanent_uuid: "597e5cc01e644b4da964f8308d51dd85" member_type: VOTER last_known_addr { host: "127.5.178.195" port: 33437 } }
I20260710 13:18:25.839546  7137 raft_consensus.cc:385] T fdcd46ae08484f1db1dacfc1130e9a42 P df8b34ddd75447c69f22a662194946d9 [term 0 FOLLOWER]: Consensus starting up: Expiring failure detector timer to make a prompt election more likely
I20260710 13:18:25.839915  7136 tablet_bootstrap.cc:492] T 93dcde3bdaa6447fb1d689e48653be2c P b249a27f5c3b4f6bba13d5545ac7776c: Bootstrap starting.
I20260710 13:18:25.839793  7137 raft_consensus.cc:740] T fdcd46ae08484f1db1dacfc1130e9a42 P df8b34ddd75447c69f22a662194946d9 [term 0 FOLLOWER]: Becoming Follower/Learner. State: Replica: df8b34ddd75447c69f22a662194946d9, State: Initialized, Role: FOLLOWER
I20260710 13:18:25.840247  7143 raft_consensus.cc:2804] T ae6b8f4512674098a95764ce9cb587d2 P b249a27f5c3b4f6bba13d5545ac7776c [term 0 FOLLOWER]: Leader pre-election won for term 1
I20260710 13:18:25.840699  7143 raft_consensus.cc:493] T ae6b8f4512674098a95764ce9cb587d2 P b249a27f5c3b4f6bba13d5545ac7776c [term 0 FOLLOWER]: Starting leader election (no leader contacted us within the election timeout)
I20260710 13:18:25.841261  7143 raft_consensus.cc:3060] T ae6b8f4512674098a95764ce9cb587d2 P b249a27f5c3b4f6bba13d5545ac7776c [term 0 FOLLOWER]: Advancing to term 1
I20260710 13:18:25.840648  7137 consensus_queue.cc:260] T fdcd46ae08484f1db1dacfc1130e9a42 P df8b34ddd75447c69f22a662194946d9 [NON_LEADER]: Queue going to NON_LEADER mode. State: All replicated index: 0, Majority replicated index: 0, Committed index: 0, Last appended: 0.0, Last appended by leader: 0, Current term: 0, Majority size: -1, State: 0, Mode: NON_LEADER, active raft config: opid_index: -1 OBSOLETE_local: false peers { permanent_uuid: "b249a27f5c3b4f6bba13d5545ac7776c" member_type: VOTER last_known_addr { host: "127.5.178.193" port: 43039 } } peers { permanent_uuid: "df8b34ddd75447c69f22a662194946d9" member_type: VOTER last_known_addr { host: "127.5.178.194" port: 46617 } } peers { permanent_uuid: "597e5cc01e644b4da964f8308d51dd85" member_type: VOTER last_known_addr { host: "127.5.178.195" port: 33437 } }
I20260710 13:18:25.842001  7138 tablet_bootstrap.cc:654] T 00b7020a68d649ad813f48624fbbbdb4 P 597e5cc01e644b4da964f8308d51dd85: Neither blocks nor log segments found. Creating new log.
I20260710 13:18:25.842844  7176 raft_consensus.cc:697] T d83a343fc9644f75a331edc81e547831 P 597e5cc01e644b4da964f8308d51dd85 [term 1 LEADER]: Becoming Leader. State: Replica: 597e5cc01e644b4da964f8308d51dd85, State: Running, Role: LEADER
I20260710 13:18:25.843300  7137 ts_tablet_manager.cc:1434] T fdcd46ae08484f1db1dacfc1130e9a42 P df8b34ddd75447c69f22a662194946d9: Time spent starting tablet: real 0.013s	user 0.004s	sys 0.000s
I20260710 13:18:25.843674  7176 consensus_queue.cc:237] T d83a343fc9644f75a331edc81e547831 P 597e5cc01e644b4da964f8308d51dd85 [LEADER]: Queue going to LEADER mode. State: All replicated index: 0, Majority replicated index: 0, Committed index: 0, Last appended: 0.0, Last appended by leader: 0, Current term: 1, Majority size: 2, State: 0, Mode: LEADER, active raft config: opid_index: -1 OBSOLETE_local: false peers { permanent_uuid: "b249a27f5c3b4f6bba13d5545ac7776c" member_type: VOTER last_known_addr { host: "127.5.178.193" port: 43039 } } peers { permanent_uuid: "df8b34ddd75447c69f22a662194946d9" member_type: VOTER last_known_addr { host: "127.5.178.194" port: 46617 } } peers { permanent_uuid: "597e5cc01e644b4da964f8308d51dd85" member_type: VOTER last_known_addr { host: "127.5.178.195" port: 33437 } }
I20260710 13:18:25.844149  7137 tablet_bootstrap.cc:492] T d83a343fc9644f75a331edc81e547831 P df8b34ddd75447c69f22a662194946d9: Bootstrap starting.
I20260710 13:18:25.859684  7137 tablet_bootstrap.cc:654] T d83a343fc9644f75a331edc81e547831 P df8b34ddd75447c69f22a662194946d9: Neither blocks nor log segments found. Creating new log.
I20260710 13:18:25.862458  6842 catalog_manager.cc:5697] T c2bf2a5d056447e78b3d93cc108d6619 P df8b34ddd75447c69f22a662194946d9 reported cstate change: term changed from 0 to 1, leader changed from <none> to df8b34ddd75447c69f22a662194946d9 (127.5.178.194). New cstate: current_term: 1 leader_uuid: "df8b34ddd75447c69f22a662194946d9" committed_config { opid_index: -1 OBSOLETE_local: false peers { permanent_uuid: "b249a27f5c3b4f6bba13d5545ac7776c" member_type: VOTER last_known_addr { host: "127.5.178.193" port: 43039 } health_report { overall_health: UNKNOWN } } peers { permanent_uuid: "df8b34ddd75447c69f22a662194946d9" member_type: VOTER last_known_addr { host: "127.5.178.194" port: 46617 } health_report { overall_health: HEALTHY } } peers { permanent_uuid: "597e5cc01e644b4da964f8308d51dd85" member_type: VOTER last_known_addr { host: "127.5.178.195" port: 33437 } health_report { overall_health: UNKNOWN } } }
I20260710 13:18:25.865166  7142 raft_consensus.cc:493] T 80618390339c49ce820143df5ead9553 P b249a27f5c3b4f6bba13d5545ac7776c [term 0 FOLLOWER]: Starting pre-election (no leader contacted us within the election timeout)
I20260710 13:18:25.865649  7142 raft_consensus.cc:515] T 80618390339c49ce820143df5ead9553 P b249a27f5c3b4f6bba13d5545ac7776c [term 0 FOLLOWER]: Starting pre-election with config: opid_index: -1 OBSOLETE_local: false peers { permanent_uuid: "b249a27f5c3b4f6bba13d5545ac7776c" member_type: VOTER last_known_addr { host: "127.5.178.193" port: 43039 } } peers { permanent_uuid: "df8b34ddd75447c69f22a662194946d9" member_type: VOTER last_known_addr { host: "127.5.178.194" port: 46617 } } peers { permanent_uuid: "597e5cc01e644b4da964f8308d51dd85" member_type: VOTER last_known_addr { host: "127.5.178.195" port: 33437 } }
I20260710 13:18:25.878925  7143 raft_consensus.cc:515] T ae6b8f4512674098a95764ce9cb587d2 P b249a27f5c3b4f6bba13d5545ac7776c [term 1 FOLLOWER]: Starting leader election with config: opid_index: -1 OBSOLETE_local: false peers { permanent_uuid: "b249a27f5c3b4f6bba13d5545ac7776c" member_type: VOTER last_known_addr { host: "127.5.178.193" port: 43039 } } peers { permanent_uuid: "df8b34ddd75447c69f22a662194946d9" member_type: VOTER last_known_addr { host: "127.5.178.194" port: 46617 } } peers { permanent_uuid: "597e5cc01e644b4da964f8308d51dd85" member_type: VOTER last_known_addr { host: "127.5.178.195" port: 33437 } }
I20260710 13:18:25.883682  7142 leader_election.cc:290] T 80618390339c49ce820143df5ead9553 P b249a27f5c3b4f6bba13d5545ac7776c [CANDIDATE]: Term 1 pre-election: Requested pre-vote from peers df8b34ddd75447c69f22a662194946d9 (127.5.178.194:46617), 597e5cc01e644b4da964f8308d51dd85 (127.5.178.195:33437)
I20260710 13:18:25.886247  7096 tablet_service.cc:1917] Received RequestConsensusVote() RPC: tablet_id: "80618390339c49ce820143df5ead9553" candidate_uuid: "b249a27f5c3b4f6bba13d5545ac7776c" candidate_term: 1 candidate_status { last_received { term: 0 index: 0 } } ignore_live_leader: false dest_uuid: "597e5cc01e644b4da964f8308d51dd85" is_pre_election: true
I20260710 13:18:25.887619  7186 raft_consensus.cc:493] T 3d655a5adcf44632884204efbe5e85bb P 597e5cc01e644b4da964f8308d51dd85 [term 0 FOLLOWER]: Starting pre-election (no leader contacted us within the election timeout)
I20260710 13:18:25.887552  7022 tablet_service.cc:1917] Received RequestConsensusVote() RPC: tablet_id: "80618390339c49ce820143df5ead9553" candidate_uuid: "b249a27f5c3b4f6bba13d5545ac7776c" candidate_term: 1 candidate_status { last_received { term: 0 index: 0 } } ignore_live_leader: false dest_uuid: "df8b34ddd75447c69f22a662194946d9" is_pre_election: true
W20260710 13:18:25.887917  6913 leader_election.cc:343] T 80618390339c49ce820143df5ead9553 P b249a27f5c3b4f6bba13d5545ac7776c [CANDIDATE]: Term 1 pre-election: Tablet error from VoteRequest() call to peer 597e5cc01e644b4da964f8308d51dd85 (127.5.178.195:33437): Illegal state: must be running to vote when last-logged opid is not known
I20260710 13:18:25.888141  7186 raft_consensus.cc:515] T 3d655a5adcf44632884204efbe5e85bb P 597e5cc01e644b4da964f8308d51dd85 [term 0 FOLLOWER]: Starting pre-election with config: opid_index: -1 OBSOLETE_local: false peers { permanent_uuid: "b249a27f5c3b4f6bba13d5545ac7776c" member_type: VOTER last_known_addr { host: "127.5.178.193" port: 43039 } } peers { permanent_uuid: "df8b34ddd75447c69f22a662194946d9" member_type: VOTER last_known_addr { host: "127.5.178.194" port: 46617 } } peers { permanent_uuid: "597e5cc01e644b4da964f8308d51dd85" member_type: VOTER last_known_addr { host: "127.5.178.195" port: 33437 } }
I20260710 13:18:25.889645  7136 tablet_bootstrap.cc:654] T 93dcde3bdaa6447fb1d689e48653be2c P b249a27f5c3b4f6bba13d5545ac7776c: Neither blocks nor log segments found. Creating new log.
I20260710 13:18:25.892130  7186 leader_election.cc:290] T 3d655a5adcf44632884204efbe5e85bb P 597e5cc01e644b4da964f8308d51dd85 [CANDIDATE]: Term 1 pre-election: Requested pre-vote from peers b249a27f5c3b4f6bba13d5545ac7776c (127.5.178.193:43039), df8b34ddd75447c69f22a662194946d9 (127.5.178.194:46617)
I20260710 13:18:25.894236  7022 tablet_service.cc:1917] Received RequestConsensusVote() RPC: tablet_id: "3d655a5adcf44632884204efbe5e85bb" candidate_uuid: "597e5cc01e644b4da964f8308d51dd85" candidate_term: 1 candidate_status { last_received { term: 0 index: 0 } } ignore_live_leader: false dest_uuid: "df8b34ddd75447c69f22a662194946d9" is_pre_election: true
W20260710 13:18:25.895094  6911 leader_election.cc:343] T 80618390339c49ce820143df5ead9553 P b249a27f5c3b4f6bba13d5545ac7776c [CANDIDATE]: Term 1 pre-election: Tablet error from VoteRequest() call to peer df8b34ddd75447c69f22a662194946d9 (127.5.178.194:46617): Illegal state: must be running to vote when last-logged opid is not known
I20260710 13:18:25.895979  6911 leader_election.cc:304] T 80618390339c49ce820143df5ead9553 P b249a27f5c3b4f6bba13d5545ac7776c [CANDIDATE]: Term 1 pre-election: Election decided. Result: candidate lost. Election summary: received 3 responses out of 3 voters: 1 yes votes; 2 no votes. yes voters: b249a27f5c3b4f6bba13d5545ac7776c; no voters: 597e5cc01e644b4da964f8308d51dd85, df8b34ddd75447c69f22a662194946d9
I20260710 13:18:25.892760  6945 tablet_service.cc:1917] Received RequestConsensusVote() RPC: tablet_id: "3d655a5adcf44632884204efbe5e85bb" candidate_uuid: "597e5cc01e644b4da964f8308d51dd85" candidate_term: 1 candidate_status { last_received { term: 0 index: 0 } } ignore_live_leader: false dest_uuid: "b249a27f5c3b4f6bba13d5545ac7776c" is_pre_election: true
W20260710 13:18:25.897167  7060 leader_election.cc:343] T 3d655a5adcf44632884204efbe5e85bb P 597e5cc01e644b4da964f8308d51dd85 [CANDIDATE]: Term 1 pre-election: Tablet error from VoteRequest() call to peer df8b34ddd75447c69f22a662194946d9 (127.5.178.194:46617): Illegal state: must be running to vote when last-logged opid is not known
W20260710 13:18:25.897779  7062 leader_election.cc:343] T 3d655a5adcf44632884204efbe5e85bb P 597e5cc01e644b4da964f8308d51dd85 [CANDIDATE]: Term 1 pre-election: Tablet error from VoteRequest() call to peer b249a27f5c3b4f6bba13d5545ac7776c (127.5.178.193:43039): Illegal state: must be running to vote when last-logged opid is not known
I20260710 13:18:25.898267  7062 leader_election.cc:304] T 3d655a5adcf44632884204efbe5e85bb P 597e5cc01e644b4da964f8308d51dd85 [CANDIDATE]: Term 1 pre-election: Election decided. Result: candidate lost. Election summary: received 3 responses out of 3 voters: 1 yes votes; 2 no votes. yes voters: 597e5cc01e644b4da964f8308d51dd85; no voters: b249a27f5c3b4f6bba13d5545ac7776c, df8b34ddd75447c69f22a662194946d9
I20260710 13:18:25.900969  7096 tablet_service.cc:1917] Received RequestConsensusVote() RPC: tablet_id: "ae6b8f4512674098a95764ce9cb587d2" candidate_uuid: "b249a27f5c3b4f6bba13d5545ac7776c" candidate_term: 1 candidate_status { last_received { term: 0 index: 0 } } ignore_live_leader: false dest_uuid: "597e5cc01e644b4da964f8308d51dd85"
I20260710 13:18:25.901647  7096 raft_consensus.cc:3060] T ae6b8f4512674098a95764ce9cb587d2 P 597e5cc01e644b4da964f8308d51dd85 [term 0 FOLLOWER]: Advancing to term 1
W20260710 13:18:25.902343  6913 consensus_peers.cc:597] T 2bf20aa1aa59441190a925842d113dc9 P b249a27f5c3b4f6bba13d5545ac7776c -> Peer 597e5cc01e644b4da964f8308d51dd85 (127.5.178.195:33437): Couldn't send request to peer 597e5cc01e644b4da964f8308d51dd85. Error code: TABLET_NOT_RUNNING (12). Status: Illegal state: Tablet not RUNNING: INITIALIZED. This is attempt 1: this message will repeat every 5th retry.
I20260710 13:18:25.899710  7143 leader_election.cc:290] T ae6b8f4512674098a95764ce9cb587d2 P b249a27f5c3b4f6bba13d5545ac7776c [CANDIDATE]: Term 1 election: Requested vote from peers df8b34ddd75447c69f22a662194946d9 (127.5.178.194:46617), 597e5cc01e644b4da964f8308d51dd85 (127.5.178.195:33437)
I20260710 13:18:25.900355  7142 raft_consensus.cc:2749] T 80618390339c49ce820143df5ead9553 P b249a27f5c3b4f6bba13d5545ac7776c [term 0 FOLLOWER]: Leader pre-election lost for term 1. Reason: could not achieve majority
I20260710 13:18:25.915854  7096 raft_consensus.cc:2468] T ae6b8f4512674098a95764ce9cb587d2 P 597e5cc01e644b4da964f8308d51dd85 [term 1 FOLLOWER]: Leader election vote request: Granting yes vote for candidate b249a27f5c3b4f6bba13d5545ac7776c in term 1.
I20260710 13:18:25.916764  7022 tablet_service.cc:1917] Received RequestConsensusVote() RPC: tablet_id: "ae6b8f4512674098a95764ce9cb587d2" candidate_uuid: "b249a27f5c3b4f6bba13d5545ac7776c" candidate_term: 1 candidate_status { last_received { term: 0 index: 0 } } ignore_live_leader: false dest_uuid: "df8b34ddd75447c69f22a662194946d9"
I20260710 13:18:25.917085  6913 leader_election.cc:304] T ae6b8f4512674098a95764ce9cb587d2 P b249a27f5c3b4f6bba13d5545ac7776c [CANDIDATE]: Term 1 election: Election decided. Result: candidate won. Election summary: received 2 responses out of 3 voters: 2 yes votes; 0 no votes. yes voters: 597e5cc01e644b4da964f8308d51dd85, b249a27f5c3b4f6bba13d5545ac7776c; no voters: 
I20260710 13:18:25.917465  7022 raft_consensus.cc:3060] T ae6b8f4512674098a95764ce9cb587d2 P df8b34ddd75447c69f22a662194946d9 [term 0 FOLLOWER]: Advancing to term 1
I20260710 13:18:25.916851  6843 catalog_manager.cc:5697] T d83a343fc9644f75a331edc81e547831 P 597e5cc01e644b4da964f8308d51dd85 reported cstate change: term changed from 0 to 1, leader changed from <none> to 597e5cc01e644b4da964f8308d51dd85 (127.5.178.195). New cstate: current_term: 1 leader_uuid: "597e5cc01e644b4da964f8308d51dd85" committed_config { opid_index: -1 OBSOLETE_local: false peers { permanent_uuid: "b249a27f5c3b4f6bba13d5545ac7776c" member_type: VOTER last_known_addr { host: "127.5.178.193" port: 43039 } health_report { overall_health: UNKNOWN } } peers { permanent_uuid: "df8b34ddd75447c69f22a662194946d9" member_type: VOTER last_known_addr { host: "127.5.178.194" port: 46617 } health_report { overall_health: UNKNOWN } } peers { permanent_uuid: "597e5cc01e644b4da964f8308d51dd85" member_type: VOTER last_known_addr { host: "127.5.178.195" port: 33437 } health_report { overall_health: HEALTHY } } }
I20260710 13:18:25.905037  7186 raft_consensus.cc:2749] T 3d655a5adcf44632884204efbe5e85bb P 597e5cc01e644b4da964f8308d51dd85 [term 0 FOLLOWER]: Leader pre-election lost for term 1. Reason: could not achieve majority
I20260710 13:18:25.917943  7143 raft_consensus.cc:2804] T ae6b8f4512674098a95764ce9cb587d2 P b249a27f5c3b4f6bba13d5545ac7776c [term 1 FOLLOWER]: Leader election won for term 1
I20260710 13:18:25.925709  7143 raft_consensus.cc:697] T ae6b8f4512674098a95764ce9cb587d2 P b249a27f5c3b4f6bba13d5545ac7776c [term 1 LEADER]: Becoming Leader. State: Replica: b249a27f5c3b4f6bba13d5545ac7776c, State: Running, Role: LEADER
I20260710 13:18:25.926185  7022 raft_consensus.cc:2468] T ae6b8f4512674098a95764ce9cb587d2 P df8b34ddd75447c69f22a662194946d9 [term 1 FOLLOWER]: Leader election vote request: Granting yes vote for candidate b249a27f5c3b4f6bba13d5545ac7776c in term 1.
I20260710 13:18:25.926600  7143 consensus_queue.cc:237] T ae6b8f4512674098a95764ce9cb587d2 P b249a27f5c3b4f6bba13d5545ac7776c [LEADER]: Queue going to LEADER mode. State: All replicated index: 0, Majority replicated index: 0, Committed index: 0, Last appended: 0.0, Last appended by leader: 0, Current term: 1, Majority size: 2, State: 0, Mode: LEADER, active raft config: opid_index: -1 OBSOLETE_local: false peers { permanent_uuid: "b249a27f5c3b4f6bba13d5545ac7776c" member_type: VOTER last_known_addr { host: "127.5.178.193" port: 43039 } } peers { permanent_uuid: "df8b34ddd75447c69f22a662194946d9" member_type: VOTER last_known_addr { host: "127.5.178.194" port: 46617 } } peers { permanent_uuid: "597e5cc01e644b4da964f8308d51dd85" member_type: VOTER last_known_addr { host: "127.5.178.195" port: 33437 } }
I20260710 13:18:25.940378  7138 tablet_bootstrap.cc:492] T 00b7020a68d649ad813f48624fbbbdb4 P 597e5cc01e644b4da964f8308d51dd85: No bootstrap required, opened a new log
I20260710 13:18:25.940955  7138 ts_tablet_manager.cc:1403] T 00b7020a68d649ad813f48624fbbbdb4 P 597e5cc01e644b4da964f8308d51dd85: Time spent bootstrapping tablet: real 0.106s	user 0.027s	sys 0.017s
I20260710 13:18:25.944270  7138 raft_consensus.cc:359] T 00b7020a68d649ad813f48624fbbbdb4 P 597e5cc01e644b4da964f8308d51dd85 [term 0 FOLLOWER]: Replica starting. Triggering 0 pending ops. Active config: opid_index: -1 OBSOLETE_local: false peers { permanent_uuid: "597e5cc01e644b4da964f8308d51dd85" member_type: VOTER last_known_addr { host: "127.5.178.195" port: 33437 } } peers { permanent_uuid: "b249a27f5c3b4f6bba13d5545ac7776c" member_type: VOTER last_known_addr { host: "127.5.178.193" port: 43039 } } peers { permanent_uuid: "df8b34ddd75447c69f22a662194946d9" member_type: VOTER last_known_addr { host: "127.5.178.194" port: 46617 } }
I20260710 13:18:25.945008  7138 raft_consensus.cc:385] T 00b7020a68d649ad813f48624fbbbdb4 P 597e5cc01e644b4da964f8308d51dd85 [term 0 FOLLOWER]: Consensus starting up: Expiring failure detector timer to make a prompt election more likely
I20260710 13:18:25.945304  7138 raft_consensus.cc:740] T 00b7020a68d649ad813f48624fbbbdb4 P 597e5cc01e644b4da964f8308d51dd85 [term 0 FOLLOWER]: Becoming Follower/Learner. State: Replica: 597e5cc01e644b4da964f8308d51dd85, State: Initialized, Role: FOLLOWER
I20260710 13:18:25.951678  6845 catalog_manager.cc:5697] T ae6b8f4512674098a95764ce9cb587d2 P b249a27f5c3b4f6bba13d5545ac7776c reported cstate change: term changed from 0 to 1, leader changed from <none> to b249a27f5c3b4f6bba13d5545ac7776c (127.5.178.193). New cstate: current_term: 1 leader_uuid: "b249a27f5c3b4f6bba13d5545ac7776c" committed_config { opid_index: -1 OBSOLETE_local: false peers { permanent_uuid: "b249a27f5c3b4f6bba13d5545ac7776c" member_type: VOTER last_known_addr { host: "127.5.178.193" port: 43039 } health_report { overall_health: HEALTHY } } peers { permanent_uuid: "df8b34ddd75447c69f22a662194946d9" member_type: VOTER last_known_addr { host: "127.5.178.194" port: 46617 } health_report { overall_health: UNKNOWN } } peers { permanent_uuid: "597e5cc01e644b4da964f8308d51dd85" member_type: VOTER last_known_addr { host: "127.5.178.195" port: 33437 } health_report { overall_health: UNKNOWN } } }
I20260710 13:18:25.955377  7137 tablet_bootstrap.cc:492] T d83a343fc9644f75a331edc81e547831 P df8b34ddd75447c69f22a662194946d9: No bootstrap required, opened a new log
I20260710 13:18:25.955986  7137 ts_tablet_manager.cc:1403] T d83a343fc9644f75a331edc81e547831 P df8b34ddd75447c69f22a662194946d9: Time spent bootstrapping tablet: real 0.112s	user 0.010s	sys 0.003s
I20260710 13:18:25.959561  7137 raft_consensus.cc:359] T d83a343fc9644f75a331edc81e547831 P df8b34ddd75447c69f22a662194946d9 [term 0 FOLLOWER]: Replica starting. Triggering 0 pending ops. Active config: opid_index: -1 OBSOLETE_local: false peers { permanent_uuid: "b249a27f5c3b4f6bba13d5545ac7776c" member_type: VOTER last_known_addr { host: "127.5.178.193" port: 43039 } } peers { permanent_uuid: "df8b34ddd75447c69f22a662194946d9" member_type: VOTER last_known_addr { host: "127.5.178.194" port: 46617 } } peers { permanent_uuid: "597e5cc01e644b4da964f8308d51dd85" member_type: VOTER last_known_addr { host: "127.5.178.195" port: 33437 } }
I20260710 13:18:25.959892  7138 consensus_queue.cc:260] T 00b7020a68d649ad813f48624fbbbdb4 P 597e5cc01e644b4da964f8308d51dd85 [NON_LEADER]: Queue going to NON_LEADER mode. State: All replicated index: 0, Majority replicated index: 0, Committed index: 0, Last appended: 0.0, Last appended by leader: 0, Current term: 0, Majority size: -1, State: 0, Mode: NON_LEADER, active raft config: opid_index: -1 OBSOLETE_local: false peers { permanent_uuid: "597e5cc01e644b4da964f8308d51dd85" member_type: VOTER last_known_addr { host: "127.5.178.195" port: 33437 } } peers { permanent_uuid: "b249a27f5c3b4f6bba13d5545ac7776c" member_type: VOTER last_known_addr { host: "127.5.178.193" port: 43039 } } peers { permanent_uuid: "df8b34ddd75447c69f22a662194946d9" member_type: VOTER last_known_addr { host: "127.5.178.194" port: 46617 } }
I20260710 13:18:25.960441  7137 raft_consensus.cc:385] T d83a343fc9644f75a331edc81e547831 P df8b34ddd75447c69f22a662194946d9 [term 0 FOLLOWER]: Consensus starting up: Expiring failure detector timer to make a prompt election more likely
I20260710 13:18:25.960844  7137 raft_consensus.cc:740] T d83a343fc9644f75a331edc81e547831 P df8b34ddd75447c69f22a662194946d9 [term 0 FOLLOWER]: Becoming Follower/Learner. State: Replica: df8b34ddd75447c69f22a662194946d9, State: Initialized, Role: FOLLOWER
I20260710 13:18:25.961652  7137 consensus_queue.cc:260] T d83a343fc9644f75a331edc81e547831 P df8b34ddd75447c69f22a662194946d9 [NON_LEADER]: Queue going to NON_LEADER mode. State: All replicated index: 0, Majority replicated index: 0, Committed index: 0, Last appended: 0.0, Last appended by leader: 0, Current term: 0, Majority size: -1, State: 0, Mode: NON_LEADER, active raft config: opid_index: -1 OBSOLETE_local: false peers { permanent_uuid: "b249a27f5c3b4f6bba13d5545ac7776c" member_type: VOTER last_known_addr { host: "127.5.178.193" port: 43039 } } peers { permanent_uuid: "df8b34ddd75447c69f22a662194946d9" member_type: VOTER last_known_addr { host: "127.5.178.194" port: 46617 } } peers { permanent_uuid: "597e5cc01e644b4da964f8308d51dd85" member_type: VOTER last_known_addr { host: "127.5.178.195" port: 33437 } }
I20260710 13:18:25.962397  7138 ts_tablet_manager.cc:1434] T 00b7020a68d649ad813f48624fbbbdb4 P 597e5cc01e644b4da964f8308d51dd85: Time spent starting tablet: real 0.021s	user 0.006s	sys 0.000s
I20260710 13:18:25.963393  7138 tablet_bootstrap.cc:492] T c2bf2a5d056447e78b3d93cc108d6619 P 597e5cc01e644b4da964f8308d51dd85: Bootstrap starting.
I20260710 13:18:25.963901  7137 ts_tablet_manager.cc:1434] T d83a343fc9644f75a331edc81e547831 P df8b34ddd75447c69f22a662194946d9: Time spent starting tablet: real 0.008s	user 0.003s	sys 0.004s
I20260710 13:18:25.965158  7137 tablet_bootstrap.cc:492] T 80618390339c49ce820143df5ead9553 P df8b34ddd75447c69f22a662194946d9: Bootstrap starting.
I20260710 13:18:25.969691  7138 tablet_bootstrap.cc:654] T c2bf2a5d056447e78b3d93cc108d6619 P 597e5cc01e644b4da964f8308d51dd85: Neither blocks nor log segments found. Creating new log.
I20260710 13:18:25.970894  7137 tablet_bootstrap.cc:654] T 80618390339c49ce820143df5ead9553 P df8b34ddd75447c69f22a662194946d9: Neither blocks nor log segments found. Creating new log.
I20260710 13:18:25.979607  7138 tablet_bootstrap.cc:492] T c2bf2a5d056447e78b3d93cc108d6619 P 597e5cc01e644b4da964f8308d51dd85: No bootstrap required, opened a new log
I20260710 13:18:25.980026  7138 ts_tablet_manager.cc:1403] T c2bf2a5d056447e78b3d93cc108d6619 P 597e5cc01e644b4da964f8308d51dd85: Time spent bootstrapping tablet: real 0.017s	user 0.010s	sys 0.001s
I20260710 13:18:25.982616  7136 tablet_bootstrap.cc:492] T 93dcde3bdaa6447fb1d689e48653be2c P b249a27f5c3b4f6bba13d5545ac7776c: No bootstrap required, opened a new log
I20260710 13:18:25.983147  7136 ts_tablet_manager.cc:1403] T 93dcde3bdaa6447fb1d689e48653be2c P b249a27f5c3b4f6bba13d5545ac7776c: Time spent bootstrapping tablet: real 0.143s	user 0.025s	sys 0.008s
I20260710 13:18:25.982901  7138 raft_consensus.cc:359] T c2bf2a5d056447e78b3d93cc108d6619 P 597e5cc01e644b4da964f8308d51dd85 [term 0 FOLLOWER]: Replica starting. Triggering 0 pending ops. Active config: opid_index: -1 OBSOLETE_local: false peers { permanent_uuid: "b249a27f5c3b4f6bba13d5545ac7776c" member_type: VOTER last_known_addr { host: "127.5.178.193" port: 43039 } } peers { permanent_uuid: "df8b34ddd75447c69f22a662194946d9" member_type: VOTER last_known_addr { host: "127.5.178.194" port: 46617 } } peers { permanent_uuid: "597e5cc01e644b4da964f8308d51dd85" member_type: VOTER last_known_addr { host: "127.5.178.195" port: 33437 } }
I20260710 13:18:25.983628  7138 raft_consensus.cc:385] T c2bf2a5d056447e78b3d93cc108d6619 P 597e5cc01e644b4da964f8308d51dd85 [term 0 FOLLOWER]: Consensus starting up: Expiring failure detector timer to make a prompt election more likely
I20260710 13:18:25.983958  7138 raft_consensus.cc:740] T c2bf2a5d056447e78b3d93cc108d6619 P 597e5cc01e644b4da964f8308d51dd85 [term 0 FOLLOWER]: Becoming Follower/Learner. State: Replica: 597e5cc01e644b4da964f8308d51dd85, State: Initialized, Role: FOLLOWER
I20260710 13:18:25.984722  7138 consensus_queue.cc:260] T c2bf2a5d056447e78b3d93cc108d6619 P 597e5cc01e644b4da964f8308d51dd85 [NON_LEADER]: Queue going to NON_LEADER mode. State: All replicated index: 0, Majority replicated index: 0, Committed index: 0, Last appended: 0.0, Last appended by leader: 0, Current term: 0, Majority size: -1, State: 0, Mode: NON_LEADER, active raft config: opid_index: -1 OBSOLETE_local: false peers { permanent_uuid: "b249a27f5c3b4f6bba13d5545ac7776c" member_type: VOTER last_known_addr { host: "127.5.178.193" port: 43039 } } peers { permanent_uuid: "df8b34ddd75447c69f22a662194946d9" member_type: VOTER last_known_addr { host: "127.5.178.194" port: 46617 } } peers { permanent_uuid: "597e5cc01e644b4da964f8308d51dd85" member_type: VOTER last_known_addr { host: "127.5.178.195" port: 33437 } }
I20260710 13:18:25.986802  7138 ts_tablet_manager.cc:1434] T c2bf2a5d056447e78b3d93cc108d6619 P 597e5cc01e644b4da964f8308d51dd85: Time spent starting tablet: real 0.006s	user 0.006s	sys 0.000s
I20260710 13:18:25.986704  7136 raft_consensus.cc:359] T 93dcde3bdaa6447fb1d689e48653be2c P b249a27f5c3b4f6bba13d5545ac7776c [term 0 FOLLOWER]: Replica starting. Triggering 0 pending ops. Active config: opid_index: -1 OBSOLETE_local: false peers { permanent_uuid: "b249a27f5c3b4f6bba13d5545ac7776c" member_type: VOTER last_known_addr { host: "127.5.178.193" port: 43039 } } peers { permanent_uuid: "df8b34ddd75447c69f22a662194946d9" member_type: VOTER last_known_addr { host: "127.5.178.194" port: 46617 } } peers { permanent_uuid: "597e5cc01e644b4da964f8308d51dd85" member_type: VOTER last_known_addr { host: "127.5.178.195" port: 33437 } }
I20260710 13:18:25.987562  7136 raft_consensus.cc:385] T 93dcde3bdaa6447fb1d689e48653be2c P b249a27f5c3b4f6bba13d5545ac7776c [term 0 FOLLOWER]: Consensus starting up: Expiring failure detector timer to make a prompt election more likely
I20260710 13:18:25.987787  7138 tablet_bootstrap.cc:492] T 80618390339c49ce820143df5ead9553 P 597e5cc01e644b4da964f8308d51dd85: Bootstrap starting.
I20260710 13:18:25.987923  7136 raft_consensus.cc:740] T 93dcde3bdaa6447fb1d689e48653be2c P b249a27f5c3b4f6bba13d5545ac7776c [term 0 FOLLOWER]: Becoming Follower/Learner. State: Replica: b249a27f5c3b4f6bba13d5545ac7776c, State: Initialized, Role: FOLLOWER
I20260710 13:18:25.988920  7136 consensus_queue.cc:260] T 93dcde3bdaa6447fb1d689e48653be2c P b249a27f5c3b4f6bba13d5545ac7776c [NON_LEADER]: Queue going to NON_LEADER mode. State: All replicated index: 0, Majority replicated index: 0, Committed index: 0, Last appended: 0.0, Last appended by leader: 0, Current term: 0, Majority size: -1, State: 0, Mode: NON_LEADER, active raft config: opid_index: -1 OBSOLETE_local: false peers { permanent_uuid: "b249a27f5c3b4f6bba13d5545ac7776c" member_type: VOTER last_known_addr { host: "127.5.178.193" port: 43039 } } peers { permanent_uuid: "df8b34ddd75447c69f22a662194946d9" member_type: VOTER last_known_addr { host: "127.5.178.194" port: 46617 } } peers { permanent_uuid: "597e5cc01e644b4da964f8308d51dd85" member_type: VOTER last_known_addr { host: "127.5.178.195" port: 33437 } }
I20260710 13:18:25.994504  7138 tablet_bootstrap.cc:654] T 80618390339c49ce820143df5ead9553 P 597e5cc01e644b4da964f8308d51dd85: Neither blocks nor log segments found. Creating new log.
I20260710 13:18:25.995213  7137 tablet_bootstrap.cc:492] T 80618390339c49ce820143df5ead9553 P df8b34ddd75447c69f22a662194946d9: No bootstrap required, opened a new log
I20260710 13:18:25.995641  7137 ts_tablet_manager.cc:1403] T 80618390339c49ce820143df5ead9553 P df8b34ddd75447c69f22a662194946d9: Time spent bootstrapping tablet: real 0.031s	user 0.017s	sys 0.002s
I20260710 13:18:26.001940  7136 ts_tablet_manager.cc:1434] T 93dcde3bdaa6447fb1d689e48653be2c P b249a27f5c3b4f6bba13d5545ac7776c: Time spent starting tablet: real 0.018s	user 0.006s	sys 0.000s
I20260710 13:18:26.004652  7137 raft_consensus.cc:359] T 80618390339c49ce820143df5ead9553 P df8b34ddd75447c69f22a662194946d9 [term 0 FOLLOWER]: Replica starting. Triggering 0 pending ops. Active config: opid_index: -1 OBSOLETE_local: false peers { permanent_uuid: "b249a27f5c3b4f6bba13d5545ac7776c" member_type: VOTER last_known_addr { host: "127.5.178.193" port: 43039 } } peers { permanent_uuid: "df8b34ddd75447c69f22a662194946d9" member_type: VOTER last_known_addr { host: "127.5.178.194" port: 46617 } } peers { permanent_uuid: "597e5cc01e644b4da964f8308d51dd85" member_type: VOTER last_known_addr { host: "127.5.178.195" port: 33437 } }
I20260710 13:18:26.004846  7186 consensus_queue.cc:1048] T 05094b4b75e94062b78bf02ad74528dc P 597e5cc01e644b4da964f8308d51dd85 [LEADER]: Connected to new peer: Peer: permanent_uuid: "df8b34ddd75447c69f22a662194946d9" member_type: VOTER last_known_addr { host: "127.5.178.194" port: 46617 }, Status: LMP_MISMATCH, Last received: 0.0, Next index: 1, Last known committed idx: 0, Time since last communication: 0.000s
I20260710 13:18:26.005400  7137 raft_consensus.cc:385] T 80618390339c49ce820143df5ead9553 P df8b34ddd75447c69f22a662194946d9 [term 0 FOLLOWER]: Consensus starting up: Expiring failure detector timer to make a prompt election more likely
I20260710 13:18:26.005692  7137 raft_consensus.cc:740] T 80618390339c49ce820143df5ead9553 P df8b34ddd75447c69f22a662194946d9 [term 0 FOLLOWER]: Becoming Follower/Learner. State: Replica: df8b34ddd75447c69f22a662194946d9, State: Initialized, Role: FOLLOWER
I20260710 13:18:26.009244  7201 raft_consensus.cc:493] T 93dcde3bdaa6447fb1d689e48653be2c P df8b34ddd75447c69f22a662194946d9 [term 0 FOLLOWER]: Starting pre-election (no leader contacted us within the election timeout)
I20260710 13:18:26.009907  7201 raft_consensus.cc:515] T 93dcde3bdaa6447fb1d689e48653be2c P df8b34ddd75447c69f22a662194946d9 [term 0 FOLLOWER]: Starting pre-election with config: opid_index: -1 OBSOLETE_local: false peers { permanent_uuid: "b249a27f5c3b4f6bba13d5545ac7776c" member_type: VOTER last_known_addr { host: "127.5.178.193" port: 43039 } } peers { permanent_uuid: "df8b34ddd75447c69f22a662194946d9" member_type: VOTER last_known_addr { host: "127.5.178.194" port: 46617 } } peers { permanent_uuid: "597e5cc01e644b4da964f8308d51dd85" member_type: VOTER last_known_addr { host: "127.5.178.195" port: 33437 } }
I20260710 13:18:26.006428  7137 consensus_queue.cc:260] T 80618390339c49ce820143df5ead9553 P df8b34ddd75447c69f22a662194946d9 [NON_LEADER]: Queue going to NON_LEADER mode. State: All replicated index: 0, Majority replicated index: 0, Committed index: 0, Last appended: 0.0, Last appended by leader: 0, Current term: 0, Majority size: -1, State: 0, Mode: NON_LEADER, active raft config: opid_index: -1 OBSOLETE_local: false peers { permanent_uuid: "b249a27f5c3b4f6bba13d5545ac7776c" member_type: VOTER last_known_addr { host: "127.5.178.193" port: 43039 } } peers { permanent_uuid: "df8b34ddd75447c69f22a662194946d9" member_type: VOTER last_known_addr { host: "127.5.178.194" port: 46617 } } peers { permanent_uuid: "597e5cc01e644b4da964f8308d51dd85" member_type: VOTER last_known_addr { host: "127.5.178.195" port: 33437 } }
I20260710 13:18:26.012822  7201 leader_election.cc:290] T 93dcde3bdaa6447fb1d689e48653be2c P df8b34ddd75447c69f22a662194946d9 [CANDIDATE]: Term 1 pre-election: Requested pre-vote from peers b249a27f5c3b4f6bba13d5545ac7776c (127.5.178.193:43039), 597e5cc01e644b4da964f8308d51dd85 (127.5.178.195:33437)
I20260710 13:18:26.014663  7137 ts_tablet_manager.cc:1434] T 80618390339c49ce820143df5ead9553 P df8b34ddd75447c69f22a662194946d9: Time spent starting tablet: real 0.019s	user 0.007s	sys 0.000s
I20260710 13:18:26.015517  7137 tablet_bootstrap.cc:492] T 8458f4e7330c4433ba392d74b998da2c P df8b34ddd75447c69f22a662194946d9: Bootstrap starting.
I20260710 13:18:26.015945  7096 tablet_service.cc:1917] Received RequestConsensusVote() RPC: tablet_id: "93dcde3bdaa6447fb1d689e48653be2c" candidate_uuid: "df8b34ddd75447c69f22a662194946d9" candidate_term: 1 candidate_status { last_received { term: 0 index: 0 } } ignore_live_leader: false dest_uuid: "597e5cc01e644b4da964f8308d51dd85" is_pre_election: true
I20260710 13:18:26.016106  6945 tablet_service.cc:1917] Received RequestConsensusVote() RPC: tablet_id: "93dcde3bdaa6447fb1d689e48653be2c" candidate_uuid: "df8b34ddd75447c69f22a662194946d9" candidate_term: 1 candidate_status { last_received { term: 0 index: 0 } } ignore_live_leader: false dest_uuid: "b249a27f5c3b4f6bba13d5545ac7776c" is_pre_election: true
I20260710 13:18:26.016573  7096 raft_consensus.cc:2468] T 93dcde3bdaa6447fb1d689e48653be2c P 597e5cc01e644b4da964f8308d51dd85 [term 0 FOLLOWER]: Leader pre-election vote request: Granting yes vote for candidate df8b34ddd75447c69f22a662194946d9 in term 0.
I20260710 13:18:26.017092  6945 raft_consensus.cc:2468] T 93dcde3bdaa6447fb1d689e48653be2c P b249a27f5c3b4f6bba13d5545ac7776c [term 0 FOLLOWER]: Leader pre-election vote request: Granting yes vote for candidate df8b34ddd75447c69f22a662194946d9 in term 0.
I20260710 13:18:26.017783  6988 leader_election.cc:304] T 93dcde3bdaa6447fb1d689e48653be2c P df8b34ddd75447c69f22a662194946d9 [CANDIDATE]: Term 1 pre-election: Election decided. Result: candidate won. Election summary: received 2 responses out of 3 voters: 2 yes votes; 0 no votes. yes voters: 597e5cc01e644b4da964f8308d51dd85, df8b34ddd75447c69f22a662194946d9; no voters: 
I20260710 13:18:26.018683  7167 raft_consensus.cc:2804] T 93dcde3bdaa6447fb1d689e48653be2c P df8b34ddd75447c69f22a662194946d9 [term 0 FOLLOWER]: Leader pre-election won for term 1
I20260710 13:18:26.019071  7167 raft_consensus.cc:493] T 93dcde3bdaa6447fb1d689e48653be2c P df8b34ddd75447c69f22a662194946d9 [term 0 FOLLOWER]: Starting leader election (no leader contacted us within the election timeout)
I20260710 13:18:26.019450  7167 raft_consensus.cc:3060] T 93dcde3bdaa6447fb1d689e48653be2c P df8b34ddd75447c69f22a662194946d9 [term 0 FOLLOWER]: Advancing to term 1
I20260710 13:18:26.008682  7136 tablet_bootstrap.cc:492] T fd2e73914d65464ca576e160551829ce P b249a27f5c3b4f6bba13d5545ac7776c: Bootstrap starting.
I20260710 13:18:26.024238  7137 tablet_bootstrap.cc:654] T 8458f4e7330c4433ba392d74b998da2c P df8b34ddd75447c69f22a662194946d9: Neither blocks nor log segments found. Creating new log.
I20260710 13:18:26.026924  7187 consensus_queue.cc:1048] T 05094b4b75e94062b78bf02ad74528dc P 597e5cc01e644b4da964f8308d51dd85 [LEADER]: Connected to new peer: Peer: permanent_uuid: "b249a27f5c3b4f6bba13d5545ac7776c" member_type: VOTER last_known_addr { host: "127.5.178.193" port: 43039 }, Status: LMP_MISMATCH, Last received: 0.0, Next index: 1, Last known committed idx: 0, Time since last communication: 0.001s
I20260710 13:18:26.027742  7136 tablet_bootstrap.cc:654] T fd2e73914d65464ca576e160551829ce P b249a27f5c3b4f6bba13d5545ac7776c: Neither blocks nor log segments found. Creating new log.
I20260710 13:18:26.036652  7137 tablet_bootstrap.cc:492] T 8458f4e7330c4433ba392d74b998da2c P df8b34ddd75447c69f22a662194946d9: No bootstrap required, opened a new log
I20260710 13:18:26.037333  7137 ts_tablet_manager.cc:1403] T 8458f4e7330c4433ba392d74b998da2c P df8b34ddd75447c69f22a662194946d9: Time spent bootstrapping tablet: real 0.022s	user 0.009s	sys 0.004s
I20260710 13:18:26.040863  7137 raft_consensus.cc:359] T 8458f4e7330c4433ba392d74b998da2c P df8b34ddd75447c69f22a662194946d9 [term 0 FOLLOWER]: Replica starting. Triggering 0 pending ops. Active config: opid_index: -1 OBSOLETE_local: false peers { permanent_uuid: "b249a27f5c3b4f6bba13d5545ac7776c" member_type: VOTER last_known_addr { host: "127.5.178.193" port: 43039 } } peers { permanent_uuid: "df8b34ddd75447c69f22a662194946d9" member_type: VOTER last_known_addr { host: "127.5.178.194" port: 46617 } } peers { permanent_uuid: "597e5cc01e644b4da964f8308d51dd85" member_type: VOTER last_known_addr { host: "127.5.178.195" port: 33437 } }
I20260710 13:18:26.044934  7137 raft_consensus.cc:385] T 8458f4e7330c4433ba392d74b998da2c P df8b34ddd75447c69f22a662194946d9 [term 0 FOLLOWER]: Consensus starting up: Expiring failure detector timer to make a prompt election more likely
I20260710 13:18:26.045501  7137 raft_consensus.cc:740] T 8458f4e7330c4433ba392d74b998da2c P df8b34ddd75447c69f22a662194946d9 [term 0 FOLLOWER]: Becoming Follower/Learner. State: Replica: df8b34ddd75447c69f22a662194946d9, State: Initialized, Role: FOLLOWER
I20260710 13:18:26.046507  7137 consensus_queue.cc:260] T 8458f4e7330c4433ba392d74b998da2c P df8b34ddd75447c69f22a662194946d9 [NON_LEADER]: Queue going to NON_LEADER mode. State: All replicated index: 0, Majority replicated index: 0, Committed index: 0, Last appended: 0.0, Last appended by leader: 0, Current term: 0, Majority size: -1, State: 0, Mode: NON_LEADER, active raft config: opid_index: -1 OBSOLETE_local: false peers { permanent_uuid: "b249a27f5c3b4f6bba13d5545ac7776c" member_type: VOTER last_known_addr { host: "127.5.178.193" port: 43039 } } peers { permanent_uuid: "df8b34ddd75447c69f22a662194946d9" member_type: VOTER last_known_addr { host: "127.5.178.194" port: 46617 } } peers { permanent_uuid: "597e5cc01e644b4da964f8308d51dd85" member_type: VOTER last_known_addr { host: "127.5.178.195" port: 33437 } }
I20260710 13:18:26.047333  7136 tablet_bootstrap.cc:492] T fd2e73914d65464ca576e160551829ce P b249a27f5c3b4f6bba13d5545ac7776c: No bootstrap required, opened a new log
I20260710 13:18:26.047797  7136 ts_tablet_manager.cc:1403] T fd2e73914d65464ca576e160551829ce P b249a27f5c3b4f6bba13d5545ac7776c: Time spent bootstrapping tablet: real 0.039s	user 0.010s	sys 0.005s
