I20260710 13:18:02.820628 11115 catalog_manager.cc:5697] T 26a2f455d8a443af8020eb024c88fe45 P 7b88cc9621574cf9b08451ef797ee3cf reported cstate change: term changed from 1 to 2, leader changed from d0a08b24deec436d936aca6fe1632599 (127.10.211.67) to 7b88cc9621574cf9b08451ef797ee3cf (127.10.211.65). New cstate: current_term: 2 leader_uuid: "7b88cc9621574cf9b08451ef797ee3cf" committed_config { opid_index: -1 OBSOLETE_local: false peers { permanent_uuid: "7b88cc9621574cf9b08451ef797ee3cf" member_type: VOTER last_known_addr { host: "127.10.211.65" port: 45869 } health_report { overall_health: HEALTHY } } peers { permanent_uuid: "2fa80bff39ba4a98b723b1a0828c53d8" member_type: VOTER last_known_addr { host: "127.10.211.66" port: 32947 } health_report { overall_health: UNKNOWN } } peers { permanent_uuid: "d0a08b24deec436d936aca6fe1632599" member_type: VOTER last_known_addr { host: "127.10.211.67" port: 44269 } health_report { overall_health: UNKNOWN } } }
I20260710 13:18:03.032588 11506 consensus_queue.cc:1048] T bfecf6ca5cba4d7abcdd2cba30ddae1f P d0a08b24deec436d936aca6fe1632599 [LEADER]: Connected to new peer: Peer: permanent_uuid: "7b88cc9621574cf9b08451ef797ee3cf" member_type: VOTER last_known_addr { host: "127.10.211.65" port: 45869 }, Status: LMP_MISMATCH, Last received: 0.0, Next index: 1, Last known committed idx: 0, Time since last communication: 0.000s
I20260710 13:18:03.044412 11460 consensus_queue.cc:1048] T bfecf6ca5cba4d7abcdd2cba30ddae1f P d0a08b24deec436d936aca6fe1632599 [LEADER]: Connected to new peer: Peer: permanent_uuid: "2fa80bff39ba4a98b723b1a0828c53d8" member_type: VOTER last_known_addr { host: "127.10.211.66" port: 32947 }, Status: LMP_MISMATCH, Last received: 0.0, Next index: 1, Last known committed idx: 0, Time since last communication: 0.000s
I20260710 13:18:03.054837 11421 raft_consensus.cc:993] T bfecf6ca5cba4d7abcdd2cba30ddae1f P d0a08b24deec436d936aca6fe1632599: : Instructing follower 2fa80bff39ba4a98b723b1a0828c53d8 to start an election
I20260710 13:18:03.055315 11460 raft_consensus.cc:1081] T bfecf6ca5cba4d7abcdd2cba30ddae1f P d0a08b24deec436d936aca6fe1632599 [term 1 LEADER]: Signalling peer 2fa80bff39ba4a98b723b1a0828c53d8 to start an election
I20260710 13:18:03.056977 11295 tablet_service.cc:2044] Received Run Leader Election RPC: tablet_id: "bfecf6ca5cba4d7abcdd2cba30ddae1f"
dest_uuid: "2fa80bff39ba4a98b723b1a0828c53d8"
 from {username='slave'} at 127.0.0.1:47198
I20260710 13:18:03.057529 11295 raft_consensus.cc:493] T bfecf6ca5cba4d7abcdd2cba30ddae1f P 2fa80bff39ba4a98b723b1a0828c53d8 [term 1 FOLLOWER]: Starting forced leader election (received explicit request)
I20260710 13:18:03.057888 11295 raft_consensus.cc:3060] T bfecf6ca5cba4d7abcdd2cba30ddae1f P 2fa80bff39ba4a98b723b1a0828c53d8 [term 1 FOLLOWER]: Advancing to term 2
I20260710 13:18:03.064450 11295 raft_consensus.cc:515] T bfecf6ca5cba4d7abcdd2cba30ddae1f P 2fa80bff39ba4a98b723b1a0828c53d8 [term 2 FOLLOWER]: Starting forced leader election with config: opid_index: -1 OBSOLETE_local: false peers { permanent_uuid: "7b88cc9621574cf9b08451ef797ee3cf" member_type: VOTER last_known_addr { host: "127.10.211.65" port: 45869 } } peers { permanent_uuid: "2fa80bff39ba4a98b723b1a0828c53d8" member_type: VOTER last_known_addr { host: "127.10.211.66" port: 32947 } } peers { permanent_uuid: "d0a08b24deec436d936aca6fe1632599" member_type: VOTER last_known_addr { host: "127.10.211.67" port: 44269 } }
I20260710 13:18:03.066334 11295 leader_election.cc:290] T bfecf6ca5cba4d7abcdd2cba30ddae1f P 2fa80bff39ba4a98b723b1a0828c53d8 [CANDIDATE]: Term 2 election: Requested vote from peers 7b88cc9621574cf9b08451ef797ee3cf (127.10.211.65:45869), d0a08b24deec436d936aca6fe1632599 (127.10.211.67:44269)
I20260710 13:18:03.066994 11220 tablet_service.cc:1917] Received RequestConsensusVote() RPC: tablet_id: "bfecf6ca5cba4d7abcdd2cba30ddae1f" candidate_uuid: "2fa80bff39ba4a98b723b1a0828c53d8" candidate_term: 2 candidate_status { last_received { term: 1 index: 1 } } ignore_live_leader: true dest_uuid: "7b88cc9621574cf9b08451ef797ee3cf"
I20260710 13:18:03.067571 11220 raft_consensus.cc:3060] T bfecf6ca5cba4d7abcdd2cba30ddae1f P 7b88cc9621574cf9b08451ef797ee3cf [term 1 FOLLOWER]: Advancing to term 2
I20260710 13:18:03.067492 11367 tablet_service.cc:1917] Received RequestConsensusVote() RPC: tablet_id: "bfecf6ca5cba4d7abcdd2cba30ddae1f" candidate_uuid: "2fa80bff39ba4a98b723b1a0828c53d8" candidate_term: 2 candidate_status { last_received { term: 1 index: 1 } } ignore_live_leader: true dest_uuid: "d0a08b24deec436d936aca6fe1632599"
I20260710 13:18:03.068024 11367 raft_consensus.cc:3055] T bfecf6ca5cba4d7abcdd2cba30ddae1f P d0a08b24deec436d936aca6fe1632599 [term 1 LEADER]: Stepping down as leader of term 1
I20260710 13:18:03.068317 11367 raft_consensus.cc:740] T bfecf6ca5cba4d7abcdd2cba30ddae1f P d0a08b24deec436d936aca6fe1632599 [term 1 LEADER]: Becoming Follower/Learner. State: Replica: d0a08b24deec436d936aca6fe1632599, State: Running, Role: LEADER
I20260710 13:18:03.069034 11367 consensus_queue.cc:260] T bfecf6ca5cba4d7abcdd2cba30ddae1f P d0a08b24deec436d936aca6fe1632599 [NON_LEADER]: Queue going to NON_LEADER mode. State: All replicated index: 0, Majority replicated index: 1, Committed index: 1, Last appended: 1.1, Last appended by leader: 1, Current term: 1, Majority size: -1, State: 0, Mode: NON_LEADER, active raft config: opid_index: -1 OBSOLETE_local: false peers { permanent_uuid: "7b88cc9621574cf9b08451ef797ee3cf" member_type: VOTER last_known_addr { host: "127.10.211.65" port: 45869 } } peers { permanent_uuid: "2fa80bff39ba4a98b723b1a0828c53d8" member_type: VOTER last_known_addr { host: "127.10.211.66" port: 32947 } } peers { permanent_uuid: "d0a08b24deec436d936aca6fe1632599" member_type: VOTER last_known_addr { host: "127.10.211.67" port: 44269 } }
I20260710 13:18:03.070152 11367 raft_consensus.cc:3060] T bfecf6ca5cba4d7abcdd2cba30ddae1f P d0a08b24deec436d936aca6fe1632599 [term 1 FOLLOWER]: Advancing to term 2
I20260710 13:18:03.072211 11220 raft_consensus.cc:2468] T bfecf6ca5cba4d7abcdd2cba30ddae1f P 7b88cc9621574cf9b08451ef797ee3cf [term 2 FOLLOWER]: Leader election vote request: Granting yes vote for candidate 2fa80bff39ba4a98b723b1a0828c53d8 in term 2.
I20260710 13:18:03.073443 11259 leader_election.cc:304] T bfecf6ca5cba4d7abcdd2cba30ddae1f P 2fa80bff39ba4a98b723b1a0828c53d8 [CANDIDATE]: Term 2 election: Election decided. Result: candidate won. Election summary: received 2 responses out of 3 voters: 2 yes votes; 0 no votes. yes voters: 2fa80bff39ba4a98b723b1a0828c53d8, 7b88cc9621574cf9b08451ef797ee3cf; no voters: 
I20260710 13:18:03.074568 11452 raft_consensus.cc:2804] T bfecf6ca5cba4d7abcdd2cba30ddae1f P 2fa80bff39ba4a98b723b1a0828c53d8 [term 2 FOLLOWER]: Leader election won for term 2
I20260710 13:18:03.075026 11452 raft_consensus.cc:697] T bfecf6ca5cba4d7abcdd2cba30ddae1f P 2fa80bff39ba4a98b723b1a0828c53d8 [term 2 LEADER]: Becoming Leader. State: Replica: 2fa80bff39ba4a98b723b1a0828c53d8, State: Running, Role: LEADER
I20260710 13:18:03.075806 11452 consensus_queue.cc:237] T bfecf6ca5cba4d7abcdd2cba30ddae1f P 2fa80bff39ba4a98b723b1a0828c53d8 [LEADER]: Queue going to LEADER mode. State: All replicated index: 0, Majority replicated index: 1, Committed index: 1, Last appended: 1.1, Last appended by leader: 1, Current term: 2, Majority size: 2, State: 0, Mode: LEADER, active raft config: opid_index: -1 OBSOLETE_local: false peers { permanent_uuid: "7b88cc9621574cf9b08451ef797ee3cf" member_type: VOTER last_known_addr { host: "127.10.211.65" port: 45869 } } peers { permanent_uuid: "2fa80bff39ba4a98b723b1a0828c53d8" member_type: VOTER last_known_addr { host: "127.10.211.66" port: 32947 } } peers { permanent_uuid: "d0a08b24deec436d936aca6fe1632599" member_type: VOTER last_known_addr { host: "127.10.211.67" port: 44269 } }
I20260710 13:18:03.077140 11367 raft_consensus.cc:2468] T bfecf6ca5cba4d7abcdd2cba30ddae1f P d0a08b24deec436d936aca6fe1632599 [term 2 FOLLOWER]: Leader election vote request: Granting yes vote for candidate 2fa80bff39ba4a98b723b1a0828c53d8 in term 2.
I20260710 13:18:03.082894 11114 catalog_manager.cc:5697] T bfecf6ca5cba4d7abcdd2cba30ddae1f P 2fa80bff39ba4a98b723b1a0828c53d8 reported cstate change: term changed from 1 to 2, leader changed from d0a08b24deec436d936aca6fe1632599 (127.10.211.67) to 2fa80bff39ba4a98b723b1a0828c53d8 (127.10.211.66). New cstate: current_term: 2 leader_uuid: "2fa80bff39ba4a98b723b1a0828c53d8" committed_config { opid_index: -1 OBSOLETE_local: false peers { permanent_uuid: "7b88cc9621574cf9b08451ef797ee3cf" member_type: VOTER last_known_addr { host: "127.10.211.65" port: 45869 } health_report { overall_health: UNKNOWN } } peers { permanent_uuid: "2fa80bff39ba4a98b723b1a0828c53d8" member_type: VOTER last_known_addr { host: "127.10.211.66" port: 32947 } health_report { overall_health: HEALTHY } } peers { permanent_uuid: "d0a08b24deec436d936aca6fe1632599" member_type: VOTER last_known_addr { host: "127.10.211.67" port: 44269 } health_report { overall_health: UNKNOWN } } }
I20260710 13:18:03.269718 11453 raft_consensus.cc:993] T 12d2f69ea8314e7e9d2fd279034cf9a1 P 7b88cc9621574cf9b08451ef797ee3cf: : Instructing follower d0a08b24deec436d936aca6fe1632599 to start an election
I20260710 13:18:03.270172 11418 raft_consensus.cc:1081] T 12d2f69ea8314e7e9d2fd279034cf9a1 P 7b88cc9621574cf9b08451ef797ee3cf [term 1 LEADER]: Signalling peer d0a08b24deec436d936aca6fe1632599 to start an election
I20260710 13:18:03.271445 11367 tablet_service.cc:2044] Received Run Leader Election RPC: tablet_id: "12d2f69ea8314e7e9d2fd279034cf9a1"
dest_uuid: "d0a08b24deec436d936aca6fe1632599"
 from {username='slave'} at 127.0.0.1:52982
I20260710 13:18:03.271848 11367 raft_consensus.cc:493] T 12d2f69ea8314e7e9d2fd279034cf9a1 P d0a08b24deec436d936aca6fe1632599 [term 1 FOLLOWER]: Starting forced leader election (received explicit request)
I20260710 13:18:03.272091 11367 raft_consensus.cc:3060] T 12d2f69ea8314e7e9d2fd279034cf9a1 P d0a08b24deec436d936aca6fe1632599 [term 1 FOLLOWER]: Advancing to term 2
I20260710 13:18:03.276274 11367 raft_consensus.cc:515] T 12d2f69ea8314e7e9d2fd279034cf9a1 P d0a08b24deec436d936aca6fe1632599 [term 2 FOLLOWER]: Starting forced leader election with config: opid_index: -1 OBSOLETE_local: false peers { permanent_uuid: "7b88cc9621574cf9b08451ef797ee3cf" member_type: VOTER last_known_addr { host: "127.10.211.65" port: 45869 } } peers { permanent_uuid: "2fa80bff39ba4a98b723b1a0828c53d8" member_type: VOTER last_known_addr { host: "127.10.211.66" port: 32947 } } peers { permanent_uuid: "d0a08b24deec436d936aca6fe1632599" member_type: VOTER last_known_addr { host: "127.10.211.67" port: 44269 } }
I20260710 13:18:03.277688 11367 leader_election.cc:290] T 12d2f69ea8314e7e9d2fd279034cf9a1 P d0a08b24deec436d936aca6fe1632599 [CANDIDATE]: Term 2 election: Requested vote from peers 7b88cc9621574cf9b08451ef797ee3cf (127.10.211.65:45869), 2fa80bff39ba4a98b723b1a0828c53d8 (127.10.211.66:32947)
I20260710 13:18:03.278442 11220 tablet_service.cc:1917] Received RequestConsensusVote() RPC: tablet_id: "12d2f69ea8314e7e9d2fd279034cf9a1" candidate_uuid: "d0a08b24deec436d936aca6fe1632599" candidate_term: 2 candidate_status { last_received { term: 1 index: 1 } } ignore_live_leader: true dest_uuid: "7b88cc9621574cf9b08451ef797ee3cf"
I20260710 13:18:03.278700 11295 tablet_service.cc:1917] Received RequestConsensusVote() RPC: tablet_id: "12d2f69ea8314e7e9d2fd279034cf9a1" candidate_uuid: "d0a08b24deec436d936aca6fe1632599" candidate_term: 2 candidate_status { last_received { term: 1 index: 1 } } ignore_live_leader: true dest_uuid: "2fa80bff39ba4a98b723b1a0828c53d8"
I20260710 13:18:03.279021 11220 raft_consensus.cc:3055] T 12d2f69ea8314e7e9d2fd279034cf9a1 P 7b88cc9621574cf9b08451ef797ee3cf [term 1 LEADER]: Stepping down as leader of term 1
I20260710 13:18:03.279193 11295 raft_consensus.cc:3060] T 12d2f69ea8314e7e9d2fd279034cf9a1 P 2fa80bff39ba4a98b723b1a0828c53d8 [term 1 FOLLOWER]: Advancing to term 2
I20260710 13:18:03.279398 11220 raft_consensus.cc:740] T 12d2f69ea8314e7e9d2fd279034cf9a1 P 7b88cc9621574cf9b08451ef797ee3cf [term 1 LEADER]: Becoming Follower/Learner. State: Replica: 7b88cc9621574cf9b08451ef797ee3cf, State: Running, Role: LEADER
I20260710 13:18:03.280211 11220 consensus_queue.cc:260] T 12d2f69ea8314e7e9d2fd279034cf9a1 P 7b88cc9621574cf9b08451ef797ee3cf [NON_LEADER]: Queue going to NON_LEADER mode. State: All replicated index: 0, Majority replicated index: 1, Committed index: 1, Last appended: 1.1, Last appended by leader: 1, Current term: 1, Majority size: -1, State: 0, Mode: NON_LEADER, active raft config: opid_index: -1 OBSOLETE_local: false peers { permanent_uuid: "7b88cc9621574cf9b08451ef797ee3cf" member_type: VOTER last_known_addr { host: "127.10.211.65" port: 45869 } } peers { permanent_uuid: "2fa80bff39ba4a98b723b1a0828c53d8" member_type: VOTER last_known_addr { host: "127.10.211.66" port: 32947 } } peers { permanent_uuid: "d0a08b24deec436d936aca6fe1632599" member_type: VOTER last_known_addr { host: "127.10.211.67" port: 44269 } }
I20260710 13:18:03.281350 11220 raft_consensus.cc:3060] T 12d2f69ea8314e7e9d2fd279034cf9a1 P 7b88cc9621574cf9b08451ef797ee3cf [term 1 FOLLOWER]: Advancing to term 2
I20260710 13:18:03.285634 11295 raft_consensus.cc:2468] T 12d2f69ea8314e7e9d2fd279034cf9a1 P 2fa80bff39ba4a98b723b1a0828c53d8 [term 2 FOLLOWER]: Leader election vote request: Granting yes vote for candidate d0a08b24deec436d936aca6fe1632599 in term 2.
I20260710 13:18:03.286614 11334 leader_election.cc:304] T 12d2f69ea8314e7e9d2fd279034cf9a1 P d0a08b24deec436d936aca6fe1632599 [CANDIDATE]: Term 2 election: Election decided. Result: candidate won. Election summary: received 2 responses out of 3 voters: 2 yes votes; 0 no votes. yes voters: 2fa80bff39ba4a98b723b1a0828c53d8, d0a08b24deec436d936aca6fe1632599; no voters: 
I20260710 13:18:03.287264 11460 raft_consensus.cc:2804] T 12d2f69ea8314e7e9d2fd279034cf9a1 P d0a08b24deec436d936aca6fe1632599 [term 2 FOLLOWER]: Leader election won for term 2
I20260710 13:18:03.287434 11220 raft_consensus.cc:2468] T 12d2f69ea8314e7e9d2fd279034cf9a1 P 7b88cc9621574cf9b08451ef797ee3cf [term 2 FOLLOWER]: Leader election vote request: Granting yes vote for candidate d0a08b24deec436d936aca6fe1632599 in term 2.
I20260710 13:18:03.287751 11460 raft_consensus.cc:697] T 12d2f69ea8314e7e9d2fd279034cf9a1 P d0a08b24deec436d936aca6fe1632599 [term 2 LEADER]: Becoming Leader. State: Replica: d0a08b24deec436d936aca6fe1632599, State: Running, Role: LEADER
I20260710 13:18:03.288558 11460 consensus_queue.cc:237] T 12d2f69ea8314e7e9d2fd279034cf9a1 P d0a08b24deec436d936aca6fe1632599 [LEADER]: Queue going to LEADER mode. State: All replicated index: 0, Majority replicated index: 1, Committed index: 1, Last appended: 1.1, Last appended by leader: 1, Current term: 2, Majority size: 2, State: 0, Mode: LEADER, active raft config: opid_index: -1 OBSOLETE_local: false peers { permanent_uuid: "7b88cc9621574cf9b08451ef797ee3cf" member_type: VOTER last_known_addr { host: "127.10.211.65" port: 45869 } } peers { permanent_uuid: "2fa80bff39ba4a98b723b1a0828c53d8" member_type: VOTER last_known_addr { host: "127.10.211.66" port: 32947 } } peers { permanent_uuid: "d0a08b24deec436d936aca6fe1632599" member_type: VOTER last_known_addr { host: "127.10.211.67" port: 44269 } }
I20260710 13:18:03.294241 11114 catalog_manager.cc:5697] T 12d2f69ea8314e7e9d2fd279034cf9a1 P d0a08b24deec436d936aca6fe1632599 reported cstate change: term changed from 1 to 2, leader changed from 7b88cc9621574cf9b08451ef797ee3cf (127.10.211.65) to d0a08b24deec436d936aca6fe1632599 (127.10.211.67). New cstate: current_term: 2 leader_uuid: "d0a08b24deec436d936aca6fe1632599" committed_config { opid_index: -1 OBSOLETE_local: false peers { permanent_uuid: "7b88cc9621574cf9b08451ef797ee3cf" member_type: VOTER last_known_addr { host: "127.10.211.65" port: 45869 } health_report { overall_health: UNKNOWN } } peers { permanent_uuid: "2fa80bff39ba4a98b723b1a0828c53d8" member_type: VOTER last_known_addr { host: "127.10.211.66" port: 32947 } health_report { overall_health: UNKNOWN } } peers { permanent_uuid: "d0a08b24deec436d936aca6fe1632599" member_type: VOTER last_known_addr { host: "127.10.211.67" port: 44269 } health_report { overall_health: HEALTHY } } }
I20260710 13:18:03.315264 11367 raft_consensus.cc:1275] T 9e96ad9f14644899950dbb4d344445da P d0a08b24deec436d936aca6fe1632599 [term 2 FOLLOWER]: Refusing update from remote peer 7b88cc9621574cf9b08451ef797ee3cf: Log matching property violated. Preceding OpId in replica: term: 1 index: 1. Preceding OpId from leader: term: 2 index: 2. (index mismatch)
I20260710 13:18:03.316479 11418 consensus_queue.cc:1048] T 9e96ad9f14644899950dbb4d344445da P 7b88cc9621574cf9b08451ef797ee3cf [LEADER]: Connected to new peer: Peer: permanent_uuid: "d0a08b24deec436d936aca6fe1632599" member_type: VOTER last_known_addr { host: "127.10.211.67" port: 44269 }, Status: LMP_MISMATCH, Last received: 0.0, Next index: 2, Last known committed idx: 1, Time since last communication: 0.000s
I20260710 13:18:03.317658 11367 raft_consensus.cc:1275] T 26a2f455d8a443af8020eb024c88fe45 P d0a08b24deec436d936aca6fe1632599 [term 2 FOLLOWER]: Refusing update from remote peer 7b88cc9621574cf9b08451ef797ee3cf: Log matching property violated. Preceding OpId in replica: term: 1 index: 1. Preceding OpId from leader: term: 2 index: 2. (index mismatch)
I20260710 13:18:03.318774 11418 consensus_queue.cc:1048] T 26a2f455d8a443af8020eb024c88fe45 P 7b88cc9621574cf9b08451ef797ee3cf [LEADER]: Connected to new peer: Peer: permanent_uuid: "d0a08b24deec436d936aca6fe1632599" member_type: VOTER last_known_addr { host: "127.10.211.67" port: 44269 }, Status: LMP_MISMATCH, Last received: 0.0, Next index: 2, Last known committed idx: 1, Time since last communication: 0.000s
I20260710 13:18:03.323305 11295 raft_consensus.cc:1275] T 26a2f455d8a443af8020eb024c88fe45 P 2fa80bff39ba4a98b723b1a0828c53d8 [term 2 FOLLOWER]: Refusing update from remote peer 7b88cc9621574cf9b08451ef797ee3cf: Log matching property violated. Preceding OpId in replica: term: 1 index: 1. Preceding OpId from leader: term: 2 index: 2. (index mismatch)
I20260710 13:18:03.325004 11418 consensus_queue.cc:1048] T 26a2f455d8a443af8020eb024c88fe45 P 7b88cc9621574cf9b08451ef797ee3cf [LEADER]: Connected to new peer: Peer: permanent_uuid: "2fa80bff39ba4a98b723b1a0828c53d8" member_type: VOTER last_known_addr { host: "127.10.211.66" port: 32947 }, Status: LMP_MISMATCH, Last received: 0.0, Next index: 2, Last known committed idx: 1, Time since last communication: 0.001s
I20260710 13:18:03.338405 11292 raft_consensus.cc:1275] T 9e96ad9f14644899950dbb4d344445da P 2fa80bff39ba4a98b723b1a0828c53d8 [term 2 FOLLOWER]: Refusing update from remote peer 7b88cc9621574cf9b08451ef797ee3cf: Log matching property violated. Preceding OpId in replica: term: 1 index: 1. Preceding OpId from leader: term: 2 index: 2. (index mismatch)
I20260710 13:18:03.339866 11512 consensus_queue.cc:1048] T 9e96ad9f14644899950dbb4d344445da P 7b88cc9621574cf9b08451ef797ee3cf [LEADER]: Connected to new peer: Peer: permanent_uuid: "2fa80bff39ba4a98b723b1a0828c53d8" member_type: VOTER last_known_addr { host: "127.10.211.66" port: 32947 }, Status: LMP_MISMATCH, Last received: 0.0, Next index: 2, Last known committed idx: 1, Time since last communication: 0.000s
I20260710 13:18:03.639892 11220 raft_consensus.cc:1275] T bfecf6ca5cba4d7abcdd2cba30ddae1f P 7b88cc9621574cf9b08451ef797ee3cf [term 2 FOLLOWER]: Refusing update from remote peer 2fa80bff39ba4a98b723b1a0828c53d8: Log matching property violated. Preceding OpId in replica: term: 1 index: 1. Preceding OpId from leader: term: 2 index: 2. (index mismatch)
I20260710 13:18:03.641099 11501 consensus_queue.cc:1048] T bfecf6ca5cba4d7abcdd2cba30ddae1f P 2fa80bff39ba4a98b723b1a0828c53d8 [LEADER]: Connected to new peer: Peer: permanent_uuid: "7b88cc9621574cf9b08451ef797ee3cf" member_type: VOTER last_known_addr { host: "127.10.211.65" port: 45869 }, Status: LMP_MISMATCH, Last received: 0.0, Next index: 2, Last known committed idx: 1, Time since last communication: 0.000s
I20260710 13:18:03.648658 11369 raft_consensus.cc:1275] T bfecf6ca5cba4d7abcdd2cba30ddae1f P d0a08b24deec436d936aca6fe1632599 [term 2 FOLLOWER]: Refusing update from remote peer 2fa80bff39ba4a98b723b1a0828c53d8: Log matching property violated. Preceding OpId in replica: term: 1 index: 1. Preceding OpId from leader: term: 2 index: 2. (index mismatch)
I20260710 13:18:03.650435 11513 consensus_queue.cc:1048] T bfecf6ca5cba4d7abcdd2cba30ddae1f P 2fa80bff39ba4a98b723b1a0828c53d8 [LEADER]: Connected to new peer: Peer: permanent_uuid: "d0a08b24deec436d936aca6fe1632599" member_type: VOTER last_known_addr { host: "127.10.211.67" port: 44269 }, Status: LMP_MISMATCH, Last received: 0.0, Next index: 2, Last known committed idx: 1, Time since last communication: 0.000s
I20260710 13:18:03.720183 11220 raft_consensus.cc:1275] T 12d2f69ea8314e7e9d2fd279034cf9a1 P 7b88cc9621574cf9b08451ef797ee3cf [term 2 FOLLOWER]: Refusing update from remote peer d0a08b24deec436d936aca6fe1632599: Log matching property violated. Preceding OpId in replica: term: 1 index: 1. Preceding OpId from leader: term: 2 index: 2. (index mismatch)
I20260710 13:18:03.721364 11460 consensus_queue.cc:1048] T 12d2f69ea8314e7e9d2fd279034cf9a1 P d0a08b24deec436d936aca6fe1632599 [LEADER]: Connected to new peer: Peer: permanent_uuid: "7b88cc9621574cf9b08451ef797ee3cf" member_type: VOTER last_known_addr { host: "127.10.211.65" port: 45869 }, Status: LMP_MISMATCH, Last received: 0.0, Next index: 2, Last known committed idx: 1, Time since last communication: 0.000s
I20260710 13:18:03.728778 11292 raft_consensus.cc:1275] T 12d2f69ea8314e7e9d2fd279034cf9a1 P 2fa80bff39ba4a98b723b1a0828c53d8 [term 2 FOLLOWER]: Refusing update from remote peer d0a08b24deec436d936aca6fe1632599: Log matching property violated. Preceding OpId in replica: term: 1 index: 1. Preceding OpId from leader: term: 2 index: 2. (index mismatch)
I20260710 13:18:03.730124 11460 consensus_queue.cc:1048] T 12d2f69ea8314e7e9d2fd279034cf9a1 P d0a08b24deec436d936aca6fe1632599 [LEADER]: Connected to new peer: Peer: permanent_uuid: "2fa80bff39ba4a98b723b1a0828c53d8" member_type: VOTER last_known_addr { host: "127.10.211.66" port: 32947 }, Status: LMP_MISMATCH, Last received: 0.0, Next index: 2, Last known committed idx: 1, Time since last communication: 0.000s
I20260710 13:18:05.683593 11085 auto_leader_rebalancer-test.cc:316] The leader distribution is 
I20260710 13:18:05.684404 11085 auto_leader_rebalancer.cc:141] leader rebalance for table test-workload
I20260710 13:18:05.703810 11220 tablet_service.cc:2072] Received LeaderStepDown RPC: tablet_id: "26a2f455d8a443af8020eb024c88fe45"
dest_uuid: "7b88cc9621574cf9b08451ef797ee3cf"
mode: GRACEFUL
new_leader_uuid: "d0a08b24deec436d936aca6fe1632599"
 from {username='slave'} at 127.0.0.1:46982
I20260710 13:18:05.704329 11220 raft_consensus.cc:606] T 26a2f455d8a443af8020eb024c88fe45 P 7b88cc9621574cf9b08451ef797ee3cf [term 2 LEADER]: Received request to transfer leadership to TS d0a08b24deec436d936aca6fe1632599
I20260710 13:18:05.714490 11292 tablet_service.cc:2072] Received LeaderStepDown RPC: tablet_id: "c0b9a12a1d7c4fa9a299e6bedb2a8e80"
dest_uuid: "2fa80bff39ba4a98b723b1a0828c53d8"
mode: GRACEFUL
new_leader_uuid: "d0a08b24deec436d936aca6fe1632599"
 from {username='slave'} at 127.0.0.1:47208
I20260710 13:18:05.715057 11292 raft_consensus.cc:606] T c0b9a12a1d7c4fa9a299e6bedb2a8e80 P 2fa80bff39ba4a98b723b1a0828c53d8 [term 1 LEADER]: Received request to transfer leadership to TS d0a08b24deec436d936aca6fe1632599
I20260710 13:18:05.716092 11085 auto_leader_rebalancer.cc:479] table: test-workload, leader rebalance finish, leader transfer count: 2
I20260710 13:18:05.716481 11085 auto_leader_rebalancer.cc:554] All tables' leader rebalancing finished this round
I20260710 13:18:05.840899 11517 raft_consensus.cc:993] T c0b9a12a1d7c4fa9a299e6bedb2a8e80 P 2fa80bff39ba4a98b723b1a0828c53d8: : Instructing follower d0a08b24deec436d936aca6fe1632599 to start an election
I20260710 13:18:05.841373 11523 raft_consensus.cc:1081] T c0b9a12a1d7c4fa9a299e6bedb2a8e80 P 2fa80bff39ba4a98b723b1a0828c53d8 [term 1 LEADER]: Signalling peer d0a08b24deec436d936aca6fe1632599 to start an election
I20260710 13:18:05.842713 11367 tablet_service.cc:2044] Received Run Leader Election RPC: tablet_id: "c0b9a12a1d7c4fa9a299e6bedb2a8e80"
dest_uuid: "d0a08b24deec436d936aca6fe1632599"
 from {username='slave'} at 127.0.0.1:52990
I20260710 13:18:05.843173 11367 raft_consensus.cc:493] T c0b9a12a1d7c4fa9a299e6bedb2a8e80 P d0a08b24deec436d936aca6fe1632599 [term 1 FOLLOWER]: Starting forced leader election (received explicit request)
I20260710 13:18:05.843514 11367 raft_consensus.cc:3060] T c0b9a12a1d7c4fa9a299e6bedb2a8e80 P d0a08b24deec436d936aca6fe1632599 [term 1 FOLLOWER]: Advancing to term 2
I20260710 13:18:05.847692 11367 raft_consensus.cc:515] T c0b9a12a1d7c4fa9a299e6bedb2a8e80 P d0a08b24deec436d936aca6fe1632599 [term 2 FOLLOWER]: Starting forced leader election with config: opid_index: -1 OBSOLETE_local: false peers { permanent_uuid: "7b88cc9621574cf9b08451ef797ee3cf" member_type: VOTER last_known_addr { host: "127.10.211.65" port: 45869 } } peers { permanent_uuid: "2fa80bff39ba4a98b723b1a0828c53d8" member_type: VOTER last_known_addr { host: "127.10.211.66" port: 32947 } } peers { permanent_uuid: "d0a08b24deec436d936aca6fe1632599" member_type: VOTER last_known_addr { host: "127.10.211.67" port: 44269 } }
I20260710 13:18:05.849422 11367 leader_election.cc:290] T c0b9a12a1d7c4fa9a299e6bedb2a8e80 P d0a08b24deec436d936aca6fe1632599 [CANDIDATE]: Term 2 election: Requested vote from peers 7b88cc9621574cf9b08451ef797ee3cf (127.10.211.65:45869), 2fa80bff39ba4a98b723b1a0828c53d8 (127.10.211.66:32947)
I20260710 13:18:05.850059 11217 tablet_service.cc:1917] Received RequestConsensusVote() RPC: tablet_id: "c0b9a12a1d7c4fa9a299e6bedb2a8e80" candidate_uuid: "d0a08b24deec436d936aca6fe1632599" candidate_term: 2 candidate_status { last_received { term: 1 index: 1 } } ignore_live_leader: true dest_uuid: "7b88cc9621574cf9b08451ef797ee3cf"
I20260710 13:18:05.850358 11292 tablet_service.cc:1917] Received RequestConsensusVote() RPC: tablet_id: "c0b9a12a1d7c4fa9a299e6bedb2a8e80" candidate_uuid: "d0a08b24deec436d936aca6fe1632599" candidate_term: 2 candidate_status { last_received { term: 1 index: 1 } } ignore_live_leader: true dest_uuid: "2fa80bff39ba4a98b723b1a0828c53d8"
I20260710 13:18:05.850780 11217 raft_consensus.cc:3060] T c0b9a12a1d7c4fa9a299e6bedb2a8e80 P 7b88cc9621574cf9b08451ef797ee3cf [term 1 FOLLOWER]: Advancing to term 2
I20260710 13:18:05.850970 11292 raft_consensus.cc:3055] T c0b9a12a1d7c4fa9a299e6bedb2a8e80 P 2fa80bff39ba4a98b723b1a0828c53d8 [term 1 LEADER]: Stepping down as leader of term 1
I20260710 13:18:05.851447 11292 raft_consensus.cc:740] T c0b9a12a1d7c4fa9a299e6bedb2a8e80 P 2fa80bff39ba4a98b723b1a0828c53d8 [term 1 LEADER]: Becoming Follower/Learner. State: Replica: 2fa80bff39ba4a98b723b1a0828c53d8, State: Running, Role: LEADER
I20260710 13:18:05.852106 11292 consensus_queue.cc:260] T c0b9a12a1d7c4fa9a299e6bedb2a8e80 P 2fa80bff39ba4a98b723b1a0828c53d8 [NON_LEADER]: Queue going to NON_LEADER mode. State: All replicated index: 0, Majority replicated index: 1, Committed index: 1, Last appended: 1.1, Last appended by leader: 1, Current term: 1, Majority size: -1, State: 0, Mode: NON_LEADER, active raft config: opid_index: -1 OBSOLETE_local: false peers { permanent_uuid: "7b88cc9621574cf9b08451ef797ee3cf" member_type: VOTER last_known_addr { host: "127.10.211.65" port: 45869 } } peers { permanent_uuid: "2fa80bff39ba4a98b723b1a0828c53d8" member_type: VOTER last_known_addr { host: "127.10.211.66" port: 32947 } } peers { permanent_uuid: "d0a08b24deec436d936aca6fe1632599" member_type: VOTER last_known_addr { host: "127.10.211.67" port: 44269 } }
I20260710 13:18:05.852948 11292 raft_consensus.cc:3060] T c0b9a12a1d7c4fa9a299e6bedb2a8e80 P 2fa80bff39ba4a98b723b1a0828c53d8 [term 1 FOLLOWER]: Advancing to term 2
I20260710 13:18:05.855563 11217 raft_consensus.cc:2468] T c0b9a12a1d7c4fa9a299e6bedb2a8e80 P 7b88cc9621574cf9b08451ef797ee3cf [term 2 FOLLOWER]: Leader election vote request: Granting yes vote for candidate d0a08b24deec436d936aca6fe1632599 in term 2.
I20260710 13:18:05.856536 11333 leader_election.cc:304] T c0b9a12a1d7c4fa9a299e6bedb2a8e80 P d0a08b24deec436d936aca6fe1632599 [CANDIDATE]: Term 2 election: Election decided. Result: candidate won. Election summary: received 2 responses out of 3 voters: 2 yes votes; 0 no votes. yes voters: 7b88cc9621574cf9b08451ef797ee3cf, d0a08b24deec436d936aca6fe1632599; no voters: 
I20260710 13:18:05.857174 11519 raft_consensus.cc:2804] T c0b9a12a1d7c4fa9a299e6bedb2a8e80 P d0a08b24deec436d936aca6fe1632599 [term 2 FOLLOWER]: Leader election won for term 2
I20260710 13:18:05.857445 11292 raft_consensus.cc:2468] T c0b9a12a1d7c4fa9a299e6bedb2a8e80 P 2fa80bff39ba4a98b723b1a0828c53d8 [term 2 FOLLOWER]: Leader election vote request: Granting yes vote for candidate d0a08b24deec436d936aca6fe1632599 in term 2.
I20260710 13:18:05.858435 11519 raft_consensus.cc:697] T c0b9a12a1d7c4fa9a299e6bedb2a8e80 P d0a08b24deec436d936aca6fe1632599 [term 2 LEADER]: Becoming Leader. State: Replica: d0a08b24deec436d936aca6fe1632599, State: Running, Role: LEADER
I20260710 13:18:05.859169 11519 consensus_queue.cc:237] T c0b9a12a1d7c4fa9a299e6bedb2a8e80 P d0a08b24deec436d936aca6fe1632599 [LEADER]: Queue going to LEADER mode. State: All replicated index: 0, Majority replicated index: 1, Committed index: 1, Last appended: 1.1, Last appended by leader: 1, Current term: 2, Majority size: 2, State: 0, Mode: LEADER, active raft config: opid_index: -1 OBSOLETE_local: false peers { permanent_uuid: "7b88cc9621574cf9b08451ef797ee3cf" member_type: VOTER last_known_addr { host: "127.10.211.65" port: 45869 } } peers { permanent_uuid: "2fa80bff39ba4a98b723b1a0828c53d8" member_type: VOTER last_known_addr { host: "127.10.211.66" port: 32947 } } peers { permanent_uuid: "d0a08b24deec436d936aca6fe1632599" member_type: VOTER last_known_addr { host: "127.10.211.67" port: 44269 } }
I20260710 13:18:05.865734 11117 catalog_manager.cc:5697] T c0b9a12a1d7c4fa9a299e6bedb2a8e80 P d0a08b24deec436d936aca6fe1632599 reported cstate change: term changed from 1 to 2, leader changed from 2fa80bff39ba4a98b723b1a0828c53d8 (127.10.211.66) to d0a08b24deec436d936aca6fe1632599 (127.10.211.67). New cstate: current_term: 2 leader_uuid: "d0a08b24deec436d936aca6fe1632599" committed_config { opid_index: -1 OBSOLETE_local: false peers { permanent_uuid: "7b88cc9621574cf9b08451ef797ee3cf" member_type: VOTER last_known_addr { host: "127.10.211.65" port: 45869 } health_report { overall_health: UNKNOWN } } peers { permanent_uuid: "2fa80bff39ba4a98b723b1a0828c53d8" member_type: VOTER last_known_addr { host: "127.10.211.66" port: 32947 } health_report { overall_health: UNKNOWN } } peers { permanent_uuid: "d0a08b24deec436d936aca6fe1632599" member_type: VOTER last_known_addr { host: "127.10.211.67" port: 44269 } health_report { overall_health: HEALTHY } } }
I20260710 13:18:05.966208 11511 raft_consensus.cc:993] T 26a2f455d8a443af8020eb024c88fe45 P 7b88cc9621574cf9b08451ef797ee3cf: : Instructing follower d0a08b24deec436d936aca6fe1632599 to start an election
I20260710 13:18:05.966635 11530 raft_consensus.cc:1081] T 26a2f455d8a443af8020eb024c88fe45 P 7b88cc9621574cf9b08451ef797ee3cf [term 2 LEADER]: Signalling peer d0a08b24deec436d936aca6fe1632599 to start an election
I20260710 13:18:05.967970 11367 tablet_service.cc:2044] Received Run Leader Election RPC: tablet_id: "26a2f455d8a443af8020eb024c88fe45"
dest_uuid: "d0a08b24deec436d936aca6fe1632599"
 from {username='slave'} at 127.0.0.1:52982
I20260710 13:18:05.968456 11367 raft_consensus.cc:493] T 26a2f455d8a443af8020eb024c88fe45 P d0a08b24deec436d936aca6fe1632599 [term 2 FOLLOWER]: Starting forced leader election (received explicit request)
I20260710 13:18:05.968758 11367 raft_consensus.cc:3060] T 26a2f455d8a443af8020eb024c88fe45 P d0a08b24deec436d936aca6fe1632599 [term 2 FOLLOWER]: Advancing to term 3
I20260710 13:18:05.973726 11367 raft_consensus.cc:515] T 26a2f455d8a443af8020eb024c88fe45 P d0a08b24deec436d936aca6fe1632599 [term 3 FOLLOWER]: Starting forced leader election with config: opid_index: -1 OBSOLETE_local: false peers { permanent_uuid: "7b88cc9621574cf9b08451ef797ee3cf" member_type: VOTER last_known_addr { host: "127.10.211.65" port: 45869 } } peers { permanent_uuid: "2fa80bff39ba4a98b723b1a0828c53d8" member_type: VOTER last_known_addr { host: "127.10.211.66" port: 32947 } } peers { permanent_uuid: "d0a08b24deec436d936aca6fe1632599" member_type: VOTER last_known_addr { host: "127.10.211.67" port: 44269 } }
I20260710 13:18:05.975646 11367 leader_election.cc:290] T 26a2f455d8a443af8020eb024c88fe45 P d0a08b24deec436d936aca6fe1632599 [CANDIDATE]: Term 3 election: Requested vote from peers 7b88cc9621574cf9b08451ef797ee3cf (127.10.211.65:45869), 2fa80bff39ba4a98b723b1a0828c53d8 (127.10.211.66:32947)
I20260710 13:18:05.976202 11217 tablet_service.cc:1917] Received RequestConsensusVote() RPC: tablet_id: "26a2f455d8a443af8020eb024c88fe45" candidate_uuid: "d0a08b24deec436d936aca6fe1632599" candidate_term: 3 candidate_status { last_received { term: 2 index: 2 } } ignore_live_leader: true dest_uuid: "7b88cc9621574cf9b08451ef797ee3cf"
I20260710 13:18:05.976620 11292 tablet_service.cc:1917] Received RequestConsensusVote() RPC: tablet_id: "26a2f455d8a443af8020eb024c88fe45" candidate_uuid: "d0a08b24deec436d936aca6fe1632599" candidate_term: 3 candidate_status { last_received { term: 2 index: 2 } } ignore_live_leader: true dest_uuid: "2fa80bff39ba4a98b723b1a0828c53d8"
I20260710 13:18:05.976763 11217 raft_consensus.cc:3055] T 26a2f455d8a443af8020eb024c88fe45 P 7b88cc9621574cf9b08451ef797ee3cf [term 2 LEADER]: Stepping down as leader of term 2
I20260710 13:18:05.977133 11292 raft_consensus.cc:3060] T 26a2f455d8a443af8020eb024c88fe45 P 2fa80bff39ba4a98b723b1a0828c53d8 [term 2 FOLLOWER]: Advancing to term 3
I20260710 13:18:05.977134 11217 raft_consensus.cc:740] T 26a2f455d8a443af8020eb024c88fe45 P 7b88cc9621574cf9b08451ef797ee3cf [term 2 LEADER]: Becoming Follower/Learner. State: Replica: 7b88cc9621574cf9b08451ef797ee3cf, State: Running, Role: LEADER
I20260710 13:18:05.977977 11217 consensus_queue.cc:260] T 26a2f455d8a443af8020eb024c88fe45 P 7b88cc9621574cf9b08451ef797ee3cf [NON_LEADER]: Queue going to NON_LEADER mode. State: All replicated index: 0, Majority replicated index: 2, Committed index: 2, Last appended: 2.2, Last appended by leader: 2, Current term: 2, Majority size: -1, State: 0, Mode: NON_LEADER, active raft config: opid_index: -1 OBSOLETE_local: false peers { permanent_uuid: "7b88cc9621574cf9b08451ef797ee3cf" member_type: VOTER last_known_addr { host: "127.10.211.65" port: 45869 } } peers { permanent_uuid: "2fa80bff39ba4a98b723b1a0828c53d8" member_type: VOTER last_known_addr { host: "127.10.211.66" port: 32947 } } peers { permanent_uuid: "d0a08b24deec436d936aca6fe1632599" member_type: VOTER last_known_addr { host: "127.10.211.67" port: 44269 } }
I20260710 13:18:05.978854 11217 raft_consensus.cc:3060] T 26a2f455d8a443af8020eb024c88fe45 P 7b88cc9621574cf9b08451ef797ee3cf [term 2 FOLLOWER]: Advancing to term 3
I20260710 13:18:05.981608 11292 raft_consensus.cc:2468] T 26a2f455d8a443af8020eb024c88fe45 P 2fa80bff39ba4a98b723b1a0828c53d8 [term 3 FOLLOWER]: Leader election vote request: Granting yes vote for candidate d0a08b24deec436d936aca6fe1632599 in term 3.
I20260710 13:18:05.982478 11334 leader_election.cc:304] T 26a2f455d8a443af8020eb024c88fe45 P d0a08b24deec436d936aca6fe1632599 [CANDIDATE]: Term 3 election: Election decided. Result: candidate won. Election summary: received 2 responses out of 3 voters: 2 yes votes; 0 no votes. yes voters: 2fa80bff39ba4a98b723b1a0828c53d8, d0a08b24deec436d936aca6fe1632599; no voters: 
I20260710 13:18:05.983119 11519 raft_consensus.cc:2804] T 26a2f455d8a443af8020eb024c88fe45 P d0a08b24deec436d936aca6fe1632599 [term 3 FOLLOWER]: Leader election won for term 3
I20260710 13:18:05.983376 11217 raft_consensus.cc:2468] T 26a2f455d8a443af8020eb024c88fe45 P 7b88cc9621574cf9b08451ef797ee3cf [term 3 FOLLOWER]: Leader election vote request: Granting yes vote for candidate d0a08b24deec436d936aca6fe1632599 in term 3.
I20260710 13:18:05.983649 11519 raft_consensus.cc:697] T 26a2f455d8a443af8020eb024c88fe45 P d0a08b24deec436d936aca6fe1632599 [term 3 LEADER]: Becoming Leader. State: Replica: d0a08b24deec436d936aca6fe1632599, State: Running, Role: LEADER
I20260710 13:18:05.984470 11519 consensus_queue.cc:237] T 26a2f455d8a443af8020eb024c88fe45 P d0a08b24deec436d936aca6fe1632599 [LEADER]: Queue going to LEADER mode. State: All replicated index: 0, Majority replicated index: 2, Committed index: 2, Last appended: 2.2, Last appended by leader: 2, Current term: 3, Majority size: 2, State: 0, Mode: LEADER, active raft config: opid_index: -1 OBSOLETE_local: false peers { permanent_uuid: "7b88cc9621574cf9b08451ef797ee3cf" member_type: VOTER last_known_addr { host: "127.10.211.65" port: 45869 } } peers { permanent_uuid: "2fa80bff39ba4a98b723b1a0828c53d8" member_type: VOTER last_known_addr { host: "127.10.211.66" port: 32947 } } peers { permanent_uuid: "d0a08b24deec436d936aca6fe1632599" member_type: VOTER last_known_addr { host: "127.10.211.67" port: 44269 } }
I20260710 13:18:05.992951 11117 catalog_manager.cc:5697] T 26a2f455d8a443af8020eb024c88fe45 P d0a08b24deec436d936aca6fe1632599 reported cstate change: term changed from 2 to 3, leader changed from 7b88cc9621574cf9b08451ef797ee3cf (127.10.211.65) to d0a08b24deec436d936aca6fe1632599 (127.10.211.67). New cstate: current_term: 3 leader_uuid: "d0a08b24deec436d936aca6fe1632599" committed_config { opid_index: -1 OBSOLETE_local: false peers { permanent_uuid: "7b88cc9621574cf9b08451ef797ee3cf" member_type: VOTER last_known_addr { host: "127.10.211.65" port: 45869 } health_report { overall_health: UNKNOWN } } peers { permanent_uuid: "2fa80bff39ba4a98b723b1a0828c53d8" member_type: VOTER last_known_addr { host: "127.10.211.66" port: 32947 } health_report { overall_health: UNKNOWN } } peers { permanent_uuid: "d0a08b24deec436d936aca6fe1632599" member_type: VOTER last_known_addr { host: "127.10.211.67" port: 44269 } health_report { overall_health: HEALTHY } } }
I20260710 13:18:06.265070 11217 raft_consensus.cc:1275] T c0b9a12a1d7c4fa9a299e6bedb2a8e80 P 7b88cc9621574cf9b08451ef797ee3cf [term 2 FOLLOWER]: Refusing update from remote peer d0a08b24deec436d936aca6fe1632599: Log matching property violated. Preceding OpId in replica: term: 1 index: 1. Preceding OpId from leader: term: 2 index: 2. (index mismatch)
I20260710 13:18:06.266172 11519 consensus_queue.cc:1048] T c0b9a12a1d7c4fa9a299e6bedb2a8e80 P d0a08b24deec436d936aca6fe1632599 [LEADER]: Connected to new peer: Peer: permanent_uuid: "7b88cc9621574cf9b08451ef797ee3cf" member_type: VOTER last_known_addr { host: "127.10.211.65" port: 45869 }, Status: LMP_MISMATCH, Last received: 0.0, Next index: 2, Last known committed idx: 1, Time since last communication: 0.000s
I20260710 13:18:06.274928 11292 raft_consensus.cc:1275] T c0b9a12a1d7c4fa9a299e6bedb2a8e80 P 2fa80bff39ba4a98b723b1a0828c53d8 [term 2 FOLLOWER]: Refusing update from remote peer d0a08b24deec436d936aca6fe1632599: Log matching property violated. Preceding OpId in replica: term: 1 index: 1. Preceding OpId from leader: term: 2 index: 2. (index mismatch)
I20260710 13:18:06.276187 11519 consensus_queue.cc:1048] T c0b9a12a1d7c4fa9a299e6bedb2a8e80 P d0a08b24deec436d936aca6fe1632599 [LEADER]: Connected to new peer: Peer: permanent_uuid: "2fa80bff39ba4a98b723b1a0828c53d8" member_type: VOTER last_known_addr { host: "127.10.211.66" port: 32947 }, Status: LMP_MISMATCH, Last received: 0.0, Next index: 2, Last known committed idx: 1, Time since last communication: 0.000s
I20260710 13:18:06.377208 11292 raft_consensus.cc:1275] T 26a2f455d8a443af8020eb024c88fe45 P 2fa80bff39ba4a98b723b1a0828c53d8 [term 3 FOLLOWER]: Refusing update from remote peer d0a08b24deec436d936aca6fe1632599: Log matching property violated. Preceding OpId in replica: term: 2 index: 2. Preceding OpId from leader: term: 3 index: 3. (index mismatch)
I20260710 13:18:06.378306 11519 consensus_queue.cc:1048] T 26a2f455d8a443af8020eb024c88fe45 P d0a08b24deec436d936aca6fe1632599 [LEADER]: Connected to new peer: Peer: permanent_uuid: "2fa80bff39ba4a98b723b1a0828c53d8" member_type: VOTER last_known_addr { host: "127.10.211.66" port: 32947 }, Status: LMP_MISMATCH, Last received: 0.0, Next index: 3, Last known committed idx: 2, Time since last communication: 0.000s
I20260710 13:18:06.385772 11217 raft_consensus.cc:1275] T 26a2f455d8a443af8020eb024c88fe45 P 7b88cc9621574cf9b08451ef797ee3cf [term 3 FOLLOWER]: Refusing update from remote peer d0a08b24deec436d936aca6fe1632599: Log matching property violated. Preceding OpId in replica: term: 2 index: 2. Preceding OpId from leader: term: 3 index: 3. (index mismatch)
I20260710 13:18:06.387778 11538 consensus_queue.cc:1048] T 26a2f455d8a443af8020eb024c88fe45 P d0a08b24deec436d936aca6fe1632599 [LEADER]: Connected to new peer: Peer: permanent_uuid: "7b88cc9621574cf9b08451ef797ee3cf" member_type: VOTER last_known_addr { host: "127.10.211.65" port: 45869 }, Status: LMP_MISMATCH, Last received: 0.0, Next index: 3, Last known committed idx: 2, Time since last communication: 0.000s
I20260710 13:18:06.717259 11085 auto_leader_rebalancer.cc:141] leader rebalance for table test-workload
I20260710 13:18:06.726750 11217 tablet_service.cc:2072] Received LeaderStepDown RPC: tablet_id: "172626accd9d4f83a40e36e39d813e39"
dest_uuid: "7b88cc9621574cf9b08451ef797ee3cf"
mode: GRACEFUL
new_leader_uuid: "2fa80bff39ba4a98b723b1a0828c53d8"
 from {username='slave'} at 127.0.0.1:46978
I20260710 13:18:06.727308 11217 raft_consensus.cc:606] T 172626accd9d4f83a40e36e39d813e39 P 7b88cc9621574cf9b08451ef797ee3cf [term 1 LEADER]: Received request to transfer leadership to TS 2fa80bff39ba4a98b723b1a0828c53d8
I20260710 13:18:06.731487 11217 tablet_service.cc:2072] Received LeaderStepDown RPC: tablet_id: "efa0e01a2aa2468d9b37201314634212"
dest_uuid: "7b88cc9621574cf9b08451ef797ee3cf"
mode: GRACEFUL
new_leader_uuid: "2fa80bff39ba4a98b723b1a0828c53d8"
 from {username='slave'} at 127.0.0.1:46978
I20260710 13:18:06.731971 11217 raft_consensus.cc:606] T efa0e01a2aa2468d9b37201314634212 P 7b88cc9621574cf9b08451ef797ee3cf [term 1 LEADER]: Received request to transfer leadership to TS 2fa80bff39ba4a98b723b1a0828c53d8
I20260710 13:18:06.736056 11367 tablet_service.cc:2072] Received LeaderStepDown RPC: tablet_id: "26a2f455d8a443af8020eb024c88fe45"
dest_uuid: "d0a08b24deec436d936aca6fe1632599"
mode: GRACEFUL
new_leader_uuid: "2fa80bff39ba4a98b723b1a0828c53d8"
 from {username='slave'} at 127.0.0.1:52992
I20260710 13:18:06.736531 11367 raft_consensus.cc:606] T 26a2f455d8a443af8020eb024c88fe45 P d0a08b24deec436d936aca6fe1632599 [term 3 LEADER]: Received request to transfer leadership to TS 2fa80bff39ba4a98b723b1a0828c53d8
I20260710 13:18:06.740696 11217 tablet_service.cc:2072] Received LeaderStepDown RPC: tablet_id: "9e96ad9f14644899950dbb4d344445da"
dest_uuid: "7b88cc9621574cf9b08451ef797ee3cf"
mode: GRACEFUL
new_leader_uuid: "2fa80bff39ba4a98b723b1a0828c53d8"
 from {username='slave'} at 127.0.0.1:46978
I20260710 13:18:06.741140 11217 raft_consensus.cc:606] T 9e96ad9f14644899950dbb4d344445da P 7b88cc9621574cf9b08451ef797ee3cf [term 2 LEADER]: Received request to transfer leadership to TS 2fa80bff39ba4a98b723b1a0828c53d8
I20260710 13:18:06.748076 11367 tablet_service.cc:2072] Received LeaderStepDown RPC: tablet_id: "c0b9a12a1d7c4fa9a299e6bedb2a8e80"
dest_uuid: "d0a08b24deec436d936aca6fe1632599"
mode: GRACEFUL
new_leader_uuid: "2fa80bff39ba4a98b723b1a0828c53d8"
 from {username='slave'} at 127.0.0.1:52992
I20260710 13:18:06.748567 11367 raft_consensus.cc:606] T c0b9a12a1d7c4fa9a299e6bedb2a8e80 P d0a08b24deec436d936aca6fe1632599 [term 2 LEADER]: Received request to transfer leadership to TS 2fa80bff39ba4a98b723b1a0828c53d8
I20260710 13:18:06.811244 11519 raft_consensus.cc:993] T c0b9a12a1d7c4fa9a299e6bedb2a8e80 P d0a08b24deec436d936aca6fe1632599: : Instructing follower 2fa80bff39ba4a98b723b1a0828c53d8 to start an election
I20260710 13:18:06.811707 11538 raft_consensus.cc:1081] T c0b9a12a1d7c4fa9a299e6bedb2a8e80 P d0a08b24deec436d936aca6fe1632599 [term 2 LEADER]: Signalling peer 2fa80bff39ba4a98b723b1a0828c53d8 to start an election
I20260710 13:18:06.813133 11292 tablet_service.cc:2044] Received Run Leader Election RPC: tablet_id: "c0b9a12a1d7c4fa9a299e6bedb2a8e80"
dest_uuid: "2fa80bff39ba4a98b723b1a0828c53d8"
 from {username='slave'} at 127.0.0.1:47198
I20260710 13:18:06.813576 11292 raft_consensus.cc:493] T c0b9a12a1d7c4fa9a299e6bedb2a8e80 P 2fa80bff39ba4a98b723b1a0828c53d8 [term 2 FOLLOWER]: Starting forced leader election (received explicit request)
I20260710 13:18:06.813887 11292 raft_consensus.cc:3060] T c0b9a12a1d7c4fa9a299e6bedb2a8e80 P 2fa80bff39ba4a98b723b1a0828c53d8 [term 2 FOLLOWER]: Advancing to term 3
I20260710 13:18:06.818460 11292 raft_consensus.cc:515] T c0b9a12a1d7c4fa9a299e6bedb2a8e80 P 2fa80bff39ba4a98b723b1a0828c53d8 [term 3 FOLLOWER]: Starting forced leader election with config: opid_index: -1 OBSOLETE_local: false peers { permanent_uuid: "7b88cc9621574cf9b08451ef797ee3cf" member_type: VOTER last_known_addr { host: "127.10.211.65" port: 45869 } } peers { permanent_uuid: "2fa80bff39ba4a98b723b1a0828c53d8" member_type: VOTER last_known_addr { host: "127.10.211.66" port: 32947 } } peers { permanent_uuid: "d0a08b24deec436d936aca6fe1632599" member_type: VOTER last_known_addr { host: "127.10.211.67" port: 44269 } }
I20260710 13:18:06.820138 11292 leader_election.cc:290] T c0b9a12a1d7c4fa9a299e6bedb2a8e80 P 2fa80bff39ba4a98b723b1a0828c53d8 [CANDIDATE]: Term 3 election: Requested vote from peers 7b88cc9621574cf9b08451ef797ee3cf (127.10.211.65:45869), d0a08b24deec436d936aca6fe1632599 (127.10.211.67:44269)
I20260710 13:18:06.820843 11217 tablet_service.cc:1917] Received RequestConsensusVote() RPC: tablet_id: "c0b9a12a1d7c4fa9a299e6bedb2a8e80" candidate_uuid: "2fa80bff39ba4a98b723b1a0828c53d8" candidate_term: 3 candidate_status { last_received { term: 2 index: 2 } } ignore_live_leader: true dest_uuid: "7b88cc9621574cf9b08451ef797ee3cf"
I20260710 13:18:06.821084 11367 tablet_service.cc:1917] Received RequestConsensusVote() RPC: tablet_id: "c0b9a12a1d7c4fa9a299e6bedb2a8e80" candidate_uuid: "2fa80bff39ba4a98b723b1a0828c53d8" candidate_term: 3 candidate_status { last_received { term: 2 index: 2 } } ignore_live_leader: true dest_uuid: "d0a08b24deec436d936aca6fe1632599"
I20260710 13:18:06.821440 11217 raft_consensus.cc:3060] T c0b9a12a1d7c4fa9a299e6bedb2a8e80 P 7b88cc9621574cf9b08451ef797ee3cf [term 2 FOLLOWER]: Advancing to term 3
I20260710 13:18:06.821588 11367 raft_consensus.cc:3055] T c0b9a12a1d7c4fa9a299e6bedb2a8e80 P d0a08b24deec436d936aca6fe1632599 [term 2 LEADER]: Stepping down as leader of term 2
I20260710 13:18:06.821935 11367 raft_consensus.cc:740] T c0b9a12a1d7c4fa9a299e6bedb2a8e80 P d0a08b24deec436d936aca6fe1632599 [term 2 LEADER]: Becoming Follower/Learner. State: Replica: d0a08b24deec436d936aca6fe1632599, State: Running, Role: LEADER
I20260710 13:18:06.822542 11367 consensus_queue.cc:260] T c0b9a12a1d7c4fa9a299e6bedb2a8e80 P d0a08b24deec436d936aca6fe1632599 [NON_LEADER]: Queue going to NON_LEADER mode. State: All replicated index: 0, Majority replicated index: 2, Committed index: 2, Last appended: 2.2, Last appended by leader: 2, Current term: 2, Majority size: -1, State: 0, Mode: NON_LEADER, active raft config: opid_index: -1 OBSOLETE_local: false peers { permanent_uuid: "7b88cc9621574cf9b08451ef797ee3cf" member_type: VOTER last_known_addr { host: "127.10.211.65" port: 45869 } } peers { permanent_uuid: "2fa80bff39ba4a98b723b1a0828c53d8" member_type: VOTER last_known_addr { host: "127.10.211.66" port: 32947 } } peers { permanent_uuid: "d0a08b24deec436d936aca6fe1632599" member_type: VOTER last_known_addr { host: "127.10.211.67" port: 44269 } }
I20260710 13:18:06.823297 11367 raft_consensus.cc:3060] T c0b9a12a1d7c4fa9a299e6bedb2a8e80 P d0a08b24deec436d936aca6fe1632599 [term 2 FOLLOWER]: Advancing to term 3
I20260710 13:18:06.825861 11217 raft_consensus.cc:2468] T c0b9a12a1d7c4fa9a299e6bedb2a8e80 P 7b88cc9621574cf9b08451ef797ee3cf [term 3 FOLLOWER]: Leader election vote request: Granting yes vote for candidate 2fa80bff39ba4a98b723b1a0828c53d8 in term 3.
I20260710 13:18:06.826776 11259 leader_election.cc:304] T c0b9a12a1d7c4fa9a299e6bedb2a8e80 P 2fa80bff39ba4a98b723b1a0828c53d8 [CANDIDATE]: Term 3 election: Election decided. Result: candidate won. Election summary: received 2 responses out of 3 voters: 2 yes votes; 0 no votes. yes voters: 2fa80bff39ba4a98b723b1a0828c53d8, 7b88cc9621574cf9b08451ef797ee3cf; no voters: 
I20260710 13:18:06.827149 11367 raft_consensus.cc:2468] T c0b9a12a1d7c4fa9a299e6bedb2a8e80 P d0a08b24deec436d936aca6fe1632599 [term 3 FOLLOWER]: Leader election vote request: Granting yes vote for candidate 2fa80bff39ba4a98b723b1a0828c53d8 in term 3.
I20260710 13:18:06.827615 11523 raft_consensus.cc:2804] T c0b9a12a1d7c4fa9a299e6bedb2a8e80 P 2fa80bff39ba4a98b723b1a0828c53d8 [term 3 FOLLOWER]: Leader election won for term 3
I20260710 13:18:06.828596 11523 raft_consensus.cc:697] T c0b9a12a1d7c4fa9a299e6bedb2a8e80 P 2fa80bff39ba4a98b723b1a0828c53d8 [term 3 LEADER]: Becoming Leader. State: Replica: 2fa80bff39ba4a98b723b1a0828c53d8, State: Running, Role: LEADER
