I20260710 13:18:13.501443  6339 catalog_manager.cc:5697] T e422b1e781564e7fb90791fdd6035083 P 1ff99d2a9174432bb403135e5885e0ed reported cstate change: term changed from 0 to 1, leader changed from <none> to 1ff99d2a9174432bb403135e5885e0ed (127.5.172.193). New cstate: current_term: 1 leader_uuid: "1ff99d2a9174432bb403135e5885e0ed" committed_config { opid_index: -1 OBSOLETE_local: false peers { permanent_uuid: "1ff99d2a9174432bb403135e5885e0ed" member_type: VOTER last_known_addr { host: "127.5.172.193" port: 40223 } health_report { overall_health: HEALTHY } } peers { permanent_uuid: "5d4aeb5706454828989cc34fba10d8db" member_type: VOTER last_known_addr { host: "127.5.172.194" port: 44019 } health_report { overall_health: UNKNOWN } } peers { permanent_uuid: "6d24246ef9cc47549ba9dd85693b2f36" member_type: VOTER last_known_addr { host: "127.5.172.195" port: 45817 } health_report { overall_health: UNKNOWN } } }
I20260710 13:18:13.502231  6590 tablet_service.cc:1917] Received RequestConsensusVote() RPC: tablet_id: "d8e97048217a44b6a0e8a32f680be82b" candidate_uuid: "1ff99d2a9174432bb403135e5885e0ed" candidate_term: 1 candidate_status { last_received { term: 0 index: 0 } } ignore_live_leader: false dest_uuid: "6d24246ef9cc47549ba9dd85693b2f36" is_pre_election: true
W20260710 13:18:13.503763  6405 leader_election.cc:343] T d8e97048217a44b6a0e8a32f680be82b P 1ff99d2a9174432bb403135e5885e0ed [CANDIDATE]: Term 1 pre-election: Tablet error from VoteRequest() call to peer 6d24246ef9cc47549ba9dd85693b2f36 (127.5.172.195:45817): Illegal state: must be running to vote when last-logged opid is not known
I20260710 13:18:13.505630  6516 tablet_service.cc:1917] Received RequestConsensusVote() RPC: tablet_id: "d8e97048217a44b6a0e8a32f680be82b" candidate_uuid: "1ff99d2a9174432bb403135e5885e0ed" candidate_term: 1 candidate_status { last_received { term: 0 index: 0 } } ignore_live_leader: false dest_uuid: "5d4aeb5706454828989cc34fba10d8db" is_pre_election: true
I20260710 13:18:13.506349  6516 raft_consensus.cc:2468] T d8e97048217a44b6a0e8a32f680be82b P 5d4aeb5706454828989cc34fba10d8db [term 0 FOLLOWER]: Leader pre-election vote request: Granting yes vote for candidate 1ff99d2a9174432bb403135e5885e0ed in term 0.
I20260710 13:18:13.507849  6406 leader_election.cc:304] T d8e97048217a44b6a0e8a32f680be82b P 1ff99d2a9174432bb403135e5885e0ed [CANDIDATE]: Term 1 pre-election: Election decided. Result: candidate won. Election summary: received 3 responses out of 3 voters: 2 yes votes; 1 no votes. yes voters: 1ff99d2a9174432bb403135e5885e0ed, 5d4aeb5706454828989cc34fba10d8db; no voters: 6d24246ef9cc47549ba9dd85693b2f36
I20260710 13:18:13.508250  6633 tablet_bootstrap.cc:492] T d8e97048217a44b6a0e8a32f680be82b P 6d24246ef9cc47549ba9dd85693b2f36: No bootstrap required, opened a new log
I20260710 13:18:13.508785  6633 ts_tablet_manager.cc:1403] T d8e97048217a44b6a0e8a32f680be82b P 6d24246ef9cc47549ba9dd85693b2f36: Time spent bootstrapping tablet: real 0.029s	user 0.008s	sys 0.008s
I20260710 13:18:13.509058  6591 tablet_service.cc:1917] Received RequestConsensusVote() RPC: tablet_id: "cb75141eb68d4227b7474d6603e00db3" candidate_uuid: "1ff99d2a9174432bb403135e5885e0ed" candidate_term: 1 candidate_status { last_received { term: 0 index: 0 } } ignore_live_leader: false dest_uuid: "6d24246ef9cc47549ba9dd85693b2f36"
I20260710 13:18:13.509178  6648 raft_consensus.cc:2804] T d8e97048217a44b6a0e8a32f680be82b P 1ff99d2a9174432bb403135e5885e0ed [term 0 FOLLOWER]: Leader pre-election won for term 1
I20260710 13:18:13.509630  6591 raft_consensus.cc:3060] T cb75141eb68d4227b7474d6603e00db3 P 6d24246ef9cc47549ba9dd85693b2f36 [term 0 FOLLOWER]: Advancing to term 1
I20260710 13:18:13.509649  6648 raft_consensus.cc:493] T d8e97048217a44b6a0e8a32f680be82b P 1ff99d2a9174432bb403135e5885e0ed [term 0 FOLLOWER]: Starting leader election (no leader contacted us within the election timeout)
I20260710 13:18:13.510202  6648 raft_consensus.cc:3060] T d8e97048217a44b6a0e8a32f680be82b P 1ff99d2a9174432bb403135e5885e0ed [term 0 FOLLOWER]: Advancing to term 1
I20260710 13:18:13.511708  6633 raft_consensus.cc:359] T d8e97048217a44b6a0e8a32f680be82b P 6d24246ef9cc47549ba9dd85693b2f36 [term 0 FOLLOWER]: Replica starting. Triggering 0 pending ops. Active config: opid_index: -1 OBSOLETE_local: false peers { permanent_uuid: "1ff99d2a9174432bb403135e5885e0ed" member_type: VOTER last_known_addr { host: "127.5.172.193" port: 40223 } } peers { permanent_uuid: "5d4aeb5706454828989cc34fba10d8db" member_type: VOTER last_known_addr { host: "127.5.172.194" port: 44019 } } peers { permanent_uuid: "6d24246ef9cc47549ba9dd85693b2f36" member_type: VOTER last_known_addr { host: "127.5.172.195" port: 45817 } }
I20260710 13:18:13.512472  6633 raft_consensus.cc:385] T d8e97048217a44b6a0e8a32f680be82b P 6d24246ef9cc47549ba9dd85693b2f36 [term 0 FOLLOWER]: Consensus starting up: Expiring failure detector timer to make a prompt election more likely
I20260710 13:18:13.512753  6633 raft_consensus.cc:740] T d8e97048217a44b6a0e8a32f680be82b P 6d24246ef9cc47549ba9dd85693b2f36 [term 0 FOLLOWER]: Becoming Follower/Learner. State: Replica: 6d24246ef9cc47549ba9dd85693b2f36, State: Initialized, Role: FOLLOWER
I20260710 13:18:13.497486  6638 raft_consensus.cc:493] T 76eeac44f14948128bf45d30a7d4f5a7 P 5d4aeb5706454828989cc34fba10d8db [term 0 FOLLOWER]: Starting leader election (no leader contacted us within the election timeout)
I20260710 13:18:13.513679  6638 raft_consensus.cc:3060] T 76eeac44f14948128bf45d30a7d4f5a7 P 5d4aeb5706454828989cc34fba10d8db [term 0 FOLLOWER]: Advancing to term 1
I20260710 13:18:13.513511  6633 consensus_queue.cc:260] T d8e97048217a44b6a0e8a32f680be82b P 6d24246ef9cc47549ba9dd85693b2f36 [NON_LEADER]: Queue going to NON_LEADER mode. State: All replicated index: 0, Majority replicated index: 0, Committed index: 0, Last appended: 0.0, Last appended by leader: 0, Current term: 0, Majority size: -1, State: 0, Mode: NON_LEADER, active raft config: opid_index: -1 OBSOLETE_local: false peers { permanent_uuid: "1ff99d2a9174432bb403135e5885e0ed" member_type: VOTER last_known_addr { host: "127.5.172.193" port: 40223 } } peers { permanent_uuid: "5d4aeb5706454828989cc34fba10d8db" member_type: VOTER last_known_addr { host: "127.5.172.194" port: 44019 } } peers { permanent_uuid: "6d24246ef9cc47549ba9dd85693b2f36" member_type: VOTER last_known_addr { host: "127.5.172.195" port: 45817 } }
I20260710 13:18:13.514859  6591 raft_consensus.cc:2468] T cb75141eb68d4227b7474d6603e00db3 P 6d24246ef9cc47549ba9dd85693b2f36 [term 1 FOLLOWER]: Leader election vote request: Granting yes vote for candidate 1ff99d2a9174432bb403135e5885e0ed in term 1.
I20260710 13:18:13.516259  6405 leader_election.cc:304] T cb75141eb68d4227b7474d6603e00db3 P 1ff99d2a9174432bb403135e5885e0ed [CANDIDATE]: Term 1 election: Election decided. Result: candidate won. Election summary: received 2 responses out of 3 voters: 2 yes votes; 0 no votes. yes voters: 1ff99d2a9174432bb403135e5885e0ed, 6d24246ef9cc47549ba9dd85693b2f36; no voters: 
I20260710 13:18:13.517220  6667 raft_consensus.cc:2804] T cb75141eb68d4227b7474d6603e00db3 P 1ff99d2a9174432bb403135e5885e0ed [term 1 FOLLOWER]: Leader election won for term 1
I20260710 13:18:13.517542  6514 raft_consensus.cc:2468] T cb75141eb68d4227b7474d6603e00db3 P 5d4aeb5706454828989cc34fba10d8db [term 1 FOLLOWER]: Leader election vote request: Granting yes vote for candidate 1ff99d2a9174432bb403135e5885e0ed in term 1.
I20260710 13:18:13.518110  6633 ts_tablet_manager.cc:1434] T d8e97048217a44b6a0e8a32f680be82b P 6d24246ef9cc47549ba9dd85693b2f36: Time spent starting tablet: real 0.009s	user 0.007s	sys 0.000s
I20260710 13:18:13.519091  6633 tablet_bootstrap.cc:492] T 79396f581eeb48699272e766dce63f66 P 6d24246ef9cc47549ba9dd85693b2f36: Bootstrap starting.
I20260710 13:18:13.520771  6667 raft_consensus.cc:697] T cb75141eb68d4227b7474d6603e00db3 P 1ff99d2a9174432bb403135e5885e0ed [term 1 LEADER]: Becoming Leader. State: Replica: 1ff99d2a9174432bb403135e5885e0ed, State: Running, Role: LEADER
I20260710 13:18:13.521672  6667 consensus_queue.cc:237] T cb75141eb68d4227b7474d6603e00db3 P 1ff99d2a9174432bb403135e5885e0ed [LEADER]: Queue going to LEADER mode. State: All replicated index: 0, Majority replicated index: 0, Committed index: 0, Last appended: 0.0, Last appended by leader: 0, Current term: 1, Majority size: 2, State: 0, Mode: LEADER, active raft config: opid_index: -1 OBSOLETE_local: false peers { permanent_uuid: "1ff99d2a9174432bb403135e5885e0ed" member_type: VOTER last_known_addr { host: "127.5.172.193" port: 40223 } } peers { permanent_uuid: "5d4aeb5706454828989cc34fba10d8db" member_type: VOTER last_known_addr { host: "127.5.172.194" port: 44019 } } peers { permanent_uuid: "6d24246ef9cc47549ba9dd85693b2f36" member_type: VOTER last_known_addr { host: "127.5.172.195" port: 45817 } }
I20260710 13:18:13.522584  6638 raft_consensus.cc:515] T 76eeac44f14948128bf45d30a7d4f5a7 P 5d4aeb5706454828989cc34fba10d8db [term 1 FOLLOWER]: Starting leader election with config: opid_index: -1 OBSOLETE_local: false peers { permanent_uuid: "1ff99d2a9174432bb403135e5885e0ed" member_type: VOTER last_known_addr { host: "127.5.172.193" port: 40223 } } peers { permanent_uuid: "5d4aeb5706454828989cc34fba10d8db" member_type: VOTER last_known_addr { host: "127.5.172.194" port: 44019 } } peers { permanent_uuid: "6d24246ef9cc47549ba9dd85693b2f36" member_type: VOTER last_known_addr { host: "127.5.172.195" port: 45817 } }
I20260710 13:18:13.522158  6648 raft_consensus.cc:515] T d8e97048217a44b6a0e8a32f680be82b P 1ff99d2a9174432bb403135e5885e0ed [term 1 FOLLOWER]: Starting leader election with config: opid_index: -1 OBSOLETE_local: false peers { permanent_uuid: "1ff99d2a9174432bb403135e5885e0ed" member_type: VOTER last_known_addr { host: "127.5.172.193" port: 40223 } } peers { permanent_uuid: "5d4aeb5706454828989cc34fba10d8db" member_type: VOTER last_known_addr { host: "127.5.172.194" port: 44019 } } peers { permanent_uuid: "6d24246ef9cc47549ba9dd85693b2f36" member_type: VOTER last_known_addr { host: "127.5.172.195" port: 45817 } }
I20260710 13:18:13.525727  6441 tablet_service.cc:1917] Received RequestConsensusVote() RPC: tablet_id: "76eeac44f14948128bf45d30a7d4f5a7" candidate_uuid: "5d4aeb5706454828989cc34fba10d8db" candidate_term: 1 candidate_status { last_received { term: 0 index: 0 } } ignore_live_leader: false dest_uuid: "1ff99d2a9174432bb403135e5885e0ed"
I20260710 13:18:13.526170  6633 tablet_bootstrap.cc:654] T 79396f581eeb48699272e766dce63f66 P 6d24246ef9cc47549ba9dd85693b2f36: Neither blocks nor log segments found. Creating new log.
I20260710 13:18:13.526578  6441 raft_consensus.cc:3060] T 76eeac44f14948128bf45d30a7d4f5a7 P 1ff99d2a9174432bb403135e5885e0ed [term 0 FOLLOWER]: Advancing to term 1
I20260710 13:18:13.527683  6514 tablet_service.cc:1917] Received RequestConsensusVote() RPC: tablet_id: "d8e97048217a44b6a0e8a32f680be82b" candidate_uuid: "1ff99d2a9174432bb403135e5885e0ed" candidate_term: 1 candidate_status { last_received { term: 0 index: 0 } } ignore_live_leader: false dest_uuid: "5d4aeb5706454828989cc34fba10d8db"
I20260710 13:18:13.528414  6514 raft_consensus.cc:3060] T d8e97048217a44b6a0e8a32f680be82b P 5d4aeb5706454828989cc34fba10d8db [term 0 FOLLOWER]: Advancing to term 1
I20260710 13:18:13.536556  6591 tablet_service.cc:1917] Received RequestConsensusVote() RPC: tablet_id: "76eeac44f14948128bf45d30a7d4f5a7" candidate_uuid: "5d4aeb5706454828989cc34fba10d8db" candidate_term: 1 candidate_status { last_received { term: 0 index: 0 } } ignore_live_leader: false dest_uuid: "6d24246ef9cc47549ba9dd85693b2f36"
I20260710 13:18:13.537205  6591 raft_consensus.cc:3060] T 76eeac44f14948128bf45d30a7d4f5a7 P 6d24246ef9cc47549ba9dd85693b2f36 [term 0 FOLLOWER]: Advancing to term 1
I20260710 13:18:13.537635  6648 leader_election.cc:290] T d8e97048217a44b6a0e8a32f680be82b P 1ff99d2a9174432bb403135e5885e0ed [CANDIDATE]: Term 1 election: Requested vote from peers 5d4aeb5706454828989cc34fba10d8db (127.5.172.194:44019), 6d24246ef9cc47549ba9dd85693b2f36 (127.5.172.195:45817)
I20260710 13:18:13.538852  6590 tablet_service.cc:1917] Received RequestConsensusVote() RPC: tablet_id: "d8e97048217a44b6a0e8a32f680be82b" candidate_uuid: "1ff99d2a9174432bb403135e5885e0ed" candidate_term: 1 candidate_status { last_received { term: 0 index: 0 } } ignore_live_leader: false dest_uuid: "6d24246ef9cc47549ba9dd85693b2f36"
I20260710 13:18:13.539485  6590 raft_consensus.cc:3060] T d8e97048217a44b6a0e8a32f680be82b P 6d24246ef9cc47549ba9dd85693b2f36 [term 0 FOLLOWER]: Advancing to term 1
I20260710 13:18:13.541775  6514 raft_consensus.cc:2468] T d8e97048217a44b6a0e8a32f680be82b P 5d4aeb5706454828989cc34fba10d8db [term 1 FOLLOWER]: Leader election vote request: Granting yes vote for candidate 1ff99d2a9174432bb403135e5885e0ed in term 1.
I20260710 13:18:13.543107  6406 leader_election.cc:304] T d8e97048217a44b6a0e8a32f680be82b P 1ff99d2a9174432bb403135e5885e0ed [CANDIDATE]: Term 1 election: Election decided. Result: candidate won. Election summary: received 2 responses out of 3 voters: 2 yes votes; 0 no votes. yes voters: 1ff99d2a9174432bb403135e5885e0ed, 5d4aeb5706454828989cc34fba10d8db; no voters: 
I20260710 13:18:13.544004  6591 raft_consensus.cc:2468] T 76eeac44f14948128bf45d30a7d4f5a7 P 6d24246ef9cc47549ba9dd85693b2f36 [term 1 FOLLOWER]: Leader election vote request: Granting yes vote for candidate 5d4aeb5706454828989cc34fba10d8db in term 1.
I20260710 13:18:13.544153  6648 raft_consensus.cc:2804] T d8e97048217a44b6a0e8a32f680be82b P 1ff99d2a9174432bb403135e5885e0ed [term 1 FOLLOWER]: Leader election won for term 1
I20260710 13:18:13.545290  6480 leader_election.cc:304] T 76eeac44f14948128bf45d30a7d4f5a7 P 5d4aeb5706454828989cc34fba10d8db [CANDIDATE]: Term 1 election: Election decided. Result: candidate won. Election summary: received 2 responses out of 3 voters: 2 yes votes; 0 no votes. yes voters: 5d4aeb5706454828989cc34fba10d8db, 6d24246ef9cc47549ba9dd85693b2f36; no voters: 
I20260710 13:18:13.545578  6648 raft_consensus.cc:697] T d8e97048217a44b6a0e8a32f680be82b P 1ff99d2a9174432bb403135e5885e0ed [term 1 LEADER]: Becoming Leader. State: Replica: 1ff99d2a9174432bb403135e5885e0ed, State: Running, Role: LEADER
I20260710 13:18:13.546123  6633 tablet_bootstrap.cc:492] T 79396f581eeb48699272e766dce63f66 P 6d24246ef9cc47549ba9dd85693b2f36: No bootstrap required, opened a new log
I20260710 13:18:13.546660  6675 raft_consensus.cc:2804] T 76eeac44f14948128bf45d30a7d4f5a7 P 5d4aeb5706454828989cc34fba10d8db [term 1 FOLLOWER]: Leader election won for term 1
I20260710 13:18:13.546801  6648 consensus_queue.cc:237] T d8e97048217a44b6a0e8a32f680be82b P 1ff99d2a9174432bb403135e5885e0ed [LEADER]: Queue going to LEADER mode. State: All replicated index: 0, Majority replicated index: 0, Committed index: 0, Last appended: 0.0, Last appended by leader: 0, Current term: 1, Majority size: 2, State: 0, Mode: LEADER, active raft config: opid_index: -1 OBSOLETE_local: false peers { permanent_uuid: "1ff99d2a9174432bb403135e5885e0ed" member_type: VOTER last_known_addr { host: "127.5.172.193" port: 40223 } } peers { permanent_uuid: "5d4aeb5706454828989cc34fba10d8db" member_type: VOTER last_known_addr { host: "127.5.172.194" port: 44019 } } peers { permanent_uuid: "6d24246ef9cc47549ba9dd85693b2f36" member_type: VOTER last_known_addr { host: "127.5.172.195" port: 45817 } }
I20260710 13:18:13.548126  6590 raft_consensus.cc:2468] T d8e97048217a44b6a0e8a32f680be82b P 6d24246ef9cc47549ba9dd85693b2f36 [term 1 FOLLOWER]: Leader election vote request: Granting yes vote for candidate 1ff99d2a9174432bb403135e5885e0ed in term 1.
I20260710 13:18:13.544934  6638 leader_election.cc:290] T 76eeac44f14948128bf45d30a7d4f5a7 P 5d4aeb5706454828989cc34fba10d8db [CANDIDATE]: Term 1 election: Requested vote from peers 1ff99d2a9174432bb403135e5885e0ed (127.5.172.193:40223), 6d24246ef9cc47549ba9dd85693b2f36 (127.5.172.195:45817)
I20260710 13:18:13.547504  6675 raft_consensus.cc:697] T 76eeac44f14948128bf45d30a7d4f5a7 P 5d4aeb5706454828989cc34fba10d8db [term 1 LEADER]: Becoming Leader. State: Replica: 5d4aeb5706454828989cc34fba10d8db, State: Running, Role: LEADER
I20260710 13:18:13.549746  6675 consensus_queue.cc:237] T 76eeac44f14948128bf45d30a7d4f5a7 P 5d4aeb5706454828989cc34fba10d8db [LEADER]: Queue going to LEADER mode. State: All replicated index: 0, Majority replicated index: 0, Committed index: 0, Last appended: 0.0, Last appended by leader: 0, Current term: 1, Majority size: 2, State: 0, Mode: LEADER, active raft config: opid_index: -1 OBSOLETE_local: false peers { permanent_uuid: "1ff99d2a9174432bb403135e5885e0ed" member_type: VOTER last_known_addr { host: "127.5.172.193" port: 40223 } } peers { permanent_uuid: "5d4aeb5706454828989cc34fba10d8db" member_type: VOTER last_known_addr { host: "127.5.172.194" port: 44019 } } peers { permanent_uuid: "6d24246ef9cc47549ba9dd85693b2f36" member_type: VOTER last_known_addr { host: "127.5.172.195" port: 45817 } }
I20260710 13:18:13.544468  6441 raft_consensus.cc:2468] T 76eeac44f14948128bf45d30a7d4f5a7 P 1ff99d2a9174432bb403135e5885e0ed [term 1 FOLLOWER]: Leader election vote request: Granting yes vote for candidate 5d4aeb5706454828989cc34fba10d8db in term 1.
I20260710 13:18:13.552220  6674 raft_consensus.cc:493] T e422b1e781564e7fb90791fdd6035083 P 6d24246ef9cc47549ba9dd85693b2f36 [term 0 FOLLOWER]: Starting pre-election (no leader contacted us within the election timeout)
I20260710 13:18:13.552814  6674 raft_consensus.cc:515] T e422b1e781564e7fb90791fdd6035083 P 6d24246ef9cc47549ba9dd85693b2f36 [term 0 FOLLOWER]: Starting pre-election with config: opid_index: -1 OBSOLETE_local: false peers { permanent_uuid: "1ff99d2a9174432bb403135e5885e0ed" member_type: VOTER last_known_addr { host: "127.5.172.193" port: 40223 } } peers { permanent_uuid: "5d4aeb5706454828989cc34fba10d8db" member_type: VOTER last_known_addr { host: "127.5.172.194" port: 44019 } } peers { permanent_uuid: "6d24246ef9cc47549ba9dd85693b2f36" member_type: VOTER last_known_addr { host: "127.5.172.195" port: 45817 } }
I20260710 13:18:13.561359  6514 tablet_service.cc:1917] Received RequestConsensusVote() RPC: tablet_id: "e422b1e781564e7fb90791fdd6035083" candidate_uuid: "6d24246ef9cc47549ba9dd85693b2f36" candidate_term: 1 candidate_status { last_received { term: 0 index: 0 } } ignore_live_leader: false dest_uuid: "5d4aeb5706454828989cc34fba10d8db" is_pre_election: true
I20260710 13:18:13.561868  6674 leader_election.cc:290] T e422b1e781564e7fb90791fdd6035083 P 6d24246ef9cc47549ba9dd85693b2f36 [CANDIDATE]: Term 1 pre-election: Requested pre-vote from peers 1ff99d2a9174432bb403135e5885e0ed (127.5.172.193:40223), 5d4aeb5706454828989cc34fba10d8db (127.5.172.194:44019)
I20260710 13:18:13.562227  6514 raft_consensus.cc:2393] T e422b1e781564e7fb90791fdd6035083 P 5d4aeb5706454828989cc34fba10d8db [term 1 FOLLOWER]: Leader pre-election vote request: Denying vote to candidate 6d24246ef9cc47549ba9dd85693b2f36 in current term 1: Already voted for candidate 1ff99d2a9174432bb403135e5885e0ed in this term.
I20260710 13:18:13.562913  6441 tablet_service.cc:1917] Received RequestConsensusVote() RPC: tablet_id: "e422b1e781564e7fb90791fdd6035083" candidate_uuid: "6d24246ef9cc47549ba9dd85693b2f36" candidate_term: 1 candidate_status { last_received { term: 0 index: 0 } } ignore_live_leader: false dest_uuid: "1ff99d2a9174432bb403135e5885e0ed" is_pre_election: true
I20260710 13:18:13.546654  6633 ts_tablet_manager.cc:1403] T 79396f581eeb48699272e766dce63f66 P 6d24246ef9cc47549ba9dd85693b2f36: Time spent bootstrapping tablet: real 0.028s	user 0.018s	sys 0.000s
I20260710 13:18:13.564832  6555 leader_election.cc:304] T e422b1e781564e7fb90791fdd6035083 P 6d24246ef9cc47549ba9dd85693b2f36 [CANDIDATE]: Term 1 pre-election: Election decided. Result: candidate lost. Election summary: received 3 responses out of 3 voters: 1 yes votes; 2 no votes. yes voters: 6d24246ef9cc47549ba9dd85693b2f36; no voters: 1ff99d2a9174432bb403135e5885e0ed, 5d4aeb5706454828989cc34fba10d8db
I20260710 13:18:13.566082  6674 raft_consensus.cc:3060] T e422b1e781564e7fb90791fdd6035083 P 6d24246ef9cc47549ba9dd85693b2f36 [term 0 FOLLOWER]: Advancing to term 1
I20260710 13:18:13.566385  6339 catalog_manager.cc:5697] T cb75141eb68d4227b7474d6603e00db3 P 1ff99d2a9174432bb403135e5885e0ed reported cstate change: term changed from 0 to 1, leader changed from <none> to 1ff99d2a9174432bb403135e5885e0ed (127.5.172.193). New cstate: current_term: 1 leader_uuid: "1ff99d2a9174432bb403135e5885e0ed" committed_config { opid_index: -1 OBSOLETE_local: false peers { permanent_uuid: "1ff99d2a9174432bb403135e5885e0ed" member_type: VOTER last_known_addr { host: "127.5.172.193" port: 40223 } health_report { overall_health: HEALTHY } } peers { permanent_uuid: "5d4aeb5706454828989cc34fba10d8db" member_type: VOTER last_known_addr { host: "127.5.172.194" port: 44019 } health_report { overall_health: UNKNOWN } } peers { permanent_uuid: "6d24246ef9cc47549ba9dd85693b2f36" member_type: VOTER last_known_addr { host: "127.5.172.195" port: 45817 } health_report { overall_health: UNKNOWN } } }
I20260710 13:18:13.567536  6633 raft_consensus.cc:359] T 79396f581eeb48699272e766dce63f66 P 6d24246ef9cc47549ba9dd85693b2f36 [term 0 FOLLOWER]: Replica starting. Triggering 0 pending ops. Active config: opid_index: -1 OBSOLETE_local: false peers { permanent_uuid: "1ff99d2a9174432bb403135e5885e0ed" member_type: VOTER last_known_addr { host: "127.5.172.193" port: 40223 } } peers { permanent_uuid: "5d4aeb5706454828989cc34fba10d8db" member_type: VOTER last_known_addr { host: "127.5.172.194" port: 44019 } } peers { permanent_uuid: "6d24246ef9cc47549ba9dd85693b2f36" member_type: VOTER last_known_addr { host: "127.5.172.195" port: 45817 } }
I20260710 13:18:13.568207  6633 raft_consensus.cc:385] T 79396f581eeb48699272e766dce63f66 P 6d24246ef9cc47549ba9dd85693b2f36 [term 0 FOLLOWER]: Consensus starting up: Expiring failure detector timer to make a prompt election more likely
I20260710 13:18:13.568464  6633 raft_consensus.cc:740] T 79396f581eeb48699272e766dce63f66 P 6d24246ef9cc47549ba9dd85693b2f36 [term 0 FOLLOWER]: Becoming Follower/Learner. State: Replica: 6d24246ef9cc47549ba9dd85693b2f36, State: Initialized, Role: FOLLOWER
I20260710 13:18:13.569103  6633 consensus_queue.cc:260] T 79396f581eeb48699272e766dce63f66 P 6d24246ef9cc47549ba9dd85693b2f36 [NON_LEADER]: Queue going to NON_LEADER mode. State: All replicated index: 0, Majority replicated index: 0, Committed index: 0, Last appended: 0.0, Last appended by leader: 0, Current term: 0, Majority size: -1, State: 0, Mode: NON_LEADER, active raft config: opid_index: -1 OBSOLETE_local: false peers { permanent_uuid: "1ff99d2a9174432bb403135e5885e0ed" member_type: VOTER last_known_addr { host: "127.5.172.193" port: 40223 } } peers { permanent_uuid: "5d4aeb5706454828989cc34fba10d8db" member_type: VOTER last_known_addr { host: "127.5.172.194" port: 44019 } } peers { permanent_uuid: "6d24246ef9cc47549ba9dd85693b2f36" member_type: VOTER last_known_addr { host: "127.5.172.195" port: 45817 } }
I20260710 13:18:13.570118  6340 catalog_manager.cc:5697] T 76eeac44f14948128bf45d30a7d4f5a7 P 5d4aeb5706454828989cc34fba10d8db reported cstate change: term changed from 0 to 1, leader changed from <none> to 5d4aeb5706454828989cc34fba10d8db (127.5.172.194). New cstate: current_term: 1 leader_uuid: "5d4aeb5706454828989cc34fba10d8db" committed_config { opid_index: -1 OBSOLETE_local: false peers { permanent_uuid: "1ff99d2a9174432bb403135e5885e0ed" member_type: VOTER last_known_addr { host: "127.5.172.193" port: 40223 } health_report { overall_health: UNKNOWN } } peers { permanent_uuid: "5d4aeb5706454828989cc34fba10d8db" member_type: VOTER last_known_addr { host: "127.5.172.194" port: 44019 } health_report { overall_health: HEALTHY } } peers { permanent_uuid: "6d24246ef9cc47549ba9dd85693b2f36" member_type: VOTER last_known_addr { host: "127.5.172.195" port: 45817 } health_report { overall_health: UNKNOWN } } }
I20260710 13:18:13.573889  6633 ts_tablet_manager.cc:1434] T 79396f581eeb48699272e766dce63f66 P 6d24246ef9cc47549ba9dd85693b2f36: Time spent starting tablet: real 0.009s	user 0.006s	sys 0.000s
I20260710 13:18:13.578562  6674 raft_consensus.cc:2749] T e422b1e781564e7fb90791fdd6035083 P 6d24246ef9cc47549ba9dd85693b2f36 [term 1 FOLLOWER]: Leader pre-election lost for term 1. Reason: could not achieve majority
I20260710 13:18:13.586992  6337 catalog_manager.cc:5697] T d8e97048217a44b6a0e8a32f680be82b P 1ff99d2a9174432bb403135e5885e0ed reported cstate change: term changed from 0 to 1, leader changed from <none> to 1ff99d2a9174432bb403135e5885e0ed (127.5.172.193). New cstate: current_term: 1 leader_uuid: "1ff99d2a9174432bb403135e5885e0ed" committed_config { opid_index: -1 OBSOLETE_local: false peers { permanent_uuid: "1ff99d2a9174432bb403135e5885e0ed" member_type: VOTER last_known_addr { host: "127.5.172.193" port: 40223 } health_report { overall_health: HEALTHY } } peers { permanent_uuid: "5d4aeb5706454828989cc34fba10d8db" member_type: VOTER last_known_addr { host: "127.5.172.194" port: 44019 } health_report { overall_health: UNKNOWN } } peers { permanent_uuid: "6d24246ef9cc47549ba9dd85693b2f36" member_type: VOTER last_known_addr { host: "127.5.172.195" port: 45817 } health_report { overall_health: UNKNOWN } } }
I20260710 13:18:13.681278  6648 raft_consensus.cc:493] T f11d35aeeb6142bf91ac0575a3ff6976 P 1ff99d2a9174432bb403135e5885e0ed [term 0 FOLLOWER]: Starting pre-election (no leader contacted us within the election timeout)
I20260710 13:18:13.681836  6648 raft_consensus.cc:515] T f11d35aeeb6142bf91ac0575a3ff6976 P 1ff99d2a9174432bb403135e5885e0ed [term 0 FOLLOWER]: Starting pre-election with config: opid_index: -1 OBSOLETE_local: false peers { permanent_uuid: "5d4aeb5706454828989cc34fba10d8db" member_type: VOTER last_known_addr { host: "127.5.172.194" port: 44019 } } peers { permanent_uuid: "1ff99d2a9174432bb403135e5885e0ed" member_type: VOTER last_known_addr { host: "127.5.172.193" port: 40223 } } peers { permanent_uuid: "6d24246ef9cc47549ba9dd85693b2f36" member_type: VOTER last_known_addr { host: "127.5.172.195" port: 45817 } }
I20260710 13:18:13.683812  6648 leader_election.cc:290] T f11d35aeeb6142bf91ac0575a3ff6976 P 1ff99d2a9174432bb403135e5885e0ed [CANDIDATE]: Term 1 pre-election: Requested pre-vote from peers 5d4aeb5706454828989cc34fba10d8db (127.5.172.194:44019), 6d24246ef9cc47549ba9dd85693b2f36 (127.5.172.195:45817)
I20260710 13:18:13.684572  6514 tablet_service.cc:1917] Received RequestConsensusVote() RPC: tablet_id: "f11d35aeeb6142bf91ac0575a3ff6976" candidate_uuid: "1ff99d2a9174432bb403135e5885e0ed" candidate_term: 1 candidate_status { last_received { term: 0 index: 0 } } ignore_live_leader: false dest_uuid: "5d4aeb5706454828989cc34fba10d8db" is_pre_election: true
I20260710 13:18:13.684831  6590 tablet_service.cc:1917] Received RequestConsensusVote() RPC: tablet_id: "f11d35aeeb6142bf91ac0575a3ff6976" candidate_uuid: "1ff99d2a9174432bb403135e5885e0ed" candidate_term: 1 candidate_status { last_received { term: 0 index: 0 } } ignore_live_leader: false dest_uuid: "6d24246ef9cc47549ba9dd85693b2f36" is_pre_election: true
I20260710 13:18:13.685281  6514 raft_consensus.cc:2393] T f11d35aeeb6142bf91ac0575a3ff6976 P 5d4aeb5706454828989cc34fba10d8db [term 1 FOLLOWER]: Leader pre-election vote request: Denying vote to candidate 1ff99d2a9174432bb403135e5885e0ed in current term 1: Already voted for candidate 6d24246ef9cc47549ba9dd85693b2f36 in this term.
I20260710 13:18:13.686257  6406 leader_election.cc:304] T f11d35aeeb6142bf91ac0575a3ff6976 P 1ff99d2a9174432bb403135e5885e0ed [CANDIDATE]: Term 1 pre-election: Election decided. Result: candidate lost. Election summary: received 3 responses out of 3 voters: 1 yes votes; 2 no votes. yes voters: 1ff99d2a9174432bb403135e5885e0ed; no voters: 5d4aeb5706454828989cc34fba10d8db, 6d24246ef9cc47549ba9dd85693b2f36
I20260710 13:18:13.686946  6648 raft_consensus.cc:3060] T f11d35aeeb6142bf91ac0575a3ff6976 P 1ff99d2a9174432bb403135e5885e0ed [term 0 FOLLOWER]: Advancing to term 1
I20260710 13:18:13.691236  6648 raft_consensus.cc:2749] T f11d35aeeb6142bf91ac0575a3ff6976 P 1ff99d2a9174432bb403135e5885e0ed [term 1 FOLLOWER]: Leader pre-election lost for term 1. Reason: could not achieve majority
I20260710 13:18:13.742214  6674 consensus_queue.cc:1048] T f11d35aeeb6142bf91ac0575a3ff6976 P 6d24246ef9cc47549ba9dd85693b2f36 [LEADER]: Connected to new peer: Peer: permanent_uuid: "5d4aeb5706454828989cc34fba10d8db" member_type: VOTER last_known_addr { host: "127.5.172.194" port: 44019 }, Status: LMP_MISMATCH, Last received: 0.0, Next index: 1, Last known committed idx: 0, Time since last communication: 0.000s
I20260710 13:18:13.754333  6674 consensus_queue.cc:1048] T f11d35aeeb6142bf91ac0575a3ff6976 P 6d24246ef9cc47549ba9dd85693b2f36 [LEADER]: Connected to new peer: Peer: permanent_uuid: "1ff99d2a9174432bb403135e5885e0ed" member_type: VOTER last_known_addr { host: "127.5.172.193" port: 40223 }, Status: LMP_MISMATCH, Last received: 0.0, Next index: 1, Last known committed idx: 0, Time since last communication: 0.001s
I20260710 13:18:13.763367  6648 consensus_queue.cc:1048] T 8ef5f50260454e1a8ad6336a6bf18c5f P 1ff99d2a9174432bb403135e5885e0ed [LEADER]: Connected to new peer: Peer: permanent_uuid: "6d24246ef9cc47549ba9dd85693b2f36" member_type: VOTER last_known_addr { host: "127.5.172.195" port: 45817 }, Status: LMP_MISMATCH, Last received: 0.0, Next index: 1, Last known committed idx: 0, Time since last communication: 0.000s
I20260710 13:18:13.775446  6667 consensus_queue.cc:1048] T 8ef5f50260454e1a8ad6336a6bf18c5f P 1ff99d2a9174432bb403135e5885e0ed [LEADER]: Connected to new peer: Peer: permanent_uuid: "5d4aeb5706454828989cc34fba10d8db" member_type: VOTER last_known_addr { host: "127.5.172.194" port: 44019 }, Status: LMP_MISMATCH, Last received: 0.0, Next index: 1, Last known committed idx: 0, Time since last communication: 0.000s
I20260710 13:18:13.790464  6667 raft_consensus.cc:493] T 79396f581eeb48699272e766dce63f66 P 1ff99d2a9174432bb403135e5885e0ed [term 0 FOLLOWER]: Starting pre-election (no leader contacted us within the election timeout)
I20260710 13:18:13.790998  6667 raft_consensus.cc:515] T 79396f581eeb48699272e766dce63f66 P 1ff99d2a9174432bb403135e5885e0ed [term 0 FOLLOWER]: Starting pre-election with config: opid_index: -1 OBSOLETE_local: false peers { permanent_uuid: "1ff99d2a9174432bb403135e5885e0ed" member_type: VOTER last_known_addr { host: "127.5.172.193" port: 40223 } } peers { permanent_uuid: "5d4aeb5706454828989cc34fba10d8db" member_type: VOTER last_known_addr { host: "127.5.172.194" port: 44019 } } peers { permanent_uuid: "6d24246ef9cc47549ba9dd85693b2f36" member_type: VOTER last_known_addr { host: "127.5.172.195" port: 45817 } }
I20260710 13:18:13.793334  6667 leader_election.cc:290] T 79396f581eeb48699272e766dce63f66 P 1ff99d2a9174432bb403135e5885e0ed [CANDIDATE]: Term 1 pre-election: Requested pre-vote from peers 5d4aeb5706454828989cc34fba10d8db (127.5.172.194:44019), 6d24246ef9cc47549ba9dd85693b2f36 (127.5.172.195:45817)
I20260710 13:18:13.793903  6514 tablet_service.cc:1917] Received RequestConsensusVote() RPC: tablet_id: "79396f581eeb48699272e766dce63f66" candidate_uuid: "1ff99d2a9174432bb403135e5885e0ed" candidate_term: 1 candidate_status { last_received { term: 0 index: 0 } } ignore_live_leader: false dest_uuid: "5d4aeb5706454828989cc34fba10d8db" is_pre_election: true
I20260710 13:18:13.794550  6514 raft_consensus.cc:2468] T 79396f581eeb48699272e766dce63f66 P 5d4aeb5706454828989cc34fba10d8db [term 0 FOLLOWER]: Leader pre-election vote request: Granting yes vote for candidate 1ff99d2a9174432bb403135e5885e0ed in term 0.
I20260710 13:18:13.794483  6590 tablet_service.cc:1917] Received RequestConsensusVote() RPC: tablet_id: "79396f581eeb48699272e766dce63f66" candidate_uuid: "1ff99d2a9174432bb403135e5885e0ed" candidate_term: 1 candidate_status { last_received { term: 0 index: 0 } } ignore_live_leader: false dest_uuid: "6d24246ef9cc47549ba9dd85693b2f36" is_pre_election: true
I20260710 13:18:13.795275  6590 raft_consensus.cc:2468] T 79396f581eeb48699272e766dce63f66 P 6d24246ef9cc47549ba9dd85693b2f36 [term 0 FOLLOWER]: Leader pre-election vote request: Granting yes vote for candidate 1ff99d2a9174432bb403135e5885e0ed in term 0.
I20260710 13:18:13.795680  6406 leader_election.cc:304] T 79396f581eeb48699272e766dce63f66 P 1ff99d2a9174432bb403135e5885e0ed [CANDIDATE]: Term 1 pre-election: Election decided. Result: candidate won. Election summary: received 2 responses out of 3 voters: 2 yes votes; 0 no votes. yes voters: 1ff99d2a9174432bb403135e5885e0ed, 5d4aeb5706454828989cc34fba10d8db; no voters: 
I20260710 13:18:13.796486  6667 raft_consensus.cc:2804] T 79396f581eeb48699272e766dce63f66 P 1ff99d2a9174432bb403135e5885e0ed [term 0 FOLLOWER]: Leader pre-election won for term 1
I20260710 13:18:13.796955  6667 raft_consensus.cc:493] T 79396f581eeb48699272e766dce63f66 P 1ff99d2a9174432bb403135e5885e0ed [term 0 FOLLOWER]: Starting leader election (no leader contacted us within the election timeout)
I20260710 13:18:13.797267  6667 raft_consensus.cc:3060] T 79396f581eeb48699272e766dce63f66 P 1ff99d2a9174432bb403135e5885e0ed [term 0 FOLLOWER]: Advancing to term 1
I20260710 13:18:13.802275  6667 raft_consensus.cc:515] T 79396f581eeb48699272e766dce63f66 P 1ff99d2a9174432bb403135e5885e0ed [term 1 FOLLOWER]: Starting leader election with config: opid_index: -1 OBSOLETE_local: false peers { permanent_uuid: "1ff99d2a9174432bb403135e5885e0ed" member_type: VOTER last_known_addr { host: "127.5.172.193" port: 40223 } } peers { permanent_uuid: "5d4aeb5706454828989cc34fba10d8db" member_type: VOTER last_known_addr { host: "127.5.172.194" port: 44019 } } peers { permanent_uuid: "6d24246ef9cc47549ba9dd85693b2f36" member_type: VOTER last_known_addr { host: "127.5.172.195" port: 45817 } }
I20260710 13:18:13.804105  6667 leader_election.cc:290] T 79396f581eeb48699272e766dce63f66 P 1ff99d2a9174432bb403135e5885e0ed [CANDIDATE]: Term 1 election: Requested vote from peers 5d4aeb5706454828989cc34fba10d8db (127.5.172.194:44019), 6d24246ef9cc47549ba9dd85693b2f36 (127.5.172.195:45817)
I20260710 13:18:13.805279  6590 tablet_service.cc:1917] Received RequestConsensusVote() RPC: tablet_id: "79396f581eeb48699272e766dce63f66" candidate_uuid: "1ff99d2a9174432bb403135e5885e0ed" candidate_term: 1 candidate_status { last_received { term: 0 index: 0 } } ignore_live_leader: false dest_uuid: "6d24246ef9cc47549ba9dd85693b2f36"
I20260710 13:18:13.805272  6514 tablet_service.cc:1917] Received RequestConsensusVote() RPC: tablet_id: "79396f581eeb48699272e766dce63f66" candidate_uuid: "1ff99d2a9174432bb403135e5885e0ed" candidate_term: 1 candidate_status { last_received { term: 0 index: 0 } } ignore_live_leader: false dest_uuid: "5d4aeb5706454828989cc34fba10d8db"
I20260710 13:18:13.806147  6590 raft_consensus.cc:3060] T 79396f581eeb48699272e766dce63f66 P 6d24246ef9cc47549ba9dd85693b2f36 [term 0 FOLLOWER]: Advancing to term 1
I20260710 13:18:13.806192  6514 raft_consensus.cc:3060] T 79396f581eeb48699272e766dce63f66 P 5d4aeb5706454828989cc34fba10d8db [term 0 FOLLOWER]: Advancing to term 1
I20260710 13:18:13.813637  6514 raft_consensus.cc:2468] T 79396f581eeb48699272e766dce63f66 P 5d4aeb5706454828989cc34fba10d8db [term 1 FOLLOWER]: Leader election vote request: Granting yes vote for candidate 1ff99d2a9174432bb403135e5885e0ed in term 1.
I20260710 13:18:13.813637  6590 raft_consensus.cc:2468] T 79396f581eeb48699272e766dce63f66 P 6d24246ef9cc47549ba9dd85693b2f36 [term 1 FOLLOWER]: Leader election vote request: Granting yes vote for candidate 1ff99d2a9174432bb403135e5885e0ed in term 1.
I20260710 13:18:13.815272  6406 leader_election.cc:304] T 79396f581eeb48699272e766dce63f66 P 1ff99d2a9174432bb403135e5885e0ed [CANDIDATE]: Term 1 election: Election decided. Result: candidate won. Election summary: received 3 responses out of 3 voters: 3 yes votes; 0 no votes. yes voters: 1ff99d2a9174432bb403135e5885e0ed, 5d4aeb5706454828989cc34fba10d8db, 6d24246ef9cc47549ba9dd85693b2f36; no voters: 
I20260710 13:18:13.816129  6667 raft_consensus.cc:2804] T 79396f581eeb48699272e766dce63f66 P 1ff99d2a9174432bb403135e5885e0ed [term 1 FOLLOWER]: Leader election won for term 1
I20260710 13:18:13.816619  6667 raft_consensus.cc:697] T 79396f581eeb48699272e766dce63f66 P 1ff99d2a9174432bb403135e5885e0ed [term 1 LEADER]: Becoming Leader. State: Replica: 1ff99d2a9174432bb403135e5885e0ed, State: Running, Role: LEADER
I20260710 13:18:13.817440  6667 consensus_queue.cc:237] T 79396f581eeb48699272e766dce63f66 P 1ff99d2a9174432bb403135e5885e0ed [LEADER]: Queue going to LEADER mode. State: All replicated index: 0, Majority replicated index: 0, Committed index: 0, Last appended: 0.0, Last appended by leader: 0, Current term: 1, Majority size: 2, State: 0, Mode: LEADER, active raft config: opid_index: -1 OBSOLETE_local: false peers { permanent_uuid: "1ff99d2a9174432bb403135e5885e0ed" member_type: VOTER last_known_addr { host: "127.5.172.193" port: 40223 } } peers { permanent_uuid: "5d4aeb5706454828989cc34fba10d8db" member_type: VOTER last_known_addr { host: "127.5.172.194" port: 44019 } } peers { permanent_uuid: "6d24246ef9cc47549ba9dd85693b2f36" member_type: VOTER last_known_addr { host: "127.5.172.195" port: 45817 } }
I20260710 13:18:13.825805  6337 catalog_manager.cc:5697] T 79396f581eeb48699272e766dce63f66 P 1ff99d2a9174432bb403135e5885e0ed reported cstate change: term changed from 0 to 1, leader changed from <none> to 1ff99d2a9174432bb403135e5885e0ed (127.5.172.193). New cstate: current_term: 1 leader_uuid: "1ff99d2a9174432bb403135e5885e0ed" committed_config { opid_index: -1 OBSOLETE_local: false peers { permanent_uuid: "1ff99d2a9174432bb403135e5885e0ed" member_type: VOTER last_known_addr { host: "127.5.172.193" port: 40223 } health_report { overall_health: HEALTHY } } peers { permanent_uuid: "5d4aeb5706454828989cc34fba10d8db" member_type: VOTER last_known_addr { host: "127.5.172.194" port: 44019 } health_report { overall_health: UNKNOWN } } peers { permanent_uuid: "6d24246ef9cc47549ba9dd85693b2f36" member_type: VOTER last_known_addr { host: "127.5.172.195" port: 45817 } health_report { overall_health: UNKNOWN } } }
I20260710 13:18:13.844430  6667 consensus_queue.cc:1048] T e422b1e781564e7fb90791fdd6035083 P 1ff99d2a9174432bb403135e5885e0ed [LEADER]: Connected to new peer: Peer: permanent_uuid: "6d24246ef9cc47549ba9dd85693b2f36" member_type: VOTER last_known_addr { host: "127.5.172.195" port: 45817 }, Status: LMP_MISMATCH, Last received: 0.0, Next index: 1, Last known committed idx: 0, Time since last communication: 0.000s
I20260710 13:18:13.859124  6703 consensus_queue.cc:1048] T e422b1e781564e7fb90791fdd6035083 P 1ff99d2a9174432bb403135e5885e0ed [LEADER]: Connected to new peer: Peer: permanent_uuid: "5d4aeb5706454828989cc34fba10d8db" member_type: VOTER last_known_addr { host: "127.5.172.194" port: 44019 }, Status: LMP_MISMATCH, Last received: 0.0, Next index: 1, Last known committed idx: 0, Time since last communication: 0.001s
I20260710 13:18:13.895248  6674 consensus_queue.cc:1048] T 82411e5efe40487a9a808a155ebc7685 P 6d24246ef9cc47549ba9dd85693b2f36 [LEADER]: Connected to new peer: Peer: permanent_uuid: "5d4aeb5706454828989cc34fba10d8db" member_type: VOTER last_known_addr { host: "127.5.172.194" port: 44019 }, Status: LMP_MISMATCH, Last received: 0.0, Next index: 1, Last known committed idx: 0, Time since last communication: 0.000s
I20260710 13:18:13.906816  6674 consensus_queue.cc:1048] T 82411e5efe40487a9a808a155ebc7685 P 6d24246ef9cc47549ba9dd85693b2f36 [LEADER]: Connected to new peer: Peer: permanent_uuid: "1ff99d2a9174432bb403135e5885e0ed" member_type: VOTER last_known_addr { host: "127.5.172.193" port: 40223 }, Status: LMP_MISMATCH, Last received: 0.0, Next index: 1, Last known committed idx: 0, Time since last communication: 0.000s
I20260710 13:18:13.937106  6675 consensus_queue.cc:1048] T 31950549e0ec46d5b4ebe3172256d779 P 5d4aeb5706454828989cc34fba10d8db [LEADER]: Connected to new peer: Peer: permanent_uuid: "6d24246ef9cc47549ba9dd85693b2f36" member_type: VOTER last_known_addr { host: "127.5.172.195" port: 45817 }, Status: LMP_MISMATCH, Last received: 0.0, Next index: 1, Last known committed idx: 0, Time since last communication: 0.000s
I20260710 13:18:13.950685  6638 consensus_queue.cc:1048] T 31950549e0ec46d5b4ebe3172256d779 P 5d4aeb5706454828989cc34fba10d8db [LEADER]: Connected to new peer: Peer: permanent_uuid: "1ff99d2a9174432bb403135e5885e0ed" member_type: VOTER last_known_addr { host: "127.5.172.193" port: 40223 }, Status: LMP_MISMATCH, Last received: 0.0, Next index: 1, Last known committed idx: 0, Time since last communication: 0.000s
I20260710 13:18:13.961961  6640 consensus_queue.cc:1048] T 95479d0e76d54e17a94d0f4ebeb77a0a P 6d24246ef9cc47549ba9dd85693b2f36 [LEADER]: Connected to new peer: Peer: permanent_uuid: "1ff99d2a9174432bb403135e5885e0ed" member_type: VOTER last_known_addr { host: "127.5.172.193" port: 40223 }, Status: LMP_MISMATCH, Last received: 0.0, Next index: 1, Last known committed idx: 0, Time since last communication: 0.000s
I20260710 13:18:13.972236  6674 consensus_queue.cc:1048] T 95479d0e76d54e17a94d0f4ebeb77a0a P 6d24246ef9cc47549ba9dd85693b2f36 [LEADER]: Connected to new peer: Peer: permanent_uuid: "5d4aeb5706454828989cc34fba10d8db" member_type: VOTER last_known_addr { host: "127.5.172.194" port: 44019 }, Status: LMP_MISMATCH, Last received: 0.0, Next index: 1, Last known committed idx: 0, Time since last communication: 0.000s
I20260710 13:18:13.993319  6703 consensus_queue.cc:1048] T cb75141eb68d4227b7474d6603e00db3 P 1ff99d2a9174432bb403135e5885e0ed [LEADER]: Connected to new peer: Peer: permanent_uuid: "5d4aeb5706454828989cc34fba10d8db" member_type: VOTER last_known_addr { host: "127.5.172.194" port: 44019 }, Status: LMP_MISMATCH, Last received: 0.0, Next index: 1, Last known committed idx: 0, Time since last communication: 0.000s
I20260710 13:18:13.997736  6668 consensus_queue.cc:1048] T cb75141eb68d4227b7474d6603e00db3 P 1ff99d2a9174432bb403135e5885e0ed [LEADER]: Connected to new peer: Peer: permanent_uuid: "6d24246ef9cc47549ba9dd85693b2f36" member_type: VOTER last_known_addr { host: "127.5.172.195" port: 45817 }, Status: LMP_MISMATCH, Last received: 0.0, Next index: 1, Last known committed idx: 0, Time since last communication: 0.001s
I20260710 13:18:14.005908  6648 consensus_queue.cc:1048] T d8e97048217a44b6a0e8a32f680be82b P 1ff99d2a9174432bb403135e5885e0ed [LEADER]: Connected to new peer: Peer: permanent_uuid: "5d4aeb5706454828989cc34fba10d8db" member_type: VOTER last_known_addr { host: "127.5.172.194" port: 44019 }, Status: LMP_MISMATCH, Last received: 0.0, Next index: 1, Last known committed idx: 0, Time since last communication: 0.001s
I20260710 13:18:14.026057  6668 consensus_queue.cc:1048] T d8e97048217a44b6a0e8a32f680be82b P 1ff99d2a9174432bb403135e5885e0ed [LEADER]: Connected to new peer: Peer: permanent_uuid: "6d24246ef9cc47549ba9dd85693b2f36" member_type: VOTER last_known_addr { host: "127.5.172.195" port: 45817 }, Status: LMP_MISMATCH, Last received: 0.0, Next index: 1, Last known committed idx: 0, Time since last communication: 0.001s
I20260710 13:18:14.085959  6638 consensus_queue.cc:1048] T 76eeac44f14948128bf45d30a7d4f5a7 P 5d4aeb5706454828989cc34fba10d8db [LEADER]: Connected to new peer: Peer: permanent_uuid: "6d24246ef9cc47549ba9dd85693b2f36" member_type: VOTER last_known_addr { host: "127.5.172.195" port: 45817 }, Status: LMP_MISMATCH, Last received: 0.0, Next index: 1, Last known committed idx: 0, Time since last communication: 0.001s
I20260710 13:18:14.091884  6591 tablet_service.cc:2072] Received LeaderStepDown RPC: tablet_id: "f11d35aeeb6142bf91ac0575a3ff6976"
dest_uuid: "6d24246ef9cc47549ba9dd85693b2f36"
mode: GRACEFUL
new_leader_uuid: "1ff99d2a9174432bb403135e5885e0ed"
 from {username='slave'} at 127.0.0.1:46772
I20260710 13:18:14.092581  6591 raft_consensus.cc:606] T f11d35aeeb6142bf91ac0575a3ff6976 P 6d24246ef9cc47549ba9dd85693b2f36 [term 1 LEADER]: Received request to transfer leadership to TS 1ff99d2a9174432bb403135e5885e0ed
I20260710 13:18:14.101598  6675 consensus_queue.cc:1048] T 76eeac44f14948128bf45d30a7d4f5a7 P 5d4aeb5706454828989cc34fba10d8db [LEADER]: Connected to new peer: Peer: permanent_uuid: "1ff99d2a9174432bb403135e5885e0ed" member_type: VOTER last_known_addr { host: "127.5.172.193" port: 40223 }, Status: LMP_MISMATCH, Last received: 0.0, Next index: 1, Last known committed idx: 0, Time since last communication: 0.000s
I20260710 13:18:14.112337  6516 tablet_service.cc:2072] Received LeaderStepDown RPC: tablet_id: "31950549e0ec46d5b4ebe3172256d779"
dest_uuid: "5d4aeb5706454828989cc34fba10d8db"
mode: GRACEFUL
new_leader_uuid: "1ff99d2a9174432bb403135e5885e0ed"
 from {username='slave'} at 127.0.0.1:54570
I20260710 13:18:14.113013  6516 raft_consensus.cc:606] T 31950549e0ec46d5b4ebe3172256d779 P 5d4aeb5706454828989cc34fba10d8db [term 1 LEADER]: Received request to transfer leadership to TS 1ff99d2a9174432bb403135e5885e0ed
I20260710 13:18:14.122282  6516 tablet_service.cc:2072] Received LeaderStepDown RPC: tablet_id: "76eeac44f14948128bf45d30a7d4f5a7"
dest_uuid: "5d4aeb5706454828989cc34fba10d8db"
mode: GRACEFUL
new_leader_uuid: "1ff99d2a9174432bb403135e5885e0ed"
 from {username='slave'} at 127.0.0.1:54570
I20260710 13:18:14.122881  6516 raft_consensus.cc:606] T 76eeac44f14948128bf45d30a7d4f5a7 P 5d4aeb5706454828989cc34fba10d8db [term 1 LEADER]: Received request to transfer leadership to TS 1ff99d2a9174432bb403135e5885e0ed
I20260710 13:18:14.130795  6590 tablet_service.cc:2072] Received LeaderStepDown RPC: tablet_id: "95479d0e76d54e17a94d0f4ebeb77a0a"
dest_uuid: "6d24246ef9cc47549ba9dd85693b2f36"
mode: GRACEFUL
new_leader_uuid: "5d4aeb5706454828989cc34fba10d8db"
 from {username='slave'} at 127.0.0.1:46772
I20260710 13:18:14.131384  6590 raft_consensus.cc:606] T 95479d0e76d54e17a94d0f4ebeb77a0a P 6d24246ef9cc47549ba9dd85693b2f36 [term 1 LEADER]: Received request to transfer leadership to TS 5d4aeb5706454828989cc34fba10d8db
I20260710 13:18:14.146648  6441 tablet_service.cc:2072] Received LeaderStepDown RPC: tablet_id: "8ef5f50260454e1a8ad6336a6bf18c5f"
dest_uuid: "1ff99d2a9174432bb403135e5885e0ed"
mode: GRACEFUL
new_leader_uuid: "5d4aeb5706454828989cc34fba10d8db"
 from {username='slave'} at 127.0.0.1:59818
I20260710 13:18:14.147238  6441 raft_consensus.cc:606] T 8ef5f50260454e1a8ad6336a6bf18c5f P 1ff99d2a9174432bb403135e5885e0ed [term 1 LEADER]: Received request to transfer leadership to TS 5d4aeb5706454828989cc34fba10d8db
I20260710 13:18:14.152892  6590 tablet_service.cc:2072] Received LeaderStepDown RPC: tablet_id: "82411e5efe40487a9a808a155ebc7685"
dest_uuid: "6d24246ef9cc47549ba9dd85693b2f36"
mode: GRACEFUL
new_leader_uuid: "5d4aeb5706454828989cc34fba10d8db"
 from {username='slave'} at 127.0.0.1:46772
I20260710 13:18:14.153434  6590 raft_consensus.cc:606] T 82411e5efe40487a9a808a155ebc7685 P 6d24246ef9cc47549ba9dd85693b2f36 [term 1 LEADER]: Received request to transfer leadership to TS 5d4aeb5706454828989cc34fba10d8db
I20260710 13:18:14.158701  6441 tablet_service.cc:2072] Received LeaderStepDown RPC: tablet_id: "d8e97048217a44b6a0e8a32f680be82b"
dest_uuid: "1ff99d2a9174432bb403135e5885e0ed"
mode: GRACEFUL
new_leader_uuid: "5d4aeb5706454828989cc34fba10d8db"
 from {username='slave'} at 127.0.0.1:59818
I20260710 13:18:14.159291  6441 raft_consensus.cc:606] T d8e97048217a44b6a0e8a32f680be82b P 1ff99d2a9174432bb403135e5885e0ed [term 1 LEADER]: Received request to transfer leadership to TS 5d4aeb5706454828989cc34fba10d8db
I20260710 13:18:14.165019  6441 tablet_service.cc:2072] Received LeaderStepDown RPC: tablet_id: "79396f581eeb48699272e766dce63f66"
dest_uuid: "1ff99d2a9174432bb403135e5885e0ed"
mode: GRACEFUL
new_leader_uuid: "6d24246ef9cc47549ba9dd85693b2f36"
 from {username='slave'} at 127.0.0.1:59818
I20260710 13:18:14.165486  6441 raft_consensus.cc:606] T 79396f581eeb48699272e766dce63f66 P 1ff99d2a9174432bb403135e5885e0ed [term 1 LEADER]: Received request to transfer leadership to TS 6d24246ef9cc47549ba9dd85693b2f36
I20260710 13:18:14.225802  6640 raft_consensus.cc:993] T f11d35aeeb6142bf91ac0575a3ff6976 P 6d24246ef9cc47549ba9dd85693b2f36: : Instructing follower 1ff99d2a9174432bb403135e5885e0ed to start an election
I20260710 13:18:14.226282  6674 raft_consensus.cc:1081] T f11d35aeeb6142bf91ac0575a3ff6976 P 6d24246ef9cc47549ba9dd85693b2f36 [term 1 LEADER]: Signalling peer 1ff99d2a9174432bb403135e5885e0ed to start an election
I20260710 13:18:14.228045  6441 tablet_service.cc:2044] Received Run Leader Election RPC: tablet_id: "f11d35aeeb6142bf91ac0575a3ff6976"
dest_uuid: "1ff99d2a9174432bb403135e5885e0ed"
 from {username='slave'} at 127.0.0.1:59804
I20260710 13:18:14.228607  6441 raft_consensus.cc:493] T f11d35aeeb6142bf91ac0575a3ff6976 P 1ff99d2a9174432bb403135e5885e0ed [term 1 FOLLOWER]: Starting forced leader election (received explicit request)
I20260710 13:18:14.229046  6441 raft_consensus.cc:3060] T f11d35aeeb6142bf91ac0575a3ff6976 P 1ff99d2a9174432bb403135e5885e0ed [term 1 FOLLOWER]: Advancing to term 2
I20260710 13:18:14.235503  6441 raft_consensus.cc:515] T f11d35aeeb6142bf91ac0575a3ff6976 P 1ff99d2a9174432bb403135e5885e0ed [term 2 FOLLOWER]: Starting forced leader election with config: opid_index: -1 OBSOLETE_local: false peers { permanent_uuid: "5d4aeb5706454828989cc34fba10d8db" member_type: VOTER last_known_addr { host: "127.5.172.194" port: 44019 } } peers { permanent_uuid: "1ff99d2a9174432bb403135e5885e0ed" member_type: VOTER last_known_addr { host: "127.5.172.193" port: 40223 } } peers { permanent_uuid: "6d24246ef9cc47549ba9dd85693b2f36" member_type: VOTER last_known_addr { host: "127.5.172.195" port: 45817 } }
