I20260710 13:18:45.827229 12308 catalog_manager.cc:5697] T 92ae520a52a142179c5e20d5d088a9ec P dc2f4de7db3b49a6aeabb09e7695127a reported cstate change: term changed from 1 to 2, leader changed from 2e33c07b6a4445e8a058675dc16d143a (127.11.6.194) to dc2f4de7db3b49a6aeabb09e7695127a (127.11.6.196). New cstate: current_term: 2 leader_uuid: "dc2f4de7db3b49a6aeabb09e7695127a" committed_config { opid_index: 4 OBSOLETE_local: false peers { permanent_uuid: "2e33c07b6a4445e8a058675dc16d143a" member_type: VOTER last_known_addr { host: "127.11.6.194" port: 39015 } health_report { overall_health: UNKNOWN } } peers { permanent_uuid: "59072830105b44f6b23be4395049160b" member_type: VOTER last_known_addr { host: "127.11.6.195" port: 34265 } health_report { overall_health: UNKNOWN } } peers { permanent_uuid: "dc2f4de7db3b49a6aeabb09e7695127a" member_type: VOTER last_known_addr { host: "127.11.6.196" port: 41019 } attrs { promote: false } health_report { overall_health: HEALTHY } } }
I20260710 13:18:45.882596 13218 raft_consensus.cc:993] T a8b048b38f4a48d3a2f34084c41033e0 P 2e33c07b6a4445e8a058675dc16d143a: : Instructing follower dc2f4de7db3b49a6aeabb09e7695127a to start an election
I20260710 13:18:45.883044 13218 raft_consensus.cc:1081] T a8b048b38f4a48d3a2f34084c41033e0 P 2e33c07b6a4445e8a058675dc16d143a [term 1 LEADER]: Signalling peer dc2f4de7db3b49a6aeabb09e7695127a to start an election
I20260710 13:18:45.884593 12829 tablet_service.cc:2044] Received Run Leader Election RPC: tablet_id: "a8b048b38f4a48d3a2f34084c41033e0"
dest_uuid: "dc2f4de7db3b49a6aeabb09e7695127a"
 from {username='slave'} at 127.0.0.1:37280
I20260710 13:18:45.885219 12829 raft_consensus.cc:493] T a8b048b38f4a48d3a2f34084c41033e0 P dc2f4de7db3b49a6aeabb09e7695127a [term 1 FOLLOWER]: Starting forced leader election (received explicit request)
I20260710 13:18:45.885617 12829 raft_consensus.cc:3060] T a8b048b38f4a48d3a2f34084c41033e0 P dc2f4de7db3b49a6aeabb09e7695127a [term 1 FOLLOWER]: Advancing to term 2
I20260710 13:18:45.893301 12829 raft_consensus.cc:515] T a8b048b38f4a48d3a2f34084c41033e0 P dc2f4de7db3b49a6aeabb09e7695127a [term 2 FOLLOWER]: Starting forced leader election with config: opid_index: 4 OBSOLETE_local: false peers { permanent_uuid: "520b7acf99f241a3981265db41e690b6" member_type: VOTER last_known_addr { host: "127.11.6.193" port: 42705 } } peers { permanent_uuid: "2e33c07b6a4445e8a058675dc16d143a" member_type: VOTER last_known_addr { host: "127.11.6.194" port: 39015 } } peers { permanent_uuid: "dc2f4de7db3b49a6aeabb09e7695127a" member_type: VOTER last_known_addr { host: "127.11.6.196" port: 41019 } attrs { promote: false } }
I20260710 13:18:45.895902 12829 leader_election.cc:290] T a8b048b38f4a48d3a2f34084c41033e0 P dc2f4de7db3b49a6aeabb09e7695127a [CANDIDATE]: Term 2 election: Requested vote from peers 520b7acf99f241a3981265db41e690b6 (127.11.6.193:42705), 2e33c07b6a4445e8a058675dc16d143a (127.11.6.194:39015)
I20260710 13:18:45.896183 12410 tablet_service.cc:1917] Received RequestConsensusVote() RPC: tablet_id: "a8b048b38f4a48d3a2f34084c41033e0" candidate_uuid: "dc2f4de7db3b49a6aeabb09e7695127a" candidate_term: 2 candidate_status { last_received { term: 1 index: 4 } } ignore_live_leader: true dest_uuid: "520b7acf99f241a3981265db41e690b6"
I20260710 13:18:45.896430 12488 tablet_service.cc:1917] Received RequestConsensusVote() RPC: tablet_id: "a8b048b38f4a48d3a2f34084c41033e0" candidate_uuid: "dc2f4de7db3b49a6aeabb09e7695127a" candidate_term: 2 candidate_status { last_received { term: 1 index: 4 } } ignore_live_leader: true dest_uuid: "2e33c07b6a4445e8a058675dc16d143a"
I20260710 13:18:45.896858 12410 raft_consensus.cc:3060] T a8b048b38f4a48d3a2f34084c41033e0 P 520b7acf99f241a3981265db41e690b6 [term 1 FOLLOWER]: Advancing to term 2
I20260710 13:18:45.896925 12488 raft_consensus.cc:3055] T a8b048b38f4a48d3a2f34084c41033e0 P 2e33c07b6a4445e8a058675dc16d143a [term 1 LEADER]: Stepping down as leader of term 1
I20260710 13:18:45.897266 12488 raft_consensus.cc:740] T a8b048b38f4a48d3a2f34084c41033e0 P 2e33c07b6a4445e8a058675dc16d143a [term 1 LEADER]: Becoming Follower/Learner. State: Replica: 2e33c07b6a4445e8a058675dc16d143a, State: Running, Role: LEADER
I20260710 13:18:45.898010 12488 consensus_queue.cc:260] T a8b048b38f4a48d3a2f34084c41033e0 P 2e33c07b6a4445e8a058675dc16d143a [NON_LEADER]: Queue going to NON_LEADER mode. State: All replicated index: 0, Majority replicated index: 4, Committed index: 4, Last appended: 1.4, Last appended by leader: 4, Current term: 1, Majority size: -1, State: 0, Mode: NON_LEADER, active raft config: opid_index: 4 OBSOLETE_local: false peers { permanent_uuid: "520b7acf99f241a3981265db41e690b6" member_type: VOTER last_known_addr { host: "127.11.6.193" port: 42705 } } peers { permanent_uuid: "2e33c07b6a4445e8a058675dc16d143a" member_type: VOTER last_known_addr { host: "127.11.6.194" port: 39015 } } peers { permanent_uuid: "dc2f4de7db3b49a6aeabb09e7695127a" member_type: VOTER last_known_addr { host: "127.11.6.196" port: 41019 } attrs { promote: false } }
I20260710 13:18:45.899183 12488 raft_consensus.cc:3060] T a8b048b38f4a48d3a2f34084c41033e0 P 2e33c07b6a4445e8a058675dc16d143a [term 1 FOLLOWER]: Advancing to term 2
I20260710 13:18:45.903053 12410 raft_consensus.cc:2468] T a8b048b38f4a48d3a2f34084c41033e0 P 520b7acf99f241a3981265db41e690b6 [term 2 FOLLOWER]: Leader election vote request: Granting yes vote for candidate dc2f4de7db3b49a6aeabb09e7695127a in term 2.
I20260710 13:18:45.904135 12794 leader_election.cc:304] T a8b048b38f4a48d3a2f34084c41033e0 P dc2f4de7db3b49a6aeabb09e7695127a [CANDIDATE]: Term 2 election: Election decided. Result: candidate won. Election summary: received 2 responses out of 3 voters: 2 yes votes; 0 no votes. yes voters: 520b7acf99f241a3981265db41e690b6, dc2f4de7db3b49a6aeabb09e7695127a; no voters: 
I20260710 13:18:45.904983 13210 raft_consensus.cc:2804] T a8b048b38f4a48d3a2f34084c41033e0 P dc2f4de7db3b49a6aeabb09e7695127a [term 2 FOLLOWER]: Leader election won for term 2
I20260710 13:18:45.906036 13210 raft_consensus.cc:697] T a8b048b38f4a48d3a2f34084c41033e0 P dc2f4de7db3b49a6aeabb09e7695127a [term 2 LEADER]: Becoming Leader. State: Replica: dc2f4de7db3b49a6aeabb09e7695127a, State: Running, Role: LEADER
I20260710 13:18:45.906242 12488 raft_consensus.cc:2468] T a8b048b38f4a48d3a2f34084c41033e0 P 2e33c07b6a4445e8a058675dc16d143a [term 2 FOLLOWER]: Leader election vote request: Granting yes vote for candidate dc2f4de7db3b49a6aeabb09e7695127a in term 2.
I20260710 13:18:45.907068 13210 consensus_queue.cc:237] T a8b048b38f4a48d3a2f34084c41033e0 P dc2f4de7db3b49a6aeabb09e7695127a [LEADER]: Queue going to LEADER mode. State: All replicated index: 0, Majority replicated index: 4, Committed index: 4, Last appended: 1.4, Last appended by leader: 4, Current term: 2, Majority size: 2, State: 0, Mode: LEADER, active raft config: opid_index: 4 OBSOLETE_local: false peers { permanent_uuid: "520b7acf99f241a3981265db41e690b6" member_type: VOTER last_known_addr { host: "127.11.6.193" port: 42705 } } peers { permanent_uuid: "2e33c07b6a4445e8a058675dc16d143a" member_type: VOTER last_known_addr { host: "127.11.6.194" port: 39015 } } peers { permanent_uuid: "dc2f4de7db3b49a6aeabb09e7695127a" member_type: VOTER last_known_addr { host: "127.11.6.196" port: 41019 } attrs { promote: false } }
I20260710 13:18:45.915099 12308 catalog_manager.cc:5697] T a8b048b38f4a48d3a2f34084c41033e0 P dc2f4de7db3b49a6aeabb09e7695127a reported cstate change: term changed from 1 to 2, leader changed from 2e33c07b6a4445e8a058675dc16d143a (127.11.6.194) to dc2f4de7db3b49a6aeabb09e7695127a (127.11.6.196). New cstate: current_term: 2 leader_uuid: "dc2f4de7db3b49a6aeabb09e7695127a" committed_config { opid_index: 4 OBSOLETE_local: false peers { permanent_uuid: "520b7acf99f241a3981265db41e690b6" member_type: VOTER last_known_addr { host: "127.11.6.193" port: 42705 } health_report { overall_health: UNKNOWN } } peers { permanent_uuid: "2e33c07b6a4445e8a058675dc16d143a" member_type: VOTER last_known_addr { host: "127.11.6.194" port: 39015 } health_report { overall_health: UNKNOWN } } peers { permanent_uuid: "dc2f4de7db3b49a6aeabb09e7695127a" member_type: VOTER last_known_addr { host: "127.11.6.196" port: 41019 } attrs { promote: false } health_report { overall_health: HEALTHY } } }
I20260710 13:18:46.018875 12410 raft_consensus.cc:1275] T b79b19cc50304af4b51e501b7251cbcd P 520b7acf99f241a3981265db41e690b6 [term 2 FOLLOWER]: Refusing update from remote peer 59072830105b44f6b23be4395049160b: Log matching property violated. Preceding OpId in replica: term: 1 index: 1. Preceding OpId from leader: term: 2 index: 2. (index mismatch)
I20260710 13:18:46.020293 13208 consensus_queue.cc:1048] T b79b19cc50304af4b51e501b7251cbcd P 59072830105b44f6b23be4395049160b [LEADER]: Connected to new peer: Peer: permanent_uuid: "520b7acf99f241a3981265db41e690b6" member_type: VOTER last_known_addr { host: "127.11.6.193" port: 42705 }, Status: LMP_MISMATCH, Last received: 0.0, Next index: 2, Last known committed idx: 1, Time since last communication: 0.001s
I20260710 13:18:46.033942 12488 raft_consensus.cc:1275] T b79b19cc50304af4b51e501b7251cbcd P 2e33c07b6a4445e8a058675dc16d143a [term 2 FOLLOWER]: Refusing update from remote peer 59072830105b44f6b23be4395049160b: Log matching property violated. Preceding OpId in replica: term: 1 index: 1. Preceding OpId from leader: term: 2 index: 2. (index mismatch)
I20260710 13:18:46.035673 13207 consensus_queue.cc:1048] T b79b19cc50304af4b51e501b7251cbcd P 59072830105b44f6b23be4395049160b [LEADER]: Connected to new peer: Peer: permanent_uuid: "2e33c07b6a4445e8a058675dc16d143a" member_type: VOTER last_known_addr { host: "127.11.6.194" port: 39015 }, Status: LMP_MISMATCH, Last received: 0.0, Next index: 2, Last known committed idx: 1, Time since last communication: 0.001s
I20260710 13:18:46.069381 12488 raft_consensus.cc:1275] T e68b8e2fa2e44b8a907a7fe305e6771f P 2e33c07b6a4445e8a058675dc16d143a [term 2 FOLLOWER]: Refusing update from remote peer dc2f4de7db3b49a6aeabb09e7695127a: Log matching property violated. Preceding OpId in replica: term: 1 index: 4. Preceding OpId from leader: term: 2 index: 5. (index mismatch)
I20260710 13:18:46.070619 13210 consensus_queue.cc:1048] T e68b8e2fa2e44b8a907a7fe305e6771f P dc2f4de7db3b49a6aeabb09e7695127a [LEADER]: Connected to new peer: Peer: permanent_uuid: "2e33c07b6a4445e8a058675dc16d143a" member_type: VOTER last_known_addr { host: "127.11.6.194" port: 39015 }, Status: LMP_MISMATCH, Last received: 0.0, Next index: 5, Last known committed idx: 4, Time since last communication: 0.000s
I20260710 13:18:46.086294 12556 raft_consensus.cc:1275] T e68b8e2fa2e44b8a907a7fe305e6771f P 59072830105b44f6b23be4395049160b [term 2 FOLLOWER]: Refusing update from remote peer dc2f4de7db3b49a6aeabb09e7695127a: Log matching property violated. Preceding OpId in replica: term: 1 index: 4. Preceding OpId from leader: term: 2 index: 5. (index mismatch)
I20260710 13:18:46.088887 13213 consensus_queue.cc:1048] T e68b8e2fa2e44b8a907a7fe305e6771f P dc2f4de7db3b49a6aeabb09e7695127a [LEADER]: Connected to new peer: Peer: permanent_uuid: "59072830105b44f6b23be4395049160b" member_type: VOTER last_known_addr { host: "127.11.6.195" port: 34265 }, Status: LMP_MISMATCH, Last received: 0.0, Next index: 5, Last known committed idx: 4, Time since last communication: 0.001s
I20260710 13:18:46.213342 12556 raft_consensus.cc:1275] T 92ae520a52a142179c5e20d5d088a9ec P 59072830105b44f6b23be4395049160b [term 2 FOLLOWER]: Refusing update from remote peer dc2f4de7db3b49a6aeabb09e7695127a: Log matching property violated. Preceding OpId in replica: term: 1 index: 4. Preceding OpId from leader: term: 2 index: 5. (index mismatch)
I20260710 13:18:46.214452 13213 consensus_queue.cc:1048] T 92ae520a52a142179c5e20d5d088a9ec P dc2f4de7db3b49a6aeabb09e7695127a [LEADER]: Connected to new peer: Peer: permanent_uuid: "59072830105b44f6b23be4395049160b" member_type: VOTER last_known_addr { host: "127.11.6.195" port: 34265 }, Status: LMP_MISMATCH, Last received: 0.0, Next index: 5, Last known committed idx: 4, Time since last communication: 0.000s
I20260710 13:18:46.226318 12488 raft_consensus.cc:1275] T 92ae520a52a142179c5e20d5d088a9ec P 2e33c07b6a4445e8a058675dc16d143a [term 2 FOLLOWER]: Refusing update from remote peer dc2f4de7db3b49a6aeabb09e7695127a: Log matching property violated. Preceding OpId in replica: term: 1 index: 4. Preceding OpId from leader: term: 2 index: 5. (index mismatch)
I20260710 13:18:46.228739 13230 consensus_queue.cc:1048] T 92ae520a52a142179c5e20d5d088a9ec P dc2f4de7db3b49a6aeabb09e7695127a [LEADER]: Connected to new peer: Peer: permanent_uuid: "2e33c07b6a4445e8a058675dc16d143a" member_type: VOTER last_known_addr { host: "127.11.6.194" port: 39015 }, Status: LMP_MISMATCH, Last received: 0.0, Next index: 5, Last known committed idx: 4, Time since last communication: 0.001s
I20260710 13:18:46.288245 12410 raft_consensus.cc:1275] T a8b048b38f4a48d3a2f34084c41033e0 P 520b7acf99f241a3981265db41e690b6 [term 2 FOLLOWER]: Refusing update from remote peer dc2f4de7db3b49a6aeabb09e7695127a: Log matching property violated. Preceding OpId in replica: term: 1 index: 4. Preceding OpId from leader: term: 2 index: 5. (index mismatch)
I20260710 13:18:46.289462 13230 consensus_queue.cc:1048] T a8b048b38f4a48d3a2f34084c41033e0 P dc2f4de7db3b49a6aeabb09e7695127a [LEADER]: Connected to new peer: Peer: permanent_uuid: "520b7acf99f241a3981265db41e690b6" member_type: VOTER last_known_addr { host: "127.11.6.193" port: 42705 }, Status: LMP_MISMATCH, Last received: 0.0, Next index: 5, Last known committed idx: 4, Time since last communication: 0.000s
I20260710 13:18:46.299383 12488 raft_consensus.cc:1275] T a8b048b38f4a48d3a2f34084c41033e0 P 2e33c07b6a4445e8a058675dc16d143a [term 2 FOLLOWER]: Refusing update from remote peer dc2f4de7db3b49a6aeabb09e7695127a: Log matching property violated. Preceding OpId in replica: term: 1 index: 4. Preceding OpId from leader: term: 2 index: 5. (index mismatch)
I20260710 13:18:46.300947 13230 consensus_queue.cc:1048] T a8b048b38f4a48d3a2f34084c41033e0 P dc2f4de7db3b49a6aeabb09e7695127a [LEADER]: Connected to new peer: Peer: permanent_uuid: "2e33c07b6a4445e8a058675dc16d143a" member_type: VOTER last_known_addr { host: "127.11.6.194" port: 39015 }, Status: LMP_MISMATCH, Last received: 0.0, Next index: 5, Last known committed idx: 4, Time since last communication: 0.001s
I20260710 13:18:46.325181 12410 raft_consensus.cc:1275] T 213b5674014247249dcac82741ea7a09 P 520b7acf99f241a3981265db41e690b6 [term 2 FOLLOWER]: Refusing update from remote peer dc2f4de7db3b49a6aeabb09e7695127a: Log matching property violated. Preceding OpId in replica: term: 1 index: 4. Preceding OpId from leader: term: 2 index: 5. (index mismatch)
I20260710 13:18:46.326272 13230 consensus_queue.cc:1048] T 213b5674014247249dcac82741ea7a09 P dc2f4de7db3b49a6aeabb09e7695127a [LEADER]: Connected to new peer: Peer: permanent_uuid: "520b7acf99f241a3981265db41e690b6" member_type: VOTER last_known_addr { host: "127.11.6.193" port: 42705 }, Status: LMP_MISMATCH, Last received: 0.0, Next index: 5, Last known committed idx: 4, Time since last communication: 0.000s
I20260710 13:18:46.334509 12556 raft_consensus.cc:1275] T 213b5674014247249dcac82741ea7a09 P 59072830105b44f6b23be4395049160b [term 2 FOLLOWER]: Refusing update from remote peer dc2f4de7db3b49a6aeabb09e7695127a: Log matching property violated. Preceding OpId in replica: term: 1 index: 4. Preceding OpId from leader: term: 2 index: 5. (index mismatch)
I20260710 13:18:46.335758 13230 consensus_queue.cc:1048] T 213b5674014247249dcac82741ea7a09 P dc2f4de7db3b49a6aeabb09e7695127a [LEADER]: Connected to new peer: Peer: permanent_uuid: "59072830105b44f6b23be4395049160b" member_type: VOTER last_known_addr { host: "127.11.6.195" port: 34265 }, Status: LMP_MISMATCH, Last received: 0.0, Next index: 5, Last known committed idx: 4, Time since last communication: 0.000s
I20260710 13:18:46.491402 11291 auto_leader_rebalancer.cc:141] leader rebalance for table test-workload
I20260710 13:18:46.505299 11291 auto_leader_rebalancer.cc:141] leader rebalance for table test-workload
I20260710 13:18:46.519104 12410 tablet_service.cc:2072] Received LeaderStepDown RPC: tablet_id: "01f4d59608b44ceba315f02fd3673e2d"
dest_uuid: "520b7acf99f241a3981265db41e690b6"
mode: GRACEFUL
new_leader_uuid: "dc2f4de7db3b49a6aeabb09e7695127a"
 from {username='slave'} at 127.0.0.1:40496
I20260710 13:18:46.520136 12410 raft_consensus.cc:606] T 01f4d59608b44ceba315f02fd3673e2d P 520b7acf99f241a3981265db41e690b6 [term 1 LEADER]: Received request to transfer leadership to TS dc2f4de7db3b49a6aeabb09e7695127a
I20260710 13:18:46.522817 12410 tablet_service.cc:2072] Received LeaderStepDown RPC: tablet_id: "206a8492d6024f8c9f4fd518646f4368"
dest_uuid: "520b7acf99f241a3981265db41e690b6"
mode: GRACEFUL
new_leader_uuid: "59072830105b44f6b23be4395049160b"
 from {username='slave'} at 127.0.0.1:40496
I20260710 13:18:46.523242 12410 raft_consensus.cc:606] T 206a8492d6024f8c9f4fd518646f4368 P 520b7acf99f241a3981265db41e690b6 [term 1 LEADER]: Received request to transfer leadership to TS 59072830105b44f6b23be4395049160b
I20260710 13:18:46.525535 12410 tablet_service.cc:2072] Received LeaderStepDown RPC: tablet_id: "ce92cac3dedb4f7dbceae01ff02657a4"
dest_uuid: "520b7acf99f241a3981265db41e690b6"
mode: GRACEFUL
new_leader_uuid: "dc2f4de7db3b49a6aeabb09e7695127a"
 from {username='slave'} at 127.0.0.1:40496
I20260710 13:18:46.525950 12410 raft_consensus.cc:606] T ce92cac3dedb4f7dbceae01ff02657a4 P 520b7acf99f241a3981265db41e690b6 [term 1 LEADER]: Received request to transfer leadership to TS dc2f4de7db3b49a6aeabb09e7695127a
I20260710 13:18:46.526965 11291 auto_leader_rebalancer.cc:479] table: test-workload, leader rebalance finish, leader transfer count: 3
I20260710 13:18:46.527587 11291 auto_leader_rebalancer.cc:554] All tables' leader rebalancing finished this round
I20260710 13:18:46.728039 13237 raft_consensus.cc:993] T 01f4d59608b44ceba315f02fd3673e2d P 520b7acf99f241a3981265db41e690b6: : Instructing follower dc2f4de7db3b49a6aeabb09e7695127a to start an election
I20260710 13:18:46.728561 13192 raft_consensus.cc:1081] T 01f4d59608b44ceba315f02fd3673e2d P 520b7acf99f241a3981265db41e690b6 [term 1 LEADER]: Signalling peer dc2f4de7db3b49a6aeabb09e7695127a to start an election
I20260710 13:18:46.729843 12829 tablet_service.cc:2044] Received Run Leader Election RPC: tablet_id: "01f4d59608b44ceba315f02fd3673e2d"
dest_uuid: "dc2f4de7db3b49a6aeabb09e7695127a"
 from {username='slave'} at 127.0.0.1:37288
I20260710 13:18:46.730268 12829 raft_consensus.cc:493] T 01f4d59608b44ceba315f02fd3673e2d P dc2f4de7db3b49a6aeabb09e7695127a [term 1 FOLLOWER]: Starting forced leader election (received explicit request)
I20260710 13:18:46.730549 12829 raft_consensus.cc:3060] T 01f4d59608b44ceba315f02fd3673e2d P dc2f4de7db3b49a6aeabb09e7695127a [term 1 FOLLOWER]: Advancing to term 2
I20260710 13:18:46.734990 12829 raft_consensus.cc:515] T 01f4d59608b44ceba315f02fd3673e2d P dc2f4de7db3b49a6aeabb09e7695127a [term 2 FOLLOWER]: Starting forced leader election with config: opid_index: 4 OBSOLETE_local: false peers { permanent_uuid: "520b7acf99f241a3981265db41e690b6" member_type: VOTER last_known_addr { host: "127.11.6.193" port: 42705 } } peers { permanent_uuid: "2e33c07b6a4445e8a058675dc16d143a" member_type: VOTER last_known_addr { host: "127.11.6.194" port: 39015 } } peers { permanent_uuid: "dc2f4de7db3b49a6aeabb09e7695127a" member_type: VOTER last_known_addr { host: "127.11.6.196" port: 41019 } attrs { promote: false } }
I20260710 13:18:46.736814 12829 leader_election.cc:290] T 01f4d59608b44ceba315f02fd3673e2d P dc2f4de7db3b49a6aeabb09e7695127a [CANDIDATE]: Term 2 election: Requested vote from peers 520b7acf99f241a3981265db41e690b6 (127.11.6.193:42705), 2e33c07b6a4445e8a058675dc16d143a (127.11.6.194:39015)
I20260710 13:18:46.738122 12488 tablet_service.cc:1917] Received RequestConsensusVote() RPC: tablet_id: "01f4d59608b44ceba315f02fd3673e2d" candidate_uuid: "dc2f4de7db3b49a6aeabb09e7695127a" candidate_term: 2 candidate_status { last_received { term: 1 index: 4 } } ignore_live_leader: true dest_uuid: "2e33c07b6a4445e8a058675dc16d143a"
I20260710 13:18:46.738690 12488 raft_consensus.cc:3060] T 01f4d59608b44ceba315f02fd3673e2d P 2e33c07b6a4445e8a058675dc16d143a [term 1 FOLLOWER]: Advancing to term 2
I20260710 13:18:46.738878 12410 tablet_service.cc:1917] Received RequestConsensusVote() RPC: tablet_id: "01f4d59608b44ceba315f02fd3673e2d" candidate_uuid: "dc2f4de7db3b49a6aeabb09e7695127a" candidate_term: 2 candidate_status { last_received { term: 1 index: 4 } } ignore_live_leader: true dest_uuid: "520b7acf99f241a3981265db41e690b6"
I20260710 13:18:46.739446 12410 raft_consensus.cc:3055] T 01f4d59608b44ceba315f02fd3673e2d P 520b7acf99f241a3981265db41e690b6 [term 1 LEADER]: Stepping down as leader of term 1
I20260710 13:18:46.739758 12410 raft_consensus.cc:740] T 01f4d59608b44ceba315f02fd3673e2d P 520b7acf99f241a3981265db41e690b6 [term 1 LEADER]: Becoming Follower/Learner. State: Replica: 520b7acf99f241a3981265db41e690b6, State: Running, Role: LEADER
I20260710 13:18:46.740481 12410 consensus_queue.cc:260] T 01f4d59608b44ceba315f02fd3673e2d P 520b7acf99f241a3981265db41e690b6 [NON_LEADER]: Queue going to NON_LEADER mode. State: All replicated index: 0, Majority replicated index: 4, Committed index: 4, Last appended: 1.4, Last appended by leader: 4, Current term: 1, Majority size: -1, State: 0, Mode: NON_LEADER, active raft config: opid_index: 4 OBSOLETE_local: false peers { permanent_uuid: "520b7acf99f241a3981265db41e690b6" member_type: VOTER last_known_addr { host: "127.11.6.193" port: 42705 } } peers { permanent_uuid: "2e33c07b6a4445e8a058675dc16d143a" member_type: VOTER last_known_addr { host: "127.11.6.194" port: 39015 } } peers { permanent_uuid: "dc2f4de7db3b49a6aeabb09e7695127a" member_type: VOTER last_known_addr { host: "127.11.6.196" port: 41019 } attrs { promote: false } }
I20260710 13:18:46.741591 12410 raft_consensus.cc:3060] T 01f4d59608b44ceba315f02fd3673e2d P 520b7acf99f241a3981265db41e690b6 [term 1 FOLLOWER]: Advancing to term 2
I20260710 13:18:46.744987 12488 raft_consensus.cc:2468] T 01f4d59608b44ceba315f02fd3673e2d P 2e33c07b6a4445e8a058675dc16d143a [term 2 FOLLOWER]: Leader election vote request: Granting yes vote for candidate dc2f4de7db3b49a6aeabb09e7695127a in term 2.
I20260710 13:18:46.746210 12793 leader_election.cc:304] T 01f4d59608b44ceba315f02fd3673e2d P dc2f4de7db3b49a6aeabb09e7695127a [CANDIDATE]: Term 2 election: Election decided. Result: candidate won. Election summary: received 2 responses out of 3 voters: 2 yes votes; 0 no votes. yes voters: 2e33c07b6a4445e8a058675dc16d143a, dc2f4de7db3b49a6aeabb09e7695127a; no voters: 
I20260710 13:18:46.747207 13213 raft_consensus.cc:2804] T 01f4d59608b44ceba315f02fd3673e2d P dc2f4de7db3b49a6aeabb09e7695127a [term 2 FOLLOWER]: Leader election won for term 2
I20260710 13:18:46.747673 13213 raft_consensus.cc:697] T 01f4d59608b44ceba315f02fd3673e2d P dc2f4de7db3b49a6aeabb09e7695127a [term 2 LEADER]: Becoming Leader. State: Replica: dc2f4de7db3b49a6aeabb09e7695127a, State: Running, Role: LEADER
I20260710 13:18:46.747751 12410 raft_consensus.cc:2468] T 01f4d59608b44ceba315f02fd3673e2d P 520b7acf99f241a3981265db41e690b6 [term 2 FOLLOWER]: Leader election vote request: Granting yes vote for candidate dc2f4de7db3b49a6aeabb09e7695127a in term 2.
I20260710 13:18:46.748622 13213 consensus_queue.cc:237] T 01f4d59608b44ceba315f02fd3673e2d P dc2f4de7db3b49a6aeabb09e7695127a [LEADER]: Queue going to LEADER mode. State: All replicated index: 0, Majority replicated index: 4, Committed index: 4, Last appended: 1.4, Last appended by leader: 4, Current term: 2, Majority size: 2, State: 0, Mode: LEADER, active raft config: opid_index: 4 OBSOLETE_local: false peers { permanent_uuid: "520b7acf99f241a3981265db41e690b6" member_type: VOTER last_known_addr { host: "127.11.6.193" port: 42705 } } peers { permanent_uuid: "2e33c07b6a4445e8a058675dc16d143a" member_type: VOTER last_known_addr { host: "127.11.6.194" port: 39015 } } peers { permanent_uuid: "dc2f4de7db3b49a6aeabb09e7695127a" member_type: VOTER last_known_addr { host: "127.11.6.196" port: 41019 } attrs { promote: false } }
I20260710 13:18:46.756563 12308 catalog_manager.cc:5697] T 01f4d59608b44ceba315f02fd3673e2d P dc2f4de7db3b49a6aeabb09e7695127a reported cstate change: term changed from 1 to 2, leader changed from 520b7acf99f241a3981265db41e690b6 (127.11.6.193) to dc2f4de7db3b49a6aeabb09e7695127a (127.11.6.196). New cstate: current_term: 2 leader_uuid: "dc2f4de7db3b49a6aeabb09e7695127a" committed_config { opid_index: 4 OBSOLETE_local: false peers { permanent_uuid: "520b7acf99f241a3981265db41e690b6" member_type: VOTER last_known_addr { host: "127.11.6.193" port: 42705 } health_report { overall_health: UNKNOWN } } peers { permanent_uuid: "2e33c07b6a4445e8a058675dc16d143a" member_type: VOTER last_known_addr { host: "127.11.6.194" port: 39015 } health_report { overall_health: UNKNOWN } } peers { permanent_uuid: "dc2f4de7db3b49a6aeabb09e7695127a" member_type: VOTER last_known_addr { host: "127.11.6.196" port: 41019 } attrs { promote: false } health_report { overall_health: HEALTHY } } }
I20260710 13:18:46.942848 13192 raft_consensus.cc:993] T ce92cac3dedb4f7dbceae01ff02657a4 P 520b7acf99f241a3981265db41e690b6: : Instructing follower dc2f4de7db3b49a6aeabb09e7695127a to start an election
I20260710 13:18:46.943317 13237 raft_consensus.cc:1081] T ce92cac3dedb4f7dbceae01ff02657a4 P 520b7acf99f241a3981265db41e690b6 [term 1 LEADER]: Signalling peer dc2f4de7db3b49a6aeabb09e7695127a to start an election
I20260710 13:18:46.944684 12829 tablet_service.cc:2044] Received Run Leader Election RPC: tablet_id: "ce92cac3dedb4f7dbceae01ff02657a4"
dest_uuid: "dc2f4de7db3b49a6aeabb09e7695127a"
 from {username='slave'} at 127.0.0.1:37288
I20260710 13:18:46.945109 12829 raft_consensus.cc:493] T ce92cac3dedb4f7dbceae01ff02657a4 P dc2f4de7db3b49a6aeabb09e7695127a [term 1 FOLLOWER]: Starting forced leader election (received explicit request)
I20260710 13:18:46.945457 12829 raft_consensus.cc:3060] T ce92cac3dedb4f7dbceae01ff02657a4 P dc2f4de7db3b49a6aeabb09e7695127a [term 1 FOLLOWER]: Advancing to term 2
I20260710 13:18:46.949776 12829 raft_consensus.cc:515] T ce92cac3dedb4f7dbceae01ff02657a4 P dc2f4de7db3b49a6aeabb09e7695127a [term 2 FOLLOWER]: Starting forced leader election with config: opid_index: 4 OBSOLETE_local: false peers { permanent_uuid: "520b7acf99f241a3981265db41e690b6" member_type: VOTER last_known_addr { host: "127.11.6.193" port: 42705 } } peers { permanent_uuid: "59072830105b44f6b23be4395049160b" member_type: VOTER last_known_addr { host: "127.11.6.195" port: 34265 } } peers { permanent_uuid: "dc2f4de7db3b49a6aeabb09e7695127a" member_type: VOTER last_known_addr { host: "127.11.6.196" port: 41019 } attrs { promote: false } }
I20260710 13:18:46.951750 12829 leader_election.cc:290] T ce92cac3dedb4f7dbceae01ff02657a4 P dc2f4de7db3b49a6aeabb09e7695127a [CANDIDATE]: Term 2 election: Requested vote from peers 520b7acf99f241a3981265db41e690b6 (127.11.6.193:42705), 59072830105b44f6b23be4395049160b (127.11.6.195:34265)
I20260710 13:18:46.952335 12556 tablet_service.cc:1917] Received RequestConsensusVote() RPC: tablet_id: "ce92cac3dedb4f7dbceae01ff02657a4" candidate_uuid: "dc2f4de7db3b49a6aeabb09e7695127a" candidate_term: 2 candidate_status { last_received { term: 1 index: 4 } } ignore_live_leader: true dest_uuid: "59072830105b44f6b23be4395049160b"
I20260710 13:18:46.952669 12410 tablet_service.cc:1917] Received RequestConsensusVote() RPC: tablet_id: "ce92cac3dedb4f7dbceae01ff02657a4" candidate_uuid: "dc2f4de7db3b49a6aeabb09e7695127a" candidate_term: 2 candidate_status { last_received { term: 1 index: 4 } } ignore_live_leader: true dest_uuid: "520b7acf99f241a3981265db41e690b6"
I20260710 13:18:46.952991 12556 raft_consensus.cc:3060] T ce92cac3dedb4f7dbceae01ff02657a4 P 59072830105b44f6b23be4395049160b [term 1 FOLLOWER]: Advancing to term 2
I20260710 13:18:46.953258 12410 raft_consensus.cc:3055] T ce92cac3dedb4f7dbceae01ff02657a4 P 520b7acf99f241a3981265db41e690b6 [term 1 LEADER]: Stepping down as leader of term 1
I20260710 13:18:46.953575 12410 raft_consensus.cc:740] T ce92cac3dedb4f7dbceae01ff02657a4 P 520b7acf99f241a3981265db41e690b6 [term 1 LEADER]: Becoming Follower/Learner. State: Replica: 520b7acf99f241a3981265db41e690b6, State: Running, Role: LEADER
I20260710 13:18:46.954332 12410 consensus_queue.cc:260] T ce92cac3dedb4f7dbceae01ff02657a4 P 520b7acf99f241a3981265db41e690b6 [NON_LEADER]: Queue going to NON_LEADER mode. State: All replicated index: 0, Majority replicated index: 4, Committed index: 4, Last appended: 1.4, Last appended by leader: 4, Current term: 1, Majority size: -1, State: 0, Mode: NON_LEADER, active raft config: opid_index: 4 OBSOLETE_local: false peers { permanent_uuid: "520b7acf99f241a3981265db41e690b6" member_type: VOTER last_known_addr { host: "127.11.6.193" port: 42705 } } peers { permanent_uuid: "59072830105b44f6b23be4395049160b" member_type: VOTER last_known_addr { host: "127.11.6.195" port: 34265 } } peers { permanent_uuid: "dc2f4de7db3b49a6aeabb09e7695127a" member_type: VOTER last_known_addr { host: "127.11.6.196" port: 41019 } attrs { promote: false } }
I20260710 13:18:46.955389 12410 raft_consensus.cc:3060] T ce92cac3dedb4f7dbceae01ff02657a4 P 520b7acf99f241a3981265db41e690b6 [term 1 FOLLOWER]: Advancing to term 2
I20260710 13:18:46.958793 12556 raft_consensus.cc:2468] T ce92cac3dedb4f7dbceae01ff02657a4 P 59072830105b44f6b23be4395049160b [term 2 FOLLOWER]: Leader election vote request: Granting yes vote for candidate dc2f4de7db3b49a6aeabb09e7695127a in term 2.
I20260710 13:18:46.959867 12795 leader_election.cc:304] T ce92cac3dedb4f7dbceae01ff02657a4 P dc2f4de7db3b49a6aeabb09e7695127a [CANDIDATE]: Term 2 election: Election decided. Result: candidate won. Election summary: received 2 responses out of 3 voters: 2 yes votes; 0 no votes. yes voters: 59072830105b44f6b23be4395049160b, dc2f4de7db3b49a6aeabb09e7695127a; no voters: 
I20260710 13:18:46.960603 13213 raft_consensus.cc:2804] T ce92cac3dedb4f7dbceae01ff02657a4 P dc2f4de7db3b49a6aeabb09e7695127a [term 2 FOLLOWER]: Leader election won for term 2
I20260710 13:18:46.961061 13213 raft_consensus.cc:697] T ce92cac3dedb4f7dbceae01ff02657a4 P dc2f4de7db3b49a6aeabb09e7695127a [term 2 LEADER]: Becoming Leader. State: Replica: dc2f4de7db3b49a6aeabb09e7695127a, State: Running, Role: LEADER
I20260710 13:18:46.961974 12410 raft_consensus.cc:2468] T ce92cac3dedb4f7dbceae01ff02657a4 P 520b7acf99f241a3981265db41e690b6 [term 2 FOLLOWER]: Leader election vote request: Granting yes vote for candidate dc2f4de7db3b49a6aeabb09e7695127a in term 2.
I20260710 13:18:46.961851 13213 consensus_queue.cc:237] T ce92cac3dedb4f7dbceae01ff02657a4 P dc2f4de7db3b49a6aeabb09e7695127a [LEADER]: Queue going to LEADER mode. State: All replicated index: 0, Majority replicated index: 4, Committed index: 4, Last appended: 1.4, Last appended by leader: 4, Current term: 2, Majority size: 2, State: 0, Mode: LEADER, active raft config: opid_index: 4 OBSOLETE_local: false peers { permanent_uuid: "520b7acf99f241a3981265db41e690b6" member_type: VOTER last_known_addr { host: "127.11.6.193" port: 42705 } } peers { permanent_uuid: "59072830105b44f6b23be4395049160b" member_type: VOTER last_known_addr { host: "127.11.6.195" port: 34265 } } peers { permanent_uuid: "dc2f4de7db3b49a6aeabb09e7695127a" member_type: VOTER last_known_addr { host: "127.11.6.196" port: 41019 } attrs { promote: false } }
I20260710 13:18:46.965387 13192 raft_consensus.cc:993] T 206a8492d6024f8c9f4fd518646f4368 P 520b7acf99f241a3981265db41e690b6: : Instructing follower 59072830105b44f6b23be4395049160b to start an election
I20260710 13:18:46.965840 13192 raft_consensus.cc:1081] T 206a8492d6024f8c9f4fd518646f4368 P 520b7acf99f241a3981265db41e690b6 [term 1 LEADER]: Signalling peer 59072830105b44f6b23be4395049160b to start an election
I20260710 13:18:46.967658 12556 tablet_service.cc:2044] Received Run Leader Election RPC: tablet_id: "206a8492d6024f8c9f4fd518646f4368"
dest_uuid: "59072830105b44f6b23be4395049160b"
 from {username='slave'} at 127.0.0.1:56988
I20260710 13:18:46.968214 12556 raft_consensus.cc:493] T 206a8492d6024f8c9f4fd518646f4368 P 59072830105b44f6b23be4395049160b [term 1 FOLLOWER]: Starting forced leader election (received explicit request)
I20260710 13:18:46.968557 12556 raft_consensus.cc:3060] T 206a8492d6024f8c9f4fd518646f4368 P 59072830105b44f6b23be4395049160b [term 1 FOLLOWER]: Advancing to term 2
I20260710 13:18:46.970660 12308 catalog_manager.cc:5697] T ce92cac3dedb4f7dbceae01ff02657a4 P dc2f4de7db3b49a6aeabb09e7695127a reported cstate change: term changed from 1 to 2, leader changed from 520b7acf99f241a3981265db41e690b6 (127.11.6.193) to dc2f4de7db3b49a6aeabb09e7695127a (127.11.6.196). New cstate: current_term: 2 leader_uuid: "dc2f4de7db3b49a6aeabb09e7695127a" committed_config { opid_index: 4 OBSOLETE_local: false peers { permanent_uuid: "520b7acf99f241a3981265db41e690b6" member_type: VOTER last_known_addr { host: "127.11.6.193" port: 42705 } health_report { overall_health: UNKNOWN } } peers { permanent_uuid: "59072830105b44f6b23be4395049160b" member_type: VOTER last_known_addr { host: "127.11.6.195" port: 34265 } health_report { overall_health: UNKNOWN } } peers { permanent_uuid: "dc2f4de7db3b49a6aeabb09e7695127a" member_type: VOTER last_known_addr { host: "127.11.6.196" port: 41019 } attrs { promote: false } health_report { overall_health: HEALTHY } } }
I20260710 13:18:46.975427 12556 raft_consensus.cc:515] T 206a8492d6024f8c9f4fd518646f4368 P 59072830105b44f6b23be4395049160b [term 2 FOLLOWER]: Starting forced leader election with config: opid_index: -1 OBSOLETE_local: false peers { permanent_uuid: "520b7acf99f241a3981265db41e690b6" member_type: VOTER last_known_addr { host: "127.11.6.193" port: 42705 } } peers { permanent_uuid: "2e33c07b6a4445e8a058675dc16d143a" member_type: VOTER last_known_addr { host: "127.11.6.194" port: 39015 } } peers { permanent_uuid: "59072830105b44f6b23be4395049160b" member_type: VOTER last_known_addr { host: "127.11.6.195" port: 34265 } }
I20260710 13:18:46.979764 12556 leader_election.cc:290] T 206a8492d6024f8c9f4fd518646f4368 P 59072830105b44f6b23be4395049160b [CANDIDATE]: Term 2 election: Requested vote from peers 520b7acf99f241a3981265db41e690b6 (127.11.6.193:42705), 2e33c07b6a4445e8a058675dc16d143a (127.11.6.194:39015)
I20260710 13:18:46.979944 12410 tablet_service.cc:1917] Received RequestConsensusVote() RPC: tablet_id: "206a8492d6024f8c9f4fd518646f4368" candidate_uuid: "59072830105b44f6b23be4395049160b" candidate_term: 2 candidate_status { last_received { term: 1 index: 1 } } ignore_live_leader: true dest_uuid: "520b7acf99f241a3981265db41e690b6"
I20260710 13:18:46.980605 12410 raft_consensus.cc:3055] T 206a8492d6024f8c9f4fd518646f4368 P 520b7acf99f241a3981265db41e690b6 [term 1 LEADER]: Stepping down as leader of term 1
I20260710 13:18:46.980751 12488 tablet_service.cc:1917] Received RequestConsensusVote() RPC: tablet_id: "206a8492d6024f8c9f4fd518646f4368" candidate_uuid: "59072830105b44f6b23be4395049160b" candidate_term: 2 candidate_status { last_received { term: 1 index: 1 } } ignore_live_leader: true dest_uuid: "2e33c07b6a4445e8a058675dc16d143a"
I20260710 13:18:46.981000 12410 raft_consensus.cc:740] T 206a8492d6024f8c9f4fd518646f4368 P 520b7acf99f241a3981265db41e690b6 [term 1 LEADER]: Becoming Follower/Learner. State: Replica: 520b7acf99f241a3981265db41e690b6, State: Running, Role: LEADER
I20260710 13:18:46.981355 12488 raft_consensus.cc:3060] T 206a8492d6024f8c9f4fd518646f4368 P 2e33c07b6a4445e8a058675dc16d143a [term 1 FOLLOWER]: Advancing to term 2
I20260710 13:18:46.981843 12410 consensus_queue.cc:260] T 206a8492d6024f8c9f4fd518646f4368 P 520b7acf99f241a3981265db41e690b6 [NON_LEADER]: Queue going to NON_LEADER mode. State: All replicated index: 0, Majority replicated index: 1, Committed index: 1, Last appended: 1.1, Last appended by leader: 1, Current term: 1, Majority size: -1, State: 0, Mode: NON_LEADER, active raft config: opid_index: -1 OBSOLETE_local: false peers { permanent_uuid: "520b7acf99f241a3981265db41e690b6" member_type: VOTER last_known_addr { host: "127.11.6.193" port: 42705 } } peers { permanent_uuid: "2e33c07b6a4445e8a058675dc16d143a" member_type: VOTER last_known_addr { host: "127.11.6.194" port: 39015 } } peers { permanent_uuid: "59072830105b44f6b23be4395049160b" member_type: VOTER last_known_addr { host: "127.11.6.195" port: 34265 } }
I20260710 13:18:46.982980 12410 raft_consensus.cc:3060] T 206a8492d6024f8c9f4fd518646f4368 P 520b7acf99f241a3981265db41e690b6 [term 1 FOLLOWER]: Advancing to term 2
I20260710 13:18:46.987810 12488 raft_consensus.cc:2468] T 206a8492d6024f8c9f4fd518646f4368 P 2e33c07b6a4445e8a058675dc16d143a [term 2 FOLLOWER]: Leader election vote request: Granting yes vote for candidate 59072830105b44f6b23be4395049160b in term 2.
I20260710 13:18:46.989035 12410 raft_consensus.cc:2468] T 206a8492d6024f8c9f4fd518646f4368 P 520b7acf99f241a3981265db41e690b6 [term 2 FOLLOWER]: Leader election vote request: Granting yes vote for candidate 59072830105b44f6b23be4395049160b in term 2.
I20260710 13:18:46.988994 12525 leader_election.cc:304] T 206a8492d6024f8c9f4fd518646f4368 P 59072830105b44f6b23be4395049160b [CANDIDATE]: Term 2 election: Election decided. Result: candidate won. Election summary: received 2 responses out of 3 voters: 2 yes votes; 0 no votes. yes voters: 2e33c07b6a4445e8a058675dc16d143a, 59072830105b44f6b23be4395049160b; no voters: 
I20260710 13:18:46.990135 13236 raft_consensus.cc:2804] T 206a8492d6024f8c9f4fd518646f4368 P 59072830105b44f6b23be4395049160b [term 2 FOLLOWER]: Leader election won for term 2
I20260710 13:18:46.990578 13236 raft_consensus.cc:697] T 206a8492d6024f8c9f4fd518646f4368 P 59072830105b44f6b23be4395049160b [term 2 LEADER]: Becoming Leader. State: Replica: 59072830105b44f6b23be4395049160b, State: Running, Role: LEADER
I20260710 13:18:46.991317 13236 consensus_queue.cc:237] T 206a8492d6024f8c9f4fd518646f4368 P 59072830105b44f6b23be4395049160b [LEADER]: Queue going to LEADER mode. State: All replicated index: 0, Majority replicated index: 1, Committed index: 1, Last appended: 1.1, Last appended by leader: 1, Current term: 2, Majority size: 2, State: 0, Mode: LEADER, active raft config: opid_index: -1 OBSOLETE_local: false peers { permanent_uuid: "520b7acf99f241a3981265db41e690b6" member_type: VOTER last_known_addr { host: "127.11.6.193" port: 42705 } } peers { permanent_uuid: "2e33c07b6a4445e8a058675dc16d143a" member_type: VOTER last_known_addr { host: "127.11.6.194" port: 39015 } } peers { permanent_uuid: "59072830105b44f6b23be4395049160b" member_type: VOTER last_known_addr { host: "127.11.6.195" port: 34265 } }
I20260710 13:18:46.999863 12308 catalog_manager.cc:5697] T 206a8492d6024f8c9f4fd518646f4368 P 59072830105b44f6b23be4395049160b reported cstate change: term changed from 1 to 2, leader changed from 520b7acf99f241a3981265db41e690b6 (127.11.6.193) to 59072830105b44f6b23be4395049160b (127.11.6.195). New cstate: current_term: 2 leader_uuid: "59072830105b44f6b23be4395049160b" committed_config { opid_index: -1 OBSOLETE_local: false peers { permanent_uuid: "520b7acf99f241a3981265db41e690b6" member_type: VOTER last_known_addr { host: "127.11.6.193" port: 42705 } health_report { overall_health: UNKNOWN } } peers { permanent_uuid: "2e33c07b6a4445e8a058675dc16d143a" member_type: VOTER last_known_addr { host: "127.11.6.194" port: 39015 } health_report { overall_health: UNKNOWN } } peers { permanent_uuid: "59072830105b44f6b23be4395049160b" member_type: VOTER last_known_addr { host: "127.11.6.195" port: 34265 } health_report { overall_health: HEALTHY } } }
I20260710 13:18:47.142717 12410 raft_consensus.cc:1275] T 01f4d59608b44ceba315f02fd3673e2d P 520b7acf99f241a3981265db41e690b6 [term 2 FOLLOWER]: Refusing update from remote peer dc2f4de7db3b49a6aeabb09e7695127a: Log matching property violated. Preceding OpId in replica: term: 1 index: 4. Preceding OpId from leader: term: 2 index: 5. (index mismatch)
I20260710 13:18:47.144472 13230 consensus_queue.cc:1048] T 01f4d59608b44ceba315f02fd3673e2d P dc2f4de7db3b49a6aeabb09e7695127a [LEADER]: Connected to new peer: Peer: permanent_uuid: "520b7acf99f241a3981265db41e690b6" member_type: VOTER last_known_addr { host: "127.11.6.193" port: 42705 }, Status: LMP_MISMATCH, Last received: 0.0, Next index: 5, Last known committed idx: 4, Time since last communication: 0.000s
I20260710 13:18:47.162251 12488 raft_consensus.cc:1275] T 01f4d59608b44ceba315f02fd3673e2d P 2e33c07b6a4445e8a058675dc16d143a [term 2 FOLLOWER]: Refusing update from remote peer dc2f4de7db3b49a6aeabb09e7695127a: Log matching property violated. Preceding OpId in replica: term: 1 index: 4. Preceding OpId from leader: term: 2 index: 5. (index mismatch)
I20260710 13:18:47.163838 13213 consensus_queue.cc:1048] T 01f4d59608b44ceba315f02fd3673e2d P dc2f4de7db3b49a6aeabb09e7695127a [LEADER]: Connected to new peer: Peer: permanent_uuid: "2e33c07b6a4445e8a058675dc16d143a" member_type: VOTER last_known_addr { host: "127.11.6.194" port: 39015 }, Status: LMP_MISMATCH, Last received: 0.0, Next index: 5, Last known committed idx: 4, Time since last communication: 0.000s
I20260710 13:18:47.401016 12410 raft_consensus.cc:1275] T ce92cac3dedb4f7dbceae01ff02657a4 P 520b7acf99f241a3981265db41e690b6 [term 2 FOLLOWER]: Refusing update from remote peer dc2f4de7db3b49a6aeabb09e7695127a: Log matching property violated. Preceding OpId in replica: term: 1 index: 4. Preceding OpId from leader: term: 2 index: 5. (index mismatch)
I20260710 13:18:47.402256 13210 consensus_queue.cc:1048] T ce92cac3dedb4f7dbceae01ff02657a4 P dc2f4de7db3b49a6aeabb09e7695127a [LEADER]: Connected to new peer: Peer: permanent_uuid: "520b7acf99f241a3981265db41e690b6" member_type: VOTER last_known_addr { host: "127.11.6.193" port: 42705 }, Status: LMP_MISMATCH, Last received: 0.0, Next index: 5, Last known committed idx: 4, Time since last communication: 0.000s
I20260710 13:18:47.410890 12559 raft_consensus.cc:1275] T ce92cac3dedb4f7dbceae01ff02657a4 P 59072830105b44f6b23be4395049160b [term 2 FOLLOWER]: Refusing update from remote peer dc2f4de7db3b49a6aeabb09e7695127a: Log matching property violated. Preceding OpId in replica: term: 1 index: 4. Preceding OpId from leader: term: 2 index: 5. (index mismatch)
I20260710 13:18:47.412254 13210 consensus_queue.cc:1048] T ce92cac3dedb4f7dbceae01ff02657a4 P dc2f4de7db3b49a6aeabb09e7695127a [LEADER]: Connected to new peer: Peer: permanent_uuid: "59072830105b44f6b23be4395049160b" member_type: VOTER last_known_addr { host: "127.11.6.195" port: 34265 }, Status: LMP_MISMATCH, Last received: 0.0, Next index: 5, Last known committed idx: 4, Time since last communication: 0.000s
I20260710 13:18:47.429181 12488 raft_consensus.cc:1275] T 206a8492d6024f8c9f4fd518646f4368 P 2e33c07b6a4445e8a058675dc16d143a [term 2 FOLLOWER]: Refusing update from remote peer 59072830105b44f6b23be4395049160b: Log matching property violated. Preceding OpId in replica: term: 1 index: 1. Preceding OpId from leader: term: 2 index: 2. (index mismatch)
I20260710 13:18:47.430327 13236 consensus_queue.cc:1048] T 206a8492d6024f8c9f4fd518646f4368 P 59072830105b44f6b23be4395049160b [LEADER]: Connected to new peer: Peer: permanent_uuid: "2e33c07b6a4445e8a058675dc16d143a" member_type: VOTER last_known_addr { host: "127.11.6.194" port: 39015 }, Status: LMP_MISMATCH, Last received: 0.0, Next index: 2, Last known committed idx: 1, Time since last communication: 0.000s
I20260710 13:18:47.440160 12410 raft_consensus.cc:1275] T 206a8492d6024f8c9f4fd518646f4368 P 520b7acf99f241a3981265db41e690b6 [term 2 FOLLOWER]: Refusing update from remote peer 59072830105b44f6b23be4395049160b: Log matching property violated. Preceding OpId in replica: term: 1 index: 1. Preceding OpId from leader: term: 2 index: 2. (index mismatch)
I20260710 13:18:47.441612 13236 consensus_queue.cc:1048] T 206a8492d6024f8c9f4fd518646f4368 P 59072830105b44f6b23be4395049160b [LEADER]: Connected to new peer: Peer: permanent_uuid: "520b7acf99f241a3981265db41e690b6" member_type: VOTER last_known_addr { host: "127.11.6.193" port: 42705 }, Status: LMP_MISMATCH, Last received: 0.0, Next index: 2, Last known committed idx: 1, Time since last communication: 0.000s
I20260710 13:18:47.528400 11291 auto_leader_rebalancer.cc:141] leader rebalance for table test-workload
I20260710 13:18:47.542589 11291 tablet_server.cc:179] TabletServer@127.11.6.193:0 shutting down...
W20260710 13:18:47.555805 12526 proxy.cc:239] Call had error, refreshing address and retrying: Remote error: Service unavailable: service kudu.consensus.ConsensusService not registered on TabletServer [suppressed 2 similar messages]
W20260710 13:18:47.559736 12526 consensus_peers.cc:597] T 870db2ea3c09438b9ee92f16125cec1b P 59072830105b44f6b23be4395049160b -> Peer 520b7acf99f241a3981265db41e690b6 (127.11.6.193:42705): Couldn't send request to peer 520b7acf99f241a3981265db41e690b6. Status: Remote error: Service unavailable: service kudu.consensus.ConsensusService not registered on TabletServer. This is attempt 1: this message will repeat every 5th retry.
I20260710 13:18:47.570010 11291 ts_tablet_manager.cc:1507] Shutting down tablet manager...
I20260710 13:18:47.570967 11291 tablet_replica.cc:333] T 7253cebf630e4978939997ff75c3838e P 520b7acf99f241a3981265db41e690b6: stopping tablet replica
I20260710 13:18:47.571969 11291 raft_consensus.cc:2243] T 7253cebf630e4978939997ff75c3838e P 520b7acf99f241a3981265db41e690b6 [term 1 LEADER]: Raft consensus shutting down.
W20260710 13:18:47.572346 12526 consensus_peers.cc:597] T 8b26c837551b48b3b4f58c7284f764ff P 59072830105b44f6b23be4395049160b -> Peer 520b7acf99f241a3981265db41e690b6 (127.11.6.193:42705): Couldn't send request to peer 520b7acf99f241a3981265db41e690b6. Status: Remote error: Service unavailable: service kudu.consensus.ConsensusService not registered on TabletServer. This is attempt 1: this message will repeat every 5th retry.
I20260710 13:18:47.573138 11291 raft_consensus.cc:2272] T 7253cebf630e4978939997ff75c3838e P 520b7acf99f241a3981265db41e690b6 [term 1 FOLLOWER]: Raft consensus is shut down!
I20260710 13:18:47.575322 11291 tablet_replica.cc:333] T 422d0a09b1b94d8595fc3404ca65250e P 520b7acf99f241a3981265db41e690b6: stopping tablet replica
I20260710 13:18:47.576023 11291 raft_consensus.cc:2243] T 422d0a09b1b94d8595fc3404ca65250e P 520b7acf99f241a3981265db41e690b6 [term 1 LEADER]: Raft consensus shutting down.
I20260710 13:18:47.576887 11291 raft_consensus.cc:2272] T 422d0a09b1b94d8595fc3404ca65250e P 520b7acf99f241a3981265db41e690b6 [term 1 FOLLOWER]: Raft consensus is shut down!
I20260710 13:18:47.579252 11291 tablet_replica.cc:333] T 870db2ea3c09438b9ee92f16125cec1b P 520b7acf99f241a3981265db41e690b6: stopping tablet replica
I20260710 13:18:47.580022 11291 raft_consensus.cc:2243] T 870db2ea3c09438b9ee92f16125cec1b P 520b7acf99f241a3981265db41e690b6 [term 1 FOLLOWER]: Raft consensus shutting down.
I20260710 13:18:47.580615 11291 raft_consensus.cc:2272] T 870db2ea3c09438b9ee92f16125cec1b P 520b7acf99f241a3981265db41e690b6 [term 1 FOLLOWER]: Raft consensus is shut down!
I20260710 13:18:47.582916 11291 tablet_replica.cc:333] T 4054fef2b3324f3cbd921998bf9f0712 P 520b7acf99f241a3981265db41e690b6: stopping tablet replica
I20260710 13:18:47.583612 11291 raft_consensus.cc:2243] T 4054fef2b3324f3cbd921998bf9f0712 P 520b7acf99f241a3981265db41e690b6 [term 1 FOLLOWER]: Raft consensus shutting down.
I20260710 13:18:47.584014 11291 raft_consensus.cc:2272] T 4054fef2b3324f3cbd921998bf9f0712 P 520b7acf99f241a3981265db41e690b6 [term 1 FOLLOWER]: Raft consensus is shut down!
I20260710 13:18:47.585711 11291 tablet_replica.cc:333] T e0db8eb8b0694cf087bc3d2c6f0ac014 P 520b7acf99f241a3981265db41e690b6: stopping tablet replica
I20260710 13:18:47.586226 11291 raft_consensus.cc:2243] T e0db8eb8b0694cf087bc3d2c6f0ac014 P 520b7acf99f241a3981265db41e690b6 [term 1 FOLLOWER]: Raft consensus shutting down.
I20260710 13:18:47.586685 11291 raft_consensus.cc:2272] T e0db8eb8b0694cf087bc3d2c6f0ac014 P 520b7acf99f241a3981265db41e690b6 [term 1 FOLLOWER]: Raft consensus is shut down!
I20260710 13:18:47.588438 11291 tablet_replica.cc:333] T 01f4d59608b44ceba315f02fd3673e2d P 520b7acf99f241a3981265db41e690b6: stopping tablet replica
I20260710 13:18:47.588938 11291 raft_consensus.cc:2243] T 01f4d59608b44ceba315f02fd3673e2d P 520b7acf99f241a3981265db41e690b6 [term 2 FOLLOWER]: Raft consensus shutting down.
I20260710 13:18:47.589324 11291 raft_consensus.cc:2272] T 01f4d59608b44ceba315f02fd3673e2d P 520b7acf99f241a3981265db41e690b6 [term 2 FOLLOWER]: Raft consensus is shut down!
I20260710 13:18:47.591341 11291 tablet_replica.cc:333] T 8b26c837551b48b3b4f58c7284f764ff P 520b7acf99f241a3981265db41e690b6: stopping tablet replica
I20260710 13:18:47.591871 11291 raft_consensus.cc:2243] T 8b26c837551b48b3b4f58c7284f764ff P 520b7acf99f241a3981265db41e690b6 [term 1 FOLLOWER]: Raft consensus shutting down.
I20260710 13:18:47.592312 11291 raft_consensus.cc:2272] T 8b26c837551b48b3b4f58c7284f764ff P 520b7acf99f241a3981265db41e690b6 [term 1 FOLLOWER]: Raft consensus is shut down!
I20260710 13:18:47.594107 11291 tablet_replica.cc:333] T 206a8492d6024f8c9f4fd518646f4368 P 520b7acf99f241a3981265db41e690b6: stopping tablet replica
I20260710 13:18:47.594611 11291 raft_consensus.cc:2243] T 206a8492d6024f8c9f4fd518646f4368 P 520b7acf99f241a3981265db41e690b6 [term 2 FOLLOWER]: Raft consensus shutting down.
I20260710 13:18:47.595010 11291 raft_consensus.cc:2272] T 206a8492d6024f8c9f4fd518646f4368 P 520b7acf99f241a3981265db41e690b6 [term 2 FOLLOWER]: Raft consensus is shut down!
I20260710 13:18:47.597366 11291 tablet_replica.cc:333] T 20bf7fc1bf684ae9974123e5b5b0f06b P 520b7acf99f241a3981265db41e690b6: stopping tablet replica
