I20260710 13:17:59.850605  6227 raft_consensus.cc:1081] T b81f114912ff4b57b0c2c2482712961a P 3f54203a38514848a002e49171252998 [term 2 LEADER]: Signalling peer 117da7031bbe4c7caa30f6975da9d0d9 to start an election
I20260710 13:17:59.852128  5990 tablet_service.cc:2044] Received Run Leader Election RPC: tablet_id: "b81f114912ff4b57b0c2c2482712961a"
dest_uuid: "117da7031bbe4c7caa30f6975da9d0d9"
 from {username='slave'} at 127.0.0.1:58414
I20260710 13:17:59.852599  5990 raft_consensus.cc:493] T b81f114912ff4b57b0c2c2482712961a P 117da7031bbe4c7caa30f6975da9d0d9 [term 2 FOLLOWER]: Starting forced leader election (received explicit request)
I20260710 13:17:59.852895  5990 raft_consensus.cc:3060] T b81f114912ff4b57b0c2c2482712961a P 117da7031bbe4c7caa30f6975da9d0d9 [term 2 FOLLOWER]: Advancing to term 3
I20260710 13:17:59.857141  5990 raft_consensus.cc:515] T b81f114912ff4b57b0c2c2482712961a P 117da7031bbe4c7caa30f6975da9d0d9 [term 3 FOLLOWER]: Starting forced leader election with config: opid_index: -1 OBSOLETE_local: false peers { permanent_uuid: "9d057637027646409e02f160e2d489d6" member_type: VOTER last_known_addr { host: "127.5.165.131" port: 43117 } } peers { permanent_uuid: "3f54203a38514848a002e49171252998" member_type: VOTER last_known_addr { host: "127.5.165.129" port: 33417 } } peers { permanent_uuid: "117da7031bbe4c7caa30f6975da9d0d9" member_type: VOTER last_known_addr { host: "127.5.165.130" port: 43963 } }
I20260710 13:17:59.858592  5990 leader_election.cc:290] T b81f114912ff4b57b0c2c2482712961a P 117da7031bbe4c7caa30f6975da9d0d9 [CANDIDATE]: Term 3 election: Requested vote from peers 9d057637027646409e02f160e2d489d6 (127.5.165.131:43117), 3f54203a38514848a002e49171252998 (127.5.165.129:33417)
I20260710 13:17:59.859124  6066 tablet_service.cc:1917] Received RequestConsensusVote() RPC: tablet_id: "b81f114912ff4b57b0c2c2482712961a" candidate_uuid: "117da7031bbe4c7caa30f6975da9d0d9" candidate_term: 3 candidate_status { last_received { term: 2 index: 2 } } ignore_live_leader: true dest_uuid: "9d057637027646409e02f160e2d489d6"
I20260710 13:17:59.859525  5915 tablet_service.cc:1917] Received RequestConsensusVote() RPC: tablet_id: "b81f114912ff4b57b0c2c2482712961a" candidate_uuid: "117da7031bbe4c7caa30f6975da9d0d9" candidate_term: 3 candidate_status { last_received { term: 2 index: 2 } } ignore_live_leader: true dest_uuid: "3f54203a38514848a002e49171252998"
I20260710 13:17:59.859647  6066 raft_consensus.cc:3060] T b81f114912ff4b57b0c2c2482712961a P 9d057637027646409e02f160e2d489d6 [term 2 FOLLOWER]: Advancing to term 3
I20260710 13:17:59.860006  5915 raft_consensus.cc:3055] T b81f114912ff4b57b0c2c2482712961a P 3f54203a38514848a002e49171252998 [term 2 LEADER]: Stepping down as leader of term 2
I20260710 13:17:59.860286  5915 raft_consensus.cc:740] T b81f114912ff4b57b0c2c2482712961a P 3f54203a38514848a002e49171252998 [term 2 LEADER]: Becoming Follower/Learner. State: Replica: 3f54203a38514848a002e49171252998, State: Running, Role: LEADER
I20260710 13:17:59.860965  5915 consensus_queue.cc:260] T b81f114912ff4b57b0c2c2482712961a P 3f54203a38514848a002e49171252998 [NON_LEADER]: Queue going to NON_LEADER mode. State: All replicated index: 0, Majority replicated index: 2, Committed index: 2, Last appended: 2.2, Last appended by leader: 2, Current term: 2, Majority size: -1, State: 0, Mode: NON_LEADER, active raft config: opid_index: -1 OBSOLETE_local: false peers { permanent_uuid: "9d057637027646409e02f160e2d489d6" member_type: VOTER last_known_addr { host: "127.5.165.131" port: 43117 } } peers { permanent_uuid: "3f54203a38514848a002e49171252998" member_type: VOTER last_known_addr { host: "127.5.165.129" port: 33417 } } peers { permanent_uuid: "117da7031bbe4c7caa30f6975da9d0d9" member_type: VOTER last_known_addr { host: "127.5.165.130" port: 43963 } }
I20260710 13:17:59.861992  5915 raft_consensus.cc:3060] T b81f114912ff4b57b0c2c2482712961a P 3f54203a38514848a002e49171252998 [term 2 FOLLOWER]: Advancing to term 3
I20260710 13:17:59.865105  6066 raft_consensus.cc:2468] T b81f114912ff4b57b0c2c2482712961a P 9d057637027646409e02f160e2d489d6 [term 3 FOLLOWER]: Leader election vote request: Granting yes vote for candidate 117da7031bbe4c7caa30f6975da9d0d9 in term 3.
I20260710 13:17:59.865952  5958 leader_election.cc:304] T b81f114912ff4b57b0c2c2482712961a P 117da7031bbe4c7caa30f6975da9d0d9 [CANDIDATE]: Term 3 election: Election decided. Result: candidate won. Election summary: received 2 responses out of 3 voters: 2 yes votes; 0 no votes. yes voters: 117da7031bbe4c7caa30f6975da9d0d9, 9d057637027646409e02f160e2d489d6; no voters: 
I20260710 13:17:59.866503  6138 raft_consensus.cc:2804] T b81f114912ff4b57b0c2c2482712961a P 117da7031bbe4c7caa30f6975da9d0d9 [term 3 FOLLOWER]: Leader election won for term 3
I20260710 13:17:59.866816  5915 raft_consensus.cc:2468] T b81f114912ff4b57b0c2c2482712961a P 3f54203a38514848a002e49171252998 [term 3 FOLLOWER]: Leader election vote request: Granting yes vote for candidate 117da7031bbe4c7caa30f6975da9d0d9 in term 3.
I20260710 13:17:59.867153  6138 raft_consensus.cc:697] T b81f114912ff4b57b0c2c2482712961a P 117da7031bbe4c7caa30f6975da9d0d9 [term 3 LEADER]: Becoming Leader. State: Replica: 117da7031bbe4c7caa30f6975da9d0d9, State: Running, Role: LEADER
I20260710 13:17:59.868238  6138 consensus_queue.cc:237] T b81f114912ff4b57b0c2c2482712961a P 117da7031bbe4c7caa30f6975da9d0d9 [LEADER]: Queue going to LEADER mode. State: All replicated index: 0, Majority replicated index: 2, Committed index: 2, Last appended: 2.2, Last appended by leader: 2, Current term: 3, Majority size: 2, State: 0, Mode: LEADER, active raft config: opid_index: -1 OBSOLETE_local: false peers { permanent_uuid: "9d057637027646409e02f160e2d489d6" member_type: VOTER last_known_addr { host: "127.5.165.131" port: 43117 } } peers { permanent_uuid: "3f54203a38514848a002e49171252998" member_type: VOTER last_known_addr { host: "127.5.165.129" port: 33417 } } peers { permanent_uuid: "117da7031bbe4c7caa30f6975da9d0d9" member_type: VOTER last_known_addr { host: "127.5.165.130" port: 43963 } }
I20260710 13:17:59.869413  6212 raft_consensus.cc:993] T 155dead792594feca887bf348a25f268 P 9d057637027646409e02f160e2d489d6: : Instructing follower 117da7031bbe4c7caa30f6975da9d0d9 to start an election
I20260710 13:17:59.869796  6202 raft_consensus.cc:1081] T 155dead792594feca887bf348a25f268 P 9d057637027646409e02f160e2d489d6 [term 3 LEADER]: Signalling peer 117da7031bbe4c7caa30f6975da9d0d9 to start an election
I20260710 13:17:59.871336  5990 tablet_service.cc:2044] Received Run Leader Election RPC: tablet_id: "155dead792594feca887bf348a25f268"
dest_uuid: "117da7031bbe4c7caa30f6975da9d0d9"
 from {username='slave'} at 127.0.0.1:58426
I20260710 13:17:59.871788  5990 raft_consensus.cc:493] T 155dead792594feca887bf348a25f268 P 117da7031bbe4c7caa30f6975da9d0d9 [term 3 FOLLOWER]: Starting forced leader election (received explicit request)
I20260710 13:17:59.872044  5990 raft_consensus.cc:3060] T 155dead792594feca887bf348a25f268 P 117da7031bbe4c7caa30f6975da9d0d9 [term 3 FOLLOWER]: Advancing to term 4
I20260710 13:17:59.874547  5814 catalog_manager.cc:5697] T b81f114912ff4b57b0c2c2482712961a P 117da7031bbe4c7caa30f6975da9d0d9 reported cstate change: term changed from 2 to 3, leader changed from 3f54203a38514848a002e49171252998 (127.5.165.129) to 117da7031bbe4c7caa30f6975da9d0d9 (127.5.165.130). New cstate: current_term: 3 leader_uuid: "117da7031bbe4c7caa30f6975da9d0d9" committed_config { opid_index: -1 OBSOLETE_local: false peers { permanent_uuid: "9d057637027646409e02f160e2d489d6" member_type: VOTER last_known_addr { host: "127.5.165.131" port: 43117 } health_report { overall_health: UNKNOWN } } peers { permanent_uuid: "3f54203a38514848a002e49171252998" member_type: VOTER last_known_addr { host: "127.5.165.129" port: 33417 } health_report { overall_health: UNKNOWN } } peers { permanent_uuid: "117da7031bbe4c7caa30f6975da9d0d9" member_type: VOTER last_known_addr { host: "127.5.165.130" port: 43963 } health_report { overall_health: HEALTHY } } }
I20260710 13:17:59.875969  5990 raft_consensus.cc:515] T 155dead792594feca887bf348a25f268 P 117da7031bbe4c7caa30f6975da9d0d9 [term 4 FOLLOWER]: Starting forced leader election with config: opid_index: -1 OBSOLETE_local: false peers { permanent_uuid: "3f54203a38514848a002e49171252998" member_type: VOTER last_known_addr { host: "127.5.165.129" port: 33417 } } peers { permanent_uuid: "117da7031bbe4c7caa30f6975da9d0d9" member_type: VOTER last_known_addr { host: "127.5.165.130" port: 43963 } } peers { permanent_uuid: "9d057637027646409e02f160e2d489d6" member_type: VOTER last_known_addr { host: "127.5.165.131" port: 43117 } }
I20260710 13:17:59.877709  5990 leader_election.cc:290] T 155dead792594feca887bf348a25f268 P 117da7031bbe4c7caa30f6975da9d0d9 [CANDIDATE]: Term 4 election: Requested vote from peers 3f54203a38514848a002e49171252998 (127.5.165.129:33417), 9d057637027646409e02f160e2d489d6 (127.5.165.131:43117)
I20260710 13:17:59.878181  5915 tablet_service.cc:1917] Received RequestConsensusVote() RPC: tablet_id: "155dead792594feca887bf348a25f268" candidate_uuid: "117da7031bbe4c7caa30f6975da9d0d9" candidate_term: 4 candidate_status { last_received { term: 3 index: 3 } } ignore_live_leader: true dest_uuid: "3f54203a38514848a002e49171252998"
I20260710 13:17:59.878469  6066 tablet_service.cc:1917] Received RequestConsensusVote() RPC: tablet_id: "155dead792594feca887bf348a25f268" candidate_uuid: "117da7031bbe4c7caa30f6975da9d0d9" candidate_term: 4 candidate_status { last_received { term: 3 index: 3 } } ignore_live_leader: true dest_uuid: "9d057637027646409e02f160e2d489d6"
I20260710 13:17:59.878715  5915 raft_consensus.cc:3060] T 155dead792594feca887bf348a25f268 P 3f54203a38514848a002e49171252998 [term 3 FOLLOWER]: Advancing to term 4
I20260710 13:17:59.878978  6066 raft_consensus.cc:3055] T 155dead792594feca887bf348a25f268 P 9d057637027646409e02f160e2d489d6 [term 3 LEADER]: Stepping down as leader of term 3
I20260710 13:17:59.879282  6066 raft_consensus.cc:740] T 155dead792594feca887bf348a25f268 P 9d057637027646409e02f160e2d489d6 [term 3 LEADER]: Becoming Follower/Learner. State: Replica: 9d057637027646409e02f160e2d489d6, State: Running, Role: LEADER
I20260710 13:17:59.879905  6066 consensus_queue.cc:260] T 155dead792594feca887bf348a25f268 P 9d057637027646409e02f160e2d489d6 [NON_LEADER]: Queue going to NON_LEADER mode. State: All replicated index: 0, Majority replicated index: 3, Committed index: 3, Last appended: 3.3, Last appended by leader: 3, Current term: 3, Majority size: -1, State: 0, Mode: NON_LEADER, active raft config: opid_index: -1 OBSOLETE_local: false peers { permanent_uuid: "3f54203a38514848a002e49171252998" member_type: VOTER last_known_addr { host: "127.5.165.129" port: 33417 } } peers { permanent_uuid: "117da7031bbe4c7caa30f6975da9d0d9" member_type: VOTER last_known_addr { host: "127.5.165.130" port: 43963 } } peers { permanent_uuid: "9d057637027646409e02f160e2d489d6" member_type: VOTER last_known_addr { host: "127.5.165.131" port: 43117 } }
I20260710 13:17:59.880913  6066 raft_consensus.cc:3060] T 155dead792594feca887bf348a25f268 P 9d057637027646409e02f160e2d489d6 [term 3 FOLLOWER]: Advancing to term 4
I20260710 13:17:59.883145  5915 raft_consensus.cc:2468] T 155dead792594feca887bf348a25f268 P 3f54203a38514848a002e49171252998 [term 4 FOLLOWER]: Leader election vote request: Granting yes vote for candidate 117da7031bbe4c7caa30f6975da9d0d9 in term 4.
I20260710 13:17:59.883920  5957 leader_election.cc:304] T 155dead792594feca887bf348a25f268 P 117da7031bbe4c7caa30f6975da9d0d9 [CANDIDATE]: Term 4 election: Election decided. Result: candidate won. Election summary: received 2 responses out of 3 voters: 2 yes votes; 0 no votes. yes voters: 117da7031bbe4c7caa30f6975da9d0d9, 3f54203a38514848a002e49171252998; no voters: 
I20260710 13:17:59.884593  6138 raft_consensus.cc:2804] T 155dead792594feca887bf348a25f268 P 117da7031bbe4c7caa30f6975da9d0d9 [term 4 FOLLOWER]: Leader election won for term 4
I20260710 13:17:59.884949  6138 raft_consensus.cc:697] T 155dead792594feca887bf348a25f268 P 117da7031bbe4c7caa30f6975da9d0d9 [term 4 LEADER]: Becoming Leader. State: Replica: 117da7031bbe4c7caa30f6975da9d0d9, State: Running, Role: LEADER
I20260710 13:17:59.885094  6066 raft_consensus.cc:2468] T 155dead792594feca887bf348a25f268 P 9d057637027646409e02f160e2d489d6 [term 4 FOLLOWER]: Leader election vote request: Granting yes vote for candidate 117da7031bbe4c7caa30f6975da9d0d9 in term 4.
I20260710 13:17:59.885613  6138 consensus_queue.cc:237] T 155dead792594feca887bf348a25f268 P 117da7031bbe4c7caa30f6975da9d0d9 [LEADER]: Queue going to LEADER mode. State: All replicated index: 0, Majority replicated index: 3, Committed index: 3, Last appended: 3.3, Last appended by leader: 3, Current term: 4, Majority size: 2, State: 0, Mode: LEADER, active raft config: opid_index: -1 OBSOLETE_local: false peers { permanent_uuid: "3f54203a38514848a002e49171252998" member_type: VOTER last_known_addr { host: "127.5.165.129" port: 33417 } } peers { permanent_uuid: "117da7031bbe4c7caa30f6975da9d0d9" member_type: VOTER last_known_addr { host: "127.5.165.130" port: 43963 } } peers { permanent_uuid: "9d057637027646409e02f160e2d489d6" member_type: VOTER last_known_addr { host: "127.5.165.131" port: 43117 } }
I20260710 13:17:59.890540  5814 catalog_manager.cc:5697] T 155dead792594feca887bf348a25f268 P 117da7031bbe4c7caa30f6975da9d0d9 reported cstate change: term changed from 3 to 4, leader changed from 9d057637027646409e02f160e2d489d6 (127.5.165.131) to 117da7031bbe4c7caa30f6975da9d0d9 (127.5.165.130). New cstate: current_term: 4 leader_uuid: "117da7031bbe4c7caa30f6975da9d0d9" committed_config { opid_index: -1 OBSOLETE_local: false peers { permanent_uuid: "3f54203a38514848a002e49171252998" member_type: VOTER last_known_addr { host: "127.5.165.129" port: 33417 } health_report { overall_health: UNKNOWN } } peers { permanent_uuid: "117da7031bbe4c7caa30f6975da9d0d9" member_type: VOTER last_known_addr { host: "127.5.165.130" port: 43963 } health_report { overall_health: HEALTHY } } peers { permanent_uuid: "9d057637027646409e02f160e2d489d6" member_type: VOTER last_known_addr { host: "127.5.165.131" port: 43117 } health_report { overall_health: UNKNOWN } } }
I20260710 13:18:00.057292  6066 raft_consensus.cc:1275] T 07914a4688c2447599cad037d1ac01b6 P 9d057637027646409e02f160e2d489d6 [term 2 FOLLOWER]: Refusing update from remote peer 117da7031bbe4c7caa30f6975da9d0d9: Log matching property violated. Preceding OpId in replica: term: 1 index: 1. Preceding OpId from leader: term: 2 index: 2. (index mismatch)
I20260710 13:18:00.058328  6138 consensus_queue.cc:1048] T 07914a4688c2447599cad037d1ac01b6 P 117da7031bbe4c7caa30f6975da9d0d9 [LEADER]: Connected to new peer: Peer: permanent_uuid: "9d057637027646409e02f160e2d489d6" member_type: VOTER last_known_addr { host: "127.5.165.131" port: 43117 }, Status: LMP_MISMATCH, Last received: 0.0, Next index: 2, Last known committed idx: 1, Time since last communication: 0.000s
I20260710 13:18:00.072176  5915 raft_consensus.cc:1275] T 07914a4688c2447599cad037d1ac01b6 P 3f54203a38514848a002e49171252998 [term 2 FOLLOWER]: Refusing update from remote peer 117da7031bbe4c7caa30f6975da9d0d9: Log matching property violated. Preceding OpId in replica: term: 1 index: 1. Preceding OpId from leader: term: 2 index: 2. (index mismatch)
I20260710 13:18:00.073789  6232 consensus_queue.cc:1048] T 07914a4688c2447599cad037d1ac01b6 P 117da7031bbe4c7caa30f6975da9d0d9 [LEADER]: Connected to new peer: Peer: permanent_uuid: "3f54203a38514848a002e49171252998" member_type: VOTER last_known_addr { host: "127.5.165.129" port: 33417 }, Status: LMP_MISMATCH, Last received: 0.0, Next index: 2, Last known committed idx: 1, Time since last communication: 0.000s
I20260710 13:18:00.075830  5915 raft_consensus.cc:1275] T 2408d490026540e59a6cc9d190cc31d2 P 3f54203a38514848a002e49171252998 [term 2 FOLLOWER]: Refusing update from remote peer 117da7031bbe4c7caa30f6975da9d0d9: Log matching property violated. Preceding OpId in replica: term: 1 index: 1. Preceding OpId from leader: term: 2 index: 2. (index mismatch)
I20260710 13:18:00.077342  6233 consensus_queue.cc:1048] T 2408d490026540e59a6cc9d190cc31d2 P 117da7031bbe4c7caa30f6975da9d0d9 [LEADER]: Connected to new peer: Peer: permanent_uuid: "3f54203a38514848a002e49171252998" member_type: VOTER last_known_addr { host: "127.5.165.129" port: 33417 }, Status: LMP_MISMATCH, Last received: 0.0, Next index: 2, Last known committed idx: 1, Time since last communication: 0.000s
I20260710 13:18:00.087219  6066 raft_consensus.cc:1275] T 2408d490026540e59a6cc9d190cc31d2 P 9d057637027646409e02f160e2d489d6 [term 2 FOLLOWER]: Refusing update from remote peer 117da7031bbe4c7caa30f6975da9d0d9: Log matching property violated. Preceding OpId in replica: term: 1 index: 1. Preceding OpId from leader: term: 2 index: 2. (index mismatch)
I20260710 13:18:00.088649  6232 consensus_queue.cc:1048] T 2408d490026540e59a6cc9d190cc31d2 P 117da7031bbe4c7caa30f6975da9d0d9 [LEADER]: Connected to new peer: Peer: permanent_uuid: "9d057637027646409e02f160e2d489d6" member_type: VOTER last_known_addr { host: "127.5.165.131" port: 43117 }, Status: LMP_MISMATCH, Last received: 0.0, Next index: 2, Last known committed idx: 1, Time since last communication: 0.000s
I20260710 13:18:00.135406  6212 raft_consensus.cc:993] T 82ea6d9c5dd842b8bd7bb7ceb41c1da1 P 9d057637027646409e02f160e2d489d6: : Instructing follower 117da7031bbe4c7caa30f6975da9d0d9 to start an election
I20260710 13:18:00.135737  6202 raft_consensus.cc:1081] T 82ea6d9c5dd842b8bd7bb7ceb41c1da1 P 9d057637027646409e02f160e2d489d6 [term 2 LEADER]: Signalling peer 117da7031bbe4c7caa30f6975da9d0d9 to start an election
I20260710 13:18:00.137008  5990 tablet_service.cc:2044] Received Run Leader Election RPC: tablet_id: "82ea6d9c5dd842b8bd7bb7ceb41c1da1"
dest_uuid: "117da7031bbe4c7caa30f6975da9d0d9"
 from {username='slave'} at 127.0.0.1:58426
I20260710 13:18:00.137418  5990 raft_consensus.cc:493] T 82ea6d9c5dd842b8bd7bb7ceb41c1da1 P 117da7031bbe4c7caa30f6975da9d0d9 [term 2 FOLLOWER]: Starting forced leader election (received explicit request)
I20260710 13:18:00.137681  5990 raft_consensus.cc:3060] T 82ea6d9c5dd842b8bd7bb7ceb41c1da1 P 117da7031bbe4c7caa30f6975da9d0d9 [term 2 FOLLOWER]: Advancing to term 3
I20260710 13:18:00.141810  5990 raft_consensus.cc:515] T 82ea6d9c5dd842b8bd7bb7ceb41c1da1 P 117da7031bbe4c7caa30f6975da9d0d9 [term 3 FOLLOWER]: Starting forced leader election with config: opid_index: -1 OBSOLETE_local: false peers { permanent_uuid: "3f54203a38514848a002e49171252998" member_type: VOTER last_known_addr { host: "127.5.165.129" port: 33417 } } peers { permanent_uuid: "117da7031bbe4c7caa30f6975da9d0d9" member_type: VOTER last_known_addr { host: "127.5.165.130" port: 43963 } } peers { permanent_uuid: "9d057637027646409e02f160e2d489d6" member_type: VOTER last_known_addr { host: "127.5.165.131" port: 43117 } }
I20260710 13:18:00.143333  5990 leader_election.cc:290] T 82ea6d9c5dd842b8bd7bb7ceb41c1da1 P 117da7031bbe4c7caa30f6975da9d0d9 [CANDIDATE]: Term 3 election: Requested vote from peers 3f54203a38514848a002e49171252998 (127.5.165.129:33417), 9d057637027646409e02f160e2d489d6 (127.5.165.131:43117)
I20260710 13:18:00.143913  5917 tablet_service.cc:1917] Received RequestConsensusVote() RPC: tablet_id: "82ea6d9c5dd842b8bd7bb7ceb41c1da1" candidate_uuid: "117da7031bbe4c7caa30f6975da9d0d9" candidate_term: 3 candidate_status { last_received { term: 2 index: 2 } } ignore_live_leader: true dest_uuid: "3f54203a38514848a002e49171252998"
I20260710 13:18:00.144121  6066 tablet_service.cc:1917] Received RequestConsensusVote() RPC: tablet_id: "82ea6d9c5dd842b8bd7bb7ceb41c1da1" candidate_uuid: "117da7031bbe4c7caa30f6975da9d0d9" candidate_term: 3 candidate_status { last_received { term: 2 index: 2 } } ignore_live_leader: true dest_uuid: "9d057637027646409e02f160e2d489d6"
I20260710 13:18:00.144439  5917 raft_consensus.cc:3060] T 82ea6d9c5dd842b8bd7bb7ceb41c1da1 P 3f54203a38514848a002e49171252998 [term 2 FOLLOWER]: Advancing to term 3
I20260710 13:18:00.144618  6066 raft_consensus.cc:3055] T 82ea6d9c5dd842b8bd7bb7ceb41c1da1 P 9d057637027646409e02f160e2d489d6 [term 2 LEADER]: Stepping down as leader of term 2
I20260710 13:18:00.144876  6066 raft_consensus.cc:740] T 82ea6d9c5dd842b8bd7bb7ceb41c1da1 P 9d057637027646409e02f160e2d489d6 [term 2 LEADER]: Becoming Follower/Learner. State: Replica: 9d057637027646409e02f160e2d489d6, State: Running, Role: LEADER
I20260710 13:18:00.145426  6066 consensus_queue.cc:260] T 82ea6d9c5dd842b8bd7bb7ceb41c1da1 P 9d057637027646409e02f160e2d489d6 [NON_LEADER]: Queue going to NON_LEADER mode. State: All replicated index: 0, Majority replicated index: 2, Committed index: 2, Last appended: 2.2, Last appended by leader: 2, Current term: 2, Majority size: -1, State: 0, Mode: NON_LEADER, active raft config: opid_index: -1 OBSOLETE_local: false peers { permanent_uuid: "3f54203a38514848a002e49171252998" member_type: VOTER last_known_addr { host: "127.5.165.129" port: 33417 } } peers { permanent_uuid: "117da7031bbe4c7caa30f6975da9d0d9" member_type: VOTER last_known_addr { host: "127.5.165.130" port: 43963 } } peers { permanent_uuid: "9d057637027646409e02f160e2d489d6" member_type: VOTER last_known_addr { host: "127.5.165.131" port: 43117 } }
I20260710 13:18:00.146145  6066 raft_consensus.cc:3060] T 82ea6d9c5dd842b8bd7bb7ceb41c1da1 P 9d057637027646409e02f160e2d489d6 [term 2 FOLLOWER]: Advancing to term 3
I20260710 13:18:00.148614  5917 raft_consensus.cc:2468] T 82ea6d9c5dd842b8bd7bb7ceb41c1da1 P 3f54203a38514848a002e49171252998 [term 3 FOLLOWER]: Leader election vote request: Granting yes vote for candidate 117da7031bbe4c7caa30f6975da9d0d9 in term 3.
I20260710 13:18:00.149451  5957 leader_election.cc:304] T 82ea6d9c5dd842b8bd7bb7ceb41c1da1 P 117da7031bbe4c7caa30f6975da9d0d9 [CANDIDATE]: Term 3 election: Election decided. Result: candidate won. Election summary: received 2 responses out of 3 voters: 2 yes votes; 0 no votes. yes voters: 117da7031bbe4c7caa30f6975da9d0d9, 3f54203a38514848a002e49171252998; no voters: 
I20260710 13:18:00.149878  6066 raft_consensus.cc:2468] T 82ea6d9c5dd842b8bd7bb7ceb41c1da1 P 9d057637027646409e02f160e2d489d6 [term 3 FOLLOWER]: Leader election vote request: Granting yes vote for candidate 117da7031bbe4c7caa30f6975da9d0d9 in term 3.
I20260710 13:18:00.150168  6232 raft_consensus.cc:2804] T 82ea6d9c5dd842b8bd7bb7ceb41c1da1 P 117da7031bbe4c7caa30f6975da9d0d9 [term 3 FOLLOWER]: Leader election won for term 3
I20260710 13:18:00.150590  6232 raft_consensus.cc:697] T 82ea6d9c5dd842b8bd7bb7ceb41c1da1 P 117da7031bbe4c7caa30f6975da9d0d9 [term 3 LEADER]: Becoming Leader. State: Replica: 117da7031bbe4c7caa30f6975da9d0d9, State: Running, Role: LEADER
I20260710 13:18:00.151268  6232 consensus_queue.cc:237] T 82ea6d9c5dd842b8bd7bb7ceb41c1da1 P 117da7031bbe4c7caa30f6975da9d0d9 [LEADER]: Queue going to LEADER mode. State: All replicated index: 0, Majority replicated index: 2, Committed index: 2, Last appended: 2.2, Last appended by leader: 2, Current term: 3, Majority size: 2, State: 0, Mode: LEADER, active raft config: opid_index: -1 OBSOLETE_local: false peers { permanent_uuid: "3f54203a38514848a002e49171252998" member_type: VOTER last_known_addr { host: "127.5.165.129" port: 33417 } } peers { permanent_uuid: "117da7031bbe4c7caa30f6975da9d0d9" member_type: VOTER last_known_addr { host: "127.5.165.130" port: 43963 } } peers { permanent_uuid: "9d057637027646409e02f160e2d489d6" member_type: VOTER last_known_addr { host: "127.5.165.131" port: 43117 } }
I20260710 13:18:00.156229  5812 catalog_manager.cc:5697] T 82ea6d9c5dd842b8bd7bb7ceb41c1da1 P 117da7031bbe4c7caa30f6975da9d0d9 reported cstate change: term changed from 2 to 3, leader changed from 9d057637027646409e02f160e2d489d6 (127.5.165.131) to 117da7031bbe4c7caa30f6975da9d0d9 (127.5.165.130). New cstate: current_term: 3 leader_uuid: "117da7031bbe4c7caa30f6975da9d0d9" committed_config { opid_index: -1 OBSOLETE_local: false peers { permanent_uuid: "3f54203a38514848a002e49171252998" member_type: VOTER last_known_addr { host: "127.5.165.129" port: 33417 } health_report { overall_health: UNKNOWN } } peers { permanent_uuid: "117da7031bbe4c7caa30f6975da9d0d9" member_type: VOTER last_known_addr { host: "127.5.165.130" port: 43963 } health_report { overall_health: HEALTHY } } peers { permanent_uuid: "9d057637027646409e02f160e2d489d6" member_type: VOTER last_known_addr { host: "127.5.165.131" port: 43117 } health_report { overall_health: UNKNOWN } } }
I20260710 13:18:00.377978  6066 raft_consensus.cc:1275] T 155dead792594feca887bf348a25f268 P 9d057637027646409e02f160e2d489d6 [term 4 FOLLOWER]: Refusing update from remote peer 117da7031bbe4c7caa30f6975da9d0d9: Log matching property violated. Preceding OpId in replica: term: 3 index: 3. Preceding OpId from leader: term: 4 index: 4. (index mismatch)
I20260710 13:18:00.378959  6233 consensus_queue.cc:1048] T 155dead792594feca887bf348a25f268 P 117da7031bbe4c7caa30f6975da9d0d9 [LEADER]: Connected to new peer: Peer: permanent_uuid: "9d057637027646409e02f160e2d489d6" member_type: VOTER last_known_addr { host: "127.5.165.131" port: 43117 }, Status: LMP_MISMATCH, Last received: 0.0, Next index: 4, Last known committed idx: 3, Time since last communication: 0.000s
I20260710 13:18:00.386088  5915 raft_consensus.cc:1275] T 155dead792594feca887bf348a25f268 P 3f54203a38514848a002e49171252998 [term 4 FOLLOWER]: Refusing update from remote peer 117da7031bbe4c7caa30f6975da9d0d9: Log matching property violated. Preceding OpId in replica: term: 3 index: 3. Preceding OpId from leader: term: 4 index: 4. (index mismatch)
I20260710 13:18:00.387348  6233 consensus_queue.cc:1048] T 155dead792594feca887bf348a25f268 P 117da7031bbe4c7caa30f6975da9d0d9 [LEADER]: Connected to new peer: Peer: permanent_uuid: "3f54203a38514848a002e49171252998" member_type: VOTER last_known_addr { host: "127.5.165.129" port: 33417 }, Status: LMP_MISMATCH, Last received: 0.0, Next index: 4, Last known committed idx: 3, Time since last communication: 0.000s
I20260710 13:18:00.434249  6066 raft_consensus.cc:1275] T b81f114912ff4b57b0c2c2482712961a P 9d057637027646409e02f160e2d489d6 [term 3 FOLLOWER]: Refusing update from remote peer 117da7031bbe4c7caa30f6975da9d0d9: Log matching property violated. Preceding OpId in replica: term: 2 index: 2. Preceding OpId from leader: term: 3 index: 3. (index mismatch)
I20260710 13:18:00.435194  6232 consensus_queue.cc:1048] T b81f114912ff4b57b0c2c2482712961a P 117da7031bbe4c7caa30f6975da9d0d9 [LEADER]: Connected to new peer: Peer: permanent_uuid: "9d057637027646409e02f160e2d489d6" member_type: VOTER last_known_addr { host: "127.5.165.131" port: 43117 }, Status: LMP_MISMATCH, Last received: 0.0, Next index: 3, Last known committed idx: 2, Time since last communication: 0.000s
I20260710 13:18:00.442610  5915 raft_consensus.cc:1275] T b81f114912ff4b57b0c2c2482712961a P 3f54203a38514848a002e49171252998 [term 3 FOLLOWER]: Refusing update from remote peer 117da7031bbe4c7caa30f6975da9d0d9: Log matching property violated. Preceding OpId in replica: term: 2 index: 2. Preceding OpId from leader: term: 3 index: 3. (index mismatch)
I20260710 13:18:00.443922  6221 consensus_queue.cc:1048] T b81f114912ff4b57b0c2c2482712961a P 117da7031bbe4c7caa30f6975da9d0d9 [LEADER]: Connected to new peer: Peer: permanent_uuid: "3f54203a38514848a002e49171252998" member_type: VOTER last_known_addr { host: "127.5.165.129" port: 33417 }, Status: LMP_MISMATCH, Last received: 0.0, Next index: 3, Last known committed idx: 2, Time since last communication: 0.000s
I20260710 13:18:00.548568  6066 raft_consensus.cc:1275] T 82ea6d9c5dd842b8bd7bb7ceb41c1da1 P 9d057637027646409e02f160e2d489d6 [term 3 FOLLOWER]: Refusing update from remote peer 117da7031bbe4c7caa30f6975da9d0d9: Log matching property violated. Preceding OpId in replica: term: 2 index: 2. Preceding OpId from leader: term: 3 index: 3. (index mismatch)
I20260710 13:18:00.549494  6221 consensus_queue.cc:1048] T 82ea6d9c5dd842b8bd7bb7ceb41c1da1 P 117da7031bbe4c7caa30f6975da9d0d9 [LEADER]: Connected to new peer: Peer: permanent_uuid: "9d057637027646409e02f160e2d489d6" member_type: VOTER last_known_addr { host: "127.5.165.131" port: 43117 }, Status: LMP_MISMATCH, Last received: 0.0, Next index: 3, Last known committed idx: 2, Time since last communication: 0.000s
I20260710 13:18:00.557196  5915 raft_consensus.cc:1275] T 82ea6d9c5dd842b8bd7bb7ceb41c1da1 P 3f54203a38514848a002e49171252998 [term 3 FOLLOWER]: Refusing update from remote peer 117da7031bbe4c7caa30f6975da9d0d9: Log matching property violated. Preceding OpId in replica: term: 2 index: 2. Preceding OpId from leader: term: 3 index: 3. (index mismatch)
I20260710 13:18:00.558441  6138 consensus_queue.cc:1048] T 82ea6d9c5dd842b8bd7bb7ceb41c1da1 P 117da7031bbe4c7caa30f6975da9d0d9 [LEADER]: Connected to new peer: Peer: permanent_uuid: "3f54203a38514848a002e49171252998" member_type: VOTER last_known_addr { host: "127.5.165.129" port: 33417 }, Status: LMP_MISMATCH, Last received: 0.0, Next index: 3, Last known committed idx: 2, Time since last communication: 0.000s
I20260710 13:18:02.654544  5782 auto_leader_rebalancer.cc:141] leader rebalance for table test-workload
I20260710 13:18:02.661697  5990 tablet_service.cc:2072] Received LeaderStepDown RPC: tablet_id: "07914a4688c2447599cad037d1ac01b6"
dest_uuid: "117da7031bbe4c7caa30f6975da9d0d9"
mode: GRACEFUL
new_leader_uuid: "9d057637027646409e02f160e2d489d6"
 from {username='slave'} at 127.0.0.1:58442
I20260710 13:18:02.662329  5990 raft_consensus.cc:606] T 07914a4688c2447599cad037d1ac01b6 P 117da7031bbe4c7caa30f6975da9d0d9 [term 2 LEADER]: Received request to transfer leadership to TS 9d057637027646409e02f160e2d489d6
I20260710 13:18:02.664644  5990 tablet_service.cc:2072] Received LeaderStepDown RPC: tablet_id: "4049fcde14b24eb08ade0d3d38989e72"
dest_uuid: "117da7031bbe4c7caa30f6975da9d0d9"
mode: GRACEFUL
new_leader_uuid: "3f54203a38514848a002e49171252998"
 from {username='slave'} at 127.0.0.1:58442
I20260710 13:18:02.665032  5990 raft_consensus.cc:606] T 4049fcde14b24eb08ade0d3d38989e72 P 117da7031bbe4c7caa30f6975da9d0d9 [term 1 LEADER]: Received request to transfer leadership to TS 3f54203a38514848a002e49171252998
I20260710 13:18:02.666862  5990 tablet_service.cc:2072] Received LeaderStepDown RPC: tablet_id: "5867244525c2455ebeaf0f965863682f"
dest_uuid: "117da7031bbe4c7caa30f6975da9d0d9"
mode: GRACEFUL
new_leader_uuid: "3f54203a38514848a002e49171252998"
 from {username='slave'} at 127.0.0.1:58442
I20260710 13:18:02.667344  5990 raft_consensus.cc:606] T 5867244525c2455ebeaf0f965863682f P 117da7031bbe4c7caa30f6975da9d0d9 [term 2 LEADER]: Received request to transfer leadership to TS 3f54203a38514848a002e49171252998
I20260710 13:18:02.669153  5990 tablet_service.cc:2072] Received LeaderStepDown RPC: tablet_id: "82ea6d9c5dd842b8bd7bb7ceb41c1da1"
dest_uuid: "117da7031bbe4c7caa30f6975da9d0d9"
mode: GRACEFUL
new_leader_uuid: "9d057637027646409e02f160e2d489d6"
 from {username='slave'} at 127.0.0.1:58442
I20260710 13:18:02.669536  5990 raft_consensus.cc:606] T 82ea6d9c5dd842b8bd7bb7ceb41c1da1 P 117da7031bbe4c7caa30f6975da9d0d9 [term 3 LEADER]: Received request to transfer leadership to TS 9d057637027646409e02f160e2d489d6
I20260710 13:18:02.671285  5990 tablet_service.cc:2072] Received LeaderStepDown RPC: tablet_id: "b81f114912ff4b57b0c2c2482712961a"
dest_uuid: "117da7031bbe4c7caa30f6975da9d0d9"
mode: GRACEFUL
new_leader_uuid: "3f54203a38514848a002e49171252998"
 from {username='slave'} at 127.0.0.1:58442
I20260710 13:18:02.671636  5990 raft_consensus.cc:606] T b81f114912ff4b57b0c2c2482712961a P 117da7031bbe4c7caa30f6975da9d0d9 [term 3 LEADER]: Received request to transfer leadership to TS 3f54203a38514848a002e49171252998
I20260710 13:18:02.672523  5782 auto_leader_rebalancer.cc:479] table: test-workload, leader rebalance finish, leader transfer count: 5
I20260710 13:18:02.672878  5782 auto_leader_rebalancer.cc:554] All tables' leader rebalancing finished this round
I20260710 13:18:02.720698  6221 raft_consensus.cc:993] T b81f114912ff4b57b0c2c2482712961a P 117da7031bbe4c7caa30f6975da9d0d9: : Instructing follower 3f54203a38514848a002e49171252998 to start an election
I20260710 13:18:02.721132  6246 raft_consensus.cc:1081] T b81f114912ff4b57b0c2c2482712961a P 117da7031bbe4c7caa30f6975da9d0d9 [term 3 LEADER]: Signalling peer 3f54203a38514848a002e49171252998 to start an election
I20260710 13:18:02.722426  5915 tablet_service.cc:2044] Received Run Leader Election RPC: tablet_id: "b81f114912ff4b57b0c2c2482712961a"
dest_uuid: "3f54203a38514848a002e49171252998"
 from {username='slave'} at 127.0.0.1:54550
I20260710 13:18:02.722812  5915 raft_consensus.cc:493] T b81f114912ff4b57b0c2c2482712961a P 3f54203a38514848a002e49171252998 [term 3 FOLLOWER]: Starting forced leader election (received explicit request)
I20260710 13:18:02.723079  5915 raft_consensus.cc:3060] T b81f114912ff4b57b0c2c2482712961a P 3f54203a38514848a002e49171252998 [term 3 FOLLOWER]: Advancing to term 4
I20260710 13:18:02.727555  5915 raft_consensus.cc:515] T b81f114912ff4b57b0c2c2482712961a P 3f54203a38514848a002e49171252998 [term 4 FOLLOWER]: Starting forced leader election with config: opid_index: -1 OBSOLETE_local: false peers { permanent_uuid: "9d057637027646409e02f160e2d489d6" member_type: VOTER last_known_addr { host: "127.5.165.131" port: 43117 } } peers { permanent_uuid: "3f54203a38514848a002e49171252998" member_type: VOTER last_known_addr { host: "127.5.165.129" port: 33417 } } peers { permanent_uuid: "117da7031bbe4c7caa30f6975da9d0d9" member_type: VOTER last_known_addr { host: "127.5.165.130" port: 43963 } }
I20260710 13:18:02.728940  5915 leader_election.cc:290] T b81f114912ff4b57b0c2c2482712961a P 3f54203a38514848a002e49171252998 [CANDIDATE]: Term 4 election: Requested vote from peers 9d057637027646409e02f160e2d489d6 (127.5.165.131:43117), 117da7031bbe4c7caa30f6975da9d0d9 (127.5.165.130:43963)
I20260710 13:18:02.729833  6066 tablet_service.cc:1917] Received RequestConsensusVote() RPC: tablet_id: "b81f114912ff4b57b0c2c2482712961a" candidate_uuid: "3f54203a38514848a002e49171252998" candidate_term: 4 candidate_status { last_received { term: 3 index: 3 } } ignore_live_leader: true dest_uuid: "9d057637027646409e02f160e2d489d6"
I20260710 13:18:02.729914  5990 tablet_service.cc:1917] Received RequestConsensusVote() RPC: tablet_id: "b81f114912ff4b57b0c2c2482712961a" candidate_uuid: "3f54203a38514848a002e49171252998" candidate_term: 4 candidate_status { last_received { term: 3 index: 3 } } ignore_live_leader: true dest_uuid: "117da7031bbe4c7caa30f6975da9d0d9"
I20260710 13:18:02.730446  6066 raft_consensus.cc:3060] T b81f114912ff4b57b0c2c2482712961a P 9d057637027646409e02f160e2d489d6 [term 3 FOLLOWER]: Advancing to term 4
I20260710 13:18:02.730537  5990 raft_consensus.cc:3055] T b81f114912ff4b57b0c2c2482712961a P 117da7031bbe4c7caa30f6975da9d0d9 [term 3 LEADER]: Stepping down as leader of term 3
I20260710 13:18:02.730804  5990 raft_consensus.cc:740] T b81f114912ff4b57b0c2c2482712961a P 117da7031bbe4c7caa30f6975da9d0d9 [term 3 LEADER]: Becoming Follower/Learner. State: Replica: 117da7031bbe4c7caa30f6975da9d0d9, State: Running, Role: LEADER
I20260710 13:18:02.731424  5990 consensus_queue.cc:260] T b81f114912ff4b57b0c2c2482712961a P 117da7031bbe4c7caa30f6975da9d0d9 [NON_LEADER]: Queue going to NON_LEADER mode. State: All replicated index: 0, Majority replicated index: 3, Committed index: 3, Last appended: 3.3, Last appended by leader: 3, Current term: 3, Majority size: -1, State: 0, Mode: NON_LEADER, active raft config: opid_index: -1 OBSOLETE_local: false peers { permanent_uuid: "9d057637027646409e02f160e2d489d6" member_type: VOTER last_known_addr { host: "127.5.165.131" port: 43117 } } peers { permanent_uuid: "3f54203a38514848a002e49171252998" member_type: VOTER last_known_addr { host: "127.5.165.129" port: 33417 } } peers { permanent_uuid: "117da7031bbe4c7caa30f6975da9d0d9" member_type: VOTER last_known_addr { host: "127.5.165.130" port: 43963 } }
I20260710 13:18:02.732256  5990 raft_consensus.cc:3060] T b81f114912ff4b57b0c2c2482712961a P 117da7031bbe4c7caa30f6975da9d0d9 [term 3 FOLLOWER]: Advancing to term 4
I20260710 13:18:02.735010  6066 raft_consensus.cc:2468] T b81f114912ff4b57b0c2c2482712961a P 9d057637027646409e02f160e2d489d6 [term 4 FOLLOWER]: Leader election vote request: Granting yes vote for candidate 3f54203a38514848a002e49171252998 in term 4.
I20260710 13:18:02.736258  5883 leader_election.cc:304] T b81f114912ff4b57b0c2c2482712961a P 3f54203a38514848a002e49171252998 [CANDIDATE]: Term 4 election: Election decided. Result: candidate won. Election summary: received 2 responses out of 3 voters: 2 yes votes; 0 no votes. yes voters: 3f54203a38514848a002e49171252998, 9d057637027646409e02f160e2d489d6; no voters: 
I20260710 13:18:02.736982  5990 raft_consensus.cc:2468] T b81f114912ff4b57b0c2c2482712961a P 117da7031bbe4c7caa30f6975da9d0d9 [term 4 FOLLOWER]: Leader election vote request: Granting yes vote for candidate 3f54203a38514848a002e49171252998 in term 4.
I20260710 13:18:02.737730  6247 raft_consensus.cc:2804] T b81f114912ff4b57b0c2c2482712961a P 3f54203a38514848a002e49171252998 [term 4 FOLLOWER]: Leader election won for term 4
I20260710 13:18:02.738811  6247 raft_consensus.cc:697] T b81f114912ff4b57b0c2c2482712961a P 3f54203a38514848a002e49171252998 [term 4 LEADER]: Becoming Leader. State: Replica: 3f54203a38514848a002e49171252998, State: Running, Role: LEADER
I20260710 13:18:02.740527  6247 consensus_queue.cc:237] T b81f114912ff4b57b0c2c2482712961a P 3f54203a38514848a002e49171252998 [LEADER]: Queue going to LEADER mode. State: All replicated index: 0, Majority replicated index: 3, Committed index: 3, Last appended: 3.3, Last appended by leader: 3, Current term: 4, Majority size: 2, State: 0, Mode: LEADER, active raft config: opid_index: -1 OBSOLETE_local: false peers { permanent_uuid: "9d057637027646409e02f160e2d489d6" member_type: VOTER last_known_addr { host: "127.5.165.131" port: 43117 } } peers { permanent_uuid: "3f54203a38514848a002e49171252998" member_type: VOTER last_known_addr { host: "127.5.165.129" port: 33417 } } peers { permanent_uuid: "117da7031bbe4c7caa30f6975da9d0d9" member_type: VOTER last_known_addr { host: "127.5.165.130" port: 43963 } }
I20260710 13:18:02.746299  5814 catalog_manager.cc:5697] T b81f114912ff4b57b0c2c2482712961a P 3f54203a38514848a002e49171252998 reported cstate change: term changed from 3 to 4, leader changed from 117da7031bbe4c7caa30f6975da9d0d9 (127.5.165.130) to 3f54203a38514848a002e49171252998 (127.5.165.129). New cstate: current_term: 4 leader_uuid: "3f54203a38514848a002e49171252998" committed_config { opid_index: -1 OBSOLETE_local: false peers { permanent_uuid: "9d057637027646409e02f160e2d489d6" member_type: VOTER last_known_addr { host: "127.5.165.131" port: 43117 } health_report { overall_health: UNKNOWN } } peers { permanent_uuid: "3f54203a38514848a002e49171252998" member_type: VOTER last_known_addr { host: "127.5.165.129" port: 33417 } health_report { overall_health: HEALTHY } } peers { permanent_uuid: "117da7031bbe4c7caa30f6975da9d0d9" member_type: VOTER last_known_addr { host: "127.5.165.130" port: 43963 } health_report { overall_health: UNKNOWN } } }
I20260710 13:18:02.830463  6221 raft_consensus.cc:993] T 4049fcde14b24eb08ade0d3d38989e72 P 117da7031bbe4c7caa30f6975da9d0d9: : Instructing follower 3f54203a38514848a002e49171252998 to start an election
I20260710 13:18:02.830843  6246 raft_consensus.cc:1081] T 4049fcde14b24eb08ade0d3d38989e72 P 117da7031bbe4c7caa30f6975da9d0d9 [term 1 LEADER]: Signalling peer 3f54203a38514848a002e49171252998 to start an election
I20260710 13:18:02.832003  5915 tablet_service.cc:2044] Received Run Leader Election RPC: tablet_id: "4049fcde14b24eb08ade0d3d38989e72"
dest_uuid: "3f54203a38514848a002e49171252998"
 from {username='slave'} at 127.0.0.1:54550
I20260710 13:18:02.832391  5915 raft_consensus.cc:493] T 4049fcde14b24eb08ade0d3d38989e72 P 3f54203a38514848a002e49171252998 [term 1 FOLLOWER]: Starting forced leader election (received explicit request)
I20260710 13:18:02.832623  5915 raft_consensus.cc:3060] T 4049fcde14b24eb08ade0d3d38989e72 P 3f54203a38514848a002e49171252998 [term 1 FOLLOWER]: Advancing to term 2
I20260710 13:18:02.836289  5915 raft_consensus.cc:515] T 4049fcde14b24eb08ade0d3d38989e72 P 3f54203a38514848a002e49171252998 [term 2 FOLLOWER]: Starting forced leader election with config: opid_index: -1 OBSOLETE_local: false peers { permanent_uuid: "3f54203a38514848a002e49171252998" member_type: VOTER last_known_addr { host: "127.5.165.129" port: 33417 } } peers { permanent_uuid: "117da7031bbe4c7caa30f6975da9d0d9" member_type: VOTER last_known_addr { host: "127.5.165.130" port: 43963 } } peers { permanent_uuid: "9d057637027646409e02f160e2d489d6" member_type: VOTER last_known_addr { host: "127.5.165.131" port: 43117 } }
I20260710 13:18:02.837598  5915 leader_election.cc:290] T 4049fcde14b24eb08ade0d3d38989e72 P 3f54203a38514848a002e49171252998 [CANDIDATE]: Term 2 election: Requested vote from peers 117da7031bbe4c7caa30f6975da9d0d9 (127.5.165.130:43963), 9d057637027646409e02f160e2d489d6 (127.5.165.131:43117)
I20260710 13:18:02.838131  5990 tablet_service.cc:1917] Received RequestConsensusVote() RPC: tablet_id: "4049fcde14b24eb08ade0d3d38989e72" candidate_uuid: "3f54203a38514848a002e49171252998" candidate_term: 2 candidate_status { last_received { term: 1 index: 1 } } ignore_live_leader: true dest_uuid: "117da7031bbe4c7caa30f6975da9d0d9"
I20260710 13:18:02.838495  6066 tablet_service.cc:1917] Received RequestConsensusVote() RPC: tablet_id: "4049fcde14b24eb08ade0d3d38989e72" candidate_uuid: "3f54203a38514848a002e49171252998" candidate_term: 2 candidate_status { last_received { term: 1 index: 1 } } ignore_live_leader: true dest_uuid: "9d057637027646409e02f160e2d489d6"
I20260710 13:18:02.838572  5990 raft_consensus.cc:3055] T 4049fcde14b24eb08ade0d3d38989e72 P 117da7031bbe4c7caa30f6975da9d0d9 [term 1 LEADER]: Stepping down as leader of term 1
I20260710 13:18:02.838913  5990 raft_consensus.cc:740] T 4049fcde14b24eb08ade0d3d38989e72 P 117da7031bbe4c7caa30f6975da9d0d9 [term 1 LEADER]: Becoming Follower/Learner. State: Replica: 117da7031bbe4c7caa30f6975da9d0d9, State: Running, Role: LEADER
I20260710 13:18:02.838923  6066 raft_consensus.cc:3060] T 4049fcde14b24eb08ade0d3d38989e72 P 9d057637027646409e02f160e2d489d6 [term 1 FOLLOWER]: Advancing to term 2
I20260710 13:18:02.839627  5990 consensus_queue.cc:260] T 4049fcde14b24eb08ade0d3d38989e72 P 117da7031bbe4c7caa30f6975da9d0d9 [NON_LEADER]: Queue going to NON_LEADER mode. State: All replicated index: 0, Majority replicated index: 1, Committed index: 1, Last appended: 1.1, Last appended by leader: 1, Current term: 1, Majority size: -1, State: 0, Mode: NON_LEADER, active raft config: opid_index: -1 OBSOLETE_local: false peers { permanent_uuid: "3f54203a38514848a002e49171252998" member_type: VOTER last_known_addr { host: "127.5.165.129" port: 33417 } } peers { permanent_uuid: "117da7031bbe4c7caa30f6975da9d0d9" member_type: VOTER last_known_addr { host: "127.5.165.130" port: 43963 } } peers { permanent_uuid: "9d057637027646409e02f160e2d489d6" member_type: VOTER last_known_addr { host: "127.5.165.131" port: 43117 } }
I20260710 13:18:02.840375  5990 raft_consensus.cc:3060] T 4049fcde14b24eb08ade0d3d38989e72 P 117da7031bbe4c7caa30f6975da9d0d9 [term 1 FOLLOWER]: Advancing to term 2
I20260710 13:18:02.843813  5990 raft_consensus.cc:2468] T 4049fcde14b24eb08ade0d3d38989e72 P 117da7031bbe4c7caa30f6975da9d0d9 [term 2 FOLLOWER]: Leader election vote request: Granting yes vote for candidate 3f54203a38514848a002e49171252998 in term 2.
I20260710 13:18:02.843890  6066 raft_consensus.cc:2468] T 4049fcde14b24eb08ade0d3d38989e72 P 9d057637027646409e02f160e2d489d6 [term 2 FOLLOWER]: Leader election vote request: Granting yes vote for candidate 3f54203a38514848a002e49171252998 in term 2.
I20260710 13:18:02.844636  5882 leader_election.cc:304] T 4049fcde14b24eb08ade0d3d38989e72 P 3f54203a38514848a002e49171252998 [CANDIDATE]: Term 2 election: Election decided. Result: candidate won. Election summary: received 2 responses out of 3 voters: 2 yes votes; 0 no votes. yes voters: 117da7031bbe4c7caa30f6975da9d0d9, 3f54203a38514848a002e49171252998; no voters: 
I20260710 13:18:02.845242  6247 raft_consensus.cc:2804] T 4049fcde14b24eb08ade0d3d38989e72 P 3f54203a38514848a002e49171252998 [term 2 FOLLOWER]: Leader election won for term 2
I20260710 13:18:02.845579  6247 raft_consensus.cc:697] T 4049fcde14b24eb08ade0d3d38989e72 P 3f54203a38514848a002e49171252998 [term 2 LEADER]: Becoming Leader. State: Replica: 3f54203a38514848a002e49171252998, State: Running, Role: LEADER
I20260710 13:18:02.846288  6247 consensus_queue.cc:237] T 4049fcde14b24eb08ade0d3d38989e72 P 3f54203a38514848a002e49171252998 [LEADER]: Queue going to LEADER mode. State: All replicated index: 0, Majority replicated index: 1, Committed index: 1, Last appended: 1.1, Last appended by leader: 1, Current term: 2, Majority size: 2, State: 0, Mode: LEADER, active raft config: opid_index: -1 OBSOLETE_local: false peers { permanent_uuid: "3f54203a38514848a002e49171252998" member_type: VOTER last_known_addr { host: "127.5.165.129" port: 33417 } } peers { permanent_uuid: "117da7031bbe4c7caa30f6975da9d0d9" member_type: VOTER last_known_addr { host: "127.5.165.130" port: 43963 } } peers { permanent_uuid: "9d057637027646409e02f160e2d489d6" member_type: VOTER last_known_addr { host: "127.5.165.131" port: 43117 } }
I20260710 13:18:02.852034  5814 catalog_manager.cc:5697] T 4049fcde14b24eb08ade0d3d38989e72 P 3f54203a38514848a002e49171252998 reported cstate change: term changed from 1 to 2, leader changed from 117da7031bbe4c7caa30f6975da9d0d9 (127.5.165.130) to 3f54203a38514848a002e49171252998 (127.5.165.129). New cstate: current_term: 2 leader_uuid: "3f54203a38514848a002e49171252998" committed_config { opid_index: -1 OBSOLETE_local: false peers { permanent_uuid: "3f54203a38514848a002e49171252998" member_type: VOTER last_known_addr { host: "127.5.165.129" port: 33417 } health_report { overall_health: HEALTHY } } peers { permanent_uuid: "117da7031bbe4c7caa30f6975da9d0d9" member_type: VOTER last_known_addr { host: "127.5.165.130" port: 43963 } health_report { overall_health: UNKNOWN } } peers { permanent_uuid: "9d057637027646409e02f160e2d489d6" member_type: VOTER last_known_addr { host: "127.5.165.131" port: 43117 } health_report { overall_health: UNKNOWN } } }
I20260710 13:18:02.879599  6221 raft_consensus.cc:993] T 5867244525c2455ebeaf0f965863682f P 117da7031bbe4c7caa30f6975da9d0d9: : Instructing follower 3f54203a38514848a002e49171252998 to start an election
I20260710 13:18:02.879918  6246 raft_consensus.cc:1081] T 5867244525c2455ebeaf0f965863682f P 117da7031bbe4c7caa30f6975da9d0d9 [term 2 LEADER]: Signalling peer 3f54203a38514848a002e49171252998 to start an election
I20260710 13:18:02.881032  5915 tablet_service.cc:2044] Received Run Leader Election RPC: tablet_id: "5867244525c2455ebeaf0f965863682f"
dest_uuid: "3f54203a38514848a002e49171252998"
 from {username='slave'} at 127.0.0.1:54550
I20260710 13:18:02.881394  5915 raft_consensus.cc:493] T 5867244525c2455ebeaf0f965863682f P 3f54203a38514848a002e49171252998 [term 2 FOLLOWER]: Starting forced leader election (received explicit request)
I20260710 13:18:02.881611  5915 raft_consensus.cc:3060] T 5867244525c2455ebeaf0f965863682f P 3f54203a38514848a002e49171252998 [term 2 FOLLOWER]: Advancing to term 3
I20260710 13:18:02.885030  5915 raft_consensus.cc:515] T 5867244525c2455ebeaf0f965863682f P 3f54203a38514848a002e49171252998 [term 3 FOLLOWER]: Starting forced leader election with config: opid_index: -1 OBSOLETE_local: false peers { permanent_uuid: "3f54203a38514848a002e49171252998" member_type: VOTER last_known_addr { host: "127.5.165.129" port: 33417 } } peers { permanent_uuid: "117da7031bbe4c7caa30f6975da9d0d9" member_type: VOTER last_known_addr { host: "127.5.165.130" port: 43963 } } peers { permanent_uuid: "9d057637027646409e02f160e2d489d6" member_type: VOTER last_known_addr { host: "127.5.165.131" port: 43117 } }
I20260710 13:18:02.886293  5915 leader_election.cc:290] T 5867244525c2455ebeaf0f965863682f P 3f54203a38514848a002e49171252998 [CANDIDATE]: Term 3 election: Requested vote from peers 117da7031bbe4c7caa30f6975da9d0d9 (127.5.165.130:43963), 9d057637027646409e02f160e2d489d6 (127.5.165.131:43117)
I20260710 13:18:02.886873  5990 tablet_service.cc:1917] Received RequestConsensusVote() RPC: tablet_id: "5867244525c2455ebeaf0f965863682f" candidate_uuid: "3f54203a38514848a002e49171252998" candidate_term: 3 candidate_status { last_received { term: 2 index: 2 } } ignore_live_leader: true dest_uuid: "117da7031bbe4c7caa30f6975da9d0d9"
I20260710 13:18:02.887123  6066 tablet_service.cc:1917] Received RequestConsensusVote() RPC: tablet_id: "5867244525c2455ebeaf0f965863682f" candidate_uuid: "3f54203a38514848a002e49171252998" candidate_term: 3 candidate_status { last_received { term: 2 index: 2 } } ignore_live_leader: true dest_uuid: "9d057637027646409e02f160e2d489d6"
I20260710 13:18:02.887388  5990 raft_consensus.cc:3055] T 5867244525c2455ebeaf0f965863682f P 117da7031bbe4c7caa30f6975da9d0d9 [term 2 LEADER]: Stepping down as leader of term 2
I20260710 13:18:02.887596  6066 raft_consensus.cc:3060] T 5867244525c2455ebeaf0f965863682f P 9d057637027646409e02f160e2d489d6 [term 2 FOLLOWER]: Advancing to term 3
I20260710 13:18:02.887683  5990 raft_consensus.cc:740] T 5867244525c2455ebeaf0f965863682f P 117da7031bbe4c7caa30f6975da9d0d9 [term 2 LEADER]: Becoming Follower/Learner. State: Replica: 117da7031bbe4c7caa30f6975da9d0d9, State: Running, Role: LEADER
