I20260710 13:18:02.888440  5990 consensus_queue.cc:260] T 5867244525c2455ebeaf0f965863682f P 117da7031bbe4c7caa30f6975da9d0d9 [NON_LEADER]: Queue going to NON_LEADER mode. State: All replicated index: 0, Majority replicated index: 2, Committed index: 2, Last appended: 2.2, Last appended by leader: 2, Current term: 2, Majority size: -1, State: 0, Mode: NON_LEADER, active raft config: opid_index: -1 OBSOLETE_local: false peers { permanent_uuid: "3f54203a38514848a002e49171252998" member_type: VOTER last_known_addr { host: "127.5.165.129" port: 33417 } } peers { permanent_uuid: "117da7031bbe4c7caa30f6975da9d0d9" member_type: VOTER last_known_addr { host: "127.5.165.130" port: 43963 } } peers { permanent_uuid: "9d057637027646409e02f160e2d489d6" member_type: VOTER last_known_addr { host: "127.5.165.131" port: 43117 } }
I20260710 13:18:02.889469  5990 raft_consensus.cc:3060] T 5867244525c2455ebeaf0f965863682f P 117da7031bbe4c7caa30f6975da9d0d9 [term 2 FOLLOWER]: Advancing to term 3
I20260710 13:18:02.892882  6066 raft_consensus.cc:2468] T 5867244525c2455ebeaf0f965863682f P 9d057637027646409e02f160e2d489d6 [term 3 FOLLOWER]: Leader election vote request: Granting yes vote for candidate 3f54203a38514848a002e49171252998 in term 3.
I20260710 13:18:02.893728  5883 leader_election.cc:304] T 5867244525c2455ebeaf0f965863682f P 3f54203a38514848a002e49171252998 [CANDIDATE]: Term 3 election: Election decided. Result: candidate won. Election summary: received 2 responses out of 3 voters: 2 yes votes; 0 no votes. yes voters: 3f54203a38514848a002e49171252998, 9d057637027646409e02f160e2d489d6; no voters: 
I20260710 13:18:02.894261  6247 raft_consensus.cc:2804] T 5867244525c2455ebeaf0f965863682f P 3f54203a38514848a002e49171252998 [term 3 FOLLOWER]: Leader election won for term 3
I20260710 13:18:02.894364  5990 raft_consensus.cc:2468] T 5867244525c2455ebeaf0f965863682f P 117da7031bbe4c7caa30f6975da9d0d9 [term 3 FOLLOWER]: Leader election vote request: Granting yes vote for candidate 3f54203a38514848a002e49171252998 in term 3.
I20260710 13:18:02.894747  6247 raft_consensus.cc:697] T 5867244525c2455ebeaf0f965863682f P 3f54203a38514848a002e49171252998 [term 3 LEADER]: Becoming Leader. State: Replica: 3f54203a38514848a002e49171252998, State: Running, Role: LEADER
I20260710 13:18:02.895570  6247 consensus_queue.cc:237] T 5867244525c2455ebeaf0f965863682f P 3f54203a38514848a002e49171252998 [LEADER]: Queue going to LEADER mode. State: All replicated index: 0, Majority replicated index: 2, Committed index: 2, Last appended: 2.2, Last appended by leader: 2, Current term: 3, Majority size: 2, State: 0, Mode: LEADER, active raft config: opid_index: -1 OBSOLETE_local: false peers { permanent_uuid: "3f54203a38514848a002e49171252998" member_type: VOTER last_known_addr { host: "127.5.165.129" port: 33417 } } peers { permanent_uuid: "117da7031bbe4c7caa30f6975da9d0d9" member_type: VOTER last_known_addr { host: "127.5.165.130" port: 43963 } } peers { permanent_uuid: "9d057637027646409e02f160e2d489d6" member_type: VOTER last_known_addr { host: "127.5.165.131" port: 43117 } }
I20260710 13:18:02.901584  5814 catalog_manager.cc:5697] T 5867244525c2455ebeaf0f965863682f P 3f54203a38514848a002e49171252998 reported cstate change: term changed from 2 to 3, leader changed from 117da7031bbe4c7caa30f6975da9d0d9 (127.5.165.130) to 3f54203a38514848a002e49171252998 (127.5.165.129). New cstate: current_term: 3 leader_uuid: "3f54203a38514848a002e49171252998" committed_config { opid_index: -1 OBSOLETE_local: false peers { permanent_uuid: "3f54203a38514848a002e49171252998" member_type: VOTER last_known_addr { host: "127.5.165.129" port: 33417 } health_report { overall_health: HEALTHY } } peers { permanent_uuid: "117da7031bbe4c7caa30f6975da9d0d9" member_type: VOTER last_known_addr { host: "127.5.165.130" port: 43963 } health_report { overall_health: UNKNOWN } } peers { permanent_uuid: "9d057637027646409e02f160e2d489d6" member_type: VOTER last_known_addr { host: "127.5.165.131" port: 43117 } health_report { overall_health: UNKNOWN } } }
I20260710 13:18:03.014068  6221 raft_consensus.cc:993] T 82ea6d9c5dd842b8bd7bb7ceb41c1da1 P 117da7031bbe4c7caa30f6975da9d0d9: : Instructing follower 9d057637027646409e02f160e2d489d6 to start an election
I20260710 13:18:03.014456  6246 raft_consensus.cc:1081] T 82ea6d9c5dd842b8bd7bb7ceb41c1da1 P 117da7031bbe4c7caa30f6975da9d0d9 [term 3 LEADER]: Signalling peer 9d057637027646409e02f160e2d489d6 to start an election
I20260710 13:18:03.015697  6066 tablet_service.cc:2044] Received Run Leader Election RPC: tablet_id: "82ea6d9c5dd842b8bd7bb7ceb41c1da1"
dest_uuid: "9d057637027646409e02f160e2d489d6"
 from {username='slave'} at 127.0.0.1:43646
I20260710 13:18:03.016079  6066 raft_consensus.cc:493] T 82ea6d9c5dd842b8bd7bb7ceb41c1da1 P 9d057637027646409e02f160e2d489d6 [term 3 FOLLOWER]: Starting forced leader election (received explicit request)
I20260710 13:18:03.016319  6066 raft_consensus.cc:3060] T 82ea6d9c5dd842b8bd7bb7ceb41c1da1 P 9d057637027646409e02f160e2d489d6 [term 3 FOLLOWER]: Advancing to term 4
I20260710 13:18:03.020363  6066 raft_consensus.cc:515] T 82ea6d9c5dd842b8bd7bb7ceb41c1da1 P 9d057637027646409e02f160e2d489d6 [term 4 FOLLOWER]: Starting forced leader election with config: opid_index: -1 OBSOLETE_local: false peers { permanent_uuid: "3f54203a38514848a002e49171252998" member_type: VOTER last_known_addr { host: "127.5.165.129" port: 33417 } } peers { permanent_uuid: "117da7031bbe4c7caa30f6975da9d0d9" member_type: VOTER last_known_addr { host: "127.5.165.130" port: 43963 } } peers { permanent_uuid: "9d057637027646409e02f160e2d489d6" member_type: VOTER last_known_addr { host: "127.5.165.131" port: 43117 } }
I20260710 13:18:03.021975  6066 leader_election.cc:290] T 82ea6d9c5dd842b8bd7bb7ceb41c1da1 P 9d057637027646409e02f160e2d489d6 [CANDIDATE]: Term 4 election: Requested vote from peers 3f54203a38514848a002e49171252998 (127.5.165.129:33417), 117da7031bbe4c7caa30f6975da9d0d9 (127.5.165.130:43963)
I20260710 13:18:03.022878  5990 tablet_service.cc:1917] Received RequestConsensusVote() RPC: tablet_id: "82ea6d9c5dd842b8bd7bb7ceb41c1da1" candidate_uuid: "9d057637027646409e02f160e2d489d6" candidate_term: 4 candidate_status { last_received { term: 3 index: 3 } } ignore_live_leader: true dest_uuid: "117da7031bbe4c7caa30f6975da9d0d9"
I20260710 13:18:03.022902  5915 tablet_service.cc:1917] Received RequestConsensusVote() RPC: tablet_id: "82ea6d9c5dd842b8bd7bb7ceb41c1da1" candidate_uuid: "9d057637027646409e02f160e2d489d6" candidate_term: 4 candidate_status { last_received { term: 3 index: 3 } } ignore_live_leader: true dest_uuid: "3f54203a38514848a002e49171252998"
I20260710 13:18:03.023460  5990 raft_consensus.cc:3055] T 82ea6d9c5dd842b8bd7bb7ceb41c1da1 P 117da7031bbe4c7caa30f6975da9d0d9 [term 3 LEADER]: Stepping down as leader of term 3
I20260710 13:18:03.023543  5915 raft_consensus.cc:3060] T 82ea6d9c5dd842b8bd7bb7ceb41c1da1 P 3f54203a38514848a002e49171252998 [term 3 FOLLOWER]: Advancing to term 4
I20260710 13:18:03.023814  5990 raft_consensus.cc:740] T 82ea6d9c5dd842b8bd7bb7ceb41c1da1 P 117da7031bbe4c7caa30f6975da9d0d9 [term 3 LEADER]: Becoming Follower/Learner. State: Replica: 117da7031bbe4c7caa30f6975da9d0d9, State: Running, Role: LEADER
I20260710 13:18:03.024549  5990 consensus_queue.cc:260] T 82ea6d9c5dd842b8bd7bb7ceb41c1da1 P 117da7031bbe4c7caa30f6975da9d0d9 [NON_LEADER]: Queue going to NON_LEADER mode. State: All replicated index: 0, Majority replicated index: 3, Committed index: 3, Last appended: 3.3, Last appended by leader: 3, Current term: 3, Majority size: -1, State: 0, Mode: NON_LEADER, active raft config: opid_index: -1 OBSOLETE_local: false peers { permanent_uuid: "3f54203a38514848a002e49171252998" member_type: VOTER last_known_addr { host: "127.5.165.129" port: 33417 } } peers { permanent_uuid: "117da7031bbe4c7caa30f6975da9d0d9" member_type: VOTER last_known_addr { host: "127.5.165.130" port: 43963 } } peers { permanent_uuid: "9d057637027646409e02f160e2d489d6" member_type: VOTER last_known_addr { host: "127.5.165.131" port: 43117 } }
I20260710 13:18:03.025219  5990 raft_consensus.cc:3060] T 82ea6d9c5dd842b8bd7bb7ceb41c1da1 P 117da7031bbe4c7caa30f6975da9d0d9 [term 3 FOLLOWER]: Advancing to term 4
I20260710 13:18:03.027938  5915 raft_consensus.cc:2468] T 82ea6d9c5dd842b8bd7bb7ceb41c1da1 P 3f54203a38514848a002e49171252998 [term 4 FOLLOWER]: Leader election vote request: Granting yes vote for candidate 9d057637027646409e02f160e2d489d6 in term 4.
I20260710 13:18:03.028630  5917 raft_consensus.cc:1240] T 82ea6d9c5dd842b8bd7bb7ceb41c1da1 P 3f54203a38514848a002e49171252998 [term 4 FOLLOWER]: Rejecting Update request from peer 117da7031bbe4c7caa30f6975da9d0d9 for earlier term 3. Current term is 4. Ops: []
I20260710 13:18:03.029033  6031 leader_election.cc:304] T 82ea6d9c5dd842b8bd7bb7ceb41c1da1 P 9d057637027646409e02f160e2d489d6 [CANDIDATE]: Term 4 election: Election decided. Result: candidate won. Election summary: received 2 responses out of 3 voters: 2 yes votes; 0 no votes. yes voters: 3f54203a38514848a002e49171252998, 9d057637027646409e02f160e2d489d6; no voters: 
I20260710 13:18:03.029954  6202 raft_consensus.cc:2804] T 82ea6d9c5dd842b8bd7bb7ceb41c1da1 P 9d057637027646409e02f160e2d489d6 [term 4 FOLLOWER]: Leader election won for term 4
I20260710 13:18:03.030293  5990 raft_consensus.cc:2468] T 82ea6d9c5dd842b8bd7bb7ceb41c1da1 P 117da7031bbe4c7caa30f6975da9d0d9 [term 4 FOLLOWER]: Leader election vote request: Granting yes vote for candidate 9d057637027646409e02f160e2d489d6 in term 4.
I20260710 13:18:03.031302  6202 raft_consensus.cc:697] T 82ea6d9c5dd842b8bd7bb7ceb41c1da1 P 9d057637027646409e02f160e2d489d6 [term 4 LEADER]: Becoming Leader. State: Replica: 9d057637027646409e02f160e2d489d6, State: Running, Role: LEADER
I20260710 13:18:03.032042  6202 consensus_queue.cc:237] T 82ea6d9c5dd842b8bd7bb7ceb41c1da1 P 9d057637027646409e02f160e2d489d6 [LEADER]: Queue going to LEADER mode. State: All replicated index: 0, Majority replicated index: 3, Committed index: 3, Last appended: 3.3, Last appended by leader: 3, Current term: 4, Majority size: 2, State: 0, Mode: LEADER, active raft config: opid_index: -1 OBSOLETE_local: false peers { permanent_uuid: "3f54203a38514848a002e49171252998" member_type: VOTER last_known_addr { host: "127.5.165.129" port: 33417 } } peers { permanent_uuid: "117da7031bbe4c7caa30f6975da9d0d9" member_type: VOTER last_known_addr { host: "127.5.165.130" port: 43963 } } peers { permanent_uuid: "9d057637027646409e02f160e2d489d6" member_type: VOTER last_known_addr { host: "127.5.165.131" port: 43117 } }
I20260710 13:18:03.038172  5814 catalog_manager.cc:5697] T 82ea6d9c5dd842b8bd7bb7ceb41c1da1 P 9d057637027646409e02f160e2d489d6 reported cstate change: term changed from 3 to 4, leader changed from 117da7031bbe4c7caa30f6975da9d0d9 (127.5.165.130) to 9d057637027646409e02f160e2d489d6 (127.5.165.131). New cstate: current_term: 4 leader_uuid: "9d057637027646409e02f160e2d489d6" committed_config { opid_index: -1 OBSOLETE_local: false peers { permanent_uuid: "3f54203a38514848a002e49171252998" member_type: VOTER last_known_addr { host: "127.5.165.129" port: 33417 } health_report { overall_health: UNKNOWN } } peers { permanent_uuid: "117da7031bbe4c7caa30f6975da9d0d9" member_type: VOTER last_known_addr { host: "127.5.165.130" port: 43963 } health_report { overall_health: UNKNOWN } } peers { permanent_uuid: "9d057637027646409e02f160e2d489d6" member_type: VOTER last_known_addr { host: "127.5.165.131" port: 43117 } health_report { overall_health: HEALTHY } } }
I20260710 13:18:03.075332  6221 raft_consensus.cc:993] T 07914a4688c2447599cad037d1ac01b6 P 117da7031bbe4c7caa30f6975da9d0d9: : Instructing follower 9d057637027646409e02f160e2d489d6 to start an election
I20260710 13:18:03.075682  6246 raft_consensus.cc:1081] T 07914a4688c2447599cad037d1ac01b6 P 117da7031bbe4c7caa30f6975da9d0d9 [term 2 LEADER]: Signalling peer 9d057637027646409e02f160e2d489d6 to start an election
I20260710 13:18:03.076841  6066 tablet_service.cc:2044] Received Run Leader Election RPC: tablet_id: "07914a4688c2447599cad037d1ac01b6"
dest_uuid: "9d057637027646409e02f160e2d489d6"
 from {username='slave'} at 127.0.0.1:43646
I20260710 13:18:03.077203  6066 raft_consensus.cc:493] T 07914a4688c2447599cad037d1ac01b6 P 9d057637027646409e02f160e2d489d6 [term 2 FOLLOWER]: Starting forced leader election (received explicit request)
I20260710 13:18:03.077437  6066 raft_consensus.cc:3060] T 07914a4688c2447599cad037d1ac01b6 P 9d057637027646409e02f160e2d489d6 [term 2 FOLLOWER]: Advancing to term 3
I20260710 13:18:03.081698  6066 raft_consensus.cc:515] T 07914a4688c2447599cad037d1ac01b6 P 9d057637027646409e02f160e2d489d6 [term 3 FOLLOWER]: Starting forced leader election with config: opid_index: -1 OBSOLETE_local: false peers { permanent_uuid: "3f54203a38514848a002e49171252998" member_type: VOTER last_known_addr { host: "127.5.165.129" port: 33417 } } peers { permanent_uuid: "117da7031bbe4c7caa30f6975da9d0d9" member_type: VOTER last_known_addr { host: "127.5.165.130" port: 43963 } } peers { permanent_uuid: "9d057637027646409e02f160e2d489d6" member_type: VOTER last_known_addr { host: "127.5.165.131" port: 43117 } }
I20260710 13:18:03.083038  6066 leader_election.cc:290] T 07914a4688c2447599cad037d1ac01b6 P 9d057637027646409e02f160e2d489d6 [CANDIDATE]: Term 3 election: Requested vote from peers 3f54203a38514848a002e49171252998 (127.5.165.129:33417), 117da7031bbe4c7caa30f6975da9d0d9 (127.5.165.130:43963)
I20260710 13:18:03.083720  5917 tablet_service.cc:1917] Received RequestConsensusVote() RPC: tablet_id: "07914a4688c2447599cad037d1ac01b6" candidate_uuid: "9d057637027646409e02f160e2d489d6" candidate_term: 3 candidate_status { last_received { term: 2 index: 2 } } ignore_live_leader: true dest_uuid: "3f54203a38514848a002e49171252998"
I20260710 13:18:03.083961  5990 tablet_service.cc:1917] Received RequestConsensusVote() RPC: tablet_id: "07914a4688c2447599cad037d1ac01b6" candidate_uuid: "9d057637027646409e02f160e2d489d6" candidate_term: 3 candidate_status { last_received { term: 2 index: 2 } } ignore_live_leader: true dest_uuid: "117da7031bbe4c7caa30f6975da9d0d9"
I20260710 13:18:03.084290  5917 raft_consensus.cc:3060] T 07914a4688c2447599cad037d1ac01b6 P 3f54203a38514848a002e49171252998 [term 2 FOLLOWER]: Advancing to term 3
I20260710 13:18:03.084407  5990 raft_consensus.cc:3055] T 07914a4688c2447599cad037d1ac01b6 P 117da7031bbe4c7caa30f6975da9d0d9 [term 2 LEADER]: Stepping down as leader of term 2
I20260710 13:18:03.084712  5990 raft_consensus.cc:740] T 07914a4688c2447599cad037d1ac01b6 P 117da7031bbe4c7caa30f6975da9d0d9 [term 2 LEADER]: Becoming Follower/Learner. State: Replica: 117da7031bbe4c7caa30f6975da9d0d9, State: Running, Role: LEADER
I20260710 13:18:03.085361  5990 consensus_queue.cc:260] T 07914a4688c2447599cad037d1ac01b6 P 117da7031bbe4c7caa30f6975da9d0d9 [NON_LEADER]: Queue going to NON_LEADER mode. State: All replicated index: 0, Majority replicated index: 2, Committed index: 2, Last appended: 2.2, Last appended by leader: 2, Current term: 2, Majority size: -1, State: 0, Mode: NON_LEADER, active raft config: opid_index: -1 OBSOLETE_local: false peers { permanent_uuid: "3f54203a38514848a002e49171252998" member_type: VOTER last_known_addr { host: "127.5.165.129" port: 33417 } } peers { permanent_uuid: "117da7031bbe4c7caa30f6975da9d0d9" member_type: VOTER last_known_addr { host: "127.5.165.130" port: 43963 } } peers { permanent_uuid: "9d057637027646409e02f160e2d489d6" member_type: VOTER last_known_addr { host: "127.5.165.131" port: 43117 } }
I20260710 13:18:03.086386  5990 raft_consensus.cc:3060] T 07914a4688c2447599cad037d1ac01b6 P 117da7031bbe4c7caa30f6975da9d0d9 [term 2 FOLLOWER]: Advancing to term 3
I20260710 13:18:03.090342  5917 raft_consensus.cc:2468] T 07914a4688c2447599cad037d1ac01b6 P 3f54203a38514848a002e49171252998 [term 3 FOLLOWER]: Leader election vote request: Granting yes vote for candidate 9d057637027646409e02f160e2d489d6 in term 3.
I20260710 13:18:03.091279  6031 leader_election.cc:304] T 07914a4688c2447599cad037d1ac01b6 P 9d057637027646409e02f160e2d489d6 [CANDIDATE]: Term 3 election: Election decided. Result: candidate won. Election summary: received 2 responses out of 3 voters: 2 yes votes; 0 no votes. yes voters: 3f54203a38514848a002e49171252998, 9d057637027646409e02f160e2d489d6; no voters: 
I20260710 13:18:03.091631  5990 raft_consensus.cc:2468] T 07914a4688c2447599cad037d1ac01b6 P 117da7031bbe4c7caa30f6975da9d0d9 [term 3 FOLLOWER]: Leader election vote request: Granting yes vote for candidate 9d057637027646409e02f160e2d489d6 in term 3.
I20260710 13:18:03.092007  6202 raft_consensus.cc:2804] T 07914a4688c2447599cad037d1ac01b6 P 9d057637027646409e02f160e2d489d6 [term 3 FOLLOWER]: Leader election won for term 3
I20260710 13:18:03.092437  6202 raft_consensus.cc:697] T 07914a4688c2447599cad037d1ac01b6 P 9d057637027646409e02f160e2d489d6 [term 3 LEADER]: Becoming Leader. State: Replica: 9d057637027646409e02f160e2d489d6, State: Running, Role: LEADER
I20260710 13:18:03.093152  6202 consensus_queue.cc:237] T 07914a4688c2447599cad037d1ac01b6 P 9d057637027646409e02f160e2d489d6 [LEADER]: Queue going to LEADER mode. State: All replicated index: 0, Majority replicated index: 2, Committed index: 2, Last appended: 2.2, Last appended by leader: 2, Current term: 3, Majority size: 2, State: 0, Mode: LEADER, active raft config: opid_index: -1 OBSOLETE_local: false peers { permanent_uuid: "3f54203a38514848a002e49171252998" member_type: VOTER last_known_addr { host: "127.5.165.129" port: 33417 } } peers { permanent_uuid: "117da7031bbe4c7caa30f6975da9d0d9" member_type: VOTER last_known_addr { host: "127.5.165.130" port: 43963 } } peers { permanent_uuid: "9d057637027646409e02f160e2d489d6" member_type: VOTER last_known_addr { host: "127.5.165.131" port: 43117 } }
I20260710 13:18:03.098778  5814 catalog_manager.cc:5697] T 07914a4688c2447599cad037d1ac01b6 P 9d057637027646409e02f160e2d489d6 reported cstate change: term changed from 2 to 3, leader changed from 117da7031bbe4c7caa30f6975da9d0d9 (127.5.165.130) to 9d057637027646409e02f160e2d489d6 (127.5.165.131). New cstate: current_term: 3 leader_uuid: "9d057637027646409e02f160e2d489d6" committed_config { opid_index: -1 OBSOLETE_local: false peers { permanent_uuid: "3f54203a38514848a002e49171252998" member_type: VOTER last_known_addr { host: "127.5.165.129" port: 33417 } health_report { overall_health: UNKNOWN } } peers { permanent_uuid: "117da7031bbe4c7caa30f6975da9d0d9" member_type: VOTER last_known_addr { host: "127.5.165.130" port: 43963 } health_report { overall_health: UNKNOWN } } peers { permanent_uuid: "9d057637027646409e02f160e2d489d6" member_type: VOTER last_known_addr { host: "127.5.165.131" port: 43117 } health_report { overall_health: HEALTHY } } }
I20260710 13:18:03.141037  5990 raft_consensus.cc:1275] T b81f114912ff4b57b0c2c2482712961a P 117da7031bbe4c7caa30f6975da9d0d9 [term 4 FOLLOWER]: Refusing update from remote peer 3f54203a38514848a002e49171252998: Log matching property violated. Preceding OpId in replica: term: 3 index: 3. Preceding OpId from leader: term: 4 index: 4. (index mismatch)
I20260710 13:18:03.142032  6247 consensus_queue.cc:1048] T b81f114912ff4b57b0c2c2482712961a P 3f54203a38514848a002e49171252998 [LEADER]: Connected to new peer: Peer: permanent_uuid: "117da7031bbe4c7caa30f6975da9d0d9" member_type: VOTER last_known_addr { host: "127.5.165.130" port: 43963 }, Status: LMP_MISMATCH, Last received: 0.0, Next index: 4, Last known committed idx: 3, Time since last communication: 0.000s
I20260710 13:18:03.151665  6066 raft_consensus.cc:1275] T b81f114912ff4b57b0c2c2482712961a P 9d057637027646409e02f160e2d489d6 [term 4 FOLLOWER]: Refusing update from remote peer 3f54203a38514848a002e49171252998: Log matching property violated. Preceding OpId in replica: term: 3 index: 3. Preceding OpId from leader: term: 4 index: 4. (index mismatch)
I20260710 13:18:03.153028  6247 consensus_queue.cc:1048] T b81f114912ff4b57b0c2c2482712961a P 3f54203a38514848a002e49171252998 [LEADER]: Connected to new peer: Peer: permanent_uuid: "9d057637027646409e02f160e2d489d6" member_type: VOTER last_known_addr { host: "127.5.165.131" port: 43117 }, Status: LMP_MISMATCH, Last received: 0.0, Next index: 4, Last known committed idx: 3, Time since last communication: 0.000s
I20260710 13:18:03.256134  6066 raft_consensus.cc:1275] T 4049fcde14b24eb08ade0d3d38989e72 P 9d057637027646409e02f160e2d489d6 [term 2 FOLLOWER]: Refusing update from remote peer 3f54203a38514848a002e49171252998: Log matching property violated. Preceding OpId in replica: term: 1 index: 1. Preceding OpId from leader: term: 2 index: 2. (index mismatch)
I20260710 13:18:03.257093  6247 consensus_queue.cc:1048] T 4049fcde14b24eb08ade0d3d38989e72 P 3f54203a38514848a002e49171252998 [LEADER]: Connected to new peer: Peer: permanent_uuid: "9d057637027646409e02f160e2d489d6" member_type: VOTER last_known_addr { host: "127.5.165.131" port: 43117 }, Status: LMP_MISMATCH, Last received: 0.0, Next index: 2, Last known committed idx: 1, Time since last communication: 0.000s
I20260710 13:18:03.265012  5990 raft_consensus.cc:1275] T 4049fcde14b24eb08ade0d3d38989e72 P 117da7031bbe4c7caa30f6975da9d0d9 [term 2 FOLLOWER]: Refusing update from remote peer 3f54203a38514848a002e49171252998: Log matching property violated. Preceding OpId in replica: term: 1 index: 1. Preceding OpId from leader: term: 2 index: 2. (index mismatch)
I20260710 13:18:03.266224  6248 consensus_queue.cc:1048] T 4049fcde14b24eb08ade0d3d38989e72 P 3f54203a38514848a002e49171252998 [LEADER]: Connected to new peer: Peer: permanent_uuid: "117da7031bbe4c7caa30f6975da9d0d9" member_type: VOTER last_known_addr { host: "127.5.165.130" port: 43963 }, Status: LMP_MISMATCH, Last received: 0.0, Next index: 2, Last known committed idx: 1, Time since last communication: 0.000s
I20260710 13:18:03.428682  6066 raft_consensus.cc:1275] T 5867244525c2455ebeaf0f965863682f P 9d057637027646409e02f160e2d489d6 [term 3 FOLLOWER]: Refusing update from remote peer 3f54203a38514848a002e49171252998: Log matching property violated. Preceding OpId in replica: term: 2 index: 2. Preceding OpId from leader: term: 3 index: 3. (index mismatch)
I20260710 13:18:03.429627  6248 consensus_queue.cc:1048] T 5867244525c2455ebeaf0f965863682f P 3f54203a38514848a002e49171252998 [LEADER]: Connected to new peer: Peer: permanent_uuid: "9d057637027646409e02f160e2d489d6" member_type: VOTER last_known_addr { host: "127.5.165.131" port: 43117 }, Status: LMP_MISMATCH, Last received: 0.0, Next index: 3, Last known committed idx: 2, Time since last communication: 0.000s
I20260710 13:18:03.434891  5917 raft_consensus.cc:1275] T 82ea6d9c5dd842b8bd7bb7ceb41c1da1 P 3f54203a38514848a002e49171252998 [term 4 FOLLOWER]: Refusing update from remote peer 9d057637027646409e02f160e2d489d6: Log matching property violated. Preceding OpId in replica: term: 3 index: 3. Preceding OpId from leader: term: 4 index: 4. (index mismatch)
I20260710 13:18:03.437291  5990 raft_consensus.cc:1275] T 5867244525c2455ebeaf0f965863682f P 117da7031bbe4c7caa30f6975da9d0d9 [term 3 FOLLOWER]: Refusing update from remote peer 3f54203a38514848a002e49171252998: Log matching property violated. Preceding OpId in replica: term: 2 index: 2. Preceding OpId from leader: term: 3 index: 3. (index mismatch)
I20260710 13:18:03.437143  6202 consensus_queue.cc:1048] T 82ea6d9c5dd842b8bd7bb7ceb41c1da1 P 9d057637027646409e02f160e2d489d6 [LEADER]: Connected to new peer: Peer: permanent_uuid: "3f54203a38514848a002e49171252998" member_type: VOTER last_known_addr { host: "127.5.165.129" port: 33417 }, Status: LMP_MISMATCH, Last received: 0.0, Next index: 4, Last known committed idx: 3, Time since last communication: 0.000s
I20260710 13:18:03.439095  6262 consensus_queue.cc:1048] T 5867244525c2455ebeaf0f965863682f P 3f54203a38514848a002e49171252998 [LEADER]: Connected to new peer: Peer: permanent_uuid: "117da7031bbe4c7caa30f6975da9d0d9" member_type: VOTER last_known_addr { host: "127.5.165.130" port: 43963 }, Status: LMP_MISMATCH, Last received: 0.0, Next index: 3, Last known committed idx: 2, Time since last communication: 0.000s
I20260710 13:18:03.448777  5990 raft_consensus.cc:1275] T 82ea6d9c5dd842b8bd7bb7ceb41c1da1 P 117da7031bbe4c7caa30f6975da9d0d9 [term 4 FOLLOWER]: Refusing update from remote peer 9d057637027646409e02f160e2d489d6: Log matching property violated. Preceding OpId in replica: term: 3 index: 3. Preceding OpId from leader: term: 4 index: 4. (index mismatch)
I20260710 13:18:03.450239  6270 consensus_queue.cc:1048] T 82ea6d9c5dd842b8bd7bb7ceb41c1da1 P 9d057637027646409e02f160e2d489d6 [LEADER]: Connected to new peer: Peer: permanent_uuid: "117da7031bbe4c7caa30f6975da9d0d9" member_type: VOTER last_known_addr { host: "127.5.165.130" port: 43963 }, Status: LMP_MISMATCH, Last received: 0.0, Next index: 4, Last known committed idx: 3, Time since last communication: 0.000s
I20260710 13:18:03.572907  5990 raft_consensus.cc:1275] T 07914a4688c2447599cad037d1ac01b6 P 117da7031bbe4c7caa30f6975da9d0d9 [term 3 FOLLOWER]: Refusing update from remote peer 9d057637027646409e02f160e2d489d6: Log matching property violated. Preceding OpId in replica: term: 2 index: 2. Preceding OpId from leader: term: 3 index: 3. (index mismatch)
I20260710 13:18:03.573913  6270 consensus_queue.cc:1048] T 07914a4688c2447599cad037d1ac01b6 P 9d057637027646409e02f160e2d489d6 [LEADER]: Connected to new peer: Peer: permanent_uuid: "117da7031bbe4c7caa30f6975da9d0d9" member_type: VOTER last_known_addr { host: "127.5.165.130" port: 43963 }, Status: LMP_MISMATCH, Last received: 0.0, Next index: 3, Last known committed idx: 2, Time since last communication: 0.000s
I20260710 13:18:03.582453  5917 raft_consensus.cc:1275] T 07914a4688c2447599cad037d1ac01b6 P 3f54203a38514848a002e49171252998 [term 3 FOLLOWER]: Refusing update from remote peer 9d057637027646409e02f160e2d489d6: Log matching property violated. Preceding OpId in replica: term: 2 index: 2. Preceding OpId from leader: term: 3 index: 3. (index mismatch)
I20260710 13:18:03.584046  6202 consensus_queue.cc:1048] T 07914a4688c2447599cad037d1ac01b6 P 9d057637027646409e02f160e2d489d6 [LEADER]: Connected to new peer: Peer: permanent_uuid: "3f54203a38514848a002e49171252998" member_type: VOTER last_known_addr { host: "127.5.165.129" port: 33417 }, Status: LMP_MISMATCH, Last received: 0.0, Next index: 3, Last known committed idx: 2, Time since last communication: 0.001s
I20260710 13:18:03.673614  5782 auto_leader_rebalancer.cc:141] leader rebalance for table test-workload
I20260710 13:18:03.678649  5782 tablet_server.cc:179] TabletServer@127.5.165.129:0 shutting down...
I20260710 13:18:03.702819  5782 ts_tablet_manager.cc:1507] Shutting down tablet manager...
I20260710 13:18:03.703505  5782 tablet_replica.cc:333] T 07914a4688c2447599cad037d1ac01b6 P 3f54203a38514848a002e49171252998: stopping tablet replica
I20260710 13:18:03.704141  5782 raft_consensus.cc:2243] T 07914a4688c2447599cad037d1ac01b6 P 3f54203a38514848a002e49171252998 [term 3 FOLLOWER]: Raft consensus shutting down.
I20260710 13:18:03.704588  5782 raft_consensus.cc:2272] T 07914a4688c2447599cad037d1ac01b6 P 3f54203a38514848a002e49171252998 [term 3 FOLLOWER]: Raft consensus is shut down!
I20260710 13:18:03.706996  5782 tablet_replica.cc:333] T 82ea6d9c5dd842b8bd7bb7ceb41c1da1 P 3f54203a38514848a002e49171252998: stopping tablet replica
I20260710 13:18:03.707480  5782 raft_consensus.cc:2243] T 82ea6d9c5dd842b8bd7bb7ceb41c1da1 P 3f54203a38514848a002e49171252998 [term 4 FOLLOWER]: Raft consensus shutting down.
I20260710 13:18:03.707836  5782 raft_consensus.cc:2272] T 82ea6d9c5dd842b8bd7bb7ceb41c1da1 P 3f54203a38514848a002e49171252998 [term 4 FOLLOWER]: Raft consensus is shut down!
I20260710 13:18:03.709533  5782 tablet_replica.cc:333] T e03b149458fb4dbc8ada3ca91643db0f P 3f54203a38514848a002e49171252998: stopping tablet replica
I20260710 13:18:03.709970  5782 raft_consensus.cc:2243] T e03b149458fb4dbc8ada3ca91643db0f P 3f54203a38514848a002e49171252998 [term 2 FOLLOWER]: Raft consensus shutting down.
I20260710 13:18:03.710325  5782 raft_consensus.cc:2272] T e03b149458fb4dbc8ada3ca91643db0f P 3f54203a38514848a002e49171252998 [term 2 FOLLOWER]: Raft consensus is shut down!
I20260710 13:18:03.711812  5782 tablet_replica.cc:333] T 5867244525c2455ebeaf0f965863682f P 3f54203a38514848a002e49171252998: stopping tablet replica
I20260710 13:18:03.712239  5782 raft_consensus.cc:2243] T 5867244525c2455ebeaf0f965863682f P 3f54203a38514848a002e49171252998 [term 3 LEADER]: Raft consensus shutting down.
I20260710 13:18:03.712872  5782 raft_consensus.cc:2272] T 5867244525c2455ebeaf0f965863682f P 3f54203a38514848a002e49171252998 [term 3 FOLLOWER]: Raft consensus is shut down!
I20260710 13:18:03.714558  5782 tablet_replica.cc:333] T 155dead792594feca887bf348a25f268 P 3f54203a38514848a002e49171252998: stopping tablet replica
I20260710 13:18:03.714999  5782 raft_consensus.cc:2243] T 155dead792594feca887bf348a25f268 P 3f54203a38514848a002e49171252998 [term 4 FOLLOWER]: Raft consensus shutting down.
I20260710 13:18:03.715384  5782 raft_consensus.cc:2272] T 155dead792594feca887bf348a25f268 P 3f54203a38514848a002e49171252998 [term 4 FOLLOWER]: Raft consensus is shut down!
I20260710 13:18:03.716835  5782 tablet_replica.cc:333] T b81f114912ff4b57b0c2c2482712961a P 3f54203a38514848a002e49171252998: stopping tablet replica
I20260710 13:18:03.717275  5782 raft_consensus.cc:2243] T b81f114912ff4b57b0c2c2482712961a P 3f54203a38514848a002e49171252998 [term 4 LEADER]: Raft consensus shutting down.
I20260710 13:18:03.717897  5782 raft_consensus.cc:2272] T b81f114912ff4b57b0c2c2482712961a P 3f54203a38514848a002e49171252998 [term 4 FOLLOWER]: Raft consensus is shut down!
I20260710 13:18:03.719534  5782 tablet_replica.cc:333] T 2408d490026540e59a6cc9d190cc31d2 P 3f54203a38514848a002e49171252998: stopping tablet replica
I20260710 13:18:03.719944  5782 raft_consensus.cc:2243] T 2408d490026540e59a6cc9d190cc31d2 P 3f54203a38514848a002e49171252998 [term 2 FOLLOWER]: Raft consensus shutting down.
I20260710 13:18:03.720278  5782 raft_consensus.cc:2272] T 2408d490026540e59a6cc9d190cc31d2 P 3f54203a38514848a002e49171252998 [term 2 FOLLOWER]: Raft consensus is shut down!
I20260710 13:18:03.721611  5782 tablet_replica.cc:333] T 4049fcde14b24eb08ade0d3d38989e72 P 3f54203a38514848a002e49171252998: stopping tablet replica
I20260710 13:18:03.722121  5782 raft_consensus.cc:2243] T 4049fcde14b24eb08ade0d3d38989e72 P 3f54203a38514848a002e49171252998 [term 2 LEADER]: Raft consensus shutting down.
I20260710 13:18:03.722790  5782 raft_consensus.cc:2272] T 4049fcde14b24eb08ade0d3d38989e72 P 3f54203a38514848a002e49171252998 [term 2 FOLLOWER]: Raft consensus is shut down!
I20260710 13:18:03.724699  5782 tablet_replica.cc:333] T 6e1987aa6c324ed890a807bbb98bd24d P 3f54203a38514848a002e49171252998: stopping tablet replica
I20260710 13:18:03.725085  5782 raft_consensus.cc:2243] T 6e1987aa6c324ed890a807bbb98bd24d P 3f54203a38514848a002e49171252998 [term 1 FOLLOWER]: Raft consensus shutting down.
I20260710 13:18:03.725411  5782 raft_consensus.cc:2272] T 6e1987aa6c324ed890a807bbb98bd24d P 3f54203a38514848a002e49171252998 [term 1 FOLLOWER]: Raft consensus is shut down!
I20260710 13:18:03.808162  5782 tablet_server.cc:196] TabletServer@127.5.165.129:0 shutdown complete.
I20260710 13:18:03.824368  5782 tablet_server.cc:179] TabletServer@127.5.165.130:0 shutting down...
I20260710 13:18:03.841900  5782 ts_tablet_manager.cc:1507] Shutting down tablet manager...
I20260710 13:18:03.842487  5782 tablet_replica.cc:333] T 07914a4688c2447599cad037d1ac01b6 P 117da7031bbe4c7caa30f6975da9d0d9: stopping tablet replica
I20260710 13:18:03.843019  5782 raft_consensus.cc:2243] T 07914a4688c2447599cad037d1ac01b6 P 117da7031bbe4c7caa30f6975da9d0d9 [term 3 FOLLOWER]: Raft consensus shutting down.
I20260710 13:18:03.843458  5782 raft_consensus.cc:2272] T 07914a4688c2447599cad037d1ac01b6 P 117da7031bbe4c7caa30f6975da9d0d9 [term 3 FOLLOWER]: Raft consensus is shut down!
I20260710 13:18:03.845252  5782 tablet_replica.cc:333] T 2408d490026540e59a6cc9d190cc31d2 P 117da7031bbe4c7caa30f6975da9d0d9: stopping tablet replica
I20260710 13:18:03.845705  5782 raft_consensus.cc:2243] T 2408d490026540e59a6cc9d190cc31d2 P 117da7031bbe4c7caa30f6975da9d0d9 [term 2 LEADER]: Raft consensus shutting down.
I20260710 13:18:03.846349  5782 raft_consensus.cc:2272] T 2408d490026540e59a6cc9d190cc31d2 P 117da7031bbe4c7caa30f6975da9d0d9 [term 2 FOLLOWER]: Raft consensus is shut down!
I20260710 13:18:03.848006  5782 tablet_replica.cc:333] T 4049fcde14b24eb08ade0d3d38989e72 P 117da7031bbe4c7caa30f6975da9d0d9: stopping tablet replica
I20260710 13:18:03.848627  5782 raft_consensus.cc:2243] T 4049fcde14b24eb08ade0d3d38989e72 P 117da7031bbe4c7caa30f6975da9d0d9 [term 2 FOLLOWER]: Raft consensus shutting down.
I20260710 13:18:03.849097  5782 raft_consensus.cc:2272] T 4049fcde14b24eb08ade0d3d38989e72 P 117da7031bbe4c7caa30f6975da9d0d9 [term 2 FOLLOWER]: Raft consensus is shut down!
W20260710 13:18:03.850281  6031 proxy.cc:239] Call had error, refreshing address and retrying: Network error: Client connection negotiation failed: client connection to 127.5.165.129:33417: connect: Connection refused (error 111)
I20260710 13:18:03.852172  5782 tablet_replica.cc:333] T b81f114912ff4b57b0c2c2482712961a P 117da7031bbe4c7caa30f6975da9d0d9: stopping tablet replica
I20260710 13:18:03.852644  5782 raft_consensus.cc:2243] T b81f114912ff4b57b0c2c2482712961a P 117da7031bbe4c7caa30f6975da9d0d9 [term 4 FOLLOWER]: Raft consensus shutting down.
I20260710 13:18:03.852990  5782 raft_consensus.cc:2272] T b81f114912ff4b57b0c2c2482712961a P 117da7031bbe4c7caa30f6975da9d0d9 [term 4 FOLLOWER]: Raft consensus is shut down!
W20260710 13:18:03.853360  6031 consensus_peers.cc:597] T e03b149458fb4dbc8ada3ca91643db0f P 9d057637027646409e02f160e2d489d6 -> Peer 3f54203a38514848a002e49171252998 (127.5.165.129:33417): Couldn't send request to peer 3f54203a38514848a002e49171252998. Status: Network error: Client connection negotiation failed: client connection to 127.5.165.129:33417: connect: Connection refused (error 111). This is attempt 1: this message will repeat every 5th retry.
I20260710 13:18:03.854760  5782 tablet_replica.cc:333] T 155dead792594feca887bf348a25f268 P 117da7031bbe4c7caa30f6975da9d0d9: stopping tablet replica
I20260710 13:18:03.855249  5782 raft_consensus.cc:2243] T 155dead792594feca887bf348a25f268 P 117da7031bbe4c7caa30f6975da9d0d9 [term 4 LEADER]: Raft consensus shutting down.
I20260710 13:18:03.855863  5782 raft_consensus.cc:2272] T 155dead792594feca887bf348a25f268 P 117da7031bbe4c7caa30f6975da9d0d9 [term 4 FOLLOWER]: Raft consensus is shut down!
I20260710 13:18:03.857302  5782 tablet_replica.cc:333] T 6e1987aa6c324ed890a807bbb98bd24d P 117da7031bbe4c7caa30f6975da9d0d9: stopping tablet replica
I20260710 13:18:03.857708  5782 raft_consensus.cc:2243] T 6e1987aa6c324ed890a807bbb98bd24d P 117da7031bbe4c7caa30f6975da9d0d9 [term 1 LEADER]: Raft consensus shutting down.
I20260710 13:18:03.858348  5782 raft_consensus.cc:2272] T 6e1987aa6c324ed890a807bbb98bd24d P 117da7031bbe4c7caa30f6975da9d0d9 [term 1 FOLLOWER]: Raft consensus is shut down!
I20260710 13:18:03.859822  5782 tablet_replica.cc:333] T 82ea6d9c5dd842b8bd7bb7ceb41c1da1 P 117da7031bbe4c7caa30f6975da9d0d9: stopping tablet replica
I20260710 13:18:03.860261  5782 raft_consensus.cc:2243] T 82ea6d9c5dd842b8bd7bb7ceb41c1da1 P 117da7031bbe4c7caa30f6975da9d0d9 [term 4 FOLLOWER]: Raft consensus shutting down.
I20260710 13:18:03.860594  5782 raft_consensus.cc:2272] T 82ea6d9c5dd842b8bd7bb7ceb41c1da1 P 117da7031bbe4c7caa30f6975da9d0d9 [term 4 FOLLOWER]: Raft consensus is shut down!
I20260710 13:18:03.862275  5782 tablet_replica.cc:333] T 5867244525c2455ebeaf0f965863682f P 117da7031bbe4c7caa30f6975da9d0d9: stopping tablet replica
I20260710 13:18:03.862731  5782 raft_consensus.cc:2243] T 5867244525c2455ebeaf0f965863682f P 117da7031bbe4c7caa30f6975da9d0d9 [term 3 FOLLOWER]: Raft consensus shutting down.
I20260710 13:18:03.863095  5782 raft_consensus.cc:2272] T 5867244525c2455ebeaf0f965863682f P 117da7031bbe4c7caa30f6975da9d0d9 [term 3 FOLLOWER]: Raft consensus is shut down!
I20260710 13:18:03.864877  5782 tablet_replica.cc:333] T e03b149458fb4dbc8ada3ca91643db0f P 117da7031bbe4c7caa30f6975da9d0d9: stopping tablet replica
I20260710 13:18:03.865278  5782 raft_consensus.cc:2243] T e03b149458fb4dbc8ada3ca91643db0f P 117da7031bbe4c7caa30f6975da9d0d9 [term 2 FOLLOWER]: Raft consensus shutting down.
I20260710 13:18:03.865641  5782 raft_consensus.cc:2272] T e03b149458fb4dbc8ada3ca91643db0f P 117da7031bbe4c7caa30f6975da9d0d9 [term 2 FOLLOWER]: Raft consensus is shut down!
I20260710 13:18:03.889724  5782 tablet_server.cc:196] TabletServer@127.5.165.130:0 shutdown complete.
I20260710 13:18:03.903995  5782 tablet_server.cc:179] TabletServer@127.5.165.131:0 shutting down...
W20260710 13:18:03.918716  6031 consensus_peers.cc:597] T e03b149458fb4dbc8ada3ca91643db0f P 9d057637027646409e02f160e2d489d6 -> Peer 117da7031bbe4c7caa30f6975da9d0d9 (127.5.165.130:43963): Couldn't send request to peer 117da7031bbe4c7caa30f6975da9d0d9. Status: Network error: Client connection negotiation failed: client connection to 127.5.165.130:43963: connect: Connection refused (error 111). This is attempt 1: this message will repeat every 5th retry.
I20260710 13:18:03.925091  5782 ts_tablet_manager.cc:1507] Shutting down tablet manager...
I20260710 13:18:03.925717  5782 tablet_replica.cc:333] T 07914a4688c2447599cad037d1ac01b6 P 9d057637027646409e02f160e2d489d6: stopping tablet replica
I20260710 13:18:03.926388  5782 raft_consensus.cc:2243] T 07914a4688c2447599cad037d1ac01b6 P 9d057637027646409e02f160e2d489d6 [term 3 LEADER]: Raft consensus shutting down.
I20260710 13:18:03.927063  5782 raft_consensus.cc:2272] T 07914a4688c2447599cad037d1ac01b6 P 9d057637027646409e02f160e2d489d6 [term 3 FOLLOWER]: Raft consensus is shut down!
I20260710 13:18:03.928824  5782 tablet_replica.cc:333] T 4049fcde14b24eb08ade0d3d38989e72 P 9d057637027646409e02f160e2d489d6: stopping tablet replica
I20260710 13:18:03.929242  5782 raft_consensus.cc:2243] T 4049fcde14b24eb08ade0d3d38989e72 P 9d057637027646409e02f160e2d489d6 [term 2 FOLLOWER]: Raft consensus shutting down.
I20260710 13:18:03.929569  5782 raft_consensus.cc:2272] T 4049fcde14b24eb08ade0d3d38989e72 P 9d057637027646409e02f160e2d489d6 [term 2 FOLLOWER]: Raft consensus is shut down!
I20260710 13:18:03.931277  5782 tablet_replica.cc:333] T b81f114912ff4b57b0c2c2482712961a P 9d057637027646409e02f160e2d489d6: stopping tablet replica
I20260710 13:18:03.931716  5782 raft_consensus.cc:2243] T b81f114912ff4b57b0c2c2482712961a P 9d057637027646409e02f160e2d489d6 [term 4 FOLLOWER]: Raft consensus shutting down.
I20260710 13:18:03.932049  5782 raft_consensus.cc:2272] T b81f114912ff4b57b0c2c2482712961a P 9d057637027646409e02f160e2d489d6 [term 4 FOLLOWER]: Raft consensus is shut down!
I20260710 13:18:03.933816  5782 tablet_replica.cc:333] T 2408d490026540e59a6cc9d190cc31d2 P 9d057637027646409e02f160e2d489d6: stopping tablet replica
I20260710 13:18:03.934222  5782 raft_consensus.cc:2243] T 2408d490026540e59a6cc9d190cc31d2 P 9d057637027646409e02f160e2d489d6 [term 2 FOLLOWER]: Raft consensus shutting down.
I20260710 13:18:03.934559  5782 raft_consensus.cc:2272] T 2408d490026540e59a6cc9d190cc31d2 P 9d057637027646409e02f160e2d489d6 [term 2 FOLLOWER]: Raft consensus is shut down!
I20260710 13:18:03.936017  5782 tablet_replica.cc:333] T 155dead792594feca887bf348a25f268 P 9d057637027646409e02f160e2d489d6: stopping tablet replica
I20260710 13:18:03.936408  5782 raft_consensus.cc:2243] T 155dead792594feca887bf348a25f268 P 9d057637027646409e02f160e2d489d6 [term 4 FOLLOWER]: Raft consensus shutting down.
I20260710 13:18:03.936726  5782 raft_consensus.cc:2272] T 155dead792594feca887bf348a25f268 P 9d057637027646409e02f160e2d489d6 [term 4 FOLLOWER]: Raft consensus is shut down!
I20260710 13:18:03.938035  5782 tablet_replica.cc:333] T 82ea6d9c5dd842b8bd7bb7ceb41c1da1 P 9d057637027646409e02f160e2d489d6: stopping tablet replica
I20260710 13:18:03.938422  5782 raft_consensus.cc:2243] T 82ea6d9c5dd842b8bd7bb7ceb41c1da1 P 9d057637027646409e02f160e2d489d6 [term 4 LEADER]: Raft consensus shutting down.
I20260710 13:18:03.938987  5782 raft_consensus.cc:2272] T 82ea6d9c5dd842b8bd7bb7ceb41c1da1 P 9d057637027646409e02f160e2d489d6 [term 4 FOLLOWER]: Raft consensus is shut down!
I20260710 13:18:03.940589  5782 tablet_replica.cc:333] T 5867244525c2455ebeaf0f965863682f P 9d057637027646409e02f160e2d489d6: stopping tablet replica
I20260710 13:18:03.940968  5782 raft_consensus.cc:2243] T 5867244525c2455ebeaf0f965863682f P 9d057637027646409e02f160e2d489d6 [term 3 FOLLOWER]: Raft consensus shutting down.
I20260710 13:18:03.941282  5782 raft_consensus.cc:2272] T 5867244525c2455ebeaf0f965863682f P 9d057637027646409e02f160e2d489d6 [term 3 FOLLOWER]: Raft consensus is shut down!
I20260710 13:18:03.942826  5782 tablet_replica.cc:333] T e03b149458fb4dbc8ada3ca91643db0f P 9d057637027646409e02f160e2d489d6: stopping tablet replica
I20260710 13:18:03.943230  5782 raft_consensus.cc:2243] T e03b149458fb4dbc8ada3ca91643db0f P 9d057637027646409e02f160e2d489d6 [term 2 LEADER]: Raft consensus shutting down.
I20260710 13:18:03.943827  5782 raft_consensus.cc:2272] T e03b149458fb4dbc8ada3ca91643db0f P 9d057637027646409e02f160e2d489d6 [term 2 FOLLOWER]: Raft consensus is shut down!
I20260710 13:18:03.945155  5782 tablet_replica.cc:333] T 6e1987aa6c324ed890a807bbb98bd24d P 9d057637027646409e02f160e2d489d6: stopping tablet replica
I20260710 13:18:03.945510  5782 raft_consensus.cc:2243] T 6e1987aa6c324ed890a807bbb98bd24d P 9d057637027646409e02f160e2d489d6 [term 1 FOLLOWER]: Raft consensus shutting down.
I20260710 13:18:03.945791  5782 raft_consensus.cc:2272] T 6e1987aa6c324ed890a807bbb98bd24d P 9d057637027646409e02f160e2d489d6 [term 1 FOLLOWER]: Raft consensus is shut down!
I20260710 13:18:03.970239  5782 tablet_server.cc:196] TabletServer@127.5.165.131:0 shutdown complete.
I20260710 13:18:03.985131  5782 master.cc:562] Master@127.5.165.190:44653 shutting down...
I20260710 13:18:04.121351  5782 raft_consensus.cc:2243] T 00000000000000000000000000000000 P ddfbc328976e40baae5b5e0bd291bff0 [term 1 LEADER]: Raft consensus shutting down.
I20260710 13:18:04.121863  5782 raft_consensus.cc:2272] T 00000000000000000000000000000000 P ddfbc328976e40baae5b5e0bd291bff0 [term 1 FOLLOWER]: Raft consensus is shut down!
I20260710 13:18:04.122169  5782 tablet_replica.cc:333] T 00000000000000000000000000000000 P ddfbc328976e40baae5b5e0bd291bff0: stopping tablet replica
I20260710 13:18:04.140285  5782 master.cc:584] Master@127.5.165.190:44653 shutdown complete.
117da7031bbe4c7caa30f6975da9d0d9  4
3f54203a38514848a002e49171252998  4
9d057637027646409e02f160e2d489d6  1
[       OK ] LeaderRebalancerTest.FunctionalTestForDivided (12055 ms)
[ RUN      ] LeaderRebalancerTest.FunctionalTestForNotDivided
I20260710 13:18:04.174754  5782 internal_mini_cluster.cc:156] Creating distributed mini masters. Addrs: 127.5.165.190:43123
I20260710 13:18:04.175803  5782 file_cache.cc:504] Constructed file cache file cache with capacity 419430
W20260710 13:18:04.180671  6277 instance_detector.cc:116] could not retrieve AWS instance metadata: Network error: curl error: HTTP response code said error: The requested URL returned error: 404
W20260710 13:18:04.180678  6278 instance_detector.cc:116] could not retrieve Azure instance metadata: Network error: curl error: HTTP response code said error: The requested URL returned error: 404
W20260710 13:18:04.181629  6280 instance_detector.cc:116] could not retrieve OpenStack instance metadata: Network error: curl error: HTTP response code said error: The requested URL returned error: 404
I20260710 13:18:04.182574  5782 server_base.cc:1061] running on GCE node
I20260710 13:18:04.183285  5782 hybrid_clock.cc:584] initializing the hybrid clock with 'system_unsync' time source
W20260710 13:18:04.183485  5782 system_unsync_time.cc:38] NTP support is disabled. Clock error bounds will not be accurate. This configuration is not suitable for distributed clusters.
I20260710 13:18:04.183598  5782 hybrid_clock.cc:648] HybridClock initialized: now 1783689484183587 us; error 0 us; skew 500 ppm
I20260710 13:18:04.184019  5782 server_base.cc:861] Flag tcmalloc_max_total_thread_cache_bytes is not working since tcmalloc is not enabled.
I20260710 13:18:04.186151  5782 webserver.cc:533] Webserver started at http://127.5.165.190:34119/ using document root <none> and password file <none>
I20260710 13:18:04.186553  5782 fs_manager.cc:362] Metadata directory not provided
I20260710 13:18:04.186699  5782 fs_manager.cc:368] Using write-ahead log directory (fs_wal_dir) as metadata directory
I20260710 13:18:04.186902  5782 server_base.cc:909] This appears to be a new deployment of Kudu; creating new FS layout
I20260710 13:18:04.187901  5782 fs_manager.cc:1068] Generated new instance metadata in path /tmp/dist-test-task2yUogN/test-tmp/auto_leader_rebalancer-test.0.LeaderRebalancerTest.FunctionalTestForNotDivided.1783689471964552-5782-0/minicluster-data/master-0-root/instance:
uuid: "4675dd5d126645808be7835607868cf0"
format_stamp: "Formatted at 2026-07-10 13:18:04 on dist-test-slave-sbhc"
I20260710 13:18:04.191772  5782 fs_manager.cc:696] Time spent creating directory manager: real 0.003s	user 0.004s	sys 0.000s
I20260710 13:18:04.194628  6285 log_block_manager.cc:4127] Time spent loading block containers with low live blocks: real 0.000s	user 0.000s	sys 0.000s
I20260710 13:18:04.195271  5782 fs_manager.cc:730] Time spent opening block manager: real 0.002s	user 0.003s	sys 0.000s
I20260710 13:18:04.195525  5782 fs_manager.cc:647] Opened local filesystem: /tmp/dist-test-task2yUogN/test-tmp/auto_leader_rebalancer-test.0.LeaderRebalancerTest.FunctionalTestForNotDivided.1783689471964552-5782-0/minicluster-data/master-0-root
uuid: "4675dd5d126645808be7835607868cf0"
format_stamp: "Formatted at 2026-07-10 13:18:04 on dist-test-slave-sbhc"
I20260710 13:18:04.195765  5782 fs_report.cc:389] FS layout report
--------------------
wal directory: /tmp/dist-test-task2yUogN/test-tmp/auto_leader_rebalancer-test.0.LeaderRebalancerTest.FunctionalTestForNotDivided.1783689471964552-5782-0/minicluster-data/master-0-root
metadata directory: /tmp/dist-test-task2yUogN/test-tmp/auto_leader_rebalancer-test.0.LeaderRebalancerTest.FunctionalTestForNotDivided.1783689471964552-5782-0/minicluster-data/master-0-root
1 data directories: /tmp/dist-test-task2yUogN/test-tmp/auto_leader_rebalancer-test.0.LeaderRebalancerTest.FunctionalTestForNotDivided.1783689471964552-5782-0/minicluster-data/master-0-root/data
Total live blocks: 0
Total live bytes: 0
Total live bytes (after alignment): 0
Total number of LBM containers: 0 (0 full)
Did not check for missing blocks
Did not check for orphaned blocks
Total full LBM containers with extra space: 0 (0 repaired)
Total full LBM container extra space in bytes: 0 (0 repaired)
Total incomplete LBM containers: 0 (0 repaired)
Total LBM partial records: 0 (0 repaired)
Total corrupted LBM metadata records in RocksDB: 0 (0 repaired)
I20260710 13:18:04.210528  5782 rpc_server.cc:225] running with OpenSSL 1.1.1  11 Sep 2018
I20260710 13:18:04.211580  5782 kserver.cc:163] Server-wide thread pool size limit: 3276
I20260710 13:18:04.245692  5782 rpc_server.cc:307] RPC server started. Bound to: 127.5.165.190:43123
I20260710 13:18:04.245772  6336 acceptor_pool.cc:272] collecting diagnostics on the listening RPC socket 127.5.165.190:43123 every 8 connection(s)
I20260710 13:18:04.249157  6337 data_dirs.cc:400] Could only allocate 1 dirs of requested 3 for tablet 00000000000000000000000000000000. 1 dirs total, 0 dirs full, 0 dirs failed
I20260710 13:18:04.257571  6337 tablet_bootstrap.cc:492] T 00000000000000000000000000000000 P 4675dd5d126645808be7835607868cf0: Bootstrap starting.
I20260710 13:18:04.261685  6337 tablet_bootstrap.cc:654] T 00000000000000000000000000000000 P 4675dd5d126645808be7835607868cf0: Neither blocks nor log segments found. Creating new log.
I20260710 13:18:04.265259  6337 tablet_bootstrap.cc:492] T 00000000000000000000000000000000 P 4675dd5d126645808be7835607868cf0: No bootstrap required, opened a new log
I20260710 13:18:04.267254  6337 raft_consensus.cc:359] T 00000000000000000000000000000000 P 4675dd5d126645808be7835607868cf0 [term 0 FOLLOWER]: Replica starting. Triggering 0 pending ops. Active config: opid_index: -1 OBSOLETE_local: true peers { permanent_uuid: "4675dd5d126645808be7835607868cf0" member_type: VOTER }
I20260710 13:18:04.267580  6337 raft_consensus.cc:385] T 00000000000000000000000000000000 P 4675dd5d126645808be7835607868cf0 [term 0 FOLLOWER]: Consensus starting up: Expiring failure detector timer to make a prompt election more likely
I20260710 13:18:04.267748  6337 raft_consensus.cc:740] T 00000000000000000000000000000000 P 4675dd5d126645808be7835607868cf0 [term 0 FOLLOWER]: Becoming Follower/Learner. State: Replica: 4675dd5d126645808be7835607868cf0, State: Initialized, Role: FOLLOWER
I20260710 13:18:04.268196  6337 consensus_queue.cc:260] T 00000000000000000000000000000000 P 4675dd5d126645808be7835607868cf0 [NON_LEADER]: Queue going to NON_LEADER mode. State: All replicated index: 0, Majority replicated index: 0, Committed index: 0, Last appended: 0.0, Last appended by leader: 0, Current term: 0, Majority size: -1, State: 0, Mode: NON_LEADER, active raft config: opid_index: -1 OBSOLETE_local: true peers { permanent_uuid: "4675dd5d126645808be7835607868cf0" member_type: VOTER }
I20260710 13:18:04.268568  6337 raft_consensus.cc:399] T 00000000000000000000000000000000 P 4675dd5d126645808be7835607868cf0 [term 0 FOLLOWER]: Only one voter in the Raft config. Triggering election immediately
